000
CDUS43 KFSD 220639
CLIFSD


CLIMATE REPORT
NATIONAL WEATHER SERVICE SIOUX FALLS SD
1237 AM CST MON DEC 22 2014


...................................

...THE SIOUX FALLS SD CLIMATE SUMMARY FOR DECEMBER 21 2014...

CLIMATE NORMAL PERIOD 1981 TO 2010
CLIMATE RECORD PERIOD 1893 TO 2014


WEATHER ITEM   OBSERVED TIME   RECORD YEAR NORMAL DEPARTURE LAST
                VALUE   (LST)  VALUE       VALUE  FROM      YEAR
                                                  NORMAL
..................................................................
TEMPERATURE (F)
 YESTERDAY
  MAXIMUM         40   1159 PM  56    1941  27     13       17
  MINIMUM         30    153 AM -26    1916   8     22        1
  AVERAGE         35                        18     17        9

PRECIPITATION (IN)
  YESTERDAY        T             1.22 1920   0.02  -0.02     0.00
  MONTH TO DATE    0.81                      0.50   0.31     0.82
  SINCE DEC 1      0.81                      0.50   0.31     0.82
  SINCE JAN 1     28.75                     26.19   2.56    25.48

SNOWFALL (IN)
  YESTERDAY        T            12.0  1920   0.3   -0.3      0.0
  MONTH TO DATE    2.0                       5.7   -3.7      9.1
  SINCE DEC 1      2.0                       5.7   -3.7      9.1
  SINCE JUL 1     10.3                      14.4   -4.1     17.0
  SNOW DEPTH       1

DEGREE DAYS
 HEATING
  YESTERDAY       30                        47    -17       56
  MONTH TO DATE  777                       939   -162     1096
  SINCE DEC 1    777                       939   -162     1096
  SINCE JUL 1   2533                      2651   -118     2717

 COOLING
  YESTERDAY        0                         0      0        0
  MONTH TO DATE    0                         0      0        0
  SINCE DEC 1      0                         0      0        0
  SINCE JAN 1    610                       690    -80      787
..................................................................


WIND (MPH)
  HIGHEST WIND SPEED    28   HIGHEST WIND DIRECTION     S (180)
  HIGHEST GUST SPEED    34   HIGHEST GUST DIRECTION     S (180)
  AVERAGE WIND SPEED    14.7


SKY COVER
  POSSIBLE SUNSHINE  MM
  AVERAGE SKY COVER 1.0


WEATHER CONDITIONS
 THE FOLLOWING WEATHER WAS RECORDED YESTERDAY.
  LT FREEZING RAIN
  FOG
  FOG W/VISIBILITY <= 1/4 MILE


RELATIVE HUMIDITY (PERCENT)
 HIGHEST   100          1200 AM
 LOWEST     92           200 PM
 AVERAGE    96

..........................................................


THE SIOUX FALLS SD CLIMATE NORMALS FOR TODAY
                         NORMAL    RECORD    YEAR
 MAXIMUM TEMPERATURE (F)   27        54      1982
                                             1972
 MINIMUM TEMPERATURE (F)    8       -26      1989
                                             1983


SUNRISE AND SUNSET
DECEMBER 22 2014......SUNRISE   757 AM CST   SUNSET   454 PM CST
DECEMBER 23 2014......SUNRISE   758 AM CST   SUNSET   454 PM CST


-  INDICATES NEGATIVE NUMBERS.
R  INDICATES RECORD WAS SET OR TIED.
MM INDICATES DATA IS MISSING.
T  INDICATES TRACE AMOUNT.




$$
