000
CDUS43 KFSD 270636
CLIFSD


CLIMATE REPORT
NATIONAL WEATHER SERVICE SIOUX FALLS SD
1236 AM CST THU NOV 27 2014


...................................

...THE SIOUX FALLS SD CLIMATE SUMMARY FOR NOVEMBER 26 2014...

CLIMATE NORMAL PERIOD 1981 TO 2010
CLIMATE RECORD PERIOD 1893 TO 2014


WEATHER ITEM   OBSERVED TIME   RECORD YEAR NORMAL DEPARTURE LAST
                VALUE   (LST)  VALUE       VALUE  FROM      YEAR
                                                  NORMAL
..................................................................
TEMPERATURE (F)
 YESTERDAY
  MAXIMUM         31    202 AM  67    1914  36     -5       30
  MINIMUM          3   1159 PM -12    1996  17    -14       10
                                      1898
  AVERAGE         17                        26     -9       20

PRECIPITATION (IN)
  YESTERDAY        0.05          1.42 2001   0.04   0.01     0.00
  MONTH TO DATE    0.58                      1.21  -0.63     0.46
  SINCE SEP 1      3.53                      6.15  -2.62     4.24
  SINCE JAN 1     27.96                     25.54   2.42    24.66

SNOWFALL (IN)
  YESTERDAY        0.9          12.1  2001   0.3    0.6      0.0
  MONTH TO DATE    8.3                       6.2    2.1      7.5
  SINCE SEP 1      8.3                       7.5    0.8      7.9
  SINCE JUL 1      8.3                       7.5    0.8      7.9
  SNOW DEPTH       2

DEGREE DAYS
 HEATING
  YESTERDAY       48                        38     10       45
  MONTH TO DATE  977                       811    166      824
  SINCE SEP 1   1557                      1520     37     1425
  SINCE JUL 1   1575                      1551     24     1459

 COOLING
  YESTERDAY        0                         0      0        0
  MONTH TO DATE    0                         0      0        0
  SINCE SEP 1     59                        65     -6      133
  SINCE JAN 1    610                       690    -80      787
..................................................................


WIND (MPH)
  HIGHEST WIND SPEED    25   HIGHEST WIND DIRECTION     N (20)
  HIGHEST GUST SPEED    34   HIGHEST GUST DIRECTION     N (10)
  AVERAGE WIND SPEED    13.7


SKY COVER
  POSSIBLE SUNSHINE  MM
  AVERAGE SKY COVER 0.8


WEATHER CONDITIONS
 THE FOLLOWING WEATHER WAS RECORDED YESTERDAY.
  LIGHT SNOW
  FOG
  BLOWING SNOW


RELATIVE HUMIDITY (PERCENT)
 HIGHEST   100          1200 AM
 LOWEST     67           800 PM
 AVERAGE    84

..........................................................


THE SIOUX FALLS SD CLIMATE NORMALS FOR TODAY
                         NORMAL    RECORD    YEAR
 MAXIMUM TEMPERATURE (F)   35        65      1963
 MINIMUM TEMPERATURE (F)   17        -8      1985
                                             1897


SUNRISE AND SUNSET
NOVEMBER 27 2014......SUNRISE   736 AM CST   SUNSET   453 PM CST
NOVEMBER 28 2014......SUNRISE   737 AM CST   SUNSET   453 PM CST


-  INDICATES NEGATIVE NUMBERS.
R  INDICATES RECORD WAS SET OR TIED.
MM INDICATES DATA IS MISSING.
T  INDICATES TRACE AMOUNT.




$$
