000
CDUS44 KTSA 220833
CLIFSM

CLIMATE REPORT
NATIONAL WEATHER SERVICE TULSA OK
302 AM CDT MON SEP 22 2014


...................................

...THE FORT SMITH ARKANSAS CLIMATE SUMMARY FOR SEPTEMBER 21 2014...

CLIMATE NORMAL PERIOD 1981 TO 2010
CLIMATE RECORD PERIOD 1882 TO 2014


WEATHER ITEM   OBSERVED TIME   RECORD YEAR NORMAL DEPARTURE LAST
                VALUE   (LST)  VALUE       VALUE  FROM      YEAR
                                                  NORMAL
..................................................................
TEMPERATURE (F)
 YESTERDAY
  MAXIMUM         85    435 PM  98    1988  83      2       84
                                      1955
  MINIMUM         61   1156 PM  39    1983  60      1       56
  AVERAGE         73                        72      1       70

PRECIPITATION (IN)
  YESTERDAY        0.02          2.90 1957   0.14  -0.12     0.00
  MONTH TO DATE    6.90                      2.76   4.14     0.93
  SINCE SEP 1      6.90                      2.76   4.14     0.93
  SINCE JAN 1     30.35                     32.12  -1.77    35.80

DEGREE DAYS
 HEATING
  YESTERDAY        0                         1     -1        0
  MONTH TO DATE    4                         4      0        0
  SINCE SEP 1      4                         4      0        0
  SINCE JUL 1      4                         4      0        0

 COOLING
  YESTERDAY        8                         7      1        5
  MONTH TO DATE  244                       227     17      340
  SINCE SEP 1    244                       227     17      340
  SINCE JAN 1   1907                      1922    -15     2143
..................................................................


WIND (MPH)
  HIGHEST WIND SPEED    16   HIGHEST WIND DIRECTION     N (360)
  HIGHEST GUST SPEED    20   HIGHEST GUST DIRECTION     N (10)
  AVERAGE WIND SPEED     3.9


SKY COVER
  POSSIBLE SUNSHINE  MM
  AVERAGE SKY COVER 0.2


WEATHER CONDITIONS
 THE FOLLOWING WEATHER WAS RECORDED YESTERDAY.
  LIGHT RAIN
  FOG


RELATIVE HUMIDITY (PERCENT)
 HIGHEST    97           400 AM
 LOWEST     45           600 PM
 AVERAGE    71

..........................................................


THE FORT SMITH ARKANSAS CLIMATE NORMALS FOR TODAY
                         NORMAL    RECORD    YEAR
 MAXIMUM TEMPERATURE (F)   83        98      2005
                                             1948
                                             1884
 MINIMUM TEMPERATURE (F)   60        38      1982


SUNRISE AND SUNSET
SEPTEMBER 22 2014.....SUNRISE   705 AM CDT   SUNSET   714 PM CDT
SEPTEMBER 23 2014.....SUNRISE   706 AM CDT   SUNSET   713 PM CDT


-  INDICATES NEGATIVE NUMBERS.
R  INDICATES RECORD WAS SET OR TIED.
MM INDICATES DATA IS MISSING.
T  INDICATES TRACE AMOUNT.




$$

&&
...........................................................

THE ARKANSAS RIVER AT VAN BUREN

                   OBSERVED      24 HOUR     24 HOUR
                    VALUE        CHANGE      FORECAST

 STAGE (FEET)
  THIS MORNING       19.6         -0.2

MEAN FLOW (CFS)
  TODAY                                        7500
...........................................................
ALL DATA MEASURED AT THE FORT SMITH REGIONAL AIRPORT
