000
CDUS44 KTSA 190945
CLIFSM

CLIMATE REPORT
NATIONAL WEATHER SERVICE TULSA OK
345 AM CST SUN FEB 19 2017


...................................

...THE FORT SMITH ARKANSAS CLIMATE SUMMARY FOR FEBRUARY 18 2017...

CLIMATE NORMAL PERIOD 1981 TO 2010
CLIMATE RECORD PERIOD 1882 TO 2017


WEATHER ITEM   OBSERVED TIME   RECORD YEAR NORMAL DEPARTURE LAST
                VALUE   (LST)  VALUE       VALUE  FROM      YEAR
                                                  NORMAL
..................................................................
TEMPERATURE (F)
 YESTERDAY
  MAXIMUM         70    522 PM  79    1986  56     14       78
  MINIMUM         44    252 AM   1    1910  34     10       39
  AVERAGE         57                        45     12       59

PRECIPITATION (IN)
  YESTERDAY        0.24          1.81 1951   0.11   0.13     0.00
  MONTH TO DATE    2.18                      1.73   0.45      T
  SINCE DEC 1      5.29                      7.83  -2.54    11.20
  SINCE JAN 1      4.52                      4.54  -0.02     0.39

SNOWFALL (IN)
  YESTERDAY       MM                                         0.0
  MONTH TO DATE    0.0                                       0.0
  SINCE DEC 1      2.0                                        T
  SINCE JUL 1      2.0                                        T

DEGREE DAYS
 HEATING
  YESTERDAY        8                        20    -12        6
  MONTH TO DATE  239                       400   -161      347
  SINCE DEC 1   1553                      1926   -373     1579
  SINCE JUL 1   1839                      2491   -652     1936
..................................................................


WIND (MPH)
  HIGHEST WIND SPEED    12   HIGHEST WIND DIRECTION    NE (50)
  HIGHEST GUST SPEED    13   HIGHEST GUST DIRECTION    NE (60)
  AVERAGE WIND SPEED     3.6


SKY COVER
  POSSIBLE SUNSHINE  MM
  AVERAGE SKY COVER 0.3


WEATHER CONDITIONS
 THE FOLLOWING WEATHER WAS RECORDED YESTERDAY.
  LIGHT RAIN
  FOG
  HAZE


RELATIVE HUMIDITY (PERCENT)
 HIGHEST    93           200 AM
 LOWEST     53           400 PM
 AVERAGE    73

..........................................................


THE FORT SMITH ARKANSAS CLIMATE NORMALS FOR TODAY
                         NORMAL    RECORD    YEAR
 MAXIMUM TEMPERATURE (F)   57        80      1986
 MINIMUM TEMPERATURE (F)   34         4      1978


SUNRISE AND SUNSET
FEBRUARY 19 2017......SUNRISE   659 AM CST   SUNSET   604 PM CST
FEBRUARY 20 2017......SUNRISE   658 AM CST   SUNSET   605 PM CST


-  INDICATES NEGATIVE NUMBERS.
R  INDICATES RECORD WAS SET OR TIED.
MM INDICATES DATA IS MISSING.
T  INDICATES TRACE AMOUNT.




$$

&&
...........................................................

THE ARKANSAS RIVER AT VAN BUREN

                   OBSERVED      24 HOUR     24 HOUR
                    VALUE        CHANGE      FORECAST

 STAGE (FEET)
  THIS MORNING       19.7         -0.2

MEAN FLOW (CFS)
  TODAY                                        -99
...........................................................
ALL DATA MEASURED AT THE FORT SMITH REGIONAL AIRPORT
