000
CDUS44 KTSA 062224
CLIFSM

CLIMATE REPORT
NATIONAL WEATHER SERVICE TULSA OK
418 PM CST FRI MAR 6 2015


...................................

...THE FORT SMITH ARKANSAS CLIMATE SUMMARY FOR MARCH 6 2015...
VALID TODAY AS OF 0400 PM LOCAL TIME.

CLIMATE NORMAL PERIOD 1981 TO 2010
CLIMATE RECORD PERIOD 1882 TO 2015


WEATHER ITEM   OBSERVED TIME   RECORD YEAR NORMAL DEPARTURE LAST
                VALUE   (LST)  VALUE       VALUE  FROM      YEAR
                                                  NORMAL
..................................................................
TEMPERATURE (F)
 TODAY
  MAXIMUM         52    259 PM  85    1956  62    -10       59
  MINIMUM         22    628 AM  17    1943  39    -17       33
  AVERAGE         37                        50    -13       46

PRECIPITATION (IN)
  TODAY            0.00          1.30 1995   0.12  -0.12     0.00
  MONTH TO DATE    1.19                      0.68   0.51     1.04
  SINCE MAR 1      1.19                      0.68   0.51     1.04
  SINCE JAN 1      5.80                      6.25  -0.45     2.81

SNOWFALL (IN)
  TODAY            0.0                                       0.0
  MONTH TO DATE    1.0                                       0.5
  SINCE MAR 1      1.0                                       0.5
  SINCE JUL 1      6.6                                      10.7

DEGREE DAYS
 HEATING
  TODAY           28                        15     13       19
  MONTH TO DATE  171                        95     76      167
  SINCE MAR 1    171                        95     76      167
  SINCE JUL 1   2985                      2768    217     3112

 COOLING
  TODAY            0                         0      0        0
  MONTH TO DATE    0                         0      0        0
  SINCE MAR 1      0                         0      0        0
  SINCE JAN 1      0                         1     -1        0
..................................................................


WIND (MPH)
  HIGHEST WIND SPEED    14   HIGHEST WIND DIRECTION     W (260)
  HIGHEST GUST SPEED    17   HIGHEST GUST DIRECTION     W (250)
  AVERAGE WIND SPEED     2.8


SKY COVER
  POSSIBLE SUNSHINE  MM
  AVERAGE SKY COVER 0.0


WEATHER CONDITIONS
 THE FOLLOWING WEATHER WAS RECORDED TODAY.
  NO SIGNIFICANT WEATHER WAS OBSERVED.


RELATIVE HUMIDITY (PERCENT)
 HIGHEST    92           600 AM
 LOWEST     32           300 PM
 AVERAGE    62

..........................................................


THE FORT SMITH ARKANSAS CLIMATE NORMALS FOR TOMORROW
                         NORMAL    RECORD    YEAR
 MAXIMUM TEMPERATURE (F)   62        84      2000
 MINIMUM TEMPERATURE (F)   39        13      1920


SUNRISE AND SUNSET
MARCH  6 2015.........SUNRISE   641 AM CST   SUNSET   617 PM CST
MARCH  7 2015.........SUNRISE   639 AM CST   SUNSET   618 PM CST


-  INDICATES NEGATIVE NUMBERS.
R  INDICATES RECORD WAS SET OR TIED.
MM INDICATES DATA IS MISSING.
T  INDICATES TRACE AMOUNT.




$$

&&
...........................................................

THE ARKANSAS RIVER AT VAN BUREN

                   OBSERVED      24 HOUR     24 HOUR
                    VALUE        CHANGE      FORECAST

 STAGE (FEET)
  THIS AFTERNOON     19.9         +0.4

MEAN FLOW (CFS)
  TODAY                                        12300
...........................................................
ALL DATA MEASURED AT THE FORT SMITH REGIONAL AIRPORT
