000
CDUS44 KTSA 280800
CLIFSM

CLIMATE REPORT
NATIONAL WEATHER SERVICE TULSA OK
147 AM CDT FRI JUL 28 2017


...................................

...THE FORT SMITH ARKANSAS CLIMATE SUMMARY FOR JULY 27 2017...

CLIMATE NORMAL PERIOD 1981 TO 2010
CLIMATE RECORD PERIOD 1882 TO 2017


WEATHER ITEM   OBSERVED TIME   RECORD YEAR NORMAL DEPARTURE LAST
                VALUE   (LST)  VALUE       VALUE  FROM      YEAR
                                                  NORMAL
..................................................................
TEMPERATURE (F)
 YESTERDAY
  MAXIMUM         96    525 PM 107    2011  94      2       91
  MINIMUM         77    500 AM  61    1911  72      5       76
  AVERAGE         87                        83      4       84

PRECIPITATION (IN)
  YESTERDAY        0.00          3.83 1979   0.11  -0.11     0.00
  MONTH TO DATE    4.06                      2.89   1.17     3.63
  SINCE JUN 1     12.56                      7.17   5.39     5.54
  SINCE JAN 1     34.64                     26.36   8.28    22.75

DEGREE DAYS
 COOLING
  YESTERDAY       22                        18      4       19
  MONTH TO DATE  516                       466     50      533
  SINCE JUN 1    916                       851     65     1036
  SINCE JAN 1   1234                      1095    139     1221
..................................................................


WIND (MPH)
  HIGHEST WIND SPEED    15   HIGHEST WIND DIRECTION     W (260)
  HIGHEST GUST SPEED    19   HIGHEST GUST DIRECTION     W (250)
  AVERAGE WIND SPEED     4.4


SKY COVER
  POSSIBLE SUNSHINE  MM
  AVERAGE SKY COVER 0.2


WEATHER CONDITIONS
 THE FOLLOWING WEATHER WAS RECORDED YESTERDAY.
  NO SIGNIFICANT WEATHER WAS OBSERVED.


RELATIVE HUMIDITY (PERCENT)
 HIGHEST    91           500 AM
 LOWEST     48           500 PM
 AVERAGE    70

..........................................................


THE FORT SMITH ARKANSAS CLIMATE NORMALS FOR TODAY
                         NORMAL    RECORD    YEAR
 MAXIMUM TEMPERATURE (F)   94       107      1986
 MINIMUM TEMPERATURE (F)   72        63      2004
                                             1994
                                             1980


SUNRISE AND SUNSET
JULY 28 2017..........SUNRISE   623 AM CDT   SUNSET   824 PM CDT
JULY 29 2017..........SUNRISE   624 AM CDT   SUNSET   823 PM CDT


-  INDICATES NEGATIVE NUMBERS.
R  INDICATES RECORD WAS SET OR TIED.
MM INDICATES DATA IS MISSING.
T  INDICATES TRACE AMOUNT.




$$

&&
...........................................................

THE ARKANSAS RIVER AT VAN BUREN

                   OBSERVED      24 HOUR     24 HOUR
                    VALUE        CHANGE      FORECAST

 STAGE (FEET)
  THIS MORNING       19.6         +0.2

 MEAN FLOW (CFS)
  TODAY                                        5542
...........................................................
ALL DATA MEASURED AT THE FORT SMITH REGIONAL AIRPORT
