000
CDUS44 KTSA 282119
CLIFSM

CLIMATE REPORT
NATIONAL WEATHER SERVICE TULSA OK
418 PM CDT WED SEP 28 2016


...................................

...THE FORT SMITH ARKANSAS CLIMATE SUMMARY FOR SEPTEMBER 28 2016...
VALID TODAY AS OF 0400 PM LOCAL TIME.

CLIMATE NORMAL PERIOD 1981 TO 2010
CLIMATE RECORD PERIOD 1882 TO 2016


WEATHER ITEM   OBSERVED TIME   RECORD YEAR NORMAL DEPARTURE LAST
                VALUE   (LST)  VALUE       VALUE  FROM      YEAR
                                                  NORMAL
..................................................................
TEMPERATURE (F)
 TODAY
  MAXIMUM         90    223 PM 104    1953  81      9       87
  MINIMUM         51    615 AM  39    1967  57     -6       66
  AVERAGE         71                        69      2       77

PRECIPITATION (IN)
  TODAY            0.00          1.64 1926   0.14  -0.14     0.00
  MONTH TO DATE    1.79                      3.78  -1.99     2.57
  SINCE SEP 1      1.79                      3.78  -1.99     2.57
  SINCE JAN 1     28.44                     33.14  -4.70    52.17

DEGREE DAYS
 HEATING
  TODAY            0                         2     -2        0
  MONTH TO DATE    0                        13    -13        0
  SINCE SEP 1      0                        13    -13        0
  SINCE JUL 1      0                        13    -13        0

 COOLING
  TODAY            6                         5      1       12
  MONTH TO DATE  379                       271    108      338
  SINCE SEP 1    379                       271    108      338
  SINCE JAN 1   2230                      1966    264     2153
..................................................................


WIND (MPH)
  HIGHEST WIND SPEED    17   HIGHEST WIND DIRECTION     N (340)
  HIGHEST GUST SPEED    22   HIGHEST GUST DIRECTION     N (340)
  AVERAGE WIND SPEED     6.0


SKY COVER
  POSSIBLE SUNSHINE  MM
  AVERAGE SKY COVER 0.0


WEATHER CONDITIONS
 THE FOLLOWING WEATHER WAS RECORDED TODAY.
  NO SIGNIFICANT WEATHER WAS OBSERVED.


RELATIVE HUMIDITY (PERCENT)
 HIGHEST    89           600 AM
 LOWEST     21           300 PM
 AVERAGE    55

..........................................................


THE FORT SMITH ARKANSAS CLIMATE NORMALS FOR TOMORROW
                         NORMAL    RECORD    YEAR
 MAXIMUM TEMPERATURE (F)   80       100      1953
 MINIMUM TEMPERATURE (F)   57        33      1967


SUNRISE AND SUNSET
SEPTEMBER 28 2016.....SUNRISE   710 AM CDT   SUNSET   705 PM CDT
SEPTEMBER 29 2016.....SUNRISE   711 AM CDT   SUNSET   703 PM CDT


-  INDICATES NEGATIVE NUMBERS.
R  INDICATES RECORD WAS SET OR TIED.
MM INDICATES DATA IS MISSING.
T  INDICATES TRACE AMOUNT.




$$

&&
...........................................................

THE ARKANSAS RIVER AT VAN BUREN

                   OBSERVED      24 HOUR     24 HOUR
                    VALUE        CHANGE      FORECAST

 STAGE (FEET)
  THIS AFTERNOON     19.9         +0.2

MEAN FLOW (CFS)
  TODAY                                        -99
...........................................................
ALL DATA MEASURED AT THE FORT SMITH REGIONAL AIRPORT
