000
CDUS44 KTSA 260817
CLIFSM

CLIMATE REPORT
NATIONAL WEATHER SERVICE TULSA OK
147 AM CDT TUE SEP 26 2017


...................................

...THE FORT SMITH ARKANSAS CLIMATE SUMMARY FOR SEPTEMBER 25 2017...

CLIMATE NORMAL PERIOD 1981 TO 2010
CLIMATE RECORD PERIOD 1882 TO 2017


WEATHER ITEM   OBSERVED TIME   RECORD YEAR NORMAL DEPARTURE LAST
                VALUE   (LST)  VALUE       VALUE  FROM      YEAR
                                                  NORMAL
..................................................................
TEMPERATURE (F)
 YESTERDAY
  MAXIMUM         91    350 PM  97    2012  82      9       93
                                      1939
  MINIMUM         68    629 AM  38    1989  58     10       70
  AVERAGE         80                        70     10       82

PRECIPITATION (IN)
  YESTERDAY        0.00          2.76 1959   0.15  -0.15      T
  MONTH TO DATE    T                         3.35  -3.35     1.79
  SINCE SEP 1      T                         3.35  -3.35     1.79
  SINCE JAN 1     42.11                     32.71   9.40    28.44

DEGREE DAYS
 HEATING
  YESTERDAY        0                         1     -1        0
  MONTH TO DATE    0                         8     -8        0
  SINCE SEP 1      0                         8     -8        0
  SINCE JUL 1      0                         8     -8        0

 COOLING
  YESTERDAY       15                         6      9       17
  MONTH TO DATE  294                       254     40      365
  SINCE SEP 1    294                       254     40      365
  SINCE JAN 1   2058                      1949    109     2216
..................................................................


WIND (MPH)
  HIGHEST WIND SPEED    14   HIGHEST WIND DIRECTION     S (160)
  HIGHEST GUST SPEED    19   HIGHEST GUST DIRECTION    SE (130)
  AVERAGE WIND SPEED     5.1


SKY COVER
  POSSIBLE SUNSHINE  MM
  AVERAGE SKY COVER 0.2


WEATHER CONDITIONS
 THE FOLLOWING WEATHER WAS RECORDED YESTERDAY.
  NO SIGNIFICANT WEATHER WAS OBSERVED.


RELATIVE HUMIDITY (PERCENT)
 HIGHEST    97           700 AM
 LOWEST     38           400 PM
 AVERAGE    68

..........................................................


THE FORT SMITH ARKANSAS CLIMATE NORMALS FOR TODAY
                         NORMAL    RECORD    YEAR
 MAXIMUM TEMPERATURE (F)   81        96      1954
                                             1953
                                             1938
 MINIMUM TEMPERATURE (F)   58        40      1982
                                             1975


SUNRISE AND SUNSET
SEPTEMBER 26 2017.....SUNRISE   709 AM CDT   SUNSET   708 PM CDT
SEPTEMBER 27 2017.....SUNRISE   709 AM CDT   SUNSET   707 PM CDT


-  INDICATES NEGATIVE NUMBERS.
R  INDICATES RECORD WAS SET OR TIED.
MM INDICATES DATA IS MISSING.
T  INDICATES TRACE AMOUNT.




$$

&&
...........................................................

THE ARKANSAS RIVER AT VAN BUREN

                   OBSERVED      24 HOUR     24 HOUR
                    VALUE        CHANGE      FORECAST

 STAGE (FEET)
  THIS MORNING       19.4         +0.0

 MEAN FLOW (CFS)
  TODAY                                        173
...........................................................
ALL DATA MEASURED AT THE FORT SMITH REGIONAL AIRPORT
