000
CDUS44 KTSA 100944
CLIFSM

CLIMATE REPORT
NATIONAL WEATHER SERVICE TULSA OK
340 AM CST SAT DEC 10 2016


...................................

...THE FORT SMITH ARKANSAS CLIMATE SUMMARY FOR DECEMBER 9 2016...

CLIMATE NORMAL PERIOD 1981 TO 2010
CLIMATE RECORD PERIOD 1882 TO 2016


WEATHER ITEM   OBSERVED TIME   RECORD YEAR NORMAL DEPARTURE LAST
                VALUE   (LST)  VALUE       VALUE  FROM      YEAR
                                                  NORMAL
..................................................................
TEMPERATURE (F)
 YESTERDAY
  MAXIMUM         39    406 PM  75    1940  53    -14       71
  MINIMUM         18    658 AM   2    1917  32    -14       39
  AVERAGE         29                        42    -13       55

PRECIPITATION (IN)
  YESTERDAY        0.00          3.61 1971   0.11  -0.11     0.00
  MONTH TO DATE    0.66                      1.10  -0.44     0.00
  SINCE DEC 1      0.66                      1.10  -0.44     0.00
  SINCE JAN 1     31.07                     43.27 -12.20    63.12

SNOWFALL (IN)
  YESTERDAY        0.0                                       0.0
  MONTH TO DATE    T                                         0.0
  SINCE DEC 1      T                                         0.0
  SINCE JUL 1      T                                         0.0

DEGREE DAYS
 HEATING
  YESTERDAY       36                        23     13       10
  MONTH TO DATE  208                       192     16      158
  SINCE DEC 1    208                       192     16      158
  SINCE JUL 1    494                       757   -263      515
..................................................................


WIND (MPH)
  HIGHEST WIND SPEED    10   HIGHEST WIND DIRECTION    NE (50)
  HIGHEST GUST SPEED    14   HIGHEST GUST DIRECTION    NE (40)
  AVERAGE WIND SPEED     5.0


SKY COVER
  POSSIBLE SUNSHINE  MM
  AVERAGE SKY COVER 0.3


WEATHER CONDITIONS
 THE FOLLOWING WEATHER WAS RECORDED YESTERDAY.
  NO SIGNIFICANT WEATHER WAS OBSERVED.


RELATIVE HUMIDITY (PERCENT)
 HIGHEST    84           700 AM
 LOWEST     37           300 PM
 AVERAGE    61

..........................................................


THE FORT SMITH ARKANSAS CLIMATE NORMALS FOR TODAY
                         NORMAL    RECORD    YEAR
 MAXIMUM TEMPERATURE (F)   52        74      1929
 MINIMUM TEMPERATURE (F)   32         7      1917


SUNRISE AND SUNSET
DECEMBER 10 2016......SUNRISE   716 AM CST   SUNSET   505 PM CST
DECEMBER 11 2016......SUNRISE   716 AM CST   SUNSET   505 PM CST


-  INDICATES NEGATIVE NUMBERS.
R  INDICATES RECORD WAS SET OR TIED.
MM INDICATES DATA IS MISSING.
T  INDICATES TRACE AMOUNT.




$$

&&
...........................................................

THE ARKANSAS RIVER AT VAN BUREN

                   OBSERVED      24 HOUR     24 HOUR
                    VALUE        CHANGE      FORECAST

 STAGE (FEET)
  THIS MORNING       20.2         +0.2

MEAN FLOW (CFS)
  TODAY                                        -99
...........................................................
ALL DATA MEASURED AT THE FORT SMITH REGIONAL AIRPORT
