000
CDUS44 KTSA 142222
CLIFSM

CLIMATE REPORT
NATIONAL WEATHER SERVICE TULSA OK
418 PM CST SUN FEB 14 2016


...................................

...THE FORT SMITH ARKANSAS CLIMATE SUMMARY FOR FEBRUARY 14 2016...
VALID TODAY AS OF 0400 PM LOCAL TIME.

CLIMATE NORMAL PERIOD 1981 TO 2010
CLIMATE RECORD PERIOD 1882 TO 2016


WEATHER ITEM   OBSERVED TIME   RECORD YEAR NORMAL DEPARTURE LAST
                VALUE   (LST)  VALUE       VALUE  FROM      YEAR
                                                  NORMAL
..................................................................
TEMPERATURE (F)
 TODAY
  MAXIMUM         38    259 PM  78    1883  55    -17       73
  MINIMUM         34    615 AM   5    1905  33      1       28
  AVERAGE         36                        44     -8       51

PRECIPITATION (IN)
  TODAY            T             2.12 1938   0.10  -0.10     0.00
  MONTH TO DATE    T                         1.34  -1.34     0.66
  SINCE DEC 1     11.20                      7.44   3.76     5.19
  SINCE JAN 1      0.39                      4.15  -3.76     2.88

SNOWFALL (IN)
  TODAY            0.0                                       0.0
  MONTH TO DATE    0.0                                       0.0
  SINCE DEC 1      T                                          T
  SINCE JUL 1      T                                          T

DEGREE DAYS
 HEATING
  TODAY           29                        21      8       14
  MONTH TO DATE  297                       318    -21      290
  SINCE DEC 1   1529                      1844   -315     1724
  SINCE JUL 1   1886                      2409   -523     2343
..................................................................


WIND (MPH)
  HIGHEST WIND SPEED    21   HIGHEST WIND DIRECTION     E (80)
  HIGHEST GUST SPEED    27   HIGHEST GUST DIRECTION     E (90)
  AVERAGE WIND SPEED    12.7


SKY COVER
  POSSIBLE SUNSHINE  MM
  AVERAGE SKY COVER 1.0


WEATHER CONDITIONS
 THE FOLLOWING WEATHER WAS RECORDED TODAY.
  NO SIGNIFICANT WEATHER WAS OBSERVED.


RELATIVE HUMIDITY (PERCENT)
 HIGHEST    70           100 PM
 LOWEST     32          1200 AM
 AVERAGE    51

..........................................................


THE FORT SMITH ARKANSAS CLIMATE NORMALS FOR TOMORROW
                         NORMAL    RECORD    YEAR
 MAXIMUM TEMPERATURE (F)   55        81      2005
 MINIMUM TEMPERATURE (F)   33        10      1905


SUNRISE AND SUNSET
FEBRUARY 14 2016......SUNRISE   705 AM CST   SUNSET   558 PM CST
FEBRUARY 15 2016......SUNRISE   704 AM CST   SUNSET   559 PM CST


-  INDICATES NEGATIVE NUMBERS.
R  INDICATES RECORD WAS SET OR TIED.
MM INDICATES DATA IS MISSING.
T  INDICATES TRACE AMOUNT.




$$

&&
...........................................................

THE ARKANSAS RIVER AT VAN BUREN

                   OBSERVED      24 HOUR     24 HOUR
                    VALUE        CHANGE      FORECAST

 STAGE (FEET)
  THIS AFTERNOON     19.6         +0.1

MEAN FLOW (CFS)
  TODAY                                        12100
...........................................................
ALL DATA MEASURED AT THE FORT SMITH REGIONAL AIRPORT
