000
CDUS44 KTSA 072118
CLIFSM

ZCZC OKCCLIFSM



CLIMATE REPORT
NATIONAL WEATHER SERVICE TULSA OK
418 PM CDT TUE JUL 7 2015


...................................

...THE FORT SMITH ARKANSAS CLIMATE SUMMARY FOR JULY 7 2015...
VALID TODAY AS OF 0400 PM LOCAL TIME.

CLIMATE NORMAL PERIOD 1981 TO 2010
CLIMATE RECORD PERIOD 1882 TO 2015


WEATHER ITEM   OBSERVED TIME   RECORD YEAR NORMAL DEPARTURE LAST
                VALUE   (LST)  VALUE       VALUE  FROM      YEAR
                                                  NORMAL
..................................................................
TEMPERATURE (F)
 TODAY
  MAXIMUM         88    146 PM 107    2011  92     -4       95
  MINIMUM         75    244 PM  57    1972  71      4       73
  AVERAGE         82                        82      0       84

PRECIPITATION (IN)
  TODAY            0.28          2.87 1994   0.11   0.17     0.00
  MONTH TO DATE    2.54                      0.83   1.71     0.06
  SINCE JUN 1      5.67                      5.11   0.56     4.51
  SINCE JAN 1     38.92                     24.30  14.62    19.25

DEGREE DAYS
 COOLING
  TODAY           17                        17      0       19
  MONTH TO DATE  114                       115     -1      104
  SINCE JUN 1    597                       500     97      542
  SINCE JAN 1    837                       744     93      820
..................................................................


WIND (MPH)
  HIGHEST WIND SPEED    21   HIGHEST WIND DIRECTION    NW (310)
  HIGHEST GUST SPEED    31   HIGHEST GUST DIRECTION     W (290)
  AVERAGE WIND SPEED     9.0


SKY COVER
  POSSIBLE SUNSHINE  MM
  AVERAGE SKY COVER 0.7


WEATHER CONDITIONS
 THE FOLLOWING WEATHER WAS RECORDED TODAY.
  THUNDERSTORM
  RAIN
  LIGHT RAIN
  FOG


RELATIVE HUMIDITY (PERCENT)
 HIGHEST    79           200 AM
 LOWEST     59          1200 PM
 AVERAGE    69

..........................................................


THE FORT SMITH ARKANSAS CLIMATE NORMALS FOR TOMORROW
                         NORMAL    RECORD    YEAR
 MAXIMUM TEMPERATURE (F)   92       105      1964
 MINIMUM TEMPERATURE (F)   71        59      2006
                                             1983


SUNRISE AND SUNSET
JULY  7 2015..........SUNRISE   609 AM CDT   SUNSET   835 PM CDT
JULY  8 2015..........SUNRISE   610 AM CDT   SUNSET   835 PM CDT


-  INDICATES NEGATIVE NUMBERS.
R  INDICATES RECORD WAS SET OR TIED.
MM INDICATES DATA IS MISSING.
T  INDICATES TRACE AMOUNT.




$$

&&
...........................................................

THE ARKANSAS RIVER AT VAN BUREN

                   OBSERVED      24 HOUR     24 HOUR
                    VALUE        CHANGE      FORECAST

 STAGE (FEET)
  THIS AFTERNOON     21.0         +0.1

MEAN FLOW (CFS)
  TODAY                                        140700
...........................................................
ALL DATA MEASURED AT THE FORT SMITH REGIONAL AIRPORT
