000
CDUS44 KTSA 300827
CLIFSM

CLIMATE REPORT
NATIONAL WEATHER SERVICE TULSA OK
147 AM CDT TUE MAY 30 2017


...................................

...THE FORT SMITH ARKANSAS CLIMATE SUMMARY FOR MAY 29 2017...

CLIMATE NORMAL PERIOD 1981 TO 2010
CLIMATE RECORD PERIOD 1882 TO 2017


WEATHER ITEM   OBSERVED TIME   RECORD YEAR NORMAL DEPARTURE LAST
                VALUE   (LST)  VALUE       VALUE  FROM      YEAR
                                                  NORMAL
..................................................................
TEMPERATURE (F)
 YESTERDAY
  MAXIMUM         88    444 PM  98    1951  84      4       87
  MINIMUM         60    539 AM  46    1947  63     -3       67
  AVERAGE         74                        73      1       77

PRECIPITATION (IN)
  YESTERDAY        0.00          1.97 1903   0.16  -0.16     0.00
  MONTH TO DATE    6.45                      5.14   1.31     3.68
  SINCE MAR 1     17.26                     13.29   3.97    15.04
  SINCE JAN 1     22.08                     18.86   3.22    17.19

DEGREE DAYS
 COOLING
  YESTERDAY        9                         8      1       12
  MONTH TO DATE  159                       159      0      122
  SINCE MAR 1    279                       224     55      170
  SINCE JAN 1    295                       225     70      171
..................................................................


WIND (MPH)
  HIGHEST WIND SPEED    13   HIGHEST WIND DIRECTION     W (280)
  HIGHEST GUST SPEED    17   HIGHEST GUST DIRECTION     W (250)
  AVERAGE WIND SPEED     3.4


SKY COVER
  POSSIBLE SUNSHINE  MM
  AVERAGE SKY COVER 0.0


WEATHER CONDITIONS
 THE FOLLOWING WEATHER WAS RECORDED YESTERDAY.
  NO SIGNIFICANT WEATHER WAS OBSERVED.


RELATIVE HUMIDITY (PERCENT)
 HIGHEST    90           200 AM
 LOWEST     27           600 PM
 AVERAGE    59

..........................................................


THE FORT SMITH ARKANSAS CLIMATE NORMALS FOR TODAY
                         NORMAL    RECORD    YEAR
 MAXIMUM TEMPERATURE (F)   84        97      2003
 MINIMUM TEMPERATURE (F)   63        45      1947


SUNRISE AND SUNSET
MAY 30 2017...........SUNRISE   604 AM CDT   SUNSET   826 PM CDT
MAY 31 2017...........SUNRISE   604 AM CDT   SUNSET   827 PM CDT


-  INDICATES NEGATIVE NUMBERS.
R  INDICATES RECORD WAS SET OR TIED.
MM INDICATES DATA IS MISSING.
T  INDICATES TRACE AMOUNT.




$$

&&
...........................................................

THE ARKANSAS RIVER AT VAN BUREN

                   OBSERVED      24 HOUR     24 HOUR
                    VALUE        CHANGE      FORECAST

 STAGE (FEET)
  THIS MORNING       21.3         -0.3

MEAN FLOW (CFS)
  TODAY                                        -99
...........................................................
ALL DATA MEASURED AT THE FORT SMITH REGIONAL AIRPORT
