000
CDUS42 KFFC 282132
CLIFTY


CLIMATE REPORT
NATIONAL WEATHER SERVICE PEACHTREE CITY GA
432 PM EST FRI NOV 28 2014


...................................

...THE FULTON COUNTY AIRPORT CLIMATE SUMMARY FOR NOVEMBER 28 2014...
VALID TODAY AS OF 0400 PM LOCAL TIME.

CLIMATE NORMAL PERIOD 1981 TO 2010
CLIMATE RECORD PERIOD 9999 TO 9999


WEATHER ITEM   OBSERVED TIME   RECORD YEAR NORMAL DEPARTURE LAST
                VALUE   (LST)  VALUE       VALUE  FROM      YEAR
                                                  NORMAL
..................................................................
TEMPERATURE (F)
 TODAY
  MAXIMUM         48    259 PM  MM      MM  60    -12       50
  MINIMUM         27    726 AM  MM      MM  39    -12       22
  AVERAGE         38                        49    -11       36

PRECIPITATION (IN)
  TODAY            0.00         MM      MM   0.16  -0.16     0.00
  MONTH TO DATE    3.53                      3.83  -0.30     1.98
  SINCE SEP 1      9.37                     11.42  -2.05     8.40

SNOWFALL (IN)
  TODAY           MM            MM      MM  MM     MM       MM
  MONTH TO DATE    0.0                      MM     MM        0.0
  SINCE SEP 1      0.0                      MM     MM        0.0
  SINCE JUL 1      0.0                      MM     MM        0.0
  SNOW DEPTH      MM

DEGREE DAYS
 HEATING
  TODAY           27                        16     11       29
  MONTH TO DATE  497                       334    163      411
  SINCE SEP 1    605                       477    128      526
  SINCE JUL 1    605                       477    128      526
..................................................................


WIND (MPH)
  RESULTANT WIND SPEED   3   RESULTANT WIND DIRECTION  NW (330)
  HIGHEST WIND SPEED    12   HIGHEST WIND DIRECTION     N (350)
  HIGHEST GUST SPEED    18   HIGHEST GUST DIRECTION     N (350)
  AVERAGE WIND SPEED     4.9


SKY COVER
  AVERAGE SKY COVER 0.0


WEATHER CONDITIONS
 THE FOLLOWING WEATHER WAS RECORDED TODAY.
  NO SIGNIFICANT WEATHER WAS OBSERVED.


RELATIVE HUMIDITY (PERCENT)
 HIGHEST    75           500 AM
 LOWEST     24           400 PM
 AVERAGE    50

..........................................................


THE FULTON COUNTY AIRPORT CLIMATE NORMALS FOR TOMORROW
                         NORMAL    RECORD    YEAR
 MAXIMUM TEMPERATURE (F)   59        MM        MM
 MINIMUM TEMPERATURE (F)   38        MM        MM


SUNRISE AND SUNSET
NOVEMBER 28 2014......SUNRISE   722 AM EST   SUNSET   530 PM EST
NOVEMBER 29 2014......SUNRISE   723 AM EST   SUNSET   530 PM EST


-  INDICATES NEGATIVE NUMBERS.
R  INDICATES RECORD WAS SET OR TIED.
MM INDICATES DATA IS MISSING.
T  INDICATES TRACE AMOUNT.




$$
