000
CDUS46 KSGX 110117
CLIFUL


CLIMATE REPORT
NATIONAL WEATHER SERVICE SAN DIEGO, CA
517 PM PST SAT DEC 10 2016


...................................

...THE FULLERTON AIRPORT CA CLIMATE SUMMARY FOR DECEMBER 10 2016...
VALID TODAY AS OF 0500 PM LOCAL TIME.

CLIMATE NORMAL PERIOD 1981 TO 2010
CLIMATE RECORD PERIOD 1998 TO 2016


WEATHER ITEM   OBSERVED TIME   RECORD YEAR NORMAL DEPARTURE LAST
                VALUE   (LST)  VALUE       VALUE  FROM      YEAR
                                                  NORMAL
..................................................................
TEMPERATURE (F)
 TODAY
  MAXIMUM         66    121 PM  86    2004  67     -1       67
  MINIMUM         55    335 AM  38    1998  45     10       52
  AVERAGE         61                        56      5       60

PRECIPITATION (IN)
  TODAY            0.00          0.10 2006   0.04  -0.04     0.01
  MONTH TO DATE    0.00                      0.43  -0.43     0.01
  SINCE OCT 1      1.40                      2.28  -0.88     0.27
  SINCE JAN 1      5.61                     12.26  -6.65     4.59

DEGREE DAYS
 HEATING
  TODAY            4                         9     -5        5
  MONTH TO DATE   69                        84    -15       30
  SINCE DEC 1     69                        84    -15       30
  SINCE JUL 1    133                       248   -115      135

 COOLING
  TODAY            0                         0      0        0
  MONTH TO DATE    0                         0      0        1
  SINCE DEC 1      0                         0      0        1
  SINCE JAN 1   1891                      1251    640     2189
..................................................................


WIND (MPH)
  RESULTANT WIND SPEED   1   RESULTANT WIND DIRECTION  SE (150)
  HIGHEST WIND SPEED     8   HIGHEST WIND DIRECTION     S (200)
  HIGHEST GUST SPEED    13   HIGHEST GUST DIRECTION    SW (210)
  AVERAGE WIND SPEED     2.0


SKY COVER
  POSSIBLE SUNSHINE  MM
  AVERAGE SKY COVER 1.0


WEATHER CONDITIONS
 THE FOLLOWING WEATHER WAS RECORDED TODAY.
  FOG
  HAZE


RELATIVE HUMIDITY (PERCENT)
 HIGHEST    93           200 AM
 LOWEST     67           100 PM
 AVERAGE    80

..........................................................


THE FULLERTON AIRPORT CA CLIMATE NORMALS FOR TOMORROW
                         NORMAL    RECORD    YEAR
 MAXIMUM TEMPERATURE (F)   67        81      2010
 MINIMUM TEMPERATURE (F)   45        37      2013
                                             1998


SUNRISE AND SUNSET
DECEMBER 10 2016......SUNRISE   646 AM PST   SUNSET   443 PM PST
DECEMBER 11 2016......SUNRISE   647 AM PST   SUNSET   444 PM PST


-  INDICATES NEGATIVE NUMBERS.
R  INDICATES RECORD WAS SET OR TIED.
MM INDICATES DATA IS MISSING.
T  INDICATES TRACE AMOUNT.




$$
