000
CDUS46 KSGX 231418
CLIFUL


CLIMATE REPORT
NATIONAL WEATHER SERVICE SAN DIEGO, CA
717 AM PDT WED APR 23 2014


...................................

...THE FULLERTON AIRPORT CA CLIMATE SUMMARY FOR APRIL 22 2014...

CLIMATE NORMAL PERIOD 1981 TO 2010
CLIMATE RECORD PERIOD 1998 TO 2014


WEATHER ITEM   OBSERVED TIME   RECORD YEAR NORMAL DEPARTURE LAST
                VALUE   (LST)  VALUE       VALUE  FROM      YEAR
                                                  NORMAL
..................................................................
TEMPERATURE (F)
 YESTERDAY
  MAXIMUM         73    229 PM  84    2002  74     -1       75
  MINIMUM         59   1159 PM  46    2010  53      6       60
  AVERAGE         66                        64      2       68

PRECIPITATION (IN)
  YESTERDAY        0.00          0.05 2006   0.03  -0.03     0.00
  MONTH TO DATE    0.22                      0.64  -0.42     0.03
  SINCE JUL 1      4.57                     13.31  -8.74     5.37
  SINCE JAN 1      3.26                      9.08  -5.82     2.06

SNOWFALL (IN)
  YESTERDAY        0.0
  MONTH TO DATE    0.0
  SINCE JAN 1      0.0
  SINCE JUL 1      0.0
  SNOW DEPTH       0

DEGREE DAYS
 HEATING
  YESTERDAY        0                         3     -3        0
  MONTH TO DATE   31                        83    -52       10
  SINCE MAR 1     84                       253   -169       54
  SINCE JUL 1    582                      1175   -593      725

 COOLING
  YESTERDAY        1                         1      0        3
  MONTH TO DATE   57                        19     38       54
  SINCE MAR 1     92                        32     60       93
  SINCE JAN 1    112                        41     71      105
..................................................................


WIND (MPH)
  RESULTANT WIND SPEED   3   RESULTANT WIND DIRECTION   S (190)
  HIGHEST WIND SPEED    13   HIGHEST WIND DIRECTION    SW (210)
  HIGHEST GUST SPEED    19   HIGHEST GUST DIRECTION    SW (230)
  AVERAGE WIND SPEED     5.2


SKY COVER
  POSSIBLE SUNSHINE  MM
  AVERAGE SKY COVER 0.5


WEATHER CONDITIONS
 THE FOLLOWING WEATHER WAS RECORDED YESTERDAY.
  NO SIGNIFICANT WEATHER WAS OBSERVED.


RELATIVE HUMIDITY (PERCENT)
 HIGHEST    78          1200 AM
 LOWEST     41           400 PM
 AVERAGE    60

..........................................................


THE FULLERTON AIRPORT CA CLIMATE NORMALS FOR TODAY
                         NORMAL    RECORD    YEAR
 MAXIMUM TEMPERATURE (F)   74        88      2004
 MINIMUM TEMPERATURE (F)   54        44      2010


SUNRISE AND SUNSET
APRIL 23 2014.........SUNRISE   612 AM PDT   SUNSET   729 PM PDT
APRIL 24 2014.........SUNRISE   610 AM PDT   SUNSET   730 PM PDT


-  INDICATES NEGATIVE NUMBERS.
R  INDICATES RECORD WAS SET OR TIED.
MM INDICATES DATA IS MISSING.
T  INDICATES TRACE AMOUNT.




$$
