000
CDUS46 KSGX 241136
CLIFUL


CLIMATE REPORT
NATIONAL WEATHER SERVICE SAN DIEGO, CA
436 AM PDT MON APR 24 2017


...................................

...THE FULLERTON AIRPORT CA CLIMATE SUMMARY FOR APRIL 23 2017...

CLIMATE NORMAL PERIOD 1981 TO 2010
CLIMATE RECORD PERIOD 1998 TO 2017


WEATHER ITEM   OBSERVED TIME   RECORD YEAR NORMAL DEPARTURE LAST
                VALUE   (LST)  VALUE       VALUE  FROM      YEAR
                                                  NORMAL
..................................................................
TEMPERATURE (F)
 YESTERDAY
  MAXIMUM         80   1200 PM  88    2004  74      6       78
  MINIMUM         61   1100 PM  44    2010  54      7       56
  AVERAGE         71                        64      7       67

PRECIPITATION (IN)
  YESTERDAY        0.00          0.02 2012   0.04  -0.04     0.00
  MONTH TO DATE    0.03                      0.68  -0.65     0.10
  SINCE OCT 1     16.37                     13.02   3.35     5.20
  SINCE JAN 1     10.46                      9.12   1.34     4.15

DEGREE DAYS
 HEATING
  YESTERDAY        0                         3     -3        0
  MONTH TO DATE   15                        86    -71        8
  SINCE MAR 1     72                       256   -184       71
  SINCE JUL 1    769                      1178   -409      750

 COOLING
  YESTERDAY        6                         1      5        2
  MONTH TO DATE   56                        20     36       84
  SINCE MAR 1     94                        33     61      105
  SINCE JAN 1     97                        42     55      177
..................................................................


WIND (MPH)
  RESULTANT WIND SPEED   3   RESULTANT WIND DIRECTION   S (190)
  HIGHEST WIND SPEED    15   HIGHEST WIND DIRECTION    SW (220)
  HIGHEST GUST SPEED    19   HIGHEST GUST DIRECTION    SW (220)
  AVERAGE WIND SPEED     4.3


SKY COVER
  POSSIBLE SUNSHINE  MM
  AVERAGE SKY COVER 0.1


WEATHER CONDITIONS
 THE FOLLOWING WEATHER WAS RECORDED YESTERDAY.
  NO SIGNIFICANT WEATHER WAS OBSERVED.


RELATIVE HUMIDITY (PERCENT)
 HIGHEST    84           300 AM
 LOWEST     42          1200 PM
 AVERAGE    63

..........................................................


THE FULLERTON AIRPORT CA CLIMATE NORMALS FOR TODAY
                         NORMAL    RECORD    YEAR
 MAXIMUM TEMPERATURE (F)   74        94      2001
 MINIMUM TEMPERATURE (F)   54        49      2006


SUNRISE AND SUNSET
APRIL 24 2017.........SUNRISE   610 AM PDT   SUNSET   730 PM PDT
APRIL 25 2017.........SUNRISE   609 AM PDT   SUNSET   731 PM PDT


-  INDICATES NEGATIVE NUMBERS.
R  INDICATES RECORD WAS SET OR TIED.
MM INDICATES DATA IS MISSING.
T  INDICATES TRACE AMOUNT.




$$
