000
CDUS46 KSGX 251429
CLIFUL


CLIMATE REPORT
NATIONAL WEATHER SERVICE SAN DIEGO, CA
728 AM PDT SUN SEP 25 2016


...................................

...THE FULLERTON AIRPORT CA CLIMATE SUMMARY FOR SEPTEMBER 24 2016...

CLIMATE NORMAL PERIOD 1981 TO 2010
CLIMATE RECORD PERIOD 1998 TO 2016


WEATHER ITEM   OBSERVED TIME   RECORD YEAR NORMAL DEPARTURE LAST
                VALUE   (LST)  VALUE       VALUE  FROM      YEAR
                                                  NORMAL
..................................................................
TEMPERATURE (F)
 YESTERDAY
  MAXIMUM         94   1236 PM  97    2014  82     12       93
                                      2010
  MINIMUM         58    607 AM  56    2010  62     -4       68
  AVERAGE         76                        72      4       81

PRECIPITATION (IN)
  YESTERDAY        0.00          0.00   MM   0.02  -0.02     0.00
  MONTH TO DATE    T                         0.16  -0.16     1.31
  SINCE OCT 1      5.26                     13.80  -8.54     8.14
  SINCE JAN 1      4.21                      9.90  -5.69     4.32

DEGREE DAYS
 HEATING
  YESTERDAY        0                         0      0        0
  MONTH TO DATE    0                         0      0        0
  SINCE SEP 1      0                         0      0        0
  SINCE JUL 1      0                         0      0        0

 COOLING
  YESTERDAY       11                         7      4       16
  MONTH TO DATE  204                       216    -12      359
  SINCE SEP 1    204                       216    -12      359
  SINCE JAN 1   1479                      1079    400     1738
..................................................................


WIND (MPH)
  RESULTANT WIND SPEED   1   RESULTANT WIND DIRECTION  SW (230)
  HIGHEST WIND SPEED    12   HIGHEST WIND DIRECTION     S (200)
  HIGHEST GUST SPEED    17   HIGHEST GUST DIRECTION     S (190)
  AVERAGE WIND SPEED     2.5


SKY COVER
  POSSIBLE SUNSHINE  MM
  AVERAGE SKY COVER 0.0


WEATHER CONDITIONS
 THE FOLLOWING WEATHER WAS RECORDED YESTERDAY.
  NO SIGNIFICANT WEATHER WAS OBSERVED.


RELATIVE HUMIDITY (PERCENT)
 HIGHEST    72           600 AM
 LOWEST     15          1200 PM
 AVERAGE    44

..........................................................


THE FULLERTON AIRPORT CA CLIMATE NORMALS FOR TODAY
                         NORMAL    RECORD    YEAR
 MAXIMUM TEMPERATURE (F)   82        98      2010
 MINIMUM TEMPERATURE (F)   62        57      2005


SUNRISE AND SUNSET
SEPTEMBER 25 2016.....SUNRISE   642 AM PDT   SUNSET   644 PM PDT
SEPTEMBER 26 2016.....SUNRISE   643 AM PDT   SUNSET   642 PM PDT


-  INDICATES NEGATIVE NUMBERS.
R  INDICATES RECORD WAS SET OR TIED.
MM INDICATES DATA IS MISSING.
T  INDICATES TRACE AMOUNT.




$$
