000
CDUS41 KCAR 180527
CLIFVE


CLIMATE REPORT
NATIONAL WEATHER SERVICE CARIBOU, ME
126 AM EDT FRI AUG 18 2017


...................................

...THE FRENCHVILLE ME CLIMATE SUMMARY FOR AUGUST 17 2017...

CLIMATE NORMAL PERIOD 1981 TO 2010
CLIMATE RECORD PERIOD 9999 TO 9999


WEATHER ITEM   OBSERVED TIME   RECORD YEAR NORMAL DEPARTURE LAST
                VALUE   (LST)  VALUE       VALUE  FROM      YEAR
                                                  NORMAL
..................................................................
TEMPERATURE (F)
 YESTERDAY
  MAXIMUM         66    159 PM              72     -6
  MINIMUM         47    318 AM              53     -6
  AVERAGE         57                        63     -6

PRECIPITATION (IN)
  YESTERDAY        0.00         MM      MM   0.14  -0.14     0.38
  MONTH TO DATE    1.12                      2.13  -1.01     1.48
  SINCE JUN 1      8.91                     10.29  -1.38    11.31
  SINCE JAN 1     20.60                     20.19   0.41    21.40

SNOWFALL (IN)
  YESTERDAY       MM            MM      MM  MM     MM       MM
  MONTH TO DATE   MM                        MM     MM       MM
  SINCE JUN 1     MM                        MM     MM       MM
  SINCE JUL 1     MM                        MM     MM       MM
  SNOW DEPTH      MM

DEGREE DAYS
 HEATING
  YESTERDAY        8                                4
  MONTH TO DATE   55                                5
  SINCE JUL 1    138                               18

 COOLING
  YESTERDAY        0                               -1
  MONTH TO DATE   16                              -15
  SINCE JAN 1     80                              -33
..................................................................


WIND (MPH)
  HIGHEST WIND SPEED    24   HIGHEST WIND DIRECTION    NW (330)
  HIGHEST GUST SPEED    33   HIGHEST GUST DIRECTION    NW (300)
  AVERAGE WIND SPEED    11.6




..........................................................


THE FRENCHVILLE ME CLIMATE NORMALS FOR TODAY
                         NORMAL
 MAXIMUM TEMPERATURE (F)   72
 MINIMUM TEMPERATURE (F)   53


SUNRISE AND SUNSET
AUGUST 18 2017........SUNRISE   534 AM EDT   SUNSET   739 PM EDT
AUGUST 19 2017........SUNRISE   535 AM EDT   SUNSET   737 PM EDT


-  INDICATES NEGATIVE NUMBERS.
R  INDICATES RECORD WAS SET OR TIED.
MM INDICATES DATA IS MISSING.
T  INDICATES TRACE AMOUNT.




$$
