000
CDUS41 KCAR 110527
CLIFVE


CLIMATE REPORT
NATIONAL WEATHER SERVICE CARIBOU, ME
1226 AM EST MON DEC 11 2017


...................................

...THE FRENCHVILLE ME CLIMATE SUMMARY FOR DECEMBER 10 2017...

CLIMATE NORMAL PERIOD 1981 TO 2010
CLIMATE RECORD PERIOD 9999 TO 9999


WEATHER ITEM   OBSERVED TIME   RECORD YEAR NORMAL DEPARTURE LAST
                VALUE   (LST)  VALUE       VALUE  FROM      YEAR
                                                  NORMAL
..................................................................
TEMPERATURE (F)
 YESTERDAY
  MAXIMUM         24    653 PM              25     -1
  MINIMUM         10   1111 PM              13     -3
  AVERAGE         17                        19     -2

PRECIPITATION (IN)
  YESTERDAY        0.06         MM      MM   0.09  -0.03      T
  MONTH TO DATE    0.67                      0.95  -0.28     0.62
  SINCE DEC 1      0.67                      0.95  -0.28     0.62
  SINCE JAN 1     35.57                     32.01   3.56    30.96

SNOWFALL (IN)
  YESTERDAY       MM            MM      MM  MM     MM       MM
  MONTH TO DATE   MM                        MM     MM       MM
  SINCE DEC 1     MM                        MM     MM       MM
  SINCE JUL 1     MM                        MM     MM       MM
  SNOW DEPTH      MM

DEGREE DAYS
 HEATING
  YESTERDAY       48                                2
  MONTH TO DATE  391                              -50
  SINCE JUL 1   2443                             -308

 COOLING
  YESTERDAY        0                                0
  MONTH TO DATE    0                                0
  SINCE JAN 1    105                              -29
..................................................................


WIND (MPH)
  HIGHEST WIND SPEED    24   HIGHEST WIND DIRECTION    NW (330)
  HIGHEST GUST SPEED    32   HIGHEST GUST DIRECTION    NW (310)
  AVERAGE WIND SPEED     8.5




..........................................................


THE FRENCHVILLE ME CLIMATE NORMALS FOR TODAY
                         NORMAL
 MAXIMUM TEMPERATURE (F)   25
 MINIMUM TEMPERATURE (F)   12


SUNRISE AND SUNSET
DECEMBER 11 2017......SUNRISE   710 AM EST   SUNSET   343 PM EST
DECEMBER 12 2017......SUNRISE   711 AM EST   SUNSET   343 PM EST


-  INDICATES NEGATIVE NUMBERS.
R  INDICATES RECORD WAS SET OR TIED.
MM INDICATES DATA IS MISSING.
T  INDICATES TRACE AMOUNT.




$$
