000
CDUS43 KIWX 240529
CLIFWA


CLIMATE REPORT
NATIONAL WEATHER SERVICE NORTHERN INDIANA
128 AM EDT FRI OCT 24 2014


...................................

...THE FORT WAYNE CLIMATE SUMMARY FOR OCTOBER 23 2014...

CLIMATE NORMAL PERIOD 1981 TO 2010
CLIMATE RECORD PERIOD 1897 TO 2014


WEATHER ITEM   OBSERVED TIME   RECORD YEAR NORMAL DEPARTURE LAST
                VALUE   (LST)  VALUE       VALUE  FROM      YEAR
                                                  NORMAL
..................................................................
TEMPERATURE (F)
 YESTERDAY
  MAXIMUM         60    249 PM  85    1963  61     -1       45
  MINIMUM         30    728 AM  25    1982  40    -10       33
  AVERAGE         45                        50     -5       39

PRECIPITATION (IN)
  YESTERDAY        0.00          1.82 1957   0.08  -0.08     0.05
  MONTH TO DATE    2.48                      2.14   0.34     1.83
  SINCE SEP 1      7.38                      4.94   2.44     3.72
  SINCE JAN 1     37.77                     31.78   5.99    36.06

SNOWFALL (IN)
  YESTERDAY        0.0           3.8  1917   0.1   -0.1      0.0
  MONTH TO DATE    T                         0.2   -0.2      0.0
  SINCE SEP 1      T                         0.2   -0.2      0.0
  SINCE JUL 1      T                         0.2   -0.2      0.0
  SNOW DEPTH       0

DEGREE DAYS
 HEATING
  YESTERDAY       20                        15      5       26
  MONTH TO DATE  291                       264     27      228
  SINCE SEP 1    411                       368     43      326
  SINCE JUL 1    435                       380     55      346

 COOLING
  YESTERDAY        0                         0      0        0
  MONTH TO DATE    3                         8     -5       28
  SINCE SEP 1     57                        91    -34      126
  SINCE JAN 1    731                       808    -77      855
..................................................................


WIND (MPH)
  HIGHEST WIND SPEED     9   HIGHEST WIND DIRECTION    SW (210)
  HIGHEST GUST SPEED    14   HIGHEST GUST DIRECTION     W (260)
  AVERAGE WIND SPEED     1.4


SKY COVER
  AVERAGE SKY COVER 0.7


WEATHER CONDITIONS
 THE FOLLOWING WEATHER WAS RECORDED YESTERDAY.
  FOG
  FOG W/VISIBILITY <= 1/4 MILE
  HAZE


RELATIVE HUMIDITY (PERCENT)
 HIGHEST   100          1200 AM
 LOWEST     47           400 PM
 AVERAGE    74

..........................................................


THE FORT WAYNE CLIMATE NORMALS FOR TODAY
                         NORMAL    RECORD    YEAR
 MAXIMUM TEMPERATURE (F)   60        84      1963
 MINIMUM TEMPERATURE (F)   40        23      1981


SUNRISE AND SUNSET
OCTOBER 24 2014.......SUNRISE   802 AM EDT   SUNSET   647 PM EDT
OCTOBER 25 2014.......SUNRISE   803 AM EDT   SUNSET   646 PM EDT


-  INDICATES NEGATIVE NUMBERS.
R  INDICATES RECORD WAS SET OR TIED.
MM INDICATES DATA IS MISSING.
T  INDICATES TRACE AMOUNT.




$$
