000
CDUS43 KIWX 110529
CLIFWA


CLIMATE REPORT
NATIONAL WEATHER SERVICE NORTHERN INDIANA
1229 AM EST MON DEC 11 2017


...................................

...THE FORT WAYNE CLIMATE SUMMARY FOR DECEMBER 10 2017...

CLIMATE NORMAL PERIOD 1981 TO 2010
CLIMATE RECORD PERIOD 1897 TO 2017


WEATHER ITEM   OBSERVED TIME   RECORD YEAR NORMAL DEPARTURE LAST
                VALUE   (LST)  VALUE       VALUE  FROM      YEAR
                                                  NORMAL
..................................................................
TEMPERATURE (F)
 YESTERDAY
  MAXIMUM         34    744 PM  66    1971  38     -4       27
  MINIMUM         18    444 AM -12    1958  24     -6       19
  AVERAGE         26                        31     -5       23

PRECIPITATION (IN)
  YESTERDAY        T             1.46 1897   0.09  -0.09     0.08
  MONTH TO DATE    0.16                      0.93  -0.77     0.45
  SINCE DEC 1      0.16                      0.93  -0.77     0.45
  SINCE JAN 1     47.84                     36.50  11.34    35.51

SNOWFALL (IN)
  YESTERDAY        T             6.0  1944   0.3   -0.3      1.0
  MONTH TO DATE    1.3                       2.1   -0.8      3.8
  SINCE DEC 1      1.3                       2.1   -0.8      3.8
  SINCE JUL 1      1.3                       4.2   -2.9      4.2
  SNOW DEPTH       1

DEGREE DAYS
 HEATING
  YESTERDAY       39                        34      5       42
  MONTH TO DATE  300                       326    -26      337
  SINCE DEC 1    300                       326    -26      337
  SINCE JUL 1   1353                      1543   -190     1182

 COOLING
  YESTERDAY        0                         0      0        0
  MONTH TO DATE    0                         0      0        0
  SINCE DEC 1      0                         0      0        0
  SINCE JAN 1    836                       809     27     1104
..................................................................


WIND (MPH)
  HIGHEST WIND SPEED    23   HIGHEST WIND DIRECTION    SW (220)
  HIGHEST GUST SPEED    29   HIGHEST GUST DIRECTION    SW (210)
  AVERAGE WIND SPEED    12.0


SKY COVER
  AVERAGE SKY COVER 0.9


WEATHER CONDITIONS
 THE FOLLOWING WEATHER WAS RECORDED YESTERDAY.
  LIGHT SNOW
  FOG


RELATIVE HUMIDITY (PERCENT)
 HIGHEST    85          1200 AM
 LOWEST     66           400 PM
 AVERAGE    76

..........................................................


THE FORT WAYNE CLIMATE NORMALS FOR TODAY
                         NORMAL    RECORD    YEAR
 MAXIMUM TEMPERATURE (F)   37        63      1949
                                             1931
 MINIMUM TEMPERATURE (F)   23       -11      1977


SUNRISE AND SUNSET
DECEMBER 11 2017......SUNRISE   756 AM EST   SUNSET   513 PM EST
DECEMBER 12 2017......SUNRISE   757 AM EST   SUNSET   513 PM EST


-  INDICATES NEGATIVE NUMBERS.
R  INDICATES RECORD WAS SET OR TIED.
MM INDICATES DATA IS MISSING.
T  INDICATES TRACE AMOUNT.




$$
