000
CDUS43 KIWX 220521
CLIFWA


CLIMATE REPORT
NATIONAL WEATHER SERVICE NORTHERN INDIANA
121 AM EDT SUN OCT 22 2017


...................................

...THE FORT WAYNE CLIMATE SUMMARY FOR OCTOBER 21 2017...

CLIMATE NORMAL PERIOD 1981 TO 2010
CLIMATE RECORD PERIOD 1897 TO 2017


WEATHER ITEM   OBSERVED TIME   RECORD YEAR NORMAL DEPARTURE LAST
                VALUE   (LST)  VALUE       VALUE  FROM      YEAR
                                                  NORMAL
..................................................................
TEMPERATURE (F)
 YESTERDAY
  MAXIMUM         77    226 PM  84    1953  61     16       56
  MINIMUM         48    727 AM  20    1952  40      8       44
  AVERAGE         63                        51     12       50

PRECIPITATION (IN)
  YESTERDAY        0.00          2.54 1965   0.09  -0.09     0.06
  MONTH TO DATE    1.31                      1.97  -0.66     3.07
  SINCE SEP 1      2.98                      4.77  -1.79     8.51
  SINCE JAN 1     41.26                     31.61   9.65    32.32

DEGREE DAYS
 HEATING
  YESTERDAY        2                        14    -12       15
  MONTH TO DATE   80                       235   -155      115
  SINCE SEP 1    160                       339   -179      139
  SINCE JUL 1    175                       351   -176      142

 COOLING
  YESTERDAY        0                         0      0        0
  MONTH TO DATE   29                         8     21       29
  SINCE SEP 1    146                        91     55      172
  SINCE JAN 1    834                       808     26     1098
..................................................................


WIND (MPH)
  HIGHEST WIND SPEED    21   HIGHEST WIND DIRECTION    SW (210)
  HIGHEST GUST SPEED    26   HIGHEST GUST DIRECTION     S (190)
  AVERAGE WIND SPEED     8.1


SKY COVER
  AVERAGE SKY COVER 0.7


WEATHER CONDITIONS
 THE FOLLOWING WEATHER WAS RECORDED YESTERDAY.
  FOG


RELATIVE HUMIDITY (PERCENT)
 HIGHEST    93           600 AM
 LOWEST     27           200 PM
 AVERAGE    60

..........................................................


THE FORT WAYNE CLIMATE NORMALS FOR TODAY
                         NORMAL    RECORD    YEAR
 MAXIMUM TEMPERATURE (F)   61        84      1963
 MINIMUM TEMPERATURE (F)   40        27      1989
                                             1987


SUNRISE AND SUNSET
OCTOBER 22 2017.......SUNRISE   800 AM EDT   SUNSET   649 PM EDT
OCTOBER 23 2017.......SUNRISE   801 AM EDT   SUNSET   648 PM EDT


-  INDICATES NEGATIVE NUMBERS.
R  INDICATES RECORD WAS SET OR TIED.
MM INDICATES DATA IS MISSING.
T  INDICATES TRACE AMOUNT.




$$
