746
CDUS43 KIWX 220603
CLIFWA


CLIMATE REPORT
NATIONAL WEATHER SERVICE NORTHERN INDIANA
102 AM EST SUN JAN 22 2017


...................................

...THE FORT WAYNE CLIMATE SUMMARY FOR JANUARY 21 2017...

CLIMATE NORMAL PERIOD 1981 TO 2010
CLIMATE RECORD PERIOD 1897 TO 2017


WEATHER ITEM   OBSERVED TIME   RECORD YEAR NORMAL DEPARTURE LAST
                VALUE   (LST)  VALUE       VALUE  FROM      YEAR
                                                  NORMAL
..................................................................
TEMPERATURE (F)
 YESTERDAY
  MAXIMUM         63    349 PM  66    1906  32     31       26
  MINIMUM         45    847 AM -21    1984  17     28        4
  AVERAGE         54                        25     29       15

PRECIPITATION (IN)
  YESTERDAY        0.00          2.02 1904   0.06  -0.06     0.00
  MONTH TO DATE    4.13                      1.58   2.55     1.57
  SINCE DEC 1      6.44                      4.35   2.09     5.72
  SINCE JAN 1      4.13                      1.58   2.55     1.57

SNOWFALL (IN)
  YESTERDAY        0.0           3.5  1922   0.3   -0.3      0.0
  MONTH TO DATE    0.7                       6.7   -6.0      6.7
  SINCE DEC 1     11.6                      15.2   -3.6      6.9
  SINCE JUL 1     12.0                      17.3   -5.3     11.1
  SNOW DEPTH       0

DEGREE DAYS
 HEATING
  YESTERDAY       11                        40    -29       50
  MONTH TO DATE  696                       839   -143      858
  SINCE DEC 1   1862                      1950    -88     1576
  SINCE JUL 1   2707                      3167   -460     2545

 COOLING
  YESTERDAY        0                         0      0        0
  MONTH TO DATE    0                         0      0        0
  SINCE DEC 1      0                         0      0        0
  SINCE JAN 1      0                         0      0        0
..................................................................


WIND (MPH)
  HIGHEST WIND SPEED    16   HIGHEST WIND DIRECTION     S (180)
  HIGHEST GUST SPEED    19   HIGHEST GUST DIRECTION     S (180)
  AVERAGE WIND SPEED     8.7


SKY COVER
  AVERAGE SKY COVER 0.7


WEATHER CONDITIONS
 THE FOLLOWING WEATHER WAS RECORDED YESTERDAY.
  FOG


RELATIVE HUMIDITY (PERCENT)
 HIGHEST    93          1200 AM
 LOWEST     67           300 PM
 AVERAGE    80

..........................................................


THE FORT WAYNE CLIMATE NORMALS FOR TODAY
                         NORMAL    RECORD    YEAR
 MAXIMUM TEMPERATURE (F)   32        62      1933
                                             1906
 MINIMUM TEMPERATURE (F)   17       -18      1936


SUNRISE AND SUNSET
JANUARY 22 2017.......SUNRISE   759 AM EST   SUNSET   546 PM EST
JANUARY 23 2017.......SUNRISE   759 AM EST   SUNSET   547 PM EST


-  INDICATES NEGATIVE NUMBERS.
R  INDICATES RECORD WAS SET OR TIED.
MM INDICATES DATA IS MISSING.
T  INDICATES TRACE AMOUNT.




$$
