030
CDUS43 KIWX 080524
CLIFWA


CLIMATE REPORT
NATIONAL WEATHER SERVICE NORTHERN INDIANA
1224 AM EST MON FEB 8 2016


...................................

...THE FORT WAYNE CLIMATE SUMMARY FOR FEBRUARY 7 2016...

CLIMATE NORMAL PERIOD 1981 TO 2010
CLIMATE RECORD PERIOD 1897 TO 2016


WEATHER ITEM   OBSERVED TIME   RECORD YEAR NORMAL DEPARTURE LAST
                VALUE   (LST)  VALUE       VALUE  FROM      YEAR
                                                  NORMAL
..................................................................
TEMPERATURE (F)
 YESTERDAY
  MAXIMUM         49    413 PM  62    1925  34     15       40
  MINIMUM         30    450 AM -13    2014  19     11       21
  AVERAGE         40                        26     14       31

PRECIPITATION (IN)
  YESTERDAY        0.00          0.74 1933   0.07  -0.07     0.00
  MONTH TO DATE    0.24                      0.49  -0.25     1.10
  SINCE DEC 1      6.01                      5.52   0.49     5.05
  SINCE JAN 1      1.86                      2.75  -0.89     3.33

SNOWFALL (IN)
  YESTERDAY        0.0           2.2  1986   0.3   -0.3      0.0
  MONTH TO DATE    T                         2.2   -2.2     12.3
  SINCE DEC 1      7.1                      20.8  -13.7     25.6
  SINCE JUL 1     11.3                      22.9  -11.6     29.8
  SNOW DEPTH       0

DEGREE DAYS
 HEATING
  YESTERDAY       25                        39    -14       34
  MONTH TO DATE  206                       274    -68      315
  SINCE DEC 1   2113                      2628   -515     2644
  SINCE JUL 1   3082                      3845   -763     4090

 COOLING
  YESTERDAY        0                         0      0        0
  MONTH TO DATE    0                         0      0        0
  SINCE DEC 1      0                         0      0        0
  SINCE JAN 1      0                         0      0        0
..................................................................


WIND (MPH)
  HIGHEST WIND SPEED    23   HIGHEST WIND DIRECTION    SW (220)
  HIGHEST GUST SPEED    30   HIGHEST GUST DIRECTION    SW (210)
  AVERAGE WIND SPEED    12.6


SKY COVER
  AVERAGE SKY COVER 0.7


WEATHER CONDITIONS
 THE FOLLOWING WEATHER WAS RECORDED YESTERDAY.
  NO SIGNIFICANT WEATHER WAS OBSERVED.


RELATIVE HUMIDITY (PERCENT)
 HIGHEST    85           500 AM
 LOWEST     46           400 PM
 AVERAGE    66

..........................................................


THE FORT WAYNE CLIMATE NORMALS FOR TODAY
                         NORMAL    RECORD    YEAR
 MAXIMUM TEMPERATURE (F)   34        68      1925
 MINIMUM TEMPERATURE (F)   19       -13      1967


SUNRISE AND SUNSET
FEBRUARY  8 2016......SUNRISE   744 AM EST   SUNSET   606 PM EST
FEBRUARY  9 2016......SUNRISE   743 AM EST   SUNSET   607 PM EST


-  INDICATES NEGATIVE NUMBERS.
R  INDICATES RECORD WAS SET OR TIED.
MM INDICATES DATA IS MISSING.
T  INDICATES TRACE AMOUNT.




$$
