000
CDUS43 KIWX 240526
CLIFWA


CLIMATE REPORT
NATIONAL WEATHER SERVICE NORTHERN INDIANA
125 AM EDT FRI MAR 24 2017


...................................

...THE FORT WAYNE CLIMATE SUMMARY FOR MARCH 23 2017...

CLIMATE NORMAL PERIOD 1981 TO 2010
CLIMATE RECORD PERIOD 1897 TO 2017


WEATHER ITEM   OBSERVED TIME   RECORD YEAR NORMAL DEPARTURE LAST
                VALUE   (LST)  VALUE       VALUE  FROM      YEAR
                                                  NORMAL
..................................................................
TEMPERATURE (F)
 YESTERDAY
  MAXIMUM         49    523 PM  76    1910  51     -2       68
  MINIMUM         23    651 AM   7    1906  31     -8       44
  AVERAGE         36                        41     -5       56

PRECIPITATION (IN)
  YESTERDAY        0.04          2.08 1913   0.09  -0.05      T
  MONTH TO DATE    1.94                      1.90   0.04     1.71
  SINCE MAR 1      1.94                      1.90   0.04     1.71
  SINCE JAN 1      8.41                      6.20   2.21     4.76

SNOWFALL (IN)
  YESTERDAY        0.0           4.6  2015   0.1   -0.1      0.0
  MONTH TO DATE    3.0                       3.5   -0.5      2.8
  SINCE MAR 1      3.0                       3.5   -0.5      2.8
  SINCE JUL 1     18.1                      31.9  -13.8     19.0
  SNOW DEPTH       0

DEGREE DAYS
 HEATING
  YESTERDAY       29                        24      5        9
  MONTH TO DATE  679                       649     30      483
  SINCE MAR 1    679                       649     30      483
  SINCE JUL 1   4373                      5247   -874     4310

 COOLING
  YESTERDAY        0                         0      0        0
  MONTH TO DATE    0                         0      0        0
  SINCE MAR 1      0                         0      0        0
  SINCE JAN 1      0                         0      0        0
..................................................................


WIND (MPH)
  HIGHEST WIND SPEED    17   HIGHEST WIND DIRECTION     S (180)
  HIGHEST GUST SPEED    22   HIGHEST GUST DIRECTION    SE (120)
  AVERAGE WIND SPEED    10.0


SKY COVER
  AVERAGE SKY COVER 0.7


WEATHER CONDITIONS
 THE FOLLOWING WEATHER WAS RECORDED YESTERDAY.
  THUNDERSTORM
  LIGHT RAIN


RELATIVE HUMIDITY (PERCENT)
 HIGHEST    81           300 AM
 LOWEST     36           500 PM
 AVERAGE    59

..........................................................


THE FORT WAYNE CLIMATE NORMALS FOR TODAY
                         NORMAL    RECORD    YEAR
 MAXIMUM TEMPERATURE (F)   52        86      1910
 MINIMUM TEMPERATURE (F)   31         5      1974


SUNRISE AND SUNSET
MARCH 24 2017.........SUNRISE   737 AM EDT   SUNSET   758 PM EDT
MARCH 25 2017.........SUNRISE   735 AM EDT   SUNSET   759 PM EDT


-  INDICATES NEGATIVE NUMBERS.
R  INDICATES RECORD WAS SET OR TIED.
MM INDICATES DATA IS MISSING.
T  INDICATES TRACE AMOUNT.




$$
