364
CDUS43 KIWX 240529
CLIFWA


CLIMATE REPORT
NATIONAL WEATHER SERVICE NORTHERN INDIANA
127 AM EDT TUE MAY 24 2016


...................................

...THE FORT WAYNE CLIMATE SUMMARY FOR MAY 23 2016...

CLIMATE NORMAL PERIOD 1981 TO 2010
CLIMATE RECORD PERIOD 1897 TO 2016


WEATHER ITEM   OBSERVED TIME   RECORD YEAR NORMAL DEPARTURE LAST
                VALUE   (LST)  VALUE       VALUE  FROM      YEAR
                                                  NORMAL
..................................................................
TEMPERATURE (F)
 YESTERDAY
  MAXIMUM         78    518 PM  91    2007  74      4       80
  MINIMUM         43    514 AM  31    1963  52     -9       43
  AVERAGE         61                        63     -2       62

PRECIPITATION (IN)
  YESTERDAY        0.00          1.91 2011   0.16  -0.16     0.00
  MONTH TO DATE    4.13                      2.97   1.16     2.62
  SINCE MAR 1     11.14                      9.20   1.94     7.97
  SINCE JAN 1     14.19                     13.50   0.69    11.74

SNOWFALL (IN)
  YESTERDAY        0.0           0.0  2002   0.0    0.0      0.0
                                      2000
                                      2001
  MONTH TO DATE    0.0                       0.0    0.0      0.0
  SINCE MAR 1      3.9                       5.1   -1.2      8.6
  SINCE JUL 1     20.1                      33.5  -13.4     45.1
  SNOW DEPTH       0

DEGREE DAYS
 HEATING
  YESTERDAY        4                         5     -1        3
  MONTH TO DATE  198                       163     35      103
  SINCE MAR 1   1289                      1447   -158     1492
  SINCE JUL 1   5116                      6045   -929     6641

 COOLING
  YESTERDAY        0                         2     -2        0
  MONTH TO DATE    2                        27    -25       55
  SINCE MAR 1      2                        35    -33       55
  SINCE JAN 1      2                        35    -33       55
..................................................................


WIND (MPH)
  HIGHEST WIND SPEED    10   HIGHEST WIND DIRECTION     E (110)
  HIGHEST GUST SPEED    14   HIGHEST GUST DIRECTION     E (100)
  AVERAGE WIND SPEED     1.9


SKY COVER
  AVERAGE SKY COVER 0.0


WEATHER CONDITIONS
 THE FOLLOWING WEATHER WAS RECORDED YESTERDAY.
  NO SIGNIFICANT WEATHER WAS OBSERVED.


RELATIVE HUMIDITY (PERCENT)
 HIGHEST    89           600 AM
 LOWEST     17           100 PM
 AVERAGE    53

..........................................................


THE FORT WAYNE CLIMATE NORMALS FOR TODAY
                         NORMAL    RECORD    YEAR
 MAXIMUM TEMPERATURE (F)   74        91      2007
 MINIMUM TEMPERATURE (F)   52        36      1963
                                             1931
                                             1925


SUNRISE AND SUNSET
MAY 24 2016...........SUNRISE   615 AM EDT   SUNSET   901 PM EDT
MAY 25 2016...........SUNRISE   615 AM EDT   SUNSET   902 PM EDT


-  INDICATES NEGATIVE NUMBERS.
R  INDICATES RECORD WAS SET OR TIED.
MM INDICATES DATA IS MISSING.
T  INDICATES TRACE AMOUNT.




$$
