000
CDUS43 KIWX 240524
CLIFWA


CLIMATE REPORT
NATIONAL WEATHER SERVICE NORTHERN INDIANA
123 AM EDT SUN JUL 24 2016


...................................

...THE FORT WAYNE CLIMATE SUMMARY FOR JULY 23 2016...

CLIMATE NORMAL PERIOD 1981 TO 2010
CLIMATE RECORD PERIOD 1897 TO 2016


WEATHER ITEM   OBSERVED TIME   RECORD YEAR NORMAL DEPARTURE LAST
                VALUE   (LST)  VALUE       VALUE  FROM      YEAR
                                                  NORMAL
..................................................................
TEMPERATURE (F)
 YESTERDAY
  MAXIMUM         92    336 PM  98    1934  84      8       84
                                      1933
  MINIMUM         69    554 AM  46    1904  63      6       61
  AVERAGE         81                        73      8       73

PRECIPITATION (IN)
  YESTERDAY        0.00          1.60 1936   0.14  -0.14     0.00
  MONTH TO DATE    0.66                      3.18  -2.52     5.90
  SINCE JUN 1      6.10                      7.34  -1.24    17.88
  SINCE JAN 1     20.29                     22.14  -1.85    32.01

SNOWFALL (IN)
  YESTERDAY        0.0           0.0  2002   0.0    0.0      0.0
                                      2001
  MONTH TO DATE    0.0                       0.0    0.0      0.0
  SINCE JUN 1      T                         0.0    0.0      0.0
  SINCE JUL 1      0.0                       0.0    0.0      0.0
  SNOW DEPTH       0

DEGREE DAYS
 HEATING
  YESTERDAY        0                         0      0        0
  MONTH TO DATE    3                         0      3        0
  SINCE JUN 1     14                        29    -15       28
  SINCE JUL 1      3                         0      3        0

 COOLING
  YESTERDAY       16                         8      8        8
  MONTH TO DATE  211                       205      6      129
  SINCE JUN 1    417                       387     30      305
  SINCE JAN 1    491                       444     47      401
..................................................................


WIND (MPH)
  HIGHEST WIND SPEED     9   HIGHEST WIND DIRECTION    SW (210)
  HIGHEST GUST SPEED    12   HIGHEST GUST DIRECTION    NW (300)
  AVERAGE WIND SPEED     4.3


SKY COVER
  AVERAGE SKY COVER 0.5


WEATHER CONDITIONS
 THE FOLLOWING WEATHER WAS RECORDED YESTERDAY.
  FOG


RELATIVE HUMIDITY (PERCENT)
 HIGHEST    97           500 AM
 LOWEST     47           100 PM
 AVERAGE    72

..........................................................


THE FORT WAYNE CLIMATE NORMALS FOR TODAY
                         NORMAL    RECORD    YEAR
 MAXIMUM TEMPERATURE (F)   84       104      1934
 MINIMUM TEMPERATURE (F)   63        46      1904


SUNRISE AND SUNSET
JULY 24 2016..........SUNRISE   630 AM EDT   SUNSET   904 PM EDT
JULY 25 2016..........SUNRISE   631 AM EDT   SUNSET   903 PM EDT


-  INDICATES NEGATIVE NUMBERS.
R  INDICATES RECORD WAS SET OR TIED.
MM INDICATES DATA IS MISSING.
T  INDICATES TRACE AMOUNT.




$$
