000
CDUS43 KIWX 020524
CLIFWA


CLIMATE REPORT
NATIONAL WEATHER SERVICE NORTHERN INDIANA
123 AM EDT THU JUL 2 2015


...................................

...THE FORT WAYNE CLIMATE SUMMARY FOR JULY 1 2015...

CLIMATE NORMAL PERIOD 1981 TO 2010
CLIMATE RECORD PERIOD 1897 TO 2015


WEATHER ITEM   OBSERVED TIME   RECORD YEAR NORMAL DEPARTURE LAST
                VALUE   (LST)  VALUE       VALUE  FROM      YEAR
                                                  NORMAL
..................................................................
TEMPERATURE (F)
 YESTERDAY
  MAXIMUM         76    406 PM  99    1910  85     -9       84
  MINIMUM         57    559 AM  46    1950  63     -6       66
  AVERAGE         67                        74     -7       75

PRECIPITATION (IN)
  YESTERDAY        0.00          1.29 1983   0.13  -0.13     0.55
  MONTH TO DATE    0.00                      0.13  -0.13     0.55
  SINCE JUN 1     11.98                      4.29   7.69     6.36
  SINCE JAN 1     26.11                     19.09   7.02    23.06

SNOWFALL (IN)
  YESTERDAY        0.0           T    2014   0.0    0.0       T
  MONTH TO DATE    0.0                       0.0    0.0       T
  SINCE JUN 1      0.0                       0.0    0.0       T
  SINCE JUL 1      0.0                       0.0    0.0       T
  SNOW DEPTH       0

DEGREE DAYS
 HEATING
  YESTERDAY        0                         0      0        0
  MONTH TO DATE    0                         0      0        0
  SINCE JUN 1     28                        29     -1       14
  SINCE JUL 1      0                         0      0        0

 COOLING
  YESTERDAY        2                         9     -7       10
  MONTH TO DATE    2                         9     -7       10
  SINCE JUN 1    178                       191    -13      240
  SINCE JAN 1    274                       248     26      321
..................................................................


WIND (MPH)
  HIGHEST WIND SPEED    14   HIGHEST WIND DIRECTION     W (280)
  HIGHEST GUST SPEED    21   HIGHEST GUST DIRECTION    NW (320)
  AVERAGE WIND SPEED     7.3


SKY COVER
  AVERAGE SKY COVER 0.5


WEATHER CONDITIONS
 THE FOLLOWING WEATHER WAS RECORDED YESTERDAY.
  NO SIGNIFICANT WEATHER WAS OBSERVED.


RELATIVE HUMIDITY (PERCENT)
 HIGHEST    93           200 AM
 LOWEST     54           500 PM
 AVERAGE    74

..........................................................


THE FORT WAYNE CLIMATE NORMALS FOR TODAY
                         NORMAL    RECORD    YEAR
 MAXIMUM TEMPERATURE (F)   85       100      1955
 MINIMUM TEMPERATURE (F)   63        38      1904


SUNRISE AND SUNSET
JULY  2 2015..........SUNRISE   613 AM EDT   SUNSET   917 PM EDT
JULY  3 2015..........SUNRISE   613 AM EDT   SUNSET   916 PM EDT


-  INDICATES NEGATIVE NUMBERS.
R  INDICATES RECORD WAS SET OR TIED.
MM INDICATES DATA IS MISSING.
T  INDICATES TRACE AMOUNT.




$$
