000
CDUS43 KIWX 222144
CLIFWA


CLIMATE REPORT
NATIONAL WEATHER SERVICE NORTHERN INDIANA
444 PM EST MON DEC 22 2014


...................................

...THE FORT WAYNE CLIMATE SUMMARY FOR DECEMBER 22 2014...
VALID TODAY AS OF 0400 PM LOCAL TIME.

CLIMATE NORMAL PERIOD 1981 TO 2010
CLIMATE RECORD PERIOD 1897 TO 2014


WEATHER ITEM   OBSERVED TIME   RECORD YEAR NORMAL DEPARTURE LAST
                VALUE   (LST)  VALUE       VALUE  FROM      YEAR
                                                  NORMAL
..................................................................
TEMPERATURE (F)
 TODAY
  MAXIMUM         38    359 PM  60    1949  34      4       39
  MINIMUM         22    410 AM -18    1989  20      2       32
  AVERAGE         30                        27      3       36

PRECIPITATION (IN)
  TODAY            T             1.11 1981   0.10  -0.10     0.13
  MONTH TO DATE    0.90                      1.99  -1.09     2.80
  SINCE DEC 1      0.90                      1.99  -1.09     2.80
  SINCE JAN 1     42.02                     37.56   4.46    42.15

SNOWFALL (IN)
  TODAY            0.0           0.9  1953   0.3   -0.3       T
  MONTH TO DATE    0.2                       5.6   -5.4      8.5
  SINCE DEC 1      0.2                       5.6   -5.4      8.5
  SINCE JUL 1      4.4                       7.7   -3.3      9.5

DEGREE DAYS
 HEATING
  TODAY           35                        38     -3       29
  MONTH TO DATE  708                       763    -55      800
  SINCE DEC 1    708                       763    -55      800
  SINCE JUL 1   2154                      1980    174     2101

 COOLING
  TODAY            0                         0      0        0
  MONTH TO DATE    0                         0      0        0
  SINCE DEC 1      0                         0      0        0
  SINCE JAN 1    731                       809    -78      855
..................................................................


WIND (MPH)
  HIGHEST WIND SPEED    12   HIGHEST WIND DIRECTION     E (90)
  HIGHEST GUST SPEED    14   HIGHEST GUST DIRECTION     E (80)
  AVERAGE WIND SPEED     7.7


SKY COVER
  POSSIBLE SUNSHINE  MM
  AVERAGE SKY COVER 0.8


WEATHER CONDITIONS
 THE FOLLOWING WEATHER WAS RECORDED TODAY.
  LIGHT RAIN
  FOG
  HAZE


RELATIVE HUMIDITY (PERCENT)
 HIGHEST    92           100 AM
 LOWEST     82          1200 PM
 AVERAGE    87

..........................................................


THE FORT WAYNE CLIMATE NORMALS FOR TOMORROW
                         NORMAL    RECORD    YEAR
 MAXIMUM TEMPERATURE (F)   34        59      1933
 MINIMUM TEMPERATURE (F)   20       -13      1960


SUNRISE AND SUNSET
DECEMBER 22 2014......SUNRISE   803 AM EST   SUNSET   516 PM EST
DECEMBER 23 2014......SUNRISE   803 AM EST   SUNSET   517 PM EST


-  INDICATES NEGATIVE NUMBERS.
R  INDICATES RECORD WAS SET OR TIED.
MM INDICATES DATA IS MISSING.
T  INDICATES TRACE AMOUNT.




$$
