276
CDUS44 KTSA 252156 RRA
CLIFYV

CLIMATE REPORT
NATIONAL WEATHER SERVICE TULSA OK
456 PM CDT TUE JUL 25 2017


...................................

...THE FAYETTEVILLE ARKANSAS CLIMATE SUMMARY FOR JULY 25 2017...
VALID TODAY AS OF 0400 PM LOCAL TIME.

CLIMATE NORMAL PERIOD 1981 TO 2010
CLIMATE RECORD PERIOD 1905 TO 2017


WEATHER ITEM   OBSERVED TIME   RECORD YEAR NORMAL DEPARTURE LAST
                VALUE   (LST)  VALUE       VALUE  FROM      YEAR
                                                  NORMAL
..................................................................
TEMPERATURE (F)
 TODAY
  MAXIMUM         91    259 PM 102    1977  89      2       85
  MINIMUM         68    531 AM  54    2000  67      1       72
  AVERAGE         80                        78      2       79

PRECIPITATION (IN)
  TODAY            0.00                      0.10  -0.10     0.51
  MONTH TO DATE    1.79                      2.90  -1.11     5.45
  SINCE JUN 1      8.23                      7.88   0.35     8.32
  SINCE JAN 1     36.78                     28.09   8.69    22.66

DEGREE DAYS
 COOLING
  TODAY           15                        13      2       14
  MONTH TO DATE  335                       312     23      355
  SINCE JUN 1    572                       557     15      692
  SINCE JAN 1    676                       670      6      759
..................................................................


WIND (MPH)
  HIGHEST WIND SPEED    14   HIGHEST WIND DIRECTION     S (190)
  HIGHEST GUST SPEED    20   HIGHEST GUST DIRECTION     S (170)
  AVERAGE WIND SPEED     4.2


SKY COVER
  POSSIBLE SUNSHINE  MM
  AVERAGE SKY COVER 0.0


WEATHER CONDITIONS
 THE FOLLOWING WEATHER WAS RECORDED TODAY.
  NO SIGNIFICANT WEATHER WAS OBSERVED.


RELATIVE HUMIDITY (PERCENT)
 HIGHEST   100          1200 AM
 LOWEST     52           200 PM
 AVERAGE    76

..........................................................


THE FAYETTEVILLE ARKANSAS CLIMATE NORMALS FOR TOMORROW
                         NORMAL    RECORD    YEAR
 MAXIMUM TEMPERATURE (F)   90       100      2011
                                             1986
 MINIMUM TEMPERATURE (F)   67        56      1996


SUNRISE AND SUNSET
JULY 25 2017..........SUNRISE   619 AM CDT   SUNSET   827 PM CDT
JULY 26 2017..........SUNRISE   620 AM CDT   SUNSET   826 PM CDT


-  INDICATES NEGATIVE NUMBERS.
R  INDICATES RECORD WAS SET OR TIED.
MM INDICATES DATA IS MISSING.
T  INDICATES TRACE AMOUNT.




$$
