000
CDUS44 KTSA 252118
CLIFYV

CLIMATE REPORT
NATIONAL WEATHER SERVICE TULSA OK
418 PM CDT MON MAY 25 2015


...................................

...THE FAYETTEVILLE ARKANSAS CLIMATE SUMMARY FOR MAY 25 2015...
VALID TODAY AS OF 0400 PM LOCAL TIME.

CLIMATE NORMAL PERIOD 1981 TO 2010
CLIMATE RECORD PERIOD 1905 TO 2015


WEATHER ITEM   OBSERVED TIME   RECORD YEAR NORMAL DEPARTURE LAST
                VALUE   (LST)  VALUE       VALUE  FROM      YEAR
                                                  NORMAL
..................................................................
TEMPERATURE (F)
 TODAY
  MAXIMUM         79    243 PM  91    2006  78      1       82
                                      1980
  MINIMUM         58    521 AM  40    2001  57      1       57
  AVERAGE         69                        67      2       70

PRECIPITATION (IN)
  TODAY            0.00                      0.19  -0.19     0.01
  MONTH TO DATE   11.62                      4.94   6.68     2.84
  SINCE MAR 1     19.01                     13.46   5.55    11.45
  SINCE JAN 1     22.07                     19.11   2.96    13.93

DEGREE DAYS
 COOLING
  TODAY            4                         4      0        5
  MONTH TO DATE   53                        58     -5      106
  SINCE MAR 1     76                        86    -10      118
  SINCE JAN 1     76                        86    -10      118
..................................................................


WIND (MPH)
  HIGHEST WIND SPEED    23   HIGHEST WIND DIRECTION     S (190)
  HIGHEST GUST SPEED    29   HIGHEST GUST DIRECTION     S (180)
  AVERAGE WIND SPEED     8.2


SKY COVER
  POSSIBLE SUNSHINE  MM
  AVERAGE SKY COVER 0.5


WEATHER CONDITIONS
 THE FOLLOWING WEATHER WAS RECORDED TODAY.
  FOG


RELATIVE HUMIDITY (PERCENT)
 HIGHEST   100          1200 AM
 LOWEST     67           100 PM
 AVERAGE    84

..........................................................


THE FAYETTEVILLE ARKANSAS CLIMATE NORMALS FOR TOMORROW
                         NORMAL    RECORD    YEAR
 MAXIMUM TEMPERATURE (F)   78        90      2012
                                             1953
 MINIMUM TEMPERATURE (F)   57        38      1988


SUNRISE AND SUNSET
MAY 25 2015...........SUNRISE   604 AM CDT   SUNSET   823 PM CDT
MAY 26 2015...........SUNRISE   604 AM CDT   SUNSET   824 PM CDT


-  INDICATES NEGATIVE NUMBERS.
R  INDICATES RECORD WAS SET OR TIED.
MM INDICATES DATA IS MISSING.
T  INDICATES TRACE AMOUNT.




$$
