000
CDUS44 KTSA 211515
CLIFYV

CLIMATE REPORT
NATIONAL WEATHER SERVICE TULSA OK
915 AM CST FRI NOV 21 2014


...................................

...THE FAYETTEVILLE ARKANSAS CLIMATE SUMMARY FOR NOVEMBER 21 2014...
VALID AS OF 0900 AM LOCAL TIME.

CLIMATE NORMAL PERIOD 1981 TO 2010
CLIMATE RECORD PERIOD 1905 TO 2014


WEATHER ITEM   OBSERVED RECORD YEAR NORMAL DEPARTURE LAST
                VALUE   VALUE       VALUE  FROM      YEAR
                                           NORMAL
...........................................................
TEMPERATURE (F)
 TODAY
  MAXIMUM         49     74    1966  56
  MINIMUM         29     12    1964  34
  AVERAGE         39

PRECIPITATION (IN)
  TODAY            0.00   1.53 2011   0.14  -0.14     1.33
  MONTH TO DATE    1.48               3.02  -1.54     2.10
  SINCE SEP 1     12.29              12.17   0.12    11.32
  SINCE JAN 1     35.42              44.06  -8.64    42.39

SNOWFALL (IN)
  TODAY            0.0    2.0  1972   0.0             0.0
  MONTH TO DATE    T                  0.1             0.0
  SINCE SEP 1      T                  0.1             0.0
  SINCE JUL 1      T                  0.1             0.0

DEGREE DAYS
 HEATING
  TODAY           26
...........................................................


WIND (MPH)
  RESULTANT WIND SPEED   2   RESULTANT WIND DIRECTION   E (70)
  HIGHEST WIND SPEED     7   HIGHEST WIND DIRECTION     E (70)
  HIGHEST GUST SPEED    13   HIGHEST GUST DIRECTION     E (80)


SKY COVER
  POSSIBLE SUNSHINE  MM
  AVERAGE SKY COVER 1.0


WEATHER CONDITIONS
 THE FOLLOWING WEATHER WAS RECORDED TODAY.
  NO SIGNIFICANT WEATHER WAS OBSERVED.


RELATIVE HUMIDITY (PERCENT)
 HIGHEST    92
 LOWEST     82
 AVERAGE    87

..........................................................


THE FAYETTEVILLE ARKANSAS CLIMATE NORMALS FOR TOMORROW
                         NORMAL    RECORD    YEAR
 MAXIMUM TEMPERATURE (F)   56        75      1955
 MINIMUM TEMPERATURE (F)   34        10      1964


SUNRISE AND SUNSET
NOVEMBER 21 2014......SUNRISE   659 AM CST   SUNSET   506 PM CST
NOVEMBER 22 2014......SUNRISE   700 AM CST   SUNSET   505 PM CST


-  INDICATES NEGATIVE NUMBERS.
R  INDICATES RECORD WAS SET OR TIED.
MM INDICATES DATA IS MISSING.
T  INDICATES TRACE AMOUNT.




$$
