000
CDUS44 KTSA 191428
CLIFYV

CLIMATE REPORT
NATIONAL WEATHER SERVICE TULSA OK
927 AM CDT FRI SEP 19 2014


...................................

...THE FAYETTEVILLE ARKANSAS CLIMATE SUMMARY FOR SEPTEMBER 19 2014...
VALID AS OF 0900 AM LOCAL TIME.

CLIMATE NORMAL PERIOD 1981 TO 2010
CLIMATE RECORD PERIOD 1905 TO 2014


WEATHER ITEM   OBSERVED RECORD YEAR NORMAL DEPARTURE LAST
                VALUE   VALUE       VALUE  FROM      YEAR
                                           NORMAL
...........................................................
TEMPERATURE (F)
 TODAY
  MAXIMUM         66     96    1954  79
  MINIMUM         60     40    1981  55
  AVERAGE         63

PRECIPITATION (IN)
  TODAY            0.00   2.41 1988   0.18  -0.18     0.32
  MONTH TO DATE    3.55               2.90   0.65     1.00
  SINCE SEP 1      3.55               2.90   0.65     1.00
  SINCE JAN 1     26.68              34.79  -8.11    32.07

DEGREE DAYS
 HEATING
  TODAY            2

 COOLING
  TODAY            0
...........................................................


WIND (MPH)
  RESULTANT WIND SPEED   2   RESULTANT WIND DIRECTION   E (80)
  HIGHEST WIND SPEED     6   HIGHEST WIND DIRECTION     E (80)
  HIGHEST GUST SPEED     8   HIGHEST GUST DIRECTION     E (80)


SKY COVER
  POSSIBLE SUNSHINE  MM
  AVERAGE SKY COVER 0.6


WEATHER CONDITIONS
 THE FOLLOWING WEATHER WAS RECORDED TODAY.
  FOG


RELATIVE HUMIDITY (PERCENT)
 HIGHEST   100
 LOWEST     93
 AVERAGE    97

..........................................................


THE FAYETTEVILLE ARKANSAS CLIMATE NORMALS FOR TOMORROW
                         NORMAL    RECORD    YEAR
 MAXIMUM TEMPERATURE (F)   79        97      1954
 MINIMUM TEMPERATURE (F)   55        39      1991


SUNRISE AND SUNSET
SEPTEMBER 19 2014.....SUNRISE   702 AM CDT   SUNSET   718 PM CDT
SEPTEMBER 20 2014.....SUNRISE   703 AM CDT   SUNSET   716 PM CDT


-  INDICATES NEGATIVE NUMBERS.
R  INDICATES RECORD WAS SET OR TIED.
MM INDICATES DATA IS MISSING.
T  INDICATES TRACE AMOUNT.




$$
