000
CDUS44 KTSA 302221
CLIFYV

CLIMATE REPORT
NATIONAL WEATHER SERVICE TULSA OK
421 PM CST FRI JAN 30 2015


...................................

...THE FAYETTEVILLE ARKANSAS CLIMATE SUMMARY FOR JANUARY 30 2015...
VALID TODAY AS OF 0400 PM LOCAL TIME.

CLIMATE NORMAL PERIOD 1981 TO 2010
CLIMATE RECORD PERIOD 1905 TO 2015


WEATHER ITEM   OBSERVED TIME   RECORD YEAR NORMAL DEPARTURE LAST
                VALUE   (LST)  VALUE       VALUE  FROM      YEAR
                                                  NORMAL
..................................................................
TEMPERATURE (F)
 TODAY
  MAXIMUM         49    259 PM  72    1967  48      1       47
  MINIMUM         21    609 AM  -8    1966  25     -4       25
  AVERAGE         35                        36     -1       36

PRECIPITATION (IN)
  TODAY            0.00                      0.09  -0.09     0.00
  MONTH TO DATE    1.08                      2.75  -1.67     1.64
  SINCE DEC 1      3.72                      5.99  -2.27     5.74
  SINCE JAN 1      1.08                      2.75  -1.67     1.64

SNOWFALL (IN)
  TODAY            0.0                                       0.0
  MONTH TO DATE    T                                         1.9
  SINCE DEC 1      T                                         8.9
  SINCE JUL 1      T                                         8.9

DEGREE DAYS
 HEATING
  TODAY           30                        29      1       29
  MONTH TO DATE  894                       888      6     1004
  SINCE DEC 1   1649                      1742    -93     1942
  SINCE JUL 1   2574                      2571      3     2831
..................................................................


WIND (MPH)
  HIGHEST WIND SPEED     8   HIGHEST WIND DIRECTION    NE (60)
  HIGHEST GUST SPEED    12   HIGHEST GUST DIRECTION     E (80)
  AVERAGE WIND SPEED     1.3


SKY COVER
  POSSIBLE SUNSHINE  MM
  AVERAGE SKY COVER 0.0


WEATHER CONDITIONS
 THE FOLLOWING WEATHER WAS RECORDED TODAY.
  NO SIGNIFICANT WEATHER WAS OBSERVED.


RELATIVE HUMIDITY (PERCENT)
 HIGHEST   100           700 AM
 LOWEST     34           300 PM
 AVERAGE    67

..........................................................


THE FAYETTEVILLE ARKANSAS CLIMATE NORMALS FOR TOMORROW
                         NORMAL    RECORD    YEAR
 MAXIMUM TEMPERATURE (F)   48        72      1989
 MINIMUM TEMPERATURE (F)   25         0      1979


SUNRISE AND SUNSET
JANUARY 30 2015.......SUNRISE   719 AM CST   SUNSET   541 PM CST
JANUARY 31 2015.......SUNRISE   718 AM CST   SUNSET   542 PM CST


-  INDICATES NEGATIVE NUMBERS.
R  INDICATES RECORD WAS SET OR TIED.
MM INDICATES DATA IS MISSING.
T  INDICATES TRACE AMOUNT.




$$
