000
CDUS44 KTSA 110941
CLIFYV

CLIMATE REPORT
NATIONAL WEATHER SERVICE TULSA OK
341 AM CST SUN DEC 11 2016


...................................

...THE FAYETTEVILLE ARKANSAS CLIMATE SUMMARY FOR DECEMBER 10 2016...

CLIMATE NORMAL PERIOD 1981 TO 2010
CLIMATE RECORD PERIOD 1905 TO 2016


WEATHER ITEM   OBSERVED TIME   RECORD YEAR NORMAL DEPARTURE LAST
                VALUE   (LST)  VALUE       VALUE  FROM      YEAR
                                                  NORMAL
..................................................................
TEMPERATURE (F)
 YESTERDAY
  MAXIMUM         44    120 PM  72    1996  49     -5       69
  MINIMUM         31    754 AM   5    1995  28      3       39
  AVERAGE         38                        38      0       54

PRECIPITATION (IN)
  YESTERDAY        0.00                      0.11  -0.11     0.00
  MONTH TO DATE    0.40                      1.17  -0.77     0.00
  SINCE DEC 1      0.40                      1.17  -0.77     0.00
  SINCE JAN 1     31.94                     46.44 -14.50    54.76

SNOWFALL (IN)
  YESTERDAY        0.0                                       0.0
  MONTH TO DATE    0.0                                       0.0
  SINCE DEC 1      0.0                                       0.0
  SINCE JUL 1      0.0                                        T

DEGREE DAYS
 HEATING
  YESTERDAY       27                        27      0       11
  MONTH TO DATE  290                       254     36      210
  SINCE DEC 1    290                       254     36      210
  SINCE JUL 1    817                      1083   -266      852
..................................................................


WIND (MPH)
  HIGHEST WIND SPEED    23   HIGHEST WIND DIRECTION     S (170)
  HIGHEST GUST SPEED    29   HIGHEST GUST DIRECTION     S (180)
  AVERAGE WIND SPEED     9.0


SKY COVER
  POSSIBLE SUNSHINE  MM
  AVERAGE SKY COVER 0.9


WEATHER CONDITIONS
 THE FOLLOWING WEATHER WAS RECORDED YESTERDAY.
  NO SIGNIFICANT WEATHER WAS OBSERVED.


RELATIVE HUMIDITY (PERCENT)
 HIGHEST    58           800 AM
 LOWEST     28          1200 PM
 AVERAGE    43

..........................................................


THE FAYETTEVILLE ARKANSAS CLIMATE NORMALS FOR TODAY
                         NORMAL    RECORD    YEAR
 MAXIMUM TEMPERATURE (F)   49        73      1949
 MINIMUM TEMPERATURE (F)   28         9      2000
                                             1962


SUNRISE AND SUNSET
DECEMBER 11 2016......SUNRISE   717 AM CST   SUNSET   503 PM CST
DECEMBER 12 2016......SUNRISE   718 AM CST   SUNSET   503 PM CST


-  INDICATES NEGATIVE NUMBERS.
R  INDICATES RECORD WAS SET OR TIED.
MM INDICATES DATA IS MISSING.
T  INDICATES TRACE AMOUNT.




$$
