000
CDUS44 KTSA 022215
CLIFYV

CLIMATE REPORT
NATIONAL WEATHER SERVICE TULSA OK
418 PM CDT WED SEP 2 2015


...................................

...THE FAYETTEVILLE ARKANSAS CLIMATE SUMMARY FOR SEPTEMBER 2 2015...
VALID TODAY AS OF 0400 PM LOCAL TIME.

CLIMATE NORMAL PERIOD 1981 TO 2010
CLIMATE RECORD PERIOD 1905 TO 2015


WEATHER ITEM   OBSERVED TIME   RECORD YEAR NORMAL DEPARTURE LAST
                VALUE   (LST)  VALUE       VALUE  FROM      YEAR
                                                  NORMAL
..................................................................
TEMPERATURE (F)
 TODAY
  MAXIMUM         86    259 PM 103    2000  86      0       81
  MINIMUM         63    608 AM  45    1955  62      1       64
  AVERAGE         75                        74      1       73

PRECIPITATION (IN)
  TODAY            0.00                      0.14  -0.14     1.93
  MONTH TO DATE    0.00                      0.27  -0.27     1.94
  SINCE SEP 1      0.00                      0.27  -0.27     1.94
  SINCE JAN 1     42.69                     32.16  10.53    25.07

DEGREE DAYS
 HEATING
  TODAY            0                         0      0        0
  MONTH TO DATE    0                         0      0        0
  SINCE SEP 1      0                         0      0        0
  SINCE JUL 1      0                         1     -1        4

 COOLING
  TODAY           10                         9      1        8
  MONTH TO DATE   20                        18      2       20
  SINCE SEP 1     20                        18      2       20
  SINCE JAN 1   1147                      1143      4     1055
..................................................................


WIND (MPH)
  HIGHEST WIND SPEED    14   HIGHEST WIND DIRECTION     S (180)
  HIGHEST GUST SPEED    19   HIGHEST GUST DIRECTION    SW (210)
  AVERAGE WIND SPEED     4.6


SKY COVER
  POSSIBLE SUNSHINE  MM
  AVERAGE SKY COVER 0.0


WEATHER CONDITIONS
 THE FOLLOWING WEATHER WAS RECORDED TODAY.
  FOG


RELATIVE HUMIDITY (PERCENT)
 HIGHEST   100           200 AM
 LOWEST     51           300 PM
 AVERAGE    76

..........................................................


THE FAYETTEVILLE ARKANSAS CLIMATE NORMALS FOR TOMORROW
                         NORMAL    RECORD    YEAR
 MAXIMUM TEMPERATURE (F)   86       103      2000
 MINIMUM TEMPERATURE (F)   62        42      1952


SUNRISE AND SUNSET
SEPTEMBER  2 2015.....SUNRISE   649 AM CDT   SUNSET   743 PM CDT
SEPTEMBER  3 2015.....SUNRISE   650 AM CDT   SUNSET   742 PM CDT


-  INDICATES NEGATIVE NUMBERS.
R  INDICATES RECORD WAS SET OR TIED.
MM INDICATES DATA IS MISSING.
T  INDICATES TRACE AMOUNT.




$$
