000
CDUS44 KTSA 240804
CLIFYV

CLIMATE REPORT
NATIONAL WEATHER SERVICE TULSA OK
302 AM CDT THU JUL 24 2014


...................................

...THE FAYETTEVILLE ARKANSAS CLIMATE SUMMARY FOR JULY 23 2014...

CLIMATE NORMAL PERIOD 1981 TO 2010
CLIMATE RECORD PERIOD 1905 TO 2014


WEATHER ITEM   OBSERVED TIME   RECORD YEAR NORMAL DEPARTURE LAST
                VALUE   (LST)  VALUE       VALUE  FROM      YEAR
                                                  NORMAL
..................................................................
TEMPERATURE (F)
 YESTERDAY
  MAXIMUM         93   1239 PM 100    2005  89      4       96
                                      1963
  MINIMUM         64   1143 PM  55    1980  67     -3       71
  AVERAGE         79                        78      1       84

PRECIPITATION (IN)
  YESTERDAY        0.13                      0.10   0.03     0.63
  MONTH TO DATE    0.95                      2.69  -1.74     1.80
  SINCE JUN 1      5.05                      7.67  -2.62     3.17
  SINCE JAN 1     19.57                     27.88  -8.31    27.27

DEGREE DAYS
 COOLING
  YESTERDAY       14                        13      1       19
  MONTH TO DATE  184                       286   -102      273
  SINCE JUN 1    446                       531    -85      563
  SINCE JAN 1    594                       644    -50      699
..................................................................


WIND (MPH)
  HIGHEST WIND SPEED    46   HIGHEST WIND DIRECTION    NW (320)
  HIGHEST GUST SPEED    61   HIGHEST GUST DIRECTION    NW (320)
  AVERAGE WIND SPEED     5.4


SKY COVER
  POSSIBLE SUNSHINE  MM
  AVERAGE SKY COVER 0.2


WEATHER CONDITIONS
 THE FOLLOWING WEATHER WAS RECORDED YESTERDAY.
  THUNDERSTORM
  LIGHT RAIN
  FOG
  HAZE


RELATIVE HUMIDITY (PERCENT)
 HIGHEST   100           300 AM
 LOWEST     58           400 PM
 AVERAGE    79

..........................................................


THE FAYETTEVILLE ARKANSAS CLIMATE NORMALS FOR TODAY
                         NORMAL    RECORD    YEAR
 MAXIMUM TEMPERATURE (F)   89       102      2011
                                             1963
 MINIMUM TEMPERATURE (F)   67        54      2003


SUNRISE AND SUNSET
JULY 24 2014..........SUNRISE   618 AM CDT   SUNSET   828 PM CDT
JULY 25 2014..........SUNRISE   619 AM CDT   SUNSET   827 PM CDT


-  INDICATES NEGATIVE NUMBERS.
R  INDICATES RECORD WAS SET OR TIED.
MM INDICATES DATA IS MISSING.
T  INDICATES TRACE AMOUNT.




$$
