000
CDUS44 KTSA 090954
CLIFYV

CLIMATE REPORT
NATIONAL WEATHER SERVICE TULSA OK
354 AM CST TUE FEB 9 2016


...................................

...THE FAYETTEVILLE ARKANSAS CLIMATE SUMMARY FOR FEBRUARY 8 2016...

CLIMATE NORMAL PERIOD 1981 TO 2010
CLIMATE RECORD PERIOD 1905 TO 2016


WEATHER ITEM   OBSERVED TIME   RECORD YEAR NORMAL DEPARTURE LAST
                VALUE   (LST)  VALUE       VALUE  FROM      YEAR
                                                  NORMAL
..................................................................
TEMPERATURE (F)
 YESTERDAY
  MAXIMUM         42    344 PM  70    2015  49     -7       70
                                      1999
  MINIMUM         30   1158 PM  -3    1971  27      3       38
  AVERAGE         36                        38     -2       54

PRECIPITATION (IN)
  YESTERDAY        0.00                      0.09  -0.09     0.00
  MONTH TO DATE    0.01                      0.71  -0.70     0.33
  SINCE DEC 1     11.47                      6.79   4.68     4.08
  SINCE JAN 1      0.52                      3.55  -3.03     1.44

SNOWFALL (IN)
  YESTERDAY        0.0                                       0.0
  MONTH TO DATE    0.0                                       0.0
  SINCE DEC 1      T                                          T
  SINCE JUL 1      T                                          T

DEGREE DAYS
 HEATING
  YESTERDAY       29                        27      2       11
  MONTH TO DATE  210                       221    -11      205
  SINCE DEC 1   1741                      1986   -245     1877
  SINCE JUL 1   2383                      2815   -432     2802
..................................................................


WIND (MPH)
  HIGHEST WIND SPEED    33   HIGHEST WIND DIRECTION    NW (300)
  HIGHEST GUST SPEED    44   HIGHEST GUST DIRECTION     W (290)
  AVERAGE WIND SPEED    16.0


SKY COVER
  POSSIBLE SUNSHINE  MM
  AVERAGE SKY COVER 0.5


WEATHER CONDITIONS
 THE FOLLOWING WEATHER WAS RECORDED YESTERDAY.
  NO SIGNIFICANT WEATHER WAS OBSERVED.


RELATIVE HUMIDITY (PERCENT)
 HIGHEST    56           300 AM
 LOWEST     37           300 PM
 AVERAGE    47

..........................................................


THE FAYETTEVILLE ARKANSAS CLIMATE NORMALS FOR TODAY
                         NORMAL    RECORD    YEAR
 MAXIMUM TEMPERATURE (F)   50        75      1957
 MINIMUM TEMPERATURE (F)   27       -10      1971


SUNRISE AND SUNSET
FEBRUARY  9 2016......SUNRISE   711 AM CST   SUNSET   552 PM CST
FEBRUARY 10 2016......SUNRISE   710 AM CST   SUNSET   553 PM CST


-  INDICATES NEGATIVE NUMBERS.
R  INDICATES RECORD WAS SET OR TIED.
MM INDICATES DATA IS MISSING.
T  INDICATES TRACE AMOUNT.




$$
