051
CDUS43 KUNR 270831
CLIGCC


CLIMATE REPORT
NATIONAL WEATHER SERVICE RAPID CITY SD
231 AM MDT TUE SEP 27 2016


...................................

...THE GILLETTE AIRPORT WY CLIMATE SUMMARY FOR SEPTEMBER 26 2016...

CLIMATE NORMAL PERIOD 1981 TO 2010
CLIMATE RECORD PERIOD 9999 TO 9999


WEATHER ITEM   OBSERVED TIME   NORMAL DEPARTURE LAST
                VALUE   (LST)  VALUE  FROM      YEAR
                                      NORMAL
......................................................
TEMPERATURE (F)
 YESTERDAY
  MAXIMUM         69    240 PM  67      2       93
  MINIMUM         43   1212 AM  39      4       55
  AVERAGE         56            53      3       74

PRECIPITATION (IN)
  YESTERDAY        0.00          0.04  -0.04     0.00
  MONTH TO DATE    2.50          1.01   1.49     0.12
  SINCE SEP 1      2.50          1.01   1.49     0.12
  SINCE JAN 1     11.66         11.49   0.17    13.26

DEGREE DAYS
 HEATING
  YESTERDAY        9            12     -3        0
  MONTH TO DATE  174           186    -12       70
  SINCE SEP 1    174           186    -12       70
  SINCE JUL 1    228           243    -15      135

 COOLING
  YESTERDAY        0             0      0        9
  MONTH TO DATE   25            40    -15       85
  SINCE SEP 1     25            40    -15       85
  SINCE JAN 1    569           500     69      538
......................................................


WIND (MPH)
  HIGHEST WIND SPEED    21   HIGHEST WIND DIRECTION    NW (320)
  HIGHEST GUST SPEED    26   HIGHEST GUST DIRECTION     W (290)
  AVERAGE WIND SPEED    10.5


SKY COVER
  AVERAGE SKY COVER 0.1


WEATHER CONDITIONS
 THE FOLLOWING WEATHER WAS RECORDED YESTERDAY.
  NO SIGNIFICANT WEATHER WAS OBSERVED.


RELATIVE HUMIDITY (PERCENT)
 HIGHEST    93           800 PM
 LOWEST     42           300 PM
 AVERAGE    68

..........................................................




SUNRISE AND SUNSET
SEPTEMBER 27 2016.....SUNRISE   656 AM MDT   SUNSET   649 PM MDT
SEPTEMBER 28 2016.....SUNRISE   657 AM MDT   SUNSET   647 PM MDT


-  INDICATES NEGATIVE NUMBERS.
R  INDICATES RECORD WAS SET OR TIED.
MM INDICATES DATA IS MISSING.
T  INDICATES TRACE AMOUNT.




$$
