000
CDUS43 KUNR 240831
CLIGCC


CLIMATE REPORT
NATIONAL WEATHER SERVICE RAPID CITY SD
131 AM MST MON NOV 24 2014


...................................

...THE GILLETTE AIRPORT WY CLIMATE SUMMARY FOR NOVEMBER 23 2014...

CLIMATE NORMAL PERIOD 1981 TO 2010
CLIMATE RECORD PERIOD 9999 TO 9999


WEATHER ITEM   OBSERVED TIME   NORMAL DEPARTURE LAST
                VALUE   (LST)  VALUE  FROM      YEAR
                                      NORMAL
......................................................
TEMPERATURE (F)
 YESTERDAY
  MAXIMUM         34   1200 AM  40     -6       43
  MINIMUM         29    100 AM  18     11       18
  AVERAGE         32            29      3       31

PRECIPITATION (IN)
  YESTERDAY        0.00          0.01  -0.01     0.00
  MONTH TO DATE    0.45          0.44   0.01     0.04
  SINCE SEP 1      2.33          2.90  -0.57     5.17
  SINCE JAN 1     17.59         13.38   4.21    18.60

DEGREE DAYS
 HEATING
  YESTERDAY       33            36     -3       34
  MONTH TO DATE  817           702    115      676
  SINCE SEP 1   1482          1554    -72     1494
  SINCE JUL 1   1531          1611    -80     1494

 COOLING
  YESTERDAY        0             0      0        0
  MONTH TO DATE    0             0      0        0
  SINCE SEP 1     57            42     15       93
  SINCE JAN 1    412           502    -90      615
......................................................


WIND (MPH)
  HIGHEST WIND SPEED    16   HIGHEST WIND DIRECTION    NW (300)
  HIGHEST GUST SPEED    MM   HIGHEST GUST DIRECTION    MM
  AVERAGE WIND SPEED    12.1


SKY COVER
  AVERAGE SKY COVER 0.0


WEATHER CONDITIONS
 THE FOLLOWING WEATHER WAS RECORDED YESTERDAY.
  NO SIGNIFICANT WEATHER WAS OBSERVED.


RELATIVE HUMIDITY (PERCENT)
 HIGHEST    63           100 AM
 LOWEST     51          1200 AM
 AVERAGE    57

..........................................................




SUNRISE AND SUNSET
NOVEMBER 24 2014......SUNRISE   710 AM MST   SUNSET   428 PM MST
NOVEMBER 25 2014......SUNRISE   711 AM MST   SUNSET   427 PM MST


-  INDICATES NEGATIVE NUMBERS.
R  INDICATES RECORD WAS SET OR TIED.
MM INDICATES DATA IS MISSING.
T  INDICATES TRACE AMOUNT.




$$
