000
CDUS43 KUNR 280832
CLIGCC


CLIMATE REPORT
NATIONAL WEATHER SERVICE RAPID CITY SD
232 AM MDT SAT MAY 28 2016


...................................

...THE GILLETTE AIRPORT WY CLIMATE SUMMARY FOR MAY 27 2016...

CLIMATE NORMAL PERIOD 1981 TO 2010
CLIMATE RECORD PERIOD 9999 TO 9999


WEATHER ITEM   OBSERVED TIME   NORMAL DEPARTURE LAST
                VALUE   (LST)  VALUE  FROM      YEAR
                                      NORMAL
......................................................
TEMPERATURE (F)
 YESTERDAY
  MAXIMUM         67    453 PM  69     -2       72
  MINIMUM         41   1103 PM  43     -2       46
  AVERAGE         54            56     -2       59

PRECIPITATION (IN)
  YESTERDAY        0.00          0.08  -0.08     0.24
  MONTH TO DATE    0.45          2.10  -1.65     4.17
  SINCE MAR 1      4.11          4.53  -0.42     5.82
  SINCE JAN 1      5.62          5.31   0.31     6.67

DEGREE DAYS
 HEATING
  YESTERDAY       11             9      2        6
  MONTH TO DATE  372           350     22      441
  SINCE MAR 1   1767          1958   -191     1750
  SINCE JUL 1   6498          7366   -868     6840

 COOLING
  YESTERDAY        0             0      0        0
  MONTH TO DATE    0             0      0        0
  SINCE MAR 1      0             0      0        0
  SINCE JAN 1      0             0      0        0
......................................................


WIND (MPH)
  HIGHEST WIND SPEED    21   HIGHEST WIND DIRECTION     N (20)
  HIGHEST GUST SPEED    26   HIGHEST GUST DIRECTION     N (20)
  AVERAGE WIND SPEED     6.2


SKY COVER
  AVERAGE SKY COVER 0.5


WEATHER CONDITIONS
 THE FOLLOWING WEATHER WAS RECORDED YESTERDAY.
  NO SIGNIFICANT WEATHER WAS OBSERVED.


RELATIVE HUMIDITY (PERCENT)
 HIGHEST    96          1200 AM
 LOWEST     42           200 PM
 AVERAGE    69

..........................................................




SUNRISE AND SUNSET
MAY 28 2016...........SUNRISE   523 AM MDT   SUNSET   836 PM MDT
MAY 29 2016...........SUNRISE   522 AM MDT   SUNSET   837 PM MDT


-  INDICATES NEGATIVE NUMBERS.
R  INDICATES RECORD WAS SET OR TIED.
MM INDICATES DATA IS MISSING.
T  INDICATES TRACE AMOUNT.




$$
