000
CDUS43 KUNR 280846
CLIGCC


CLIMATE REPORT
NATIONAL WEATHER SERVICE RAPID CITY SD
243 AM MDT TUE JUL 28 2015


...................................

...THE GILLETTE AIRPORT WY CLIMATE SUMMARY FOR JULY 27 2015...

CLIMATE NORMAL PERIOD 1981 TO 2010
CLIMATE RECORD PERIOD 9999 TO 9999


WEATHER ITEM   OBSERVED TIME   NORMAL DEPARTURE LAST
                VALUE   (LST)  VALUE  FROM      YEAR
                                      NORMAL
......................................................
TEMPERATURE (F)
 YESTERDAY
  MAXIMUM         91   1207 PM  88      3       85
  MINIMUM         49   1159 PM  57     -8       44
  AVERAGE         70            72     -2       65

PRECIPITATION (IN)
  YESTERDAY        0.03          0.05  -0.02     0.00
  MONTH TO DATE    1.04          1.46  -0.42     0.16
  SINCE JUN 1      4.15          3.67   0.48     3.29
  SINCE JAN 1     11.27          9.33   1.94    12.89

DEGREE DAYS
 HEATING
  YESTERDAY        0             0      0        0
  MONTH TO DATE   15            14      1       13
  SINCE JUN 1     54           156   -102      205
  SINCE JUL 1     15            14      1       13

 COOLING
  YESTERDAY        5             8     -3        0
  MONTH TO DATE  152           184    -32      164
  SINCE JUN 1    226           244    -18      179
  SINCE JAN 1    226           252    -26      187
......................................................


WIND (MPH)
  HIGHEST WIND SPEED    45   HIGHEST WIND DIRECTION    NW (310)
  HIGHEST GUST SPEED    58   HIGHEST GUST DIRECTION    NW (300)
  AVERAGE WIND SPEED    12.1


SKY COVER
  AVERAGE SKY COVER 0.0


WEATHER CONDITIONS
 THE FOLLOWING WEATHER WAS RECORDED YESTERDAY.
  THUNDERSTORM
  LIGHT RAIN


RELATIVE HUMIDITY (PERCENT)
 HIGHEST    83          1000 PM
 LOWEST     24          1200 PM
 AVERAGE    54

..........................................................




SUNRISE AND SUNSET
JULY 28 2015..........SUNRISE   545 AM MDT   SUNSET   832 PM MDT
JULY 29 2015..........SUNRISE   546 AM MDT   SUNSET   831 PM MDT


-  INDICATES NEGATIVE NUMBERS.
R  INDICATES RECORD WAS SET OR TIED.
MM INDICATES DATA IS MISSING.
T  INDICATES TRACE AMOUNT.




$$
