000
CDUS43 KUNR 180832
CLIGCC


CLIMATE REPORT
NATIONAL WEATHER SERVICE RAPID CITY SD
132 AM MST THU DEC 18 2014


...................................

...THE GILLETTE AIRPORT WY CLIMATE SUMMARY FOR DECEMBER 17 2014...

CLIMATE NORMAL PERIOD 1981 TO 2010
CLIMATE RECORD PERIOD 9999 TO 9999


WEATHER ITEM   OBSERVED TIME   NORMAL DEPARTURE LAST
                VALUE   (LST)  VALUE  FROM      YEAR
                                      NORMAL
......................................................
TEMPERATURE (F)
 YESTERDAY
  MAXIMUM         31    152 PM  34     -3       51
  MINIMUM          8    806 AM  13     -5       16
  AVERAGE         20            23     -3       34

PRECIPITATION (IN)
  YESTERDAY        0.00          0.02  -0.02     0.00
  MONTH TO DATE    0.13          0.25  -0.12     0.26
  SINCE DEC 1      0.13          0.25  -0.12     0.26
  SINCE JAN 1     18.07         13.74   4.33    18.86

DEGREE DAYS
 HEATING
  YESTERDAY       45            42      3       31
  MONTH TO DATE  525           693   -168      825
  SINCE DEC 1    525           693   -168      825
  SINCE JUL 1   2308          2568   -260     2537

 COOLING
  YESTERDAY        0             0      0        0
  MONTH TO DATE    0             0      0        0
  SINCE DEC 1      0             0      0        0
  SINCE JAN 1    412           502    -90      615
......................................................


WIND (MPH)
  HIGHEST WIND SPEED    21   HIGHEST WIND DIRECTION     S (180)
  HIGHEST GUST SPEED    23   HIGHEST GUST DIRECTION     S (170)
  AVERAGE WIND SPEED     6.5


SKY COVER
  AVERAGE SKY COVER 0.2


WEATHER CONDITIONS
 THE FOLLOWING WEATHER WAS RECORDED YESTERDAY.
  FOG


RELATIVE HUMIDITY (PERCENT)
 HIGHEST    92          1200 AM
 LOWEST     63           200 PM
 AVERAGE    78

..........................................................




SUNRISE AND SUNSET
DECEMBER 18 2014......SUNRISE   733 AM MST   SUNSET   424 PM MST
DECEMBER 19 2014......SUNRISE   734 AM MST   SUNSET   425 PM MST


-  INDICATES NEGATIVE NUMBERS.
R  INDICATES RECORD WAS SET OR TIED.
MM INDICATES DATA IS MISSING.
T  INDICATES TRACE AMOUNT.




$$
