000
CDUS43 KUNR 010845
CLIGCC


CLIMATE REPORT
NATIONAL WEATHER SERVICE RAPID CITY SD
245 AM MDT MON JUN 1 2015


...................................

...THE GILLETTE AIRPORT WY CLIMATE SUMMARY FOR MAY 31 2015...

CLIMATE NORMAL PERIOD 1981 TO 2010
CLIMATE RECORD PERIOD 9999 TO 9999


WEATHER ITEM   OBSERVED TIME   NORMAL DEPARTURE LAST
                VALUE   (LST)  VALUE  FROM      YEAR
                                      NORMAL
......................................................
TEMPERATURE (F)
 YESTERDAY
  MAXIMUM         76    531 PM  71      5       77
  MINIMUM         50    412 AM  43      7       49
  AVERAGE         63            57      6       63

PRECIPITATION (IN)
  YESTERDAY        0.00          0.09  -0.09      T
  MONTH TO DATE    4.62          2.45   2.17     6.43
  SINCE MAR 1      6.27          4.88   1.39     8.32
  SINCE JAN 1      7.12          5.66   1.46     9.60

DEGREE DAYS
 HEATING
  YESTERDAY        2             8     -6        2
  MONTH TO DATE  477           385     92      382
  SINCE MAR 1   1786          1994   -208     1987
  SINCE JUL 1   6876          7402   -526     7632

 COOLING
  YESTERDAY        0             1     -1        0
  MONTH TO DATE    0             8     -8        8
  SINCE MAR 1      0             8     -8        8
  SINCE JAN 1      0             8     -8        8
......................................................


WIND (MPH)
  HIGHEST WIND SPEED    18   HIGHEST WIND DIRECTION     S (160)
  HIGHEST GUST SPEED    26   HIGHEST GUST DIRECTION     S (160)
  AVERAGE WIND SPEED     6.9


SKY COVER
  AVERAGE SKY COVER 0.3


WEATHER CONDITIONS
 THE FOLLOWING WEATHER WAS RECORDED YESTERDAY.
  NO SIGNIFICANT WEATHER WAS OBSERVED.


RELATIVE HUMIDITY (PERCENT)
 HIGHEST    96           400 AM
 LOWEST     41           500 PM
 AVERAGE    69

..........................................................




SUNRISE AND SUNSET
JUNE  1 2015..........SUNRISE   521 AM MDT   SUNSET   839 PM MDT
JUNE  2 2015..........SUNRISE   521 AM MDT   SUNSET   840 PM MDT


-  INDICATES NEGATIVE NUMBERS.
R  INDICATES RECORD WAS SET OR TIED.
MM INDICATES DATA IS MISSING.
T  INDICATES TRACE AMOUNT.




$$
