000
CDUS43 KUNR 040842
CLIGCC


CLIMATE REPORT
NATIONAL WEATHER SERVICE RAPID CITY SD
140 AM MST WED MAR 4 2015


...................................

...THE GILLETTE AIRPORT WY CLIMATE SUMMARY FOR MARCH 3 2015...

CLIMATE NORMAL PERIOD 1981 TO 2010
CLIMATE RECORD PERIOD 9999 TO 9999


WEATHER ITEM   OBSERVED TIME   NORMAL DEPARTURE LAST
                VALUE   (LST)  VALUE  FROM      YEAR
                                      NORMAL
......................................................
TEMPERATURE (F)
 YESTERDAY
  MAXIMUM         21   1200 AM  43    -22       47
  MINIMUM         -3    722 PM  20    -23        7
  AVERAGE          9            31    -22       27

PRECIPITATION (IN)
  YESTERDAY        0.01          0.02  -0.01     0.00
  MONTH TO DATE    0.04          0.06  -0.02     0.16
  SINCE MAR 1      0.04          0.06  -0.02     0.16
  SINCE JAN 1      0.89          0.84   0.05     1.44

DEGREE DAYS
 HEATING
  YESTERDAY       56            34     22       38
  MONTH TO DATE  140           102     38      179
  SINCE MAR 1    140           102     38      179
  SINCE JUL 1   5230          5510   -280     5824

 COOLING
  YESTERDAY        0             0      0        0
  MONTH TO DATE    0             0      0        0
  SINCE MAR 1      0             0      0        0
  SINCE JAN 1      0             0      0        0
......................................................


WIND (MPH)
  HIGHEST WIND SPEED    32   HIGHEST WIND DIRECTION     N (350)
  HIGHEST GUST SPEED    37   HIGHEST GUST DIRECTION     N (350)
  AVERAGE WIND SPEED    14.8


SKY COVER
  AVERAGE SKY COVER 0.7


WEATHER CONDITIONS
 THE FOLLOWING WEATHER WAS RECORDED YESTERDAY.
  SNOW
  LIGHT SNOW
  FOG
  HAZE


RELATIVE HUMIDITY (PERCENT)
 HIGHEST    88           200 AM
 LOWEST     58           400 PM
 AVERAGE    73

..........................................................




SUNRISE AND SUNSET
MARCH  4 2015.........SUNRISE   634 AM MST   SUNSET   554 PM MST
MARCH  5 2015.........SUNRISE   633 AM MST   SUNSET   555 PM MST


-  INDICATES NEGATIVE NUMBERS.
R  INDICATES RECORD WAS SET OR TIED.
MM INDICATES DATA IS MISSING.
T  INDICATES TRACE AMOUNT.




$$
