511
CDUS43 KUNR 310830
CLIGCC


CLIMATE REPORT
NATIONAL WEATHER SERVICE RAPID CITY SD
230 AM MDT WED AUG 31 2016


...................................

...THE GILLETTE AIRPORT WY CLIMATE SUMMARY FOR AUGUST 30 2016...

CLIMATE NORMAL PERIOD 1981 TO 2010
CLIMATE RECORD PERIOD 9999 TO 9999


WEATHER ITEM   OBSERVED TIME   NORMAL DEPARTURE LAST
                VALUE   (LST)  VALUE  FROM      YEAR
                                      NORMAL
......................................................
TEMPERATURE (F)
 YESTERDAY
  MAXIMUM         89    300 PM  82      7       96
  MINIMUM         61    459 AM  49     12       67
  AVERAGE         75            66      9       82

PRECIPITATION (IN)
  YESTERDAY        0.00          0.03  -0.03      T
  MONTH TO DATE    1.56          0.92   0.64     1.87
  SINCE JUN 1      3.32          4.79  -1.47     6.02
  SINCE JAN 1      9.16         10.45  -1.29    13.14

DEGREE DAYS
 HEATING
  YESTERDAY        0             3     -3        0
  MONTH TO DATE   47            36     11       43
  SINCE JUN 1     88           197   -109      104
  SINCE JUL 1     54            55     -1       65

 COOLING
  YESTERDAY       10             4      6       17
  MONTH TO DATE  142           176    -34      211
  SINCE JUN 1    536           450     86      449
  SINCE JAN 1    536           458     78      449
......................................................


WIND (MPH)
  HIGHEST WIND SPEED    24   HIGHEST WIND DIRECTION     S (170)
  HIGHEST GUST SPEED    30   HIGHEST GUST DIRECTION    SE (150)
  AVERAGE WIND SPEED    15.3


SKY COVER
  AVERAGE SKY COVER 0.0


WEATHER CONDITIONS
 THE FOLLOWING WEATHER WAS RECORDED YESTERDAY.
  NO SIGNIFICANT WEATHER WAS OBSERVED.


RELATIVE HUMIDITY (PERCENT)
 HIGHEST    84           400 AM
 LOWEST     17           200 PM
 AVERAGE    51

..........................................................




SUNRISE AND SUNSET
AUGUST 31 2016........SUNRISE   624 AM MDT   SUNSET   739 PM MDT
SEPTEMBER  1 2016.....SUNRISE   626 AM MDT   SUNSET   737 PM MDT


-  INDICATES NEGATIVE NUMBERS.
R  INDICATES RECORD WAS SET OR TIED.
MM INDICATES DATA IS MISSING.
T  INDICATES TRACE AMOUNT.




$$
