000
CDUS43 KUNR 070831
CLIGCC


CLIMATE REPORT
NATIONAL WEATHER SERVICE RAPID CITY SD
231 AM MDT TUE JUL 7 2015


...................................

...THE GILLETTE AIRPORT WY CLIMATE SUMMARY FOR JULY 6 2015...

CLIMATE NORMAL PERIOD 1981 TO 2010
CLIMATE RECORD PERIOD 9999 TO 9999


WEATHER ITEM   OBSERVED TIME   NORMAL DEPARTURE LAST
                VALUE   (LST)  VALUE  FROM      YEAR
                                      NORMAL
......................................................
TEMPERATURE (F)
 YESTERDAY
  MAXIMUM         69    448 PM  85    -16       89
  MINIMUM         49   1159 PM  54     -5       56
  AVERAGE         59            70    -11       73

PRECIPITATION (IN)
  YESTERDAY        0.00          0.05  -0.05     0.00
  MONTH TO DATE    0.05          0.30  -0.25      T
  SINCE JUN 1      3.16          2.51   0.65     3.13
  SINCE JAN 1     10.28          8.17   2.11    12.73

DEGREE DAYS
 HEATING
  YESTERDAY        6             1      5        0
  MONTH TO DATE    6             7     -1        8
  SINCE JUN 1     45           149   -104      200
  SINCE JUL 1      6             7     -1        8

 COOLING
  YESTERDAY        0             6     -6        8
  MONTH TO DATE   29            31     -2       37
  SINCE JUN 1    103            91     12       52
  SINCE JAN 1    103            99      4       60
......................................................


WIND (MPH)
  HIGHEST WIND SPEED    14   HIGHEST WIND DIRECTION     N (10)
  HIGHEST GUST SPEED    17   HIGHEST GUST DIRECTION    NW (330)
  AVERAGE WIND SPEED     5.7


SKY COVER
  AVERAGE SKY COVER 0.7


WEATHER CONDITIONS
 THE FOLLOWING WEATHER WAS RECORDED YESTERDAY.
  FOG
  HAZE


RELATIVE HUMIDITY (PERCENT)
 HIGHEST    93          1200 AM
 LOWEST     58           200 PM
 AVERAGE    76

..........................................................




SUNRISE AND SUNSET
JULY  7 2015..........SUNRISE   525 AM MDT   SUNSET   848 PM MDT
JULY  8 2015..........SUNRISE   526 AM MDT   SUNSET   848 PM MDT


-  INDICATES NEGATIVE NUMBERS.
R  INDICATES RECORD WAS SET OR TIED.
MM INDICATES DATA IS MISSING.
T  INDICATES TRACE AMOUNT.




$$
