000
CDUS43 KUNR 310839
CLIGCC


CLIMATE REPORT
NATIONAL WEATHER SERVICE RAPID CITY SD
238 AM MDT MON AUG 31 2015


...................................

...THE GILLETTE AIRPORT WY CLIMATE SUMMARY FOR AUGUST 30 2015...

CLIMATE NORMAL PERIOD 1981 TO 2010
CLIMATE RECORD PERIOD 9999 TO 9999


WEATHER ITEM   OBSERVED TIME   NORMAL DEPARTURE LAST
                VALUE   (LST)  VALUE  FROM      YEAR
                                      NORMAL
......................................................
TEMPERATURE (F)
 YESTERDAY
  MAXIMUM         96   1258 PM  82     14       88
  MINIMUM         67   1021 PM  49     18       52
  AVERAGE         82            66     16       70

PRECIPITATION (IN)
  YESTERDAY        T             0.03  -0.03     0.08
  MONTH TO DATE    1.87          0.92   0.95     2.03
  SINCE JUN 1      6.02          4.79   1.23     5.54
  SINCE JAN 1     13.14         10.45   2.69    15.14

DEGREE DAYS
 HEATING
  YESTERDAY        0             3     -3        0
  MONTH TO DATE   43            36      7       29
  SINCE JUN 1    104           197    -93      234
  SINCE JUL 1     65            55     10       42

 COOLING
  YESTERDAY       17             4     13        5
  MONTH TO DATE  211           176     35      153
  SINCE JUN 1    449           450     -1      347
  SINCE JAN 1    449           458     -9      355
......................................................


WIND (MPH)
  HIGHEST WIND SPEED    29   HIGHEST WIND DIRECTION     W (260)
  HIGHEST GUST SPEED    35   HIGHEST GUST DIRECTION     W (260)
  AVERAGE WIND SPEED    12.1


SKY COVER
  AVERAGE SKY COVER 0.0


WEATHER CONDITIONS
 THE FOLLOWING WEATHER WAS RECORDED YESTERDAY.
  THUNDERSTORM
  LIGHT RAIN


RELATIVE HUMIDITY (PERCENT)
 HIGHEST    61           700 PM
 LOWEST     14           100 PM
 AVERAGE    38

..........................................................




SUNRISE AND SUNSET
AUGUST 31 2015........SUNRISE   624 AM MDT   SUNSET   740 PM MDT
SEPTEMBER  1 2015.....SUNRISE   625 AM MDT   SUNSET   739 PM MDT


-  INDICATES NEGATIVE NUMBERS.
R  INDICATES RECORD WAS SET OR TIED.
MM INDICATES DATA IS MISSING.
T  INDICATES TRACE AMOUNT.




$$
