000
CDUS43 KUNR 170834
CLIGCC


CLIMATE REPORT
NATIONAL WEATHER SERVICE RAPID CITY SD
134 AM MST TUE JAN 17 2017


...................................

...THE GILLETTE AIRPORT WY CLIMATE SUMMARY FOR JANUARY 16 2017...

CLIMATE NORMAL PERIOD 1981 TO 2010
CLIMATE RECORD PERIOD 9999 TO 9999


WEATHER ITEM   OBSERVED TIME   NORMAL DEPARTURE LAST
                VALUE   (LST)  VALUE  FROM      YEAR
                                      NORMAL
......................................................
TEMPERATURE (F)
 YESTERDAY
  MAXIMUM         32    300 PM  38     -6       24
  MINIMUM         10    811 AM  15     -5       10
  AVERAGE         21            26     -5       17

PRECIPITATION (IN)
  YESTERDAY        0.00          0.01  -0.01     0.03
  MONTH TO DATE    0.13          0.16  -0.03     0.07
  SINCE DEC 1      0.98          0.56   0.42     0.55
  SINCE JAN 1      0.13          0.16  -0.03     0.07

DEGREE DAYS
 HEATING
  YESTERDAY       44            39      5       48
  MONTH TO DATE  621           629     -8      614
  SINCE DEC 1   1890          1895     -5     1814
  SINCE JUL 1   3283          3770   -487     3374

 COOLING
  YESTERDAY        0             0      0        0
  MONTH TO DATE    0             0      0        0
  SINCE DEC 1      0             0      0        0
  SINCE JAN 1      0             0      0        0
......................................................


WIND (MPH)
  HIGHEST WIND SPEED    15   HIGHEST WIND DIRECTION     W (270)
  HIGHEST GUST SPEED    17   HIGHEST GUST DIRECTION     W (270)
  AVERAGE WIND SPEED     6.0


SKY COVER
  AVERAGE SKY COVER 0.0


WEATHER CONDITIONS
 THE FOLLOWING WEATHER WAS RECORDED YESTERDAY.
  NO SIGNIFICANT WEATHER WAS OBSERVED.


RELATIVE HUMIDITY (PERCENT)
 HIGHEST    73          1200 AM
 LOWEST     47          1100 AM
 AVERAGE    60

..........................................................




SUNRISE AND SUNSET
JANUARY 17 2017.......SUNRISE   733 AM MST   SUNSET   452 PM MST
JANUARY 18 2017.......SUNRISE   733 AM MST   SUNSET   453 PM MST


-  INDICATES NEGATIVE NUMBERS.
R  INDICATES RECORD WAS SET OR TIED.
MM INDICATES DATA IS MISSING.
T  INDICATES TRACE AMOUNT.




$$
