000
CDUS43 KDDC 281427
CLIGCK


CLIMATE REPORT
NATIONAL WEATHER SERVICE DODGE CITY KS
926 AM CDT FRI JUL 28 2017


...................................

...THE GARDEN CITY REGIONAL ARPT KS CLIMATE SUMMARY FOR JULY 28 2017...
VALID AS OF 0800 AM LOCAL TIME.

CLIMATE NORMAL PERIOD 1981 TO 2010
CLIMATE RECORD PERIOD 1948 TO 2017


WEATHER ITEM   OBSERVED TIME   RECORD YEAR NORMAL DEPARTURE LAST
                VALUE   (LST)  VALUE       VALUE  FROM      YEAR
                                                  NORMAL
..................................................................
TEMPERATURE (F)
 TODAY
  MAXIMUM         72    759 AM 104    1980  92    -20       90
  MINIMUM         67    642 AM  52    2005  65      2       63
  AVERAGE         70                        78     -8       77

PRECIPITATION (IN)
  TODAY            0.00          2.78 1972   0.09  -0.09     0.35
  MONTH TO DATE    2.79                      2.52   0.27     7.55
  SINCE JUN 1      3.44                      6.00  -2.56    12.63
  SINCE JAN 1     11.75                     12.94  -1.19    18.09

..................................................................


WIND (MPH)
  HIGHEST WIND SPEED    10   HIGHEST WIND DIRECTION    SE (120)
  HIGHEST GUST SPEED    12   HIGHEST GUST DIRECTION     E (110)



WEATHER CONDITIONS
 THE FOLLOWING WEATHER WAS RECORDED TODAY.
  FOG


RELATIVE HUMIDITY (PERCENT)
 HIGHEST    93           600 AM
 LOWEST     84           400 AM

..........................................................


THE GARDEN CITY REGIONAL ARPT KS CLIMATE NORMALS FOR TOMORROW
                         NORMAL    RECORD    YEAR
 MAXIMUM TEMPERATURE (F)   92       105      1980
 MINIMUM TEMPERATURE (F)   65        54      2005


SUNRISE AND SUNSET
JULY 28 2017..........SUNRISE   643 AM CDT   SUNSET   855 PM CDT
JULY 29 2017..........SUNRISE   644 AM CDT   SUNSET   854 PM CDT


-  INDICATES NEGATIVE NUMBERS.
R  INDICATES RECORD WAS SET OR TIED.
MM INDICATES DATA IS MISSING.
T  INDICATES TRACE AMOUNT.




$$
