000
CDUS43 KDDC 281010
CLIGCK


CLIMATE REPORT
NATIONAL WEATHER SERVICE DODGE CITY KS
510 AM CDT FRI AUG 28 2015


...................................

...THE GARDEN CITY REGIONAL ARPT KS CLIMATE SUMMARY FOR AUGUST 27 2015...

CLIMATE NORMAL PERIOD 1981 TO 2010
CLIMATE RECORD PERIOD 1948 TO 2015


WEATHER ITEM   OBSERVED TIME   RECORD YEAR NORMAL DEPARTURE LAST
                VALUE   (LST)  VALUE       VALUE  FROM      YEAR
                                                  NORMAL
..................................................................
TEMPERATURE (F)
 YESTERDAY
  MAXIMUM         95   1155 AM 104    1994  88      7       86
  MINIMUM         68    408 AM  48    1992  62      6       66
  AVERAGE         82                        75      7       76

PRECIPITATION (IN)
  YESTERDAY        0.02          4.19 1979   0.06  -0.04     0.74
  MONTH TO DATE    1.89                      2.20  -0.31     1.77
  SINCE JUN 1     10.97                      8.46   2.51    16.21
  SINCE JAN 1     19.79                     15.40   4.39    17.57

DEGREE DAYS
 HEATING
  YESTERDAY        0                         0      0
  MONTH TO DATE    0                         0      0
  SINCE JUN 1      0                        17    -17
  SINCE JUL 1      0                         1     -1

 COOLING
  YESTERDAY       17                        10      7
  MONTH TO DATE  305                       326    -21
  SINCE JUN 1   1061                       988     73
  SINCE JAN 1   1091                      1077     14
..................................................................


WIND (MPH)
  HIGHEST WIND SPEED    29   HIGHEST WIND DIRECTION    SW (220)
  HIGHEST GUST SPEED    37   HIGHEST GUST DIRECTION    SW (220)
  AVERAGE WIND SPEED    13.4



WEATHER CONDITIONS
 THE FOLLOWING WEATHER WAS RECORDED YESTERDAY.
  THUNDERSTORM
  LIGHT RAIN


RELATIVE HUMIDITY (PERCENT)
 HIGHEST    70           500 AM
 LOWEST     28          1200 PM
 AVERAGE    49

..........................................................


THE GARDEN CITY REGIONAL ARPT KS CLIMATE NORMALS FOR TODAY
                         NORMAL    RECORD    YEAR
 MAXIMUM TEMPERATURE (F)   88       105      1984
 MINIMUM TEMPERATURE (F)   62        46      1976


SUNRISE AND SUNSET
AUGUST 28 2015........SUNRISE   709 AM CDT   SUNSET   818 PM CDT
AUGUST 29 2015........SUNRISE   710 AM CDT   SUNSET   817 PM CDT


-  INDICATES NEGATIVE NUMBERS.
R  INDICATES RECORD WAS SET OR TIED.
MM INDICATES DATA IS MISSING.
T  INDICATES TRACE AMOUNT.




$$
