000
CDUS43 KDDC 280734
CLIGCK


CLIMATE REPORT
NATIONAL WEATHER SERVICE DODGE CITY KS
205 AM CDT SAT MAY 28 2016


...................................

...THE GARDEN CITY REGIONAL ARPT KS CLIMATE SUMMARY FOR MAY 27 2016...

CLIMATE NORMAL PERIOD 1981 TO 2010
CLIMATE RECORD PERIOD 1948 TO 2016


WEATHER ITEM   OBSERVED TIME   RECORD YEAR NORMAL DEPARTURE LAST
                VALUE   (LST)  VALUE       VALUE  FROM      YEAR
                                                  NORMAL
..................................................................
TEMPERATURE (F)
 YESTERDAY
  MAXIMUM         76    314 PM 101    2006  80     -4       81
  MINIMUM         47    257 AM  32    1950  54     -7       56
  AVERAGE         62                        67     -5       69

PRECIPITATION (IN)
  YESTERDAY        0.00          1.86 1980   0.11  -0.11     0.51
  MONTH TO DATE    0.38                      2.44  -2.06     6.78
  SINCE MAR 1      4.92                      5.62  -0.70     7.46
  SINCE JAN 1      5.14                      6.50  -1.36     8.23

DEGREE DAYS
 HEATING
  YESTERDAY        3                         2      1
  MONTH TO DATE  167                       122     45
  SINCE MAR 1   1016                      1160   -144
  SINCE JUL 1   4429                      5184   -755

 COOLING
  YESTERDAY        0                         4     -4
  MONTH TO DATE   47                        59    -12
  SINCE MAR 1     52                        71    -19
  SINCE JAN 1     53                        71    -18
..................................................................


WIND (MPH)
  HIGHEST WIND SPEED    24   HIGHEST WIND DIRECTION     N (360)
  HIGHEST GUST SPEED    30   HIGHEST GUST DIRECTION    NW (330)
  AVERAGE WIND SPEED    11.2



WEATHER CONDITIONS
 THE FOLLOWING WEATHER WAS RECORDED YESTERDAY.
  NO SIGNIFICANT WEATHER WAS OBSERVED.


RELATIVE HUMIDITY (PERCENT)
 HIGHEST    93           200 AM
 LOWEST     31           400 PM
 AVERAGE    62

..........................................................


THE GARDEN CITY REGIONAL ARPT KS CLIMATE NORMALS FOR TODAY
                         NORMAL    RECORD    YEAR
 MAXIMUM TEMPERATURE (F)   80       101      1974
 MINIMUM TEMPERATURE (F)   54        40      1992


SUNRISE AND SUNSET
MAY 28 2016...........SUNRISE   624 AM CDT   SUNSET   857 PM CDT
MAY 29 2016...........SUNRISE   623 AM CDT   SUNSET   858 PM CDT


-  INDICATES NEGATIVE NUMBERS.
R  INDICATES RECORD WAS SET OR TIED.
MM INDICATES DATA IS MISSING.
T  INDICATES TRACE AMOUNT.




$$
