000
CDUS43 KDDC 220706
CLIGCK


CLIMATE REPORT
NATIONAL WEATHER SERVICE DODGE CITY KS
106 AM CST SUN JAN 22 2017


...................................

...THE GARDEN CITY REGIONAL ARPT KS CLIMATE SUMMARY FOR JANUARY 21 2017...

CLIMATE NORMAL PERIOD 1981 TO 2010
CLIMATE RECORD PERIOD 1948 TO 2017


WEATHER ITEM   OBSERVED TIME   RECORD YEAR NORMAL DEPARTURE LAST
                VALUE   (LST)  VALUE       VALUE  FROM      YEAR
                                                  NORMAL
..................................................................
TEMPERATURE (F)
 YESTERDAY
  MAXIMUM         53    258 PM  74    1953  44      9       38
  MINIMUM         23    619 AM  -7    1966  18      5       18
  AVERAGE         38                        31      7       28

PRECIPITATION (IN)
  YESTERDAY        0.14R         0.03 1966   0.01   0.13     0.00
  MONTH TO DATE    1.28                      0.22   1.06     0.03
  SINCE DEC 1      1.58                      0.74   0.84     1.13
  SINCE JAN 1      1.28                      0.22   1.06     0.03

DEGREE DAYS
 HEATING
  YESTERDAY       27                        34     -7
  MONTH TO DATE  756                       714     42
  SINCE DEC 1   1897                      1748    149
  SINCE JUL 1   2585                      2837   -252

 COOLING
  YESTERDAY        0                         0      0
  MONTH TO DATE    0                         0      0
  SINCE DEC 1      0                         0      0
  SINCE JAN 1      0                         0      0
..................................................................


WIND (MPH)
  HIGHEST WIND SPEED    17   HIGHEST WIND DIRECTION     N (10)
  HIGHEST GUST SPEED    26   HIGHEST GUST DIRECTION    SE (130)
  AVERAGE WIND SPEED     9.2



WEATHER CONDITIONS
 THE FOLLOWING WEATHER WAS RECORDED YESTERDAY.
  RAIN
  LIGHT RAIN


RELATIVE HUMIDITY (PERCENT)
 HIGHEST   100           800 AM
 LOWEST     50           300 PM
 AVERAGE    75

..........................................................


THE GARDEN CITY REGIONAL ARPT KS CLIMATE NORMALS FOR TODAY
                         NORMAL    RECORD    YEAR
 MAXIMUM TEMPERATURE (F)   44        74      1967
 MINIMUM TEMPERATURE (F)   18       -14      1966


SUNRISE AND SUNSET
JANUARY 22 2017.......SUNRISE   754 AM CST   SUNSET   555 PM CST
JANUARY 23 2017.......SUNRISE   754 AM CST   SUNSET   556 PM CST


-  INDICATES NEGATIVE NUMBERS.
R  INDICATES RECORD WAS SET OR TIED.
MM INDICATES DATA IS MISSING.
T  INDICATES TRACE AMOUNT.




$$
