000
CDUS43 KDDC 121426
CLIGCK


CLIMATE REPORT
NATIONAL WEATHER SERVICE DODGE CITY KS
825 AM CST TUE DEC 12 2017


...................................

...THE GARDEN CITY REGIONAL ARPT KS CLIMATE SUMMARY FOR DECEMBER 12 2017...
VALID AS OF 0800 AM LOCAL TIME.

CLIMATE NORMAL PERIOD 1981 TO 2010
CLIMATE RECORD PERIOD 1948 TO 2017


WEATHER ITEM   OBSERVED TIME   RECORD YEAR NORMAL DEPARTURE LAST
                VALUE   (LST)  VALUE       VALUE  FROM      YEAR
                                                  NORMAL
..................................................................
TEMPERATURE (F)
 TODAY
  MAXIMUM         27   1220 AM  71    1977  45    -18       43
  MINIMUM         15    741 AM -15    1961  19     -4       17
  AVERAGE         21                        32    -11       30

PRECIPITATION (IN)
  TODAY            0.00          0.09 2003   0.01  -0.01     0.00
  MONTH TO DATE    0.00                      0.21  -0.21     0.03
  SINCE DEC 1      0.00                      0.21  -0.21     0.03
  SINCE JAN 1     20.57                     19.16   1.41    20.12

..................................................................


WIND (MPH)
  HIGHEST WIND SPEED    13   HIGHEST WIND DIRECTION    NW (320)
  HIGHEST GUST SPEED    16   HIGHEST GUST DIRECTION    NW (320)



WEATHER CONDITIONS
 THE FOLLOWING WEATHER WAS RECORDED TODAY.
  NO SIGNIFICANT WEATHER WAS OBSERVED.


RELATIVE HUMIDITY (PERCENT)
 HIGHEST    80           700 AM
 LOWEST     68          1200 AM

..........................................................


THE GARDEN CITY REGIONAL ARPT KS CLIMATE NORMALS FOR TOMORROW
                         NORMAL    RECORD    YEAR
 MAXIMUM TEMPERATURE (F)   44        75      1988
 MINIMUM TEMPERATURE (F)   19        -8      1961


SUNRISE AND SUNSET
DECEMBER 12 2017......SUNRISE   750 AM CST   SUNSET   524 PM CST
DECEMBER 13 2017......SUNRISE   750 AM CST   SUNSET   524 PM CST


-  INDICATES NEGATIVE NUMBERS.
R  INDICATES RECORD WAS SET OR TIED.
MM INDICATES DATA IS MISSING.
T  INDICATES TRACE AMOUNT.




$$
