000
CDUS43 KDDC 051427
CLIGCK


CLIMATE REPORT
NATIONAL WEATHER SERVICE DODGE CITY KS
826 AM CST MON DEC 5 2016


...................................

...THE GARDEN CITY REGIONAL ARPT KS CLIMATE SUMMARY FOR DECEMBER 5 2016...
VALID AS OF 0800 AM LOCAL TIME.

CLIMATE NORMAL PERIOD 1981 TO 2010
CLIMATE RECORD PERIOD 1948 TO 2016


WEATHER ITEM   OBSERVED TIME   RECORD YEAR NORMAL DEPARTURE LAST
                VALUE   (LST)  VALUE       VALUE  FROM      YEAR
                                                  NORMAL
..................................................................
TEMPERATURE (F)
 TODAY
  MAXIMUM         35    255 AM  72    1949  46    -11       51
  MINIMUM         25    749 AM  -4    1972  20      5       31
  AVERAGE         30                        33     -3       41

PRECIPITATION (IN)
  TODAY            0.00          0.26 1969   0.01  -0.01     0.00
  MONTH TO DATE    0.03                      0.09  -0.06     0.00
  SINCE DEC 1      0.03                      0.09  -0.06     0.00
  SINCE JAN 1     20.12                     19.04   1.08    24.05

..................................................................


WIND (MPH)
  HIGHEST WIND SPEED    20   HIGHEST WIND DIRECTION     S (170)
  HIGHEST GUST SPEED    28   HIGHEST GUST DIRECTION     S (180)



WEATHER CONDITIONS
 THE FOLLOWING WEATHER WAS RECORDED TODAY.
  NO SIGNIFICANT WEATHER WAS OBSERVED.


RELATIVE HUMIDITY (PERCENT)
 HIGHEST    85           800 AM
 LOWEST     64           100 AM

..........................................................


THE GARDEN CITY REGIONAL ARPT KS CLIMATE NORMALS FOR TOMORROW
                         NORMAL    RECORD    YEAR
 MAXIMUM TEMPERATURE (F)   46        73      1981
 MINIMUM TEMPERATURE (F)   20       -13      1972


SUNRISE AND SUNSET
DECEMBER  5 2016......SUNRISE   744 AM CST   SUNSET   523 PM CST
DECEMBER  6 2016......SUNRISE   745 AM CST   SUNSET   523 PM CST


-  INDICATES NEGATIVE NUMBERS.
R  INDICATES RECORD WAS SET OR TIED.
MM INDICATES DATA IS MISSING.
T  INDICATES TRACE AMOUNT.




$$
