000
CDUS43 KDDC 270716
CLIGCK


CLIMATE REPORT
NATIONAL WEATHER SERVICE DODGE CITY KS
213 AM CDT SAT MAY 27 2017


...................................

...THE GARDEN CITY REGIONAL ARPT KS CLIMATE SUMMARY FOR MAY 26 2017...

CLIMATE NORMAL PERIOD 1981 TO 2010
CLIMATE RECORD PERIOD 1948 TO 2017


WEATHER ITEM   OBSERVED TIME   RECORD YEAR NORMAL DEPARTURE LAST
                VALUE   (LST)  VALUE       VALUE  FROM      YEAR
                                                  NORMAL
..................................................................
TEMPERATURE (F)
 YESTERDAY
  MAXIMUM         81    441 PM 106    1953  79      2       87
  MINIMUM         50    417 AM  33    1992  54     -4       52
  AVERAGE         66                        66      0       70

PRECIPITATION (IN)
  YESTERDAY        0.00          0.55 1964   0.11  -0.11     0.00
  MONTH TO DATE    0.96                      2.33  -1.37     0.38
  SINCE MAR 1      6.90                      5.51   1.39     4.92
  SINCE JAN 1      8.19                      6.39   1.80     5.14

DEGREE DAYS
 HEATING
  YESTERDAY        0                         2     -2
  MONTH TO DATE  141                       120     21
  SINCE MAR 1    954                      1158   -204
  SINCE JUL 1   4428                      5182   -754

 COOLING
  YESTERDAY        1                         4     -3
  MONTH TO DATE   46                        55     -9
  SINCE MAR 1     83                        67     16
  SINCE JAN 1     83                        67     16
..................................................................


WIND (MPH)
  HIGHEST WIND SPEED    26   HIGHEST WIND DIRECTION     N (360)
  HIGHEST GUST SPEED    33   HIGHEST GUST DIRECTION     N (360)
  AVERAGE WIND SPEED    15.0



WEATHER CONDITIONS
 THE FOLLOWING WEATHER WAS RECORDED YESTERDAY.
  NO SIGNIFICANT WEATHER WAS OBSERVED.


RELATIVE HUMIDITY (PERCENT)
 HIGHEST    86           200 AM
 LOWEST     35           400 PM
 AVERAGE    61

..........................................................


THE GARDEN CITY REGIONAL ARPT KS CLIMATE NORMALS FOR TODAY
                         NORMAL    RECORD    YEAR
 MAXIMUM TEMPERATURE (F)   80       101      2006
 MINIMUM TEMPERATURE (F)   54        32      1950


SUNRISE AND SUNSET
MAY 27 2017...........SUNRISE   624 AM CDT   SUNSET   856 PM CDT
MAY 28 2017...........SUNRISE   624 AM CDT   SUNSET   857 PM CDT


-  INDICATES NEGATIVE NUMBERS.
R  INDICATES RECORD WAS SET OR TIED.
MM INDICATES DATA IS MISSING.
T  INDICATES TRACE AMOUNT.




$$
