000
CDUS43 KDDC 301445
CLIGCK


CLIMATE REPORT
NATIONAL WEATHER SERVICE DODGE CITY KS
945 AM CDT MON MAR 30 2015


...................................

...THE GARDEN CITY REGIONAL ARPT KS CLIMATE SUMMARY FOR MARCH 30 2015...
VALID AS OF 0800 AM LOCAL TIME.

CLIMATE NORMAL PERIOD 1981 TO 2010
CLIMATE RECORD PERIOD 1948 TO 2015


WEATHER ITEM   OBSERVED TIME   RECORD YEAR NORMAL DEPARTURE LAST
                VALUE   (LST)  VALUE       VALUE  FROM      YEAR
                                                  NORMAL
..................................................................
TEMPERATURE (F)
 TODAY
  MAXIMUM         46    759 AM  89    1986  62    -16       82
  MINIMUM         35    425 AM   2    1987  33      2       47
  AVERAGE         41                        48     -7       65

PRECIPITATION (IN)
  TODAY            0.00          1.21 1973   0.06  -0.06     0.00
  MONTH TO DATE    0.32                      1.40  -1.08     0.04
  SINCE MAR 1      0.32                      1.40  -1.08     0.04
  SINCE JAN 1      1.09                      2.28  -1.19     0.20

..................................................................


WIND (MPH)
  HIGHEST WIND SPEED    13   HIGHEST WIND DIRECTION     S (190)
  HIGHEST GUST SPEED    16   HIGHEST GUST DIRECTION    SW (210)



WEATHER CONDITIONS
 THE FOLLOWING WEATHER WAS RECORDED TODAY.
  NO SIGNIFICANT WEATHER WAS OBSERVED.


RELATIVE HUMIDITY (PERCENT)
 HIGHEST    70

..........................................................


THE GARDEN CITY REGIONAL ARPT KS CLIMATE NORMALS FOR TOMORROW
                         NORMAL    RECORD    YEAR
 MAXIMUM TEMPERATURE (F)   63        89      1971
 MINIMUM TEMPERATURE (F)   33        11      1985


SUNRISE AND SUNSET
MARCH 30 2015.........SUNRISE   731 AM CDT   SUNSET   804 PM CDT
MARCH 31 2015.........SUNRISE   730 AM CDT   SUNSET   805 PM CDT


-  INDICATES NEGATIVE NUMBERS.
R  INDICATES RECORD WAS SET OR TIED.
MM INDICATES DATA IS MISSING.
T  INDICATES TRACE AMOUNT.




$$
