000
CDUS43 KDDC 252327
CLIGCK


CLIMATE REPORT
NATIONAL WEATHER SERVICE DODGE CITY KS
526 PM CST THU DEC 25 2014


...................................

...THE GARDEN CITY REGIONAL ARPT KS CLIMATE SUMMARY FOR DECEMBER 25 2014...
VALID TODAY AS OF 0500 PM LOCAL TIME.

CLIMATE NORMAL PERIOD 1981 TO 2010
CLIMATE RECORD PERIOD 1948 TO 2014


WEATHER ITEM   OBSERVED TIME   RECORD YEAR NORMAL DEPARTURE LAST
                VALUE   (LST)  VALUE       VALUE  FROM      YEAR
                                                  NORMAL
..................................................................
TEMPERATURE (F)
 TODAY
  MAXIMUM         55   1225 PM  74    1971  43     12       48
  MINIMUM         24    757 AM  -8    1983  18      6       18
  AVERAGE         40                        31      9       33

PRECIPITATION (IN)
  TODAY            0.00          0.06 1985   0.02  -0.02     0.00
  MONTH TO DATE    0.05                      0.43  -0.38     0.01
  SINCE DEC 1      0.05                      0.43  -0.38     0.01
  SINCE JAN 1     21.44                     19.38   2.06    14.85

DEGREE DAYS
 HEATING
  TODAY           25                        34     -9       32
  MONTH TO DATE  687                       824   -137      897
  SINCE DEC 1    687                       824   -137      897
  SINCE JUL 1   1726                      1913   -187     1941

 COOLING
  TODAY            0                         0      0        0
  MONTH TO DATE    0                         0      0        0
  SINCE DEC 1      0                         0      0        0
  SINCE JAN 1   1342                      1298     44     1591
..................................................................


WIND (MPH)
  HIGHEST WIND SPEED    20   HIGHEST WIND DIRECTION     S (200)
  HIGHEST GUST SPEED    25   HIGHEST GUST DIRECTION     S (200)
  AVERAGE WIND SPEED    11.6



WEATHER CONDITIONS
 THE FOLLOWING WEATHER WAS RECORDED TODAY.
  NO SIGNIFICANT WEATHER WAS OBSERVED.


RELATIVE HUMIDITY (PERCENT)
 HIGHEST    81           600 AM
 LOWEST     29           500 PM
 AVERAGE    55

..........................................................


THE GARDEN CITY REGIONAL ARPT KS CLIMATE NORMALS FOR TOMORROW
                         NORMAL    RECORD    YEAR
 MAXIMUM TEMPERATURE (F)   43        69      2003
 MINIMUM TEMPERATURE (F)   18        -5      1962


SUNRISE AND SUNSET
DECEMBER 25 2014......SUNRISE   757 AM CST   SUNSET   529 PM CST
DECEMBER 26 2014......SUNRISE   757 AM CST   SUNSET   530 PM CST


-  INDICATES NEGATIVE NUMBERS.
R  INDICATES RECORD WAS SET OR TIED.
MM INDICATES DATA IS MISSING.
T  INDICATES TRACE AMOUNT.




$$
