078
CDUS41 KPHI 100633
CLIGED


CLIMATE REPORT
NATIONAL WEATHER SERVICE MOUNT HOLLY NJ
132 AM EST SAT DEC 10 2016


...................................

...THE GEORGETOWN DE CLIMATE SUMMARY FOR DECEMBER 9 2016...

CLIMATE NORMAL PERIOD 1981 TO 2010
CLIMATE RECORD PERIOD 1948 TO 2016


WEATHER ITEM   OBSERVED TIME   RECORD YEAR NORMAL DEPARTURE LAST
                VALUE   (LST)  VALUE       VALUE  FROM      YEAR
                                                  NORMAL
..................................................................
TEMPERATURE (F)
 YESTERDAY
  MAXIMUM         41    213 PM  71    1978  50     -9       60
  MINIMUM         30   1159 PM  10    1976  32     -2       29
  AVERAGE         36                        41     -5       45

PRECIPITATION (IN)
  YESTERDAY        0.00          1.93 2009   0.11  -0.11     0.00
  MONTH TO DATE    1.54                      1.05   0.49     0.59
  SINCE DEC 1      1.54                      1.05   0.49     0.59
  SINCE JAN 1     46.81                     41.53   5.28    35.80

SNOWFALL (IN)
  YESTERDAY       MM            MM      MM  MM     MM       MM
  MONTH TO DATE   MM                        MM     MM       MM
  SINCE DEC 1     MM                        MM     MM       MM
  SINCE JUL 1     MM                        MM     MM       MM
  SNOW DEPTH      MM

DEGREE DAYS
 HEATING
  YESTERDAY       29                        24      5       20
  MONTH TO DATE  194                       204    -10      173
  SINCE DEC 1    194                       204    -10      173
  SINCE JUL 1    828                       988   -160      813

 COOLING
  YESTERDAY        0                         0      0        0
  MONTH TO DATE    0                         0      0        0
  SINCE DEC 1      0                         0      0        0
  SINCE JAN 1   1506                      1196    310     1413
..................................................................


WIND (MPH)
  HIGHEST WIND SPEED    17   HIGHEST WIND DIRECTION     W (290)
  HIGHEST GUST SPEED    25   HIGHEST GUST DIRECTION    NW (300)
  AVERAGE WIND SPEED     8.2


SKY COVER
  POSSIBLE SUNSHINE  MM
  AVERAGE SKY COVER 0.1


WEATHER CONDITIONS
 THE FOLLOWING WEATHER WAS RECORDED YESTERDAY.
  NO SIGNIFICANT WEATHER WAS OBSERVED.


RELATIVE HUMIDITY (PERCENT)
 HIGHEST    58           300 AM
 LOWEST     40           200 PM
 AVERAGE    49

..........................................................


THE GEORGETOWN DE CLIMATE NORMALS FOR TODAY
                         NORMAL    RECORD    YEAR
 MAXIMUM TEMPERATURE (F)   50        75      1966
 MINIMUM TEMPERATURE (F)   32        13      1968


SUNRISE AND SUNSET
DECEMBER 10 2016......SUNRISE   709 AM EST   SUNSET   440 PM EST
DECEMBER 11 2016......SUNRISE   710 AM EST   SUNSET   440 PM EST


-  INDICATES NEGATIVE NUMBERS.
R  INDICATES RECORD WAS SET OR TIED.
MM INDICATES DATA IS MISSING.
T  INDICATES TRACE AMOUNT.




$$
