000
CDUS41 KPHI 220547
CLIGED


CLIMATE REPORT
NATIONAL WEATHER SERVICE MOUNT HOLLY NJ
146 AM EDT SAT JUL 22 2017


...................................

...THE GEORGETOWN DE CLIMATE SUMMARY FOR JULY 21 2017...

CLIMATE NORMAL PERIOD 1981 TO 2010
CLIMATE RECORD PERIOD 1948 TO 2017


WEATHER ITEM   OBSERVED TIME   RECORD YEAR NORMAL DEPARTURE LAST
                VALUE   (LST)  VALUE       VALUE  FROM      YEAR
                                                  NORMAL
..................................................................
TEMPERATURE (F)
 YESTERDAY
  MAXIMUM         95    207 PM 101    1957  87      8       87
  MINIMUM         79    529 AM  50    1966  68     11       65
  AVERAGE         87                        77     10       76

PRECIPITATION (IN)
  YESTERDAY        0.00          1.36 1956   0.13  -0.13     0.00
  MONTH TO DATE    4.23                      2.93   1.30     1.14
  SINCE JUN 1      6.04                      7.54  -1.50     4.13
  SINCE JAN 1     22.22                     24.48  -2.26    22.36

DEGREE DAYS
 HEATING
  YESTERDAY        0                         0      0        0
  MONTH TO DATE    0                         0      0        0
  SINCE JUN 1     12                        13     -1        1
  SINCE JUL 1      0                         0      0        0

 COOLING
  YESTERDAY       22                        12     10       11
  MONTH TO DATE  346                       247     99      289
  SINCE JUN 1    652                       486    166      508
  SINCE JAN 1    798                       580    218      598
..................................................................


WIND (MPH)
  HIGHEST WIND SPEED    10   HIGHEST WIND DIRECTION     E (90)
  HIGHEST GUST SPEED    13   HIGHEST GUST DIRECTION    NW (310)
  AVERAGE WIND SPEED     4.4


SKY COVER
  POSSIBLE SUNSHINE  MM
  AVERAGE SKY COVER 0.1


WEATHER CONDITIONS
 THE FOLLOWING WEATHER WAS RECORDED YESTERDAY.
  FOG
  HAZE


RELATIVE HUMIDITY (PERCENT)
 HIGHEST    85           100 AM
 LOWEST     52          1100 AM
 AVERAGE    69

..........................................................


THE GEORGETOWN DE CLIMATE NORMALS FOR TODAY
                         NORMAL    RECORD    YEAR
 MAXIMUM TEMPERATURE (F)   87       104      2011
 MINIMUM TEMPERATURE (F)   68        52      1974


SUNRISE AND SUNSET
JULY 22 2017..........SUNRISE   555 AM EDT   SUNSET   821 PM EDT
JULY 23 2017..........SUNRISE   555 AM EDT   SUNSET   820 PM EDT


-  INDICATES NEGATIVE NUMBERS.
R  INDICATES RECORD WAS SET OR TIED.
MM INDICATES DATA IS MISSING.
T  INDICATES TRACE AMOUNT.




$$
