000
CDUS41 KPHI 200601
CLIGED


CLIMATE REPORT
NATIONAL WEATHER SERVICE MOUNT HOLLY NJ
1259 AM EST TUE FEB 20 2018


...................................

...THE GEORGETOWN DE CLIMATE SUMMARY FOR FEBRUARY 19 2018...

CLIMATE NORMAL PERIOD 1981 TO 2010
CLIMATE RECORD PERIOD 1948 TO 2018


WEATHER ITEM   OBSERVED TIME   RECORD YEAR NORMAL DEPARTURE LAST
                VALUE   (LST)  VALUE       VALUE  FROM      YEAR
                                                  NORMAL
..................................................................
TEMPERATURE (F)
 YESTERDAY
  MAXIMUM         60    256 PM  74    1976  48     12       71
  MINIMUM         30    631 AM  10    2015  29      1       51
  AVERAGE         45                        38      7       61

PRECIPITATION (IN)
  YESTERDAY        T             1.03 1962   0.10  -0.10     0.00
  MONTH TO DATE    3.82                      1.87   1.95     0.56
  SINCE DEC 1      7.63                      8.08  -0.45     6.49
  SINCE JAN 1      6.67                      4.79   1.88     3.69

DEGREE DAYS
 HEATING
  YESTERDAY       20                        27     -7        4
  MONTH TO DATE  432                       537   -105      419
  SINCE DEC 1   2231                      2263    -32     1939
  SINCE JUL 1   2848                      3047   -199     2573

 COOLING
  YESTERDAY        0                         0      0        0
  MONTH TO DATE    0                         0      0        0
  SINCE DEC 1      0                         0      0        0
  SINCE JAN 1      0                         0      0        0
..................................................................


WIND (MPH)
  HIGHEST WIND SPEED    18   HIGHEST WIND DIRECTION     S (200)
  HIGHEST GUST SPEED    25   HIGHEST GUST DIRECTION    SW (210)
  AVERAGE WIND SPEED     7.8


SKY COVER
  POSSIBLE SUNSHINE  MM
  AVERAGE SKY COVER 0.6


WEATHER CONDITIONS
 THE FOLLOWING WEATHER WAS RECORDED YESTERDAY.
  LIGHT RAIN
  FOG


RELATIVE HUMIDITY (PERCENT)
 HIGHEST    93           900 PM
 LOWEST     69           300 PM
 AVERAGE    81

..........................................................


THE GEORGETOWN DE CLIMATE NORMALS FOR TODAY
                         NORMAL    RECORD    YEAR
 MAXIMUM TEMPERATURE (F)   48        68      2002
                                             1961
 MINIMUM TEMPERATURE (F)   29        -3      2015


SUNRISE AND SUNSET
FEBRUARY 20 2018......SUNRISE   646 AM EST   SUNSET   545 PM EST
FEBRUARY 21 2018......SUNRISE   645 AM EST   SUNSET   546 PM EST


-  INDICATES NEGATIVE NUMBERS.
R  INDICATES RECORD WAS SET OR TIED.
MM INDICATES DATA IS MISSING.
T  INDICATES TRACE AMOUNT.




$$
