000
CDUS41 KPHI 280637
CLIGED


CLIMATE REPORT
NATIONAL WEATHER SERVICE MOUNT HOLLY NJ
136 AM EST FRI NOV 28 2014


...................................

...THE GEORGETOWN DE CLIMATE SUMMARY FOR NOVEMBER 27 2014...

CLIMATE NORMAL PERIOD 1981 TO 2010
CLIMATE RECORD PERIOD 1948 TO 2014


WEATHER ITEM   OBSERVED TIME   RECORD YEAR NORMAL DEPARTURE LAST
                VALUE   (LST)  VALUE       VALUE  FROM      YEAR
                                                  NORMAL
..................................................................
TEMPERATURE (F)
 YESTERDAY
  MAXIMUM         45    335 PM  71    1988  54     -9       64
  MINIMUM         33   1159 PM  17    1991  35     -2       34
  AVERAGE         39                        45     -6       49

PRECIPITATION (IN)
  YESTERDAY        0.00          0.81 1986   0.11  -0.11     0.41
  MONTH TO DATE    3.53                      3.02   0.51     2.15
  SINCE SEP 1      9.94                     10.87  -0.93     7.57
  SINCE JAN 1     40.24                     40.14   0.10    49.56

SNOWFALL (IN)
  YESTERDAY       MM            MM      MM  MM     MM       MM
  MONTH TO DATE   MM                        MM     MM       MM
  SINCE SEP 1     MM                        MM     MM       MM
  SINCE JUL 1     MM                        MM     MM       MM
  SNOW DEPTH      MM

DEGREE DAYS
 HEATING
  YESTERDAY       26                        20      6       16
  MONTH TO DATE  508                       436     72      468
  SINCE SEP 1    689                       721    -32      711
  SINCE JUL 1    689                       722    -33      711

 COOLING
  YESTERDAY        0                         0      0        0
  MONTH TO DATE    2                         0      2        5
  SINCE SEP 1    200                       165     35      209
  SINCE JAN 1   1151                      1194    -43     1396
..................................................................


WIND (MPH)
  HIGHEST WIND SPEED    10   HIGHEST WIND DIRECTION    NW (310)
  HIGHEST GUST SPEED    16   HIGHEST GUST DIRECTION    NW (300)
  AVERAGE WIND SPEED     3.5


SKY COVER
  POSSIBLE SUNSHINE  MM
  AVERAGE SKY COVER 0.4


WEATHER CONDITIONS
 THE FOLLOWING WEATHER WAS RECORDED YESTERDAY.
  FOG


RELATIVE HUMIDITY (PERCENT)
 HIGHEST    96           700 AM
 LOWEST     58           400 PM
 AVERAGE    77

..........................................................


THE GEORGETOWN DE CLIMATE NORMALS FOR TODAY
                         NORMAL    RECORD    YEAR
 MAXIMUM TEMPERATURE (F)   54        73      2011
 MINIMUM TEMPERATURE (F)   35        17      1951


SUNRISE AND SUNSET
NOVEMBER 28 2014......SUNRISE   657 AM EST   SUNSET   441 PM EST
NOVEMBER 29 2014......SUNRISE   658 AM EST   SUNSET   441 PM EST


-  INDICATES NEGATIVE NUMBERS.
R  INDICATES RECORD WAS SET OR TIED.
MM INDICATES DATA IS MISSING.
T  INDICATES TRACE AMOUNT.




$$
