000
CDUS46 KOTX 240034
CLIGEG


CLIMATE REPORT
NATIONAL WEATHER SERVICE SPOKANE, WA
433 PM PST THU NOV 23 2017


...................................

...THE SPOKANE WA AIRPORT CLIMATE SUMMARY FOR NOVEMBER 23 2017...
VALID AS OF 0400 PM LOCAL TIME.

CLIMATE NORMAL PERIOD 1981 TO 2010
CLIMATE RECORD PERIOD 1881 TO 2017


WEATHER ITEM   OBSERVED TIME   RECORD YEAR NORMAL DEPARTURE LAST
                VALUE   (LST)  VALUE       VALUE  FROM      YEAR
                                                  NORMAL
..................................................................
TEMPERATURE (F)
 TODAY
  MAXIMUM         57    202 PM  60    1933  38     19       41
  MINIMUM         52    359 PM -21    1985  28     24       34
  AVERAGE         55                        33     22       38

PRECIPITATION (IN)
  TODAY            0.12          0.77 1892   0.07   0.05     0.20
  MONTH TO DATE    2.49                      1.71   0.78     1.17
  SINCE OCT 1      3.89                      2.89   1.00     7.40
  SINCE JAN 1     19.07                     13.67   5.40    16.41

SNOWFALL (IN)
  TODAY            0.0           6.6  1955   0.3   -0.3      0.0
  MONTH TO DATE    7.2                       4.7    2.5      0.7
  SINCE SEP 1      7.2                       4.8    2.4      0.7
  SINCE JUL 1      7.2                       4.8    2.4      0.7
  SNOW DEPTH       0

DEGREE DAYS
 HEATING
  TODAY           10                        32    -22       27
  MONTH TO DATE  616                       643    -27      448
  SINCE SEP 1   1342                      1366    -24     1114
  SINCE JUL 1   1345                      1431    -86     1144

 COOLING
  TODAY            0                         0      0        0
  MONTH TO DATE    0                         0      0        0
  SINCE SEP 1     89                        39     50        7
  SINCE JAN 1    794                       450    344      494
..................................................................


WIND (MPH)
  HIGHEST WIND SPEED    33   HIGHEST WIND DIRECTION    SW (240)
  HIGHEST GUST SPEED    46   HIGHEST GUST DIRECTION    SW (220)
  AVERAGE WIND SPEED    21.6


SKY COVER
  POSSIBLE SUNSHINE  MM
  AVERAGE SKY COVER 0.9


WEATHER CONDITIONS
 THE FOLLOWING WEATHER WAS RECORDED TODAY.
  HEAVY RAIN
  RAIN
  LIGHT RAIN
  FOG


RELATIVE HUMIDITY (PERCENT)
 HIGHEST    96           800 AM
 LOWEST     72           200 PM
 AVERAGE    84

..........................................................


THE SPOKANE WA AIRPORT CLIMATE NORMALS FOR TOMORROW
                         NORMAL    RECORD    YEAR
 MAXIMUM TEMPERATURE (F)   37        56      1933
 MINIMUM TEMPERATURE (F)   28        -9      1985


SUNRISE AND SUNSET
NOVEMBER 23 2017......SUNRISE   707 AM PST   SUNSET   406 PM PST
NOVEMBER 24 2017......SUNRISE   709 AM PST   SUNSET   405 PM PST


-  INDICATES NEGATIVE NUMBERS.
R  INDICATES RECORD WAS SET OR TIED.
MM INDICATES DATA IS MISSING.
T  INDICATES TRACE AMOUNT.




$$
