000
CDUS46 KOTX 110034
CLIGEG


CLIMATE REPORT
NATIONAL WEATHER SERVICE SPOKANE, WA
434 PM PST WED FEB 10 2016


...................................

...THE SPOKANE WA AIRPORT CLIMATE SUMMARY FOR FEBRUARY 10 2016...
VALID AS OF 0400 PM LOCAL TIME.

CLIMATE NORMAL PERIOD 1981 TO 2010
CLIMATE RECORD PERIOD 1881 TO 2016


WEATHER ITEM   OBSERVED TIME   RECORD YEAR NORMAL DEPARTURE LAST
                VALUE   (LST)  VALUE       VALUE  FROM      YEAR
                                                  NORMAL
..................................................................
TEMPERATURE (F)
 TODAY
  MAXIMUM         41    308 PM  55    1963  38      3       47
  MINIMUM         30    841 AM  -6    1929  26      4       42
  AVERAGE         36                        32      4       45

PRECIPITATION (IN)
  TODAY            0.00          0.59 1961   0.05  -0.05     0.01
  MONTH TO DATE    0.14                      0.47  -0.33     1.04
  SINCE OCT 1      9.24                      8.04   1.20     7.68
  SINCE JAN 1      2.88                      2.26   0.62     2.95

SNOWFALL (IN)
  TODAY            0.0           3.1  1904   0.2   -0.2      0.0
  MONTH TO DATE    1.3                       2.7   -1.4      1.1
  SINCE DEC 1     32.1                      28.7    3.4     15.2
  SINCE JUL 1     33.6                      36.2   -2.6     15.7
  SNOW DEPTH       0

DEGREE DAYS
 HEATING
  TODAY           29                        33     -4       20
  MONTH TO DATE  308                       332    -24      226
  SINCE DEC 1   2410                      2598   -188     2266
  SINCE JUL 1   3844                      4265   -421     3635

 COOLING
  TODAY            0                         0      0        0
  MONTH TO DATE    0                         0      0        0
  SINCE DEC 1      0                         0      0        0
  SINCE JAN 1      0                         0      0        0
..................................................................


WIND (MPH)
  HIGHEST WIND SPEED     9   HIGHEST WIND DIRECTION     E (70)
  HIGHEST GUST SPEED    10   HIGHEST GUST DIRECTION     E (70)
  AVERAGE WIND SPEED     3.2


SKY COVER
  POSSIBLE SUNSHINE  MM
  AVERAGE SKY COVER 0.6


WEATHER CONDITIONS
 THE FOLLOWING WEATHER WAS RECORDED TODAY.
  FOG
  FOG W/VISIBILITY <= 1/4 MILE


RELATIVE HUMIDITY (PERCENT)
 HIGHEST   100           200 AM
 LOWEST     79           100 PM
 AVERAGE    90

..........................................................


THE SPOKANE WA AIRPORT CLIMATE NORMALS FOR TOMORROW
                         NORMAL    RECORD    YEAR
 MAXIMUM TEMPERATURE (F)   39        53      1992
                                             1924
 MINIMUM TEMPERATURE (F)   26       -14      1884


SUNRISE AND SUNSET
FEBRUARY 10 2016......SUNRISE   704 AM PST   SUNSET   505 PM PST
FEBRUARY 11 2016......SUNRISE   703 AM PST   SUNSET   506 PM PST


-  INDICATES NEGATIVE NUMBERS.
R  INDICATES RECORD WAS SET OR TIED.
MM INDICATES DATA IS MISSING.
T  INDICATES TRACE AMOUNT.




$$
