000
CDUS46 KOTX 251245
CLIGEG


CLIMATE REPORT
NATIONAL WEATHER SERVICE SPOKANE, WA
545 AM PDT THU AUG 25 2016


...................................

...THE SPOKANE WA AIRPORT CLIMATE SUMMARY FOR AUGUST 24 2016...

CLIMATE NORMAL PERIOD 1981 TO 2010
CLIMATE RECORD PERIOD 1881 TO 2016


WEATHER ITEM   OBSERVED TIME   RECORD YEAR NORMAL DEPARTURE LAST
                VALUE   (LST)  VALUE       VALUE  FROM      YEAR
                                                  NORMAL
..................................................................
TEMPERATURE (F)
 YESTERDAY
  MAXIMUM         82    337 PM 100    1966  81      1       85
  MINIMUM         57    528 AM  40    1992  54      3       56
  AVERAGE         70                        68      2       71

PRECIPITATION (IN)
  YESTERDAY        0.00          0.89 1989   0.01  -0.01     0.00
  MONTH TO DATE    0.16                      0.44  -0.28     0.04
  SINCE OCT 1     15.16                     15.74  -0.58    11.79
  SINCE JAN 1      8.80                      9.96  -1.16     7.06

SNOWFALL (IN)
  YESTERDAY        0.0           0.0  2002   0.0    0.0      0.0
                                      2001
                                      1999
  MONTH TO DATE    0.0                       0.0    0.0      0.0
  SINCE JUN 1      0.0                       0.0    0.0      0.0
  SINCE JUL 1      0.0                       0.0    0.0      0.0
  SNOW DEPTH       0

DEGREE DAYS
 HEATING
  YESTERDAY        0                         1     -1        0
  MONTH TO DATE   10                        19     -9        1
  SINCE JUN 1    140                       187    -47       31
  SINCE JUL 1     30                        51    -21        6

 COOLING
  YESTERDAY        5                         4      1        6
  MONTH TO DATE  165                       143     22      205
  SINCE JUN 1    431                       372     59      730
  SINCE JAN 1    443                       386     57      762
..................................................................


WIND (MPH)
  HIGHEST WIND SPEED    16   HIGHEST WIND DIRECTION    NE (40)
  HIGHEST GUST SPEED    23   HIGHEST GUST DIRECTION    NE (40)
  AVERAGE WIND SPEED     7.2


SKY COVER
  POSSIBLE SUNSHINE  MM
  AVERAGE SKY COVER 0.4


WEATHER CONDITIONS
 THE FOLLOWING WEATHER WAS RECORDED YESTERDAY.
  NO SIGNIFICANT WEATHER WAS OBSERVED.


RELATIVE HUMIDITY (PERCENT)
 HIGHEST    67           600 AM
 LOWEST     20           400 PM
 AVERAGE    44

..........................................................


THE SPOKANE WA AIRPORT CLIMATE NORMALS FOR TODAY
                         NORMAL    RECORD    YEAR
 MAXIMUM TEMPERATURE (F)   81        98      1958
 MINIMUM TEMPERATURE (F)   54        37      1910


SUNRISE AND SUNSET
AUGUST 25 2016........SUNRISE   600 AM PDT   SUNSET   743 PM PDT
AUGUST 26 2016........SUNRISE   601 AM PDT   SUNSET   741 PM PDT


-  INDICATES NEGATIVE NUMBERS.
R  INDICATES RECORD WAS SET OR TIED.
MM INDICATES DATA IS MISSING.
T  INDICATES TRACE AMOUNT.




$$
