000
CDUS46 KOTX 200831
CLIGEG


CLIMATE REPORT
NATIONAL WEATHER SERVICE SPOKANE, WA
1231 AM PST FRI JAN 20 2017


...................................

...THE SPOKANE WA AIRPORT CLIMATE SUMMARY FOR JANUARY 19 2017...

CLIMATE NORMAL PERIOD 1981 TO 2010
CLIMATE RECORD PERIOD 1881 TO 2017


WEATHER ITEM   OBSERVED TIME   RECORD YEAR NORMAL DEPARTURE LAST
                VALUE   (LST)  VALUE       VALUE  FROM      YEAR
                                                  NORMAL
..................................................................
TEMPERATURE (F)
 YESTERDAY
  MAXIMUM         40    152 PM  51    1944  35      5       38
  MINIMUM         29   1159 PM -25    1883  25      4       30
  AVERAGE         35                        30      5       34

PRECIPITATION (IN)
  YESTERDAY        0.04          0.77 1950   0.06  -0.02     0.40
                                      1934
  MONTH TO DATE    1.64                      1.18   0.46     1.56
  SINCE OCT 1     10.93                      6.96   3.97     7.92
  SINCE JAN 1      1.64                      1.18   0.46     1.56

SNOWFALL (IN)
  YESTERDAY        0.0           6.0  2012   0.4   -0.4       T
                                      1950
  MONTH TO DATE   12.3                       8.1    4.2      5.4
  SINCE DEC 1     31.3                      22.7    8.6     29.5
  SINCE JUL 1     34.6                      30.2    4.4     31.0
  SNOW DEPTH       8

DEGREE DAYS
 HEATING
  YESTERDAY       30                        35     -5       31
  MONTH TO DATE  945                       689    256      694
  SINCE DEC 1   2234                      1856    378     1748
  SINCE JUL 1   3567                      3523     44     3182

 COOLING
  YESTERDAY        0                         0      0        0
  MONTH TO DATE    0                         0      0        0
  SINCE DEC 1      0                         0      0        0
  SINCE JAN 1      0                         0      0        0
..................................................................


WIND (MPH)
  HIGHEST WIND SPEED    17   HIGHEST WIND DIRECTION     S (160)
  HIGHEST GUST SPEED    22   HIGHEST GUST DIRECTION     S (160)
  AVERAGE WIND SPEED     7.6


SKY COVER
  POSSIBLE SUNSHINE  MM
  AVERAGE SKY COVER 0.7


WEATHER CONDITIONS
 THE FOLLOWING WEATHER WAS RECORDED YESTERDAY.
  LIGHT RAIN
  FOG


RELATIVE HUMIDITY (PERCENT)
 HIGHEST    92          1200 AM
 LOWEST     76           400 PM
 AVERAGE    84

..........................................................


THE SPOKANE WA AIRPORT CLIMATE NORMALS FOR TODAY
                         NORMAL    RECORD    YEAR
 MAXIMUM TEMPERATURE (F)   35        48      2010
                                             2005
                                             1899
 MINIMUM TEMPERATURE (F)   26       -19      1937


SUNRISE AND SUNSET
JANUARY 20 2017.......SUNRISE   730 AM PST   SUNSET   433 PM PST
JANUARY 21 2017.......SUNRISE   729 AM PST   SUNSET   435 PM PST


-  INDICATES NEGATIVE NUMBERS.
R  INDICATES RECORD WAS SET OR TIED.
MM INDICATES DATA IS MISSING.
T  INDICATES TRACE AMOUNT.




$$
