000
CDUS46 KOTX 042335
CLIGEG


CLIMATE REPORT
NATIONAL WEATHER SERVICE SPOKANE, WA
435 PM PDT FRI SEP 4 2015


...................................

...THE SPOKANE WA AIRPORT CLIMATE SUMMARY FOR SEPTEMBER 4 2015...
VALID AS OF 0400 PM LOCAL TIME.

CLIMATE NORMAL PERIOD 1981 TO 2010
CLIMATE RECORD PERIOD 1881 TO 2015


WEATHER ITEM   OBSERVED TIME   RECORD YEAR NORMAL DEPARTURE LAST
                VALUE   (LST)  VALUE       VALUE  FROM      YEAR
                                                  NORMAL
..................................................................
TEMPERATURE (F)
 TODAY
  MAXIMUM         69    248 PM  96    1988  77     -8       71
  MINIMUM         43    618 AM  36    1889  51     -8       44
  AVERAGE         56                        64     -8       58

PRECIPITATION (IN)
  TODAY            0.00          1.11 1884   0.03  -0.03     0.00
  MONTH TO DATE    T                         0.09  -0.09     0.22
  SINCE OCT 1     11.93                     15.98  -4.05    12.55
  SINCE JAN 1      7.20                     10.20  -3.00    10.22

SNOWFALL (IN)
  TODAY            0.0           0.0  2002   0.0    0.0      0.0
                                      2001
                                      1999
  MONTH TO DATE    0.0                       0.0    0.0      0.0
  SINCE SEP 1      0.0                       0.0    0.0      0.0
  SINCE JUL 1      0.0                       0.0    0.0      0.0
  SNOW DEPTH      MM

DEGREE DAYS
 HEATING
  TODAY            9                         3      6        7
  MONTH TO DATE   24                        12     12       23
  SINCE SEP 1     24                        12     12       23
  SINCE JUL 1     40                        77    -37       35

 COOLING
  TODAY            0                         2     -2        0
  MONTH TO DATE    0                        10    -10        0
  SINCE SEP 1      0                        10    -10        0
  SINCE JAN 1    808                       421    387      606
..................................................................


WIND (MPH)
  HIGHEST WIND SPEED    15   HIGHEST WIND DIRECTION    NE (50)
  HIGHEST GUST SPEED    19   HIGHEST GUST DIRECTION    NE (40)
  AVERAGE WIND SPEED     7.0


SKY COVER
  POSSIBLE SUNSHINE  MM
  AVERAGE SKY COVER 0.4


WEATHER CONDITIONS
 THE FOLLOWING WEATHER WAS RECORDED TODAY.
  NO SIGNIFICANT WEATHER WAS OBSERVED.


RELATIVE HUMIDITY (PERCENT)
 HIGHEST    70           400 AM
 LOWEST     22           200 PM
 AVERAGE    46

..........................................................


THE SPOKANE WA AIRPORT CLIMATE NORMALS FOR TOMORROW
                         NORMAL    RECORD    YEAR
 MAXIMUM TEMPERATURE (F)   77        96      1988
 MINIMUM TEMPERATURE (F)   51        39      1992
                                             1965
                                             1886


SUNRISE AND SUNSET
SEPTEMBER  4 2015.....SUNRISE   612 AM PDT   SUNSET   725 PM PDT
SEPTEMBER  5 2015.....SUNRISE   614 AM PDT   SUNSET   723 PM PDT


-  INDICATES NEGATIVE NUMBERS.
R  INDICATES RECORD WAS SET OR TIED.
MM INDICATES DATA IS MISSING.
T  INDICATES TRACE AMOUNT.




$$
