000
CDUS46 KOTX 230033
CLIGEG


CLIMATE REPORT
NATIONAL WEATHER SERVICE SPOKANE, WA
433 PM PST THU FEB 22 2018


...................................

...THE SPOKANE WA AIRPORT CLIMATE SUMMARY FOR FEBRUARY 22 2018...
VALID AS OF 0400 PM LOCAL TIME.

CLIMATE NORMAL PERIOD 1981 TO 2010
CLIMATE RECORD PERIOD 1881 TO 2018


WEATHER ITEM   OBSERVED TIME   RECORD YEAR NORMAL DEPARTURE LAST
                VALUE   (LST)  VALUE       VALUE  FROM      YEAR
                                                  NORMAL
..................................................................
TEMPERATURE (F)
 TODAY
  MAXIMUM         27    324 PM  57    1905  41    -14       35
  MINIMUM         14    212 AM  -4    1910  27    -13       22
  AVERAGE         21                        34    -13       29

PRECIPITATION (IN)
  TODAY            T             0.51 1949   0.05  -0.05     0.01
  MONTH TO DATE    1.48                      1.03   0.45     4.07
  SINCE OCT 1     11.19                      8.60   2.59    15.21
  SINCE JAN 1      4.03                      2.82   1.21     5.92

SNOWFALL (IN)
  TODAY            T             3.5  1957   0.2   -0.2      0.2
  MONTH TO DATE   10.7                       5.6    5.1     15.8
  SINCE DEC 1     35.9                      31.6    4.3     48.3
  SINCE JUL 1     43.1                      39.1    4.0     51.6
  SNOW DEPTH       2

DEGREE DAYS
 HEATING
  TODAY           44                        31     13       36
  MONTH TO DATE  742                       715     27      755
  SINCE DEC 1   2881                      2981   -100     3423
  SINCE JUL 1   4421                      4648   -227     4756

 COOLING
  TODAY            0                         0      0        0
  MONTH TO DATE    0                         0      0        0
  SINCE DEC 1      0                         0      0        0
  SINCE JAN 1      0                         0      0        0
..................................................................


WIND (MPH)
  HIGHEST WIND SPEED    14   HIGHEST WIND DIRECTION    NE (40)
  HIGHEST GUST SPEED    18   HIGHEST GUST DIRECTION     N (10)
  AVERAGE WIND SPEED     8.6


SKY COVER
  POSSIBLE SUNSHINE  MM
  AVERAGE SKY COVER 0.8


WEATHER CONDITIONS
 THE FOLLOWING WEATHER WAS RECORDED TODAY.
  LIGHT SNOW
  FOG
  HAZE


RELATIVE HUMIDITY (PERCENT)
 HIGHEST    92           100 AM
 LOWEST     55           200 PM
 AVERAGE    74

..........................................................


THE SPOKANE WA AIRPORT CLIMATE NORMALS FOR TOMORROW
                         NORMAL    RECORD    YEAR
 MAXIMUM TEMPERATURE (F)   42        59      1947
 MINIMUM TEMPERATURE (F)   27         2      1942


SUNRISE AND SUNSET
FEBRUARY 22 2018......SUNRISE   643 AM PST   SUNSET   524 PM PST
FEBRUARY 23 2018......SUNRISE   642 AM PST   SUNSET   526 PM PST


-  INDICATES NEGATIVE NUMBERS.
R  INDICATES RECORD WAS SET OR TIED.
MM INDICATES DATA IS MISSING.
T  INDICATES TRACE AMOUNT.




$$
