000
CDUS46 KOTX 160840
CLIGEG


CLIMATE REPORT
NATIONAL WEATHER SERVICE SPOKANE, WA
139 AM PDT TUE SEP 16 2014


...................................

...THE SPOKANE WA AIRPORT CLIMATE SUMMARY FOR SEPTEMBER 15 2014...

CLIMATE NORMAL PERIOD 1981 TO 2010
CLIMATE RECORD PERIOD 1881 TO 2014


WEATHER ITEM   OBSERVED TIME   RECORD YEAR NORMAL DEPARTURE LAST
                VALUE   (LST)  VALUE       VALUE  FROM      YEAR
                                                  NORMAL
..................................................................
TEMPERATURE (F)
 YESTERDAY
  MAXIMUM         83    329 PM  93    1937  73     10       90
  MINIMUM         51    554 AM  33    1970  48      3       62
  AVERAGE         67                        60      7       76

PRECIPITATION (IN)
  YESTERDAY        0.00          0.49 1954   0.03  -0.03     0.03
  MONTH TO DATE    0.22                      0.32  -0.10     0.33
  SINCE OCT 1     12.55                     16.21  -3.66    15.16
  SINCE JAN 1     10.22                     10.43  -0.21     7.80

SNOWFALL (IN)
  YESTERDAY        0.0           0.0  2002   0.0    0.0      0.0
                                      2001
                                      1999
  MONTH TO DATE    0.0                       0.0    0.0      0.0
  SINCE SEP 1      0.0                       0.0    0.0      0.0
  SINCE JUL 1      0.0                       0.0    0.0      0.0
  SNOW DEPTH       0

DEGREE DAYS
 HEATING
  YESTERDAY        0                         6     -6        0
  MONTH TO DATE   68                        60      8        9
  SINCE SEP 1     68                        60      8        9
  SINCE JUL 1     80                       125    -45       16

 COOLING
  YESTERDAY        2                         1      1       11
  MONTH TO DATE    9                        28    -19      108
  SINCE SEP 1      9                        28    -19      108
  SINCE JAN 1    615                       439    176      709
..................................................................


WIND (MPH)
  HIGHEST WIND SPEED    14   HIGHEST WIND DIRECTION    NE (60)
  HIGHEST GUST SPEED    18   HIGHEST GUST DIRECTION     E (70)
  AVERAGE WIND SPEED     5.7


SKY COVER
  POSSIBLE SUNSHINE  MM
  AVERAGE SKY COVER 0.2


WEATHER CONDITIONS
 THE FOLLOWING WEATHER WAS RECORDED YESTERDAY.
  NO SIGNIFICANT WEATHER WAS OBSERVED.


RELATIVE HUMIDITY (PERCENT)
 HIGHEST    66           700 AM
 LOWEST     12           300 PM
 AVERAGE    39

..........................................................


THE SPOKANE WA AIRPORT CLIMATE NORMALS FOR TODAY
                         NORMAL    RECORD    YEAR
 MAXIMUM TEMPERATURE (F)   73        93      1938
 MINIMUM TEMPERATURE (F)   47        28      1965


SUNRISE AND SUNSET
SEPTEMBER 16 2014.....SUNRISE   629 AM PDT   SUNSET   700 PM PDT
SEPTEMBER 17 2014.....SUNRISE   630 AM PDT   SUNSET   658 PM PDT


-  INDICATES NEGATIVE NUMBERS.
R  INDICATES RECORD WAS SET OR TIED.
MM INDICATES DATA IS MISSING.
T  INDICATES TRACE AMOUNT.




$$
