000
CDUS46 KOTX 060840
CLIGEG


CLIMATE REPORT
NATIONAL WEATHER SERVICE SPOKANE, WA
137 AM PDT MON JUL 6 2015


...................................

...THE SPOKANE WA AIRPORT CLIMATE SUMMARY FOR JULY 5 2015...

CLIMATE NORMAL PERIOD 1981 TO 2010
CLIMATE RECORD PERIOD 1881 TO 2015


WEATHER ITEM   OBSERVED TIME   RECORD YEAR NORMAL DEPARTURE LAST
                VALUE   (LST)  VALUE       VALUE  FROM      YEAR
                                                  NORMAL
..................................................................
TEMPERATURE (F)
 YESTERDAY
  MAXIMUM         88    305 PM 101    2007  80      8       85
  MINIMUM         71   1159 PM  42    2002  54     17       61
                                      1977
  AVERAGE         80                        67     13       73

PRECIPITATION (IN)
  YESTERDAY        0.00          1.03 1909   0.03  -0.03     0.00
  MONTH TO DATE    0.00                      0.14  -0.14     0.00
  SINCE OCT 1     11.56                     14.80  -3.24    11.57
  SINCE JAN 1      6.83                      9.02  -2.19     9.24

SNOWFALL (IN)
  YESTERDAY        0.0           0.0  2002   0.0    0.0      0.0
                                      2000
  MONTH TO DATE    0.0                       0.0    0.0      0.0
  SINCE JUN 1      0.0                       0.0    0.0      0.0
  SINCE JUL 1      0.0                       0.0    0.0      0.0
  SNOW DEPTH       0

DEGREE DAYS
 HEATING
  YESTERDAY        0                         2     -2        0
  MONTH TO DATE    0                        10    -10        0
  SINCE JUN 1     25                       146   -121      106
  SINCE JUL 1      0                        10    -10        0

 COOLING
  YESTERDAY       15                         4     11        8
  MONTH TO DATE   82                        18     64       45
  SINCE JUN 1    307                        67    240       59
  SINCE JAN 1    339                        81    258       65
..................................................................


WIND (MPH)
  HIGHEST WIND SPEED    20   HIGHEST WIND DIRECTION    NE (50)
  HIGHEST GUST SPEED    27   HIGHEST GUST DIRECTION    NE (40)
  AVERAGE WIND SPEED    12.9


SKY COVER
  POSSIBLE SUNSHINE  MM
  AVERAGE SKY COVER 0.5


WEATHER CONDITIONS
 THE FOLLOWING WEATHER WAS RECORDED YESTERDAY.
  NO SIGNIFICANT WEATHER WAS OBSERVED.


RELATIVE HUMIDITY (PERCENT)
 HIGHEST    38          1100 PM
 LOWEST     17          1200 AM
 AVERAGE    28

..........................................................


THE SPOKANE WA AIRPORT CLIMATE NORMALS FOR TODAY
                         NORMAL    RECORD    YEAR
 MAXIMUM TEMPERATURE (F)   81       101      1968
 MINIMUM TEMPERATURE (F)   55        41      1977


SUNRISE AND SUNSET
JULY  6 2015..........SUNRISE   500 AM PDT   SUNSET   850 PM PDT
JULY  7 2015..........SUNRISE   500 AM PDT   SUNSET   849 PM PDT


-  INDICATES NEGATIVE NUMBERS.
R  INDICATES RECORD WAS SET OR TIED.
MM INDICATES DATA IS MISSING.
T  INDICATES TRACE AMOUNT.




$$
