000
CDUS46 KOTX 270828
CLIGEG


CLIMATE REPORT
NATIONAL WEATHER SERVICE SPOKANE, WA
127 AM PDT WED AUG 27 2014


...................................

...THE SPOKANE WA AIRPORT CLIMATE SUMMARY FOR AUGUST 26 2014...

CLIMATE NORMAL PERIOD 1981 TO 2010
CLIMATE RECORD PERIOD 1881 TO 2014


WEATHER ITEM   OBSERVED TIME   RECORD YEAR NORMAL DEPARTURE LAST
                VALUE   (LST)  VALUE       VALUE  FROM      YEAR
                                                  NORMAL
..................................................................
TEMPERATURE (F)
 YESTERDAY
  MAXIMUM         84    451 PM  96    1922  80      4       80
  MINIMUM         55    523 AM  39    1993  54      1       55
  AVERAGE         70                        67      3       68

PRECIPITATION (IN)
  YESTERDAY        0.00          0.83 1903   0.02  -0.02     0.00
  MONTH TO DATE    0.58                      0.48   0.10     0.68
  SINCE OCT 1     12.33                     15.78  -3.45    14.83
  SINCE JAN 1     10.00                     10.00   0.00     7.47

SNOWFALL (IN)
  YESTERDAY        0.0           0.0  2002   0.0    0.0      0.0
                                      2001
                                      1999
  MONTH TO DATE    0.0                       0.0    0.0      0.0
  SINCE JUN 1      0.0                       0.0    0.0      0.0
  SINCE JUL 1      0.0                       0.0    0.0      0.0
  SNOW DEPTH       0

DEGREE DAYS
 HEATING
  YESTERDAY        0                         2     -2        0
  MONTH TO DATE    1                        23    -22        7
  SINCE JUN 1    114                       191    -77      147
  SINCE JUL 1      8                        55    -47        7

 COOLING
  YESTERDAY        5                         4      1        3
  MONTH TO DATE  217                       151     66      211
  SINCE JUN 1    579                       380    199      543
  SINCE JAN 1    585                       394    191      573
..................................................................


WIND (MPH)
  HIGHEST WIND SPEED    15   HIGHEST WIND DIRECTION     W (260)
  HIGHEST GUST SPEED    19   HIGHEST GUST DIRECTION     W (260)
  AVERAGE WIND SPEED     5.8


SKY COVER
  POSSIBLE SUNSHINE  MM
  AVERAGE SKY COVER 0.2


WEATHER CONDITIONS
 THE FOLLOWING WEATHER WAS RECORDED YESTERDAY.
  NO SIGNIFICANT WEATHER WAS OBSERVED.


RELATIVE HUMIDITY (PERCENT)
 HIGHEST    62           600 AM
 LOWEST     23           400 PM
 AVERAGE    43

..........................................................


THE SPOKANE WA AIRPORT CLIMATE NORMALS FOR TODAY
                         NORMAL    RECORD    YEAR
 MAXIMUM TEMPERATURE (F)   80        98      1929
 MINIMUM TEMPERATURE (F)   54        40      1962


SUNRISE AND SUNSET
AUGUST 27 2014........SUNRISE   602 AM PDT   SUNSET   740 PM PDT
AUGUST 28 2014........SUNRISE   603 AM PDT   SUNSET   738 PM PDT


-  INDICATES NEGATIVE NUMBERS.
R  INDICATES RECORD WAS SET OR TIED.
MM INDICATES DATA IS MISSING.
T  INDICATES TRACE AMOUNT.




$$
