000
CDUS46 KOTX 100836
CLIGEG


CLIMATE REPORT
NATIONAL WEATHER SERVICE SPOKANE, WA
1236 AM PST SAT DEC 10 2016


...................................

...THE SPOKANE WA AIRPORT CLIMATE SUMMARY FOR DECEMBER 9 2016...

CLIMATE NORMAL PERIOD 1981 TO 2010
CLIMATE RECORD PERIOD 1881 TO 2016


WEATHER ITEM   OBSERVED TIME   RECORD YEAR NORMAL DEPARTURE LAST
                VALUE   (LST)  VALUE       VALUE  FROM      YEAR
                                                  NORMAL
..................................................................
TEMPERATURE (F)
 YESTERDAY
  MAXIMUM         20    250 PM  54    2015  33    -13       54
                                      1957
  MINIMUM         17    855 AM  -8    1919  23     -6       35
  AVERAGE         19                        28     -9       45

PRECIPITATION (IN)
  YESTERDAY        0.10          1.39 1987   0.07   0.03     0.10
  MONTH TO DATE    0.14                      0.74  -0.60     2.07
  SINCE OCT 1      7.94                      4.22   3.72     3.98
  SINCE JAN 1     16.95                     15.00   1.95    11.70

SNOWFALL (IN)
  YESTERDAY        1.8           8.5  1948   0.5    1.3      0.0
  MONTH TO DATE    2.0                       3.8   -1.8      0.8
  SINCE DEC 1      2.0                       3.8   -1.8      0.8
  SINCE JUL 1      5.3                      11.3   -6.0      2.3
  SNOW DEPTH       2

DEGREE DAYS
 HEATING
  YESTERDAY       46                        37      9       20
  MONTH TO DATE  341                       326     15      248
  SINCE DEC 1    341                       326     15      248
  SINCE JUL 1   1674                      1993   -319     1682

 COOLING
  YESTERDAY        0                         0      0        0
  MONTH TO DATE    0                         0      0        0
  SINCE DEC 1      0                         0      0        0
  SINCE JAN 1    494                       450     44      828
..................................................................


WIND (MPH)
  HIGHEST WIND SPEED    16   HIGHEST WIND DIRECTION    NE (60)
  HIGHEST GUST SPEED    20   HIGHEST GUST DIRECTION     E (70)
  AVERAGE WIND SPEED     9.3


SKY COVER
  POSSIBLE SUNSHINE  MM
  AVERAGE SKY COVER 1.0


WEATHER CONDITIONS
 THE FOLLOWING WEATHER WAS RECORDED YESTERDAY.
  LIGHT SNOW
  FOG


RELATIVE HUMIDITY (PERCENT)
 HIGHEST    92           700 PM
 LOWEST     74           100 AM
 AVERAGE    83

..........................................................


THE SPOKANE WA AIRPORT CLIMATE NORMALS FOR TODAY
                         NORMAL    RECORD    YEAR
 MAXIMUM TEMPERATURE (F)   32        60      1939
 MINIMUM TEMPERATURE (F)   23        -8      1972


SUNRISE AND SUNSET
DECEMBER 10 2016......SUNRISE   728 AM PST   SUNSET   358 PM PST
DECEMBER 11 2016......SUNRISE   729 AM PST   SUNSET   358 PM PST


-  INDICATES NEGATIVE NUMBERS.
R  INDICATES RECORD WAS SET OR TIED.
MM INDICATES DATA IS MISSING.
T  INDICATES TRACE AMOUNT.




$$
