000
CDUS45 KRIW 250735
CLIGEY


CLIMATE REPORT
NATIONAL WEATHER SERVICE RIVERTON WY
1234 AM MST SAT FEB 25 2017


...................................

...THE GREYBULL WY CLIMATE SUMMARY FOR FEBRUARY 24 2017...

CLIMATE NORMAL PERIOD 1981 TO 2010
CLIMATE RECORD PERIOD 1998 TO 2017


WEATHER ITEM   OBSERVED TIME   RECORD YEAR NORMAL DEPARTURE LAST
                VALUE   (LST)  VALUE       VALUE  FROM      YEAR
                                                  NORMAL
..................................................................
TEMPERATURE (F)
 YESTERDAY
  MAXIMUM         30    554 PM  58    1999  41    -11       46
  MINIMUM         21    338 AM -17    2003  15      6       13
  AVERAGE         26                        28     -2       30

PRECIPITATION (IN)
  YESTERDAY        0.01          0.04 2001   0.01   0.00     0.00
  MONTH TO DATE    0.10                      0.15  -0.05      T
  SINCE DEC 1      0.24                      0.66  -0.42     0.12
  SINCE JAN 1      0.21                      0.38  -0.17     0.11

DEGREE DAYS
 HEATING
  YESTERDAY       39                        37      2       35
  MONTH TO DATE  974                      1016    -42      737
  SINCE DEC 1   4517                      3973    544     3507
  SINCE JUL 1   5892                      5830     62     5024

 COOLING
  YESTERDAY        0                         0      0        0
  MONTH TO DATE    0                         0      0        0
  SINCE DEC 1      0                         0      0        0
  SINCE JAN 1      0                         0      0        0
..................................................................


WIND (MPH)
  HIGHEST WIND SPEED    10   HIGHEST WIND DIRECTION     W (290)
  HIGHEST GUST SPEED    12   HIGHEST GUST DIRECTION     W (290)
  AVERAGE WIND SPEED     3.5


SKY COVER
  POSSIBLE SUNSHINE  MM
  AVERAGE SKY COVER 1.0


WEATHER CONDITIONS
 THE FOLLOWING WEATHER WAS RECORDED YESTERDAY.
  LIGHT SNOW
  FOG
  HAZE


RELATIVE HUMIDITY (PERCENT)
 HIGHEST    92           400 AM
 LOWEST     58           500 PM
 AVERAGE    75

..........................................................


THE GREYBULL WY CLIMATE NORMALS FOR TODAY
                         NORMAL    RECORD    YEAR
 MAXIMUM TEMPERATURE (F)   41        64      1999
 MINIMUM TEMPERATURE (F)   16       -18      2003


SUNRISE AND SUNSET
FEBRUARY 25 2017......SUNRISE   656 AM MST   SUNSET   555 PM MST
FEBRUARY 26 2017......SUNRISE   654 AM MST   SUNSET   557 PM MST


-  INDICATES NEGATIVE NUMBERS.
R  INDICATES RECORD WAS SET OR TIED.
MM INDICATES DATA IS MISSING.
T  INDICATES TRACE AMOUNT.




$$
