000
CDUS45 KRIW 300735
CLIGEY


CLIMATE REPORT
NATIONAL WEATHER SERVICE RIVERTON WY
134 AM MDT SAT AUG 30 2014


...................................

...THE GREYBULL WY CLIMATE SUMMARY FOR AUGUST 29 2014...

CLIMATE NORMAL PERIOD 1981 TO 2010
CLIMATE RECORD PERIOD 1998 TO 2014


WEATHER ITEM   OBSERVED TIME   RECORD YEAR NORMAL DEPARTURE LAST
                VALUE   (LST)  VALUE       VALUE  FROM      YEAR
                                                  NORMAL
..................................................................
TEMPERATURE (F)
 YESTERDAY
  MAXIMUM         84    357 PM 100    2012  85     -1       94
  MINIMUM         57    610 AM  46    2005  51      6       58
  AVERAGE         71                        68      3       76

PRECIPITATION (IN)
  YESTERDAY        T   R         T    2010   0.02  -0.02     0.00
                                      2002
                                      1999
  MONTH TO DATE    0.98                      0.38   0.60      T
  SINCE JUN 1      2.13                      2.24  -0.11     0.72
  SINCE JAN 1      3.83                      5.41  -1.58     2.62

DEGREE DAYS
 HEATING
  YESTERDAY        0                         2     -2        0
  MONTH TO DATE   24                         8     16        0
  SINCE JUN 1     80                        84     -4       36
  SINCE JUL 1     24                        14     10        0

 COOLING
  YESTERDAY        6                         4      2       11
  MONTH TO DATE  216                       221     -5      306
  SINCE JUN 1    609                       604      5      862
  SINCE JAN 1    651                       624     27      889
..................................................................


WIND (MPH)
  HIGHEST WIND SPEED    31   HIGHEST WIND DIRECTION    NW (310)
  HIGHEST GUST SPEED    36   HIGHEST GUST DIRECTION    NW (310)
  AVERAGE WIND SPEED     5.9


SKY COVER
  POSSIBLE SUNSHINE  MM
  AVERAGE SKY COVER 0.1


WEATHER CONDITIONS
 THE FOLLOWING WEATHER WAS RECORDED YESTERDAY.
  THUNDERSTORM
  LIGHT RAIN


RELATIVE HUMIDITY (PERCENT)
 HIGHEST    86           600 AM
 LOWEST     23           300 PM
 AVERAGE    55

..........................................................


THE GREYBULL WY CLIMATE NORMALS FOR TODAY
                         NORMAL    RECORD    YEAR
 MAXIMUM TEMPERATURE (F)   85        98      1999
 MINIMUM TEMPERATURE (F)   50        43      2005


SUNRISE AND SUNSET
AUGUST 30 2014........SUNRISE   633 AM MDT   SUNSET   752 PM MDT
AUGUST 31 2014........SUNRISE   634 AM MDT   SUNSET   750 PM MDT


-  INDICATES NEGATIVE NUMBERS.
R  INDICATES RECORD WAS SET OR TIED.
MM INDICATES DATA IS MISSING.
T  INDICATES TRACE AMOUNT.




$$
