000
CDUS45 KRIW 170733
CLIGEY


CLIMATE REPORT
NATIONAL WEATHER SERVICE RIVERTON WY
133 AM MDT WED SEP 17 2014


...................................

...THE GREYBULL WY CLIMATE SUMMARY FOR SEPTEMBER 16 2014...

CLIMATE NORMAL PERIOD 1981 TO 2010
CLIMATE RECORD PERIOD 1998 TO 2014


WEATHER ITEM   OBSERVED TIME   RECORD YEAR NORMAL DEPARTURE LAST
                VALUE   (LST)  VALUE       VALUE  FROM      YEAR
                                                  NORMAL
..................................................................
TEMPERATURE (F)
 YESTERDAY
  MAXIMUM         84    456 PM  96    2000  75      9       82
  MINIMUM         43    610 AM  38    2005  43      0       54
                                      1999
  AVERAGE         64                        59      5       68

PRECIPITATION (IN)
  YESTERDAY        T             0.25 2006   0.03  -0.03     0.00
  MONTH TO DATE    0.45                      0.47  -0.02      T
  SINCE SEP 1      0.45                      0.47  -0.02      T
  SINCE JAN 1      4.31                      5.92  -1.61     2.62

DEGREE DAYS
 HEATING
  YESTERDAY        1                         7     -6        0
  MONTH TO DATE  117                        68     49        7
  SINCE SEP 1    117                        68     49        7
  SINCE JUL 1    144                        89     55        7

 COOLING
  YESTERDAY        0                         1     -1        3
  MONTH TO DATE   12                        32    -20       91
  SINCE SEP 1     12                        32    -20       91
  SINCE JAN 1    667                       665      2     1000
..................................................................


WIND (MPH)
  HIGHEST WIND SPEED    12   HIGHEST WIND DIRECTION    SW (240)
  HIGHEST GUST SPEED    12   HIGHEST GUST DIRECTION    SW (240)
  AVERAGE WIND SPEED     3.4


SKY COVER
  POSSIBLE SUNSHINE  MM
  AVERAGE SKY COVER 0.0


WEATHER CONDITIONS
 THE FOLLOWING WEATHER WAS RECORDED YESTERDAY.
  NO SIGNIFICANT WEATHER WAS OBSERVED.


RELATIVE HUMIDITY (PERCENT)
 HIGHEST    92           600 AM
 LOWEST     17           500 PM
 AVERAGE    55

..........................................................


THE GREYBULL WY CLIMATE NORMALS FOR TODAY
                         NORMAL    RECORD    YEAR
 MAXIMUM TEMPERATURE (F)   74        89      2004
 MINIMUM TEMPERATURE (F)   42        34      2003


SUNRISE AND SUNSET
SEPTEMBER 17 2014.....SUNRISE   654 AM MDT   SUNSET   719 PM MDT
SEPTEMBER 18 2014.....SUNRISE   655 AM MDT   SUNSET   717 PM MDT


-  INDICATES NEGATIVE NUMBERS.
R  INDICATES RECORD WAS SET OR TIED.
MM INDICATES DATA IS MISSING.
T  INDICATES TRACE AMOUNT.




$$
