000
CDUS45 KRIW 030731
CLIGEY


CLIMATE REPORT
NATIONAL WEATHER SERVICE RIVERTON WY
1230 AM MST SAT DEC 3 2016


...................................

...THE GREYBULL WY CLIMATE SUMMARY FOR DECEMBER 2 2016...

CLIMATE NORMAL PERIOD 1981 TO 2010
CLIMATE RECORD PERIOD 1998 TO 2016


WEATHER ITEM   OBSERVED TIME   RECORD YEAR NORMAL DEPARTURE LAST
                VALUE   (LST)  VALUE       VALUE  FROM      YEAR
                                                  NORMAL
..................................................................
TEMPERATURE (F)
 YESTERDAY
  MAXIMUM         38    327 PM  60    1998  33      5       18
  MINIMUM         24   1159 PM -10    2007  10     14       -9
  AVERAGE         31                        21     10        5

PRECIPITATION (IN)
  YESTERDAY        0.00          0.02 2008   0.01  -0.01     0.00
  MONTH TO DATE    0.00                      0.03  -0.03      T
  SINCE DEC 1      0.00                      0.03  -0.03      T
  SINCE JAN 1      7.05                      7.26  -0.21     2.42

DEGREE DAYS
 HEATING
  YESTERDAY       34                        44    -10       60
  MONTH TO DATE   69                        87    -18      118
  SINCE DEC 1     69                        87    -18      118
  SINCE JUL 1   1444                      1944   -500     1635

 COOLING
  YESTERDAY        0                         0      0        0
  MONTH TO DATE    0                         0      0        0
  SINCE DEC 1      0                         0      0        0
  SINCE JAN 1    887                       669    218      821
..................................................................


WIND (MPH)
  HIGHEST WIND SPEED    12   HIGHEST WIND DIRECTION    SE (150)
  HIGHEST GUST SPEED    14   HIGHEST GUST DIRECTION    SE (150)
  AVERAGE WIND SPEED     4.3


SKY COVER
  POSSIBLE SUNSHINE  MM
  AVERAGE SKY COVER 0.5


WEATHER CONDITIONS
 THE FOLLOWING WEATHER WAS RECORDED YESTERDAY.
  NO SIGNIFICANT WEATHER WAS OBSERVED.


RELATIVE HUMIDITY (PERCENT)
 HIGHEST    85          1000 AM
 LOWEST     48           300 PM
 AVERAGE    67

..........................................................


THE GREYBULL WY CLIMATE NORMALS FOR TODAY
                         NORMAL    RECORD    YEAR
 MAXIMUM TEMPERATURE (F)   32        54      1998
 MINIMUM TEMPERATURE (F)    9       -14      2006


SUNRISE AND SUNSET
DECEMBER  3 2016......SUNRISE   731 AM MST   SUNSET   433 PM MST
DECEMBER  4 2016......SUNRISE   732 AM MST   SUNSET   433 PM MST


-  INDICATES NEGATIVE NUMBERS.
R  INDICATES RECORD WAS SET OR TIED.
MM INDICATES DATA IS MISSING.
T  INDICATES TRACE AMOUNT.




$$
