000
CDUS43 KIND 300533
CLIGEZ


CLIMATE REPORT
NATIONAL WEATHER SERVICE INDIANAPOLIS IN
131 AM EDT TUE SEP 30 2014


...................................

...THE SHELBYVILLE IN CLIMATE SUMMARY FOR SEPTEMBER 29 2014...

CLIMATE NORMAL PERIOD 1981 TO 2010
CLIMATE RECORD PERIOD 9999 TO 9999


WEATHER ITEM   OBSERVED TIME   NORMAL DEPARTURE LAST
                VALUE   (LST)  VALUE  FROM      YEAR
                                      NORMAL
......................................................
TEMPERATURE (F)
 YESTERDAY
  MAXIMUM         84    410 PM  73     11       MM
  MINIMUM         52    611 AM  48      4       MM
  AVERAGE         68            60      8       MM

PRECIPITATION (IN)
  YESTERDAY        0.00          0.11  -0.11    MM
  MONTH TO DATE    2.72          3.05  -0.33     2.03
  SINCE SEP 1      2.72          3.05  -0.33     2.03
  SINCE JAN 1     29.63         33.33  -3.70    23.44

DEGREE DAYS
 HEATING
  YESTERDAY        0             6     -6       MM
  MONTH TO DATE   63            72     -9       31
  SINCE SEP 1     63            72     -9       31
  SINCE JUL 1     68            78    -10       39

 COOLING
  YESTERDAY        3             1      2       MM
  MONTH TO DATE   97            93      4      159
  SINCE SEP 1     97            93      4      159
  SINCE JAN 1   1067           899    168     1144
......................................................


WIND (MPH)
  HIGHEST WIND SPEED    12   HIGHEST WIND DIRECTION     N (340)
  HIGHEST GUST SPEED    15   HIGHEST GUST DIRECTION    NW (330)
  AVERAGE WIND SPEED     2.7


SKY COVER
  AVERAGE SKY COVER 0.0


WEATHER CONDITIONS
 THE FOLLOWING WEATHER WAS RECORDED YESTERDAY.
  FOG
  HAZE


RELATIVE HUMIDITY (PERCENT)
 HIGHEST    93           300 AM
 LOWEST     25           400 PM
 AVERAGE    59

..........................................................


THE SHELBYVILLE IN CLIMATE NORMALS FOR TODAY
                         NORMAL
 MAXIMUM TEMPERATURE (F)   72
 MINIMUM TEMPERATURE (F)   47


SUNRISE AND SUNSET
SEPTEMBER 30 2014.....SUNRISE   738 AM EDT   SUNSET   727 PM EDT
OCTOBER  1 2014.......SUNRISE   739 AM EDT   SUNSET   726 PM EDT


-  INDICATES NEGATIVE NUMBERS.
R  INDICATES RECORD WAS SET OR TIED.
MM INDICATES DATA IS MISSING.
T  INDICATES TRACE AMOUNT.




$$
