000
CDUS43 KIND 180533
CLIGEZ


CLIMATE REPORT
NATIONAL WEATHER SERVICE INDIANAPOLIS IN
1232 AM EST SAT NOV 18 2017


...................................

...THE SHELBYVILLE IN CLIMATE SUMMARY FOR NOVEMBER 17 2017...

CLIMATE NORMAL PERIOD 1981 TO 2010
CLIMATE RECORD PERIOD 9999 TO 9999


WEATHER ITEM   OBSERVED TIME   NORMAL DEPARTURE LAST
                VALUE   (LST)  VALUE  FROM      YEAR
                                      NORMAL
......................................................
TEMPERATURE (F)
 YESTERDAY
  MAXIMUM         51   1118 PM  53     -2       72
  MINIMUM         35    856 AM  34      1       39
  AVERAGE         43            43      0       56

PRECIPITATION (IN)
  YESTERDAY        0.06          0.13  -0.07     0.00
  MONTH TO DATE    5.83          2.11   3.72     0.17
  SINCE SEP 1     12.41          8.39   4.02     6.04
  SINCE JAN 1     45.30         38.67   6.63    39.23

DEGREE DAYS
 HEATING
  YESTERDAY       22            22      0        9
  MONTH TO DATE  300           315    -15      231
  SINCE SEP 1    604           744   -140      401
  SINCE JUL 1    604           750   -146      403

 COOLING
  YESTERDAY        0             0      0        0
  MONTH TO DATE    0             0      0        7
  SINCE SEP 1    196           107     89      291
  SINCE JAN 1   1132           913    219     1470
......................................................


WIND (MPH)
  HIGHEST WIND SPEED    21   HIGHEST WIND DIRECTION     S (170)
  HIGHEST GUST SPEED    26   HIGHEST GUST DIRECTION     S (170)
  AVERAGE WIND SPEED    12.6


SKY COVER
  AVERAGE SKY COVER 0.7


WEATHER CONDITIONS
 THE FOLLOWING WEATHER WAS RECORDED YESTERDAY.
  LIGHT RAIN


RELATIVE HUMIDITY (PERCENT)
 HIGHEST    76          1000 AM
 LOWEST     46           400 PM
 AVERAGE    61

..........................................................


THE SHELBYVILLE IN CLIMATE NORMALS FOR TODAY
                         NORMAL
 MAXIMUM TEMPERATURE (F)   52
 MINIMUM TEMPERATURE (F)   34


SUNRISE AND SUNSET
NOVEMBER 18 2017......SUNRISE   731 AM EST   SUNSET   525 PM EST
NOVEMBER 19 2017......SUNRISE   732 AM EST   SUNSET   525 PM EST


-  INDICATES NEGATIVE NUMBERS.
R  INDICATES RECORD WAS SET OR TIED.
MM INDICATES DATA IS MISSING.
T  INDICATES TRACE AMOUNT.




$$
