000
CDUS43 KIND 242038
CLIGEZ


CLIMATE REPORT
NATIONAL WEATHER SERVICE INDIANAPOLIS IN
437 PM EDT SAT SEP 24 2016


...................................

...THE SHELBYVILLE IN CLIMATE SUMMARY FOR SEPTEMBER 24 2016...
VALID TODAY AS OF 0400 PM LOCAL TIME.

CLIMATE NORMAL PERIOD 1981 TO 2010
CLIMATE RECORD PERIOD 9999 TO 9999


WEATHER ITEM   OBSERVED TIME   NORMAL DEPARTURE LAST
                VALUE   (LST)  VALUE  FROM      YEAR
                                      NORMAL
......................................................
TEMPERATURE (F)
 TODAY
  MAXIMUM         85    300 PM  75     10       87
  MINIMUM         67        MM  50     17       56
  AVERAGE         76            62     14       72

PRECIPITATION (IN)
  TODAY            0.00          0.09  -0.09     0.00
  MONTH TO DATE    2.51          2.52  -0.01     0.86
  SINCE SEP 1      2.51          2.52  -0.01     0.86
  SINCE JAN 1     35.70         32.80   2.90    31.83

......................................................


WIND (MPH)
  HIGHEST WIND SPEED    10   HIGHEST WIND DIRECTION    NE (60)
  HIGHEST GUST SPEED    MM   HIGHEST GUST DIRECTION    MM
  AVERAGE WIND SPEED     5.5


SKY COVER
  AVERAGE SKY COVER 0.4


WEATHER CONDITIONS
 THE FOLLOWING WEATHER WAS RECORDED TODAY.
  FOG
  HAZE


RELATIVE HUMIDITY (PERCENT)
 HIGHEST    93           500 AM
 LOWEST     51           300 PM

..........................................................


THE SHELBYVILLE IN CLIMATE NORMALS FOR TOMORROW
                         NORMAL
 MAXIMUM TEMPERATURE (F)   74
 MINIMUM TEMPERATURE (F)   49


SUNRISE AND SUNSET
SEPTEMBER 24 2016.....SUNRISE   733 AM EDT   SUNSET   736 PM EDT
SEPTEMBER 25 2016.....SUNRISE   734 AM EDT   SUNSET   735 PM EDT


-  INDICATES NEGATIVE NUMBERS.
R  INDICATES RECORD WAS SET OR TIED.
MM INDICATES DATA IS MISSING.
T  INDICATES TRACE AMOUNT.




$$
