000
CDUS43 KIND 210537
CLIGEZ


CLIMATE REPORT
NATIONAL WEATHER SERVICE INDIANAPOLIS IN
136 AM EDT TUE OCT 21 2014


...................................

...THE SHELBYVILLE IN CLIMATE SUMMARY FOR OCTOBER 20 2014...

CLIMATE NORMAL PERIOD 1981 TO 2010
CLIMATE RECORD PERIOD 9999 TO 9999


WEATHER ITEM   OBSERVED TIME   NORMAL DEPARTURE LAST
                VALUE   (LST)  VALUE  FROM      YEAR
                                      NORMAL
......................................................
TEMPERATURE (F)
 YESTERDAY
  MAXIMUM         69    446 PM  64      5       65
  MINIMUM         46   1240 AM  41      5       40
  AVERAGE         58            53      5       53

PRECIPITATION (IN)
  YESTERDAY        0.03          0.10  -0.07     0.00
  MONTH TO DATE    3.18          2.08   1.10     2.80
  SINCE SEP 1      5.90          5.25   0.65     4.83
  SINCE JAN 1     32.81         35.53  -2.72    26.24

DEGREE DAYS
 HEATING
  YESTERDAY        7            12     -5       12
  MONTH TO DATE  167           196    -29      112
  SINCE SEP 1    232           275    -43      143
  SINCE JUL 1    237           281    -44      151

 COOLING
  YESTERDAY        0             0      0        0
  MONTH TO DATE   12            11      1       35
  SINCE SEP 1    109           104      5      194
  SINCE JAN 1   1079           910    169     1179
......................................................


WIND (MPH)
  HIGHEST WIND SPEED    21   HIGHEST WIND DIRECTION     S (200)
  HIGHEST GUST SPEED    25   HIGHEST GUST DIRECTION     S (200)
  AVERAGE WIND SPEED    10.4


SKY COVER
  AVERAGE SKY COVER 0.5


WEATHER CONDITIONS
 THE FOLLOWING WEATHER WAS RECORDED YESTERDAY.
  NO SIGNIFICANT WEATHER WAS OBSERVED.


RELATIVE HUMIDITY (PERCENT)
 HIGHEST    86           700 AM
 LOWEST     49           500 PM
 AVERAGE    68

..........................................................


THE SHELBYVILLE IN CLIMATE NORMALS FOR TODAY
                         NORMAL
 MAXIMUM TEMPERATURE (F)   64
 MINIMUM TEMPERATURE (F)   41


SUNRISE AND SUNSET
OCTOBER 21 2014.......SUNRISE   800 AM EDT   SUNSET   656 PM EDT
OCTOBER 22 2014.......SUNRISE   801 AM EDT   SUNSET   654 PM EDT


-  INDICATES NEGATIVE NUMBERS.
R  INDICATES RECORD WAS SET OR TIED.
MM INDICATES DATA IS MISSING.
T  INDICATES TRACE AMOUNT.




$$
