002
CDUS43 KIND 010530
CLIGEZ


CLIMATE REPORT
NATIONAL WEATHER SERVICE INDIANAPOLIS IN
130 AM EDT SUN MAY 1 2016


...................................

...THE SHELBYVILLE IN CLIMATE SUMMARY FOR APRIL 30 2016...

CLIMATE NORMAL PERIOD 1981 TO 2010
CLIMATE RECORD PERIOD 9999 TO 9999


WEATHER ITEM   OBSERVED TIME   NORMAL DEPARTURE LAST
                VALUE   (LST)  VALUE  FROM      YEAR
                                      NORMAL
......................................................
TEMPERATURE (F)
 YESTERDAY
  MAXIMUM         63   1159 PM  68     -5       62
  MINIMUM         53   1035 AM  47      6       44
  AVERAGE         58            58      0       53

PRECIPITATION (IN)
  YESTERDAY        0.48          0.21   0.27      T
  MONTH TO DATE    4.83          4.32   0.51     4.67
  SINCE MAR 1      9.58          7.75   1.83     8.53
  SINCE JAN 1     14.22         12.50   1.72    11.55

DEGREE DAYS
 HEATING
  YESTERDAY        7             8     -1       12
  MONTH TO DATE  321           377    -56      284
  SINCE MAR 1    768          1097   -329     1054
  SINCE JUL 1   3937          5260  -1323     5495

 COOLING
  YESTERDAY        0             1     -1        0
  MONTH TO DATE   20            12      8        8
  SINCE MAR 1     20            13      7        8
  SINCE JAN 1     20            13      7        8
......................................................


WIND (MPH)
  HIGHEST WIND SPEED    17   HIGHEST WIND DIRECTION     E (70)
  HIGHEST GUST SPEED    22   HIGHEST GUST DIRECTION     E (70)
  AVERAGE WIND SPEED    10.9


SKY COVER
  AVERAGE SKY COVER 0.9


WEATHER CONDITIONS
 THE FOLLOWING WEATHER WAS RECORDED YESTERDAY.
  RAIN
  LIGHT RAIN
  FOG


RELATIVE HUMIDITY (PERCENT)
 HIGHEST    90           500 PM
 LOWEST     77          1200 AM
 AVERAGE    84

..........................................................


THE SHELBYVILLE IN CLIMATE NORMALS FOR TODAY
                         NORMAL
 MAXIMUM TEMPERATURE (F)   69
 MINIMUM TEMPERATURE (F)   47


SUNRISE AND SUNSET
MAY  1 2016...........SUNRISE   643 AM EDT   SUNSET   838 PM EDT
MAY  2 2016...........SUNRISE   642 AM EDT   SUNSET   839 PM EDT


-  INDICATES NEGATIVE NUMBERS.
R  INDICATES RECORD WAS SET OR TIED.
MM INDICATES DATA IS MISSING.
T  INDICATES TRACE AMOUNT.




$$
