000
CDUS43 KFGF 252247
CLIGFK


CLIMATE REPORT
NATIONAL WEATHER SERVICE EASTERN NORTH DAKOTA/GRAND FORKS
446 PM CST SUN FEB 25 2018


...................................

...THE GRAND FORKS INTL AP ND CLIMATE SUMMARY FOR FEBRUARY 25 2018...
VALID TODAY AS OF 0400 PM LOCAL TIME.

CLIMATE NORMAL PERIOD 1981 TO 2010
CLIMATE RECORD PERIOD 1948 TO 2018


WEATHER ITEM   OBSERVED TIME   RECORD YEAR NORMAL DEPARTURE LAST
                VALUE   (LST)  VALUE       VALUE  FROM      YEAR
                                                  NORMAL
..................................................................
TEMPERATURE (F)
 TODAY
  MAXIMUM         30    254 PM  65    1958  25      5       32
  MINIMUM          7    642 AM -33    1950   6      1       14
  AVERAGE         19                        16      3       23

PRECIPITATION (IN)
  TODAY            T             0.87 2000   0.02  -0.02     0.01
  MONTH TO DATE    0.43                      0.44  -0.01     0.35
  SINCE DEC 1      1.70                      1.60   0.10     2.41
  SINCE JAN 1      0.93                      0.99  -0.06     0.80

SNOWFALL (IN)
  TODAY            T             4.0  2007   0.3   -0.3     MM
  MONTH TO DATE    7.8                       5.8    2.0      3.7
  SINCE DEC 1     25.3                      27.2   -1.9     36.2
  SINCE JUL 1     35.5                      36.4   -0.9     37.3
  SNOW DEPTH       9

DEGREE DAYS
 HEATING
  TODAY           46                        49     -3       42
  MONTH TO DATE 1510                      1338    172     1105
  SINCE DEC 1   4862                      4805     57     4350
  SINCE JUL 1   6847                      7004   -157     5818

 COOLING
  TODAY            0                         0      0        0
  MONTH TO DATE    0                         0      0        0
  SINCE DEC 1      0                         0      0        0
  SINCE JAN 1      0                         0      0        0
..................................................................


WIND (MPH)
  HIGHEST WIND SPEED    18   HIGHEST WIND DIRECTION     W (290)
  HIGHEST GUST SPEED    23   HIGHEST GUST DIRECTION     W (290)
  AVERAGE WIND SPEED     9.4


SKY COVER
  POSSIBLE SUNSHINE  MM
  AVERAGE SKY COVER 0.8


WEATHER CONDITIONS
 THE FOLLOWING WEATHER WAS RECORDED TODAY.
  LIGHT SNOW
  FOG


RELATIVE HUMIDITY (PERCENT)
 HIGHEST    96           100 AM
 LOWEST     69           300 PM
 AVERAGE    83

..........................................................


THE GRAND FORKS INTL AP ND CLIMATE NORMALS FOR TOMORROW
                         NORMAL    RECORD    YEAR
 MAXIMUM TEMPERATURE (F)   26        46      1958
 MINIMUM TEMPERATURE (F)    7       -20      1964


SUNRISE AND SUNSET
FEBRUARY 25 2018......SUNRISE   717 AM CST   SUNSET   607 PM CST
FEBRUARY 26 2018......SUNRISE   715 AM CST   SUNSET   609 PM CST


-  INDICATES NEGATIVE NUMBERS.
R  INDICATES RECORD WAS SET OR TIED.
MM INDICATES DATA IS MISSING.
T  INDICATES TRACE AMOUNT.




$$
