000
CDUS43 KFGF 240641
CLIGFK


CLIMATE REPORT
NATIONAL WEATHER SERVICE EASTERN NORTH DAKOTA/GRAND FORKS
1240 AM CST FRI NOV 24 2017


...................................

...THE GRAND FORKS INTL AP ND CLIMATE SUMMARY FOR NOVEMBER 23 2017...

CLIMATE NORMAL PERIOD 1981 TO 2010
CLIMATE RECORD PERIOD 1948 TO 2017


WEATHER ITEM   OBSERVED TIME   RECORD YEAR NORMAL DEPARTURE LAST
                VALUE   (LST)  VALUE       VALUE  FROM      YEAR
                                                  NORMAL
..................................................................
TEMPERATURE (F)
 YESTERDAY
  MAXIMUM         43   1153 PM  58    2011  30     13       35
  MINIMUM         17   1212 AM -20    1985  13      4       33
  AVERAGE         30                        21      9       34

PRECIPITATION (IN)
  YESTERDAY        0.00          0.29 1954   0.03  -0.03     0.01
  MONTH TO DATE    0.83                      0.80   0.03     0.41
  SINCE SEP 1      5.40                      4.82   0.58     5.67
  SINCE JAN 1     16.45                     20.05  -3.60    24.19

SNOWFALL (IN)
  YESTERDAY        0.0           2.3  1961   0.3   -0.3      0.1
  MONTH TO DATE    4.1                       5.4   -1.3      0.8
  SINCE SEP 1      4.3                       6.9   -2.6      0.8
  SINCE JUL 1      4.3                       6.9   -2.6      0.8
  SNOW DEPTH       2

DEGREE DAYS
 HEATING
  YESTERDAY       35                        44     -9       31
  MONTH TO DATE  997                       848    149      518
  SINCE SEP 1   1740                      1797    -57     1242
  SINCE JUL 1   1759                      1879   -120     1270

 COOLING
  YESTERDAY        0                         0      0        0
  MONTH TO DATE    0                         0      0        0
  SINCE SEP 1     36                        27      9       30
  SINCE JAN 1    411                       379     32      434
..................................................................


WIND (MPH)
  HIGHEST WIND SPEED    20   HIGHEST WIND DIRECTION     S (160)
  HIGHEST GUST SPEED    24   HIGHEST GUST DIRECTION     S (180)
  AVERAGE WIND SPEED    10.1


SKY COVER
  POSSIBLE SUNSHINE  MM
  AVERAGE SKY COVER 0.7


WEATHER CONDITIONS
 THE FOLLOWING WEATHER WAS RECORDED YESTERDAY.
  FOG


RELATIVE HUMIDITY (PERCENT)
 HIGHEST   100           400 AM
 LOWEST     76           400 PM
 AVERAGE    88

..........................................................


THE GRAND FORKS INTL AP ND CLIMATE NORMALS FOR TODAY
                         NORMAL    RECORD    YEAR
 MAXIMUM TEMPERATURE (F)   30        56      2011
 MINIMUM TEMPERATURE (F)   12       -28      1985


SUNRISE AND SUNSET
NOVEMBER 24 2017......SUNRISE   748 AM CST   SUNSET   442 PM CST
NOVEMBER 25 2017......SUNRISE   750 AM CST   SUNSET   441 PM CST


-  INDICATES NEGATIVE NUMBERS.
R  INDICATES RECORD WAS SET OR TIED.
MM INDICATES DATA IS MISSING.
T  INDICATES TRACE AMOUNT.




$$
