000
CDUS43 KFGF 230700
CLIGFK


CLIMATE REPORT
NATIONAL WEATHER SERVICE EASTERN NORTH DAKOTA/GRAND FORKS
142 AM CDT SUN APR 23 2017


...................................

...THE GRAND FORKS INTL AP ND CLIMATE SUMMARY FOR APRIL 22 2017...

CLIMATE NORMAL PERIOD 1981 TO 2010
CLIMATE RECORD PERIOD 1941 TO 2017


WEATHER ITEM   OBSERVED TIME   RECORD YEAR NORMAL DEPARTURE LAST
                VALUE   (LST)  VALUE       VALUE  FROM      YEAR
                                                  NORMAL
..................................................................
TEMPERATURE (F)
 YESTERDAY
  MAXIMUM         57    926 AM  88    1990  58     -1       61
  MINIMUM         33    856 PM  22    2015  33      0       25
                                      2008
                                      2004
  AVERAGE         45                        46     -1       43

PRECIPITATION (IN)
  YESTERDAY        T             0.35 1968   0.04  -0.04     0.00
  MONTH TO DATE    0.66                      0.65   0.01     0.78
  SINCE MAR 1      1.51                      1.61  -0.10     1.33
  SINCE JAN 1      2.36                      2.68  -0.32     1.91

SNOWFALL (IN)
  YESTERDAY        T   R         T    1996   0.1   -0.1      0.0
  MONTH TO DATE    T                         2.2   -2.2      0.3
  SINCE MAR 1      0.2                       9.4   -9.2      2.5
  SINCE JUL 1     38.5                      46.6   -8.1     28.4
  SNOW DEPTH       0

DEGREE DAYS
 HEATING
  YESTERDAY       20                        20      0       22
  MONTH TO DATE  416                       554   -138      582
  SINCE MAR 1   1571                      1789   -218     1471
  SINCE JUL 1   7540                      8939  -1399     7450

 COOLING
  YESTERDAY        0                         0      0        0
  MONTH TO DATE    0                         0      0        0
  SINCE MAR 1      0                         0      0        0
  SINCE JAN 1      0                         0      0        0
..................................................................


WIND (MPH)
  HIGHEST WIND SPEED    26   HIGHEST WIND DIRECTION     N (10)
  HIGHEST GUST SPEED    32   HIGHEST GUST DIRECTION    NW (330)
  AVERAGE WIND SPEED    15.0


SKY COVER
  POSSIBLE SUNSHINE  MM
  AVERAGE SKY COVER 0.6


WEATHER CONDITIONS
 THE FOLLOWING WEATHER WAS RECORDED YESTERDAY.
  LIGHT SNOW
  FOG


RELATIVE HUMIDITY (PERCENT)
 HIGHEST    83          1200 AM
 LOWEST     64           200 PM
 AVERAGE    74

..........................................................


THE GRAND FORKS INTL AP ND CLIMATE NORMALS FOR TODAY
                         NORMAL    RECORD    YEAR
 MAXIMUM TEMPERATURE (F)   59        90      1990
 MINIMUM TEMPERATURE (F)   33        18      2015


SUNRISE AND SUNSET
APRIL 23 2017.........SUNRISE   624 AM CDT   SUNSET   831 PM CDT
APRIL 24 2017.........SUNRISE   622 AM CDT   SUNSET   832 PM CDT


-  INDICATES NEGATIVE NUMBERS.
R  INDICATES RECORD WAS SET OR TIED.
MM INDICATES DATA IS MISSING.
T  INDICATES TRACE AMOUNT.




$$
