000
CDUS43 KFGF 090655
CLIGFK


CLIMATE REPORT
NATIONAL WEATHER SERVICE EASTERN NORTH DAKOTA/GRAND FORKS
1254 AM CST TUE FEB 9 2016


...................................

...THE GRAND FORKS INTL AP ND CLIMATE SUMMARY FOR FEBRUARY 8 2016...

CLIMATE NORMAL PERIOD 1981 TO 2010
CLIMATE RECORD PERIOD 1941 TO 2016


WEATHER ITEM   OBSERVED TIME   RECORD YEAR NORMAL DEPARTURE LAST
                VALUE   (LST)  VALUE       VALUE  FROM      YEAR
                                                  NORMAL
..................................................................
TEMPERATURE (F)
 YESTERDAY
  MAXIMUM         15    246 PM  49    2000  20     -5       19
  MINIMUM          5   1159 PM -30    1979  -1      6        7
                                      1948
  AVERAGE         10                        10      0       13

PRECIPITATION (IN)
  YESTERDAY        T             0.12 1957   0.01  -0.01      T
  MONTH TO DATE    0.14                      0.11   0.03     0.02
  SINCE DEC 1      1.52                      1.27   0.25     0.66
  SINCE JAN 1      0.46                      0.66  -0.20     0.44

SNOWFALL (IN)
  YESTERDAY        T            MM      MM   0.2   -0.2      0.1
  MONTH TO DATE    1.3                       1.8   -0.5      0.4
  SINCE DEC 1     21.9                      23.2   -1.3      6.0
  SINCE JUL 1     24.6                      32.4   -7.8     10.0
  SNOW DEPTH       1

DEGREE DAYS
 HEATING
  YESTERDAY       55                        55      0       52
  MONTH TO DATE  343                       450   -107      441
  SINCE DEC 1   3400                      3917   -517     3515
  SINCE JUL 1   5065                      6116  -1051     5659

 COOLING
  YESTERDAY        0                         0      0        0
  MONTH TO DATE    0                         0      0        0
  SINCE DEC 1      0                         0      0        0
  SINCE JAN 1      0                         0      0        0
..................................................................


WIND (MPH)
  HIGHEST WIND SPEED    39   HIGHEST WIND DIRECTION     N (350)
  HIGHEST GUST SPEED    51   HIGHEST GUST DIRECTION     N (350)
  AVERAGE WIND SPEED    24.2


SKY COVER
  POSSIBLE SUNSHINE  MM
  AVERAGE SKY COVER 0.9


WEATHER CONDITIONS
 THE FOLLOWING WEATHER WAS RECORDED YESTERDAY.
  SNOW
  LIGHT SNOW
  BLOWING SNOW


RELATIVE HUMIDITY (PERCENT)
 HIGHEST    84           600 AM
 LOWEST     66           700 PM
 AVERAGE    75

..........................................................


THE GRAND FORKS INTL AP ND CLIMATE NORMALS FOR TODAY
                         NORMAL    RECORD    YEAR
 MAXIMUM TEMPERATURE (F)   20        40      1977
                                             1976
 MINIMUM TEMPERATURE (F)    0       -32      1994


SUNRISE AND SUNSET
FEBRUARY  9 2016......SUNRISE   745 AM CST   SUNSET   541 PM CST
FEBRUARY 10 2016......SUNRISE   744 AM CST   SUNSET   543 PM CST


-  INDICATES NEGATIVE NUMBERS.
R  INDICATES RECORD WAS SET OR TIED.
MM INDICATES DATA IS MISSING.
T  INDICATES TRACE AMOUNT.




$$
