000
CDUS43 KFGF 240638
CLIGFK


CLIMATE REPORT
NATIONAL WEATHER SERVICE EASTERN NORTH DAKOTA/GRAND FORKS
136 AM CDT THU APR 24 2014


...................................

...THE GRAND FORKS INTL AP ND CLIMATE SUMMARY FOR APRIL 23 2014...

CLIMATE NORMAL PERIOD 1981 TO 2010
CLIMATE RECORD PERIOD 1941 TO 2014


WEATHER ITEM   OBSERVED TIME   RECORD YEAR NORMAL DEPARTURE LAST
                VALUE   (LST)  VALUE       VALUE  FROM      YEAR
                                                  NORMAL
..................................................................
TEMPERATURE (F)
 YESTERDAY
  MAXIMUM         49    905 AM  90    1990  59    -10       39
  MINIMUM         39   1159 PM  22    1958  33      6       23
  AVERAGE         44                        46     -2       31

PRECIPITATION (IN)
  YESTERDAY        0.68R         0.47 1979   0.03   0.65     0.00
  MONTH TO DATE    0.89                      0.68   0.21     0.78
  SINCE MAR 1      1.82                      1.64   0.18     1.76
  SINCE JAN 1      2.89                      2.71   0.18     2.55

SNOWFALL (IN)
  YESTERDAY        0.0           1.0  1972   0.1   -0.1      0.0
  MONTH TO DATE    1.1                       2.3   -1.2      6.7
  SINCE MAR 1     14.6                       9.5    5.1     20.3
  SINCE JUL 1     60.3                      46.7   13.6     50.2
  SNOW DEPTH       0

DEGREE DAYS
 HEATING
  YESTERDAY       21                        19      2       34
  MONTH TO DATE  664                       573     91      840
  SINCE MAR 1   2119                      1808    311     2406
  SINCE JUL 1  10014                      8958   1056     9407

 COOLING
  YESTERDAY        0                         0      0        0
  MONTH TO DATE    0                         0      0        0
  SINCE MAR 1      0                         0      0        0
  SINCE JAN 1      0                         0      0        0
..................................................................


WIND (MPH)
  HIGHEST WIND SPEED    30   HIGHEST WIND DIRECTION    SE (130)
  HIGHEST GUST SPEED    37   HIGHEST GUST DIRECTION    SE (120)
  AVERAGE WIND SPEED    18.7


SKY COVER
  POSSIBLE SUNSHINE  MM
  AVERAGE SKY COVER 0.8


WEATHER CONDITIONS
 THE FOLLOWING WEATHER WAS RECORDED YESTERDAY.
  RAIN
  LIGHT RAIN
  FOG


RELATIVE HUMIDITY (PERCENT)
 HIGHEST    92           200 PM
 LOWEST     45          1200 AM
 AVERAGE    69

..........................................................


THE GRAND FORKS INTL AP ND CLIMATE NORMALS FOR TODAY
                         NORMAL    RECORD    YEAR
 MAXIMUM TEMPERATURE (F)   59        85      1990
 MINIMUM TEMPERATURE (F)   33        22      1945


SUNRISE AND SUNSET
APRIL 24 2014.........SUNRISE   623 AM CDT   SUNSET   832 PM CDT
APRIL 25 2014.........SUNRISE   621 AM CDT   SUNSET   833 PM CDT


-  INDICATES NEGATIVE NUMBERS.
R  INDICATES RECORD WAS SET OR TIED.
MM INDICATES DATA IS MISSING.
T  INDICATES TRACE AMOUNT.




$$
