000
CDUS43 KFGF 010638
CLIGFK


CLIMATE REPORT
NATIONAL WEATHER SERVICE EASTERN NORTH DAKOTA/GRAND FORKS
136 AM CDT SAT NOV 1 2014


...................................

...THE GRAND FORKS INTL AP ND CLIMATE SUMMARY FOR OCTOBER 31 2014...

CLIMATE NORMAL PERIOD 1981 TO 2010
CLIMATE RECORD PERIOD 1941 TO 2014


WEATHER ITEM   OBSERVED TIME   RECORD YEAR NORMAL DEPARTURE LAST
                VALUE   (LST)  VALUE       VALUE  FROM      YEAR
                                                  NORMAL
..................................................................
TEMPERATURE (F)
 YESTERDAY
  MAXIMUM         39    344 PM  77    1999  45     -6       52
  MINIMUM         12    725 AM   6    1991  26    -14       29
  AVERAGE         26                        36    -10       41

PRECIPITATION (IN)
  YESTERDAY        0.00          1.15 1979   0.05  -0.05     0.00
  MONTH TO DATE    0.37                      1.97  -1.60     2.48
  SINCE SEP 1      1.66                      4.02  -2.36     4.45
  SINCE JAN 1     22.34                     19.25   3.09    18.68

SNOWFALL (IN)
  YESTERDAY        0.0           5.0  1979   0.1   -0.1      0.0
  MONTH TO DATE    T                         1.5   -1.5       T
  SINCE SEP 1      T                         1.5   -1.5       T
  SINCE JUL 1      T                         1.5   -1.5       T
  SNOW DEPTH       0

DEGREE DAYS
 HEATING
  YESTERDAY       39                        30      9       24
  MONTH TO DATE  577                       681   -104      689
  SINCE SEP 1    769                       949   -180      821
  SINCE JUL 1    823                      1031   -208      903

 COOLING
  YESTERDAY        0                         0      0        0
  MONTH TO DATE    0                         1     -1        0
  SINCE SEP 1     34                        27      7       39
  SINCE JAN 1    395                       379     16      487
..................................................................


WIND (MPH)
  HIGHEST WIND SPEED    22   HIGHEST WIND DIRECTION     S (170)
  HIGHEST GUST SPEED    30   HIGHEST GUST DIRECTION     S (180)
  AVERAGE WIND SPEED     8.3


SKY COVER
  POSSIBLE SUNSHINE  MM
  AVERAGE SKY COVER 0.2


WEATHER CONDITIONS
 THE FOLLOWING WEATHER WAS RECORDED YESTERDAY.
  FOG


RELATIVE HUMIDITY (PERCENT)
 HIGHEST    92           400 AM
 LOWEST     44           300 PM
 AVERAGE    68

..........................................................


THE GRAND FORKS INTL AP ND CLIMATE NORMALS FOR TODAY
                         NORMAL    RECORD    YEAR
 MAXIMUM TEMPERATURE (F)   45        70      1978
 MINIMUM TEMPERATURE (F)   25         2      1951


SUNRISE AND SUNSET
NOVEMBER  1 2014......SUNRISE   814 AM CDT   SUNSET   610 PM CDT
NOVEMBER  2 2014......SUNRISE   715 AM CST   SUNSET   509 PM CST


-  INDICATES NEGATIVE NUMBERS.
R  INDICATES RECORD WAS SET OR TIED.
MM INDICATES DATA IS MISSING.
T  INDICATES TRACE AMOUNT.




$$
