000
CDUS43 KFGF 240643
CLIGFK


CLIMATE REPORT
NATIONAL WEATHER SERVICE EASTERN NORTH DAKOTA/GRAND FORKS
138 AM CDT SUN MAY 24 2015


...................................

...THE GRAND FORKS INTL AP ND CLIMATE SUMMARY FOR MAY 23 2015...

CLIMATE NORMAL PERIOD 1981 TO 2010
CLIMATE RECORD PERIOD 1941 TO 2015


WEATHER ITEM   OBSERVED TIME   RECORD YEAR NORMAL DEPARTURE LAST
                VALUE   (LST)  VALUE       VALUE  FROM      YEAR
                                                  NORMAL
..................................................................
TEMPERATURE (F)
 YESTERDAY
  MAXIMUM         78    337 PM  93    1980  70      8       84
  MINIMUM         44    501 AM  29    2002  44      0       47
  AVERAGE         61                        57      4       66

PRECIPITATION (IN)
  YESTERDAY        0.00          1.59 1943   0.09  -0.09     0.00
  MONTH TO DATE    3.80                      1.90   1.90     1.75
  SINCE MAR 1      4.84                      3.87   0.97     5.30
  SINCE JAN 1      5.66                      4.94   0.72     6.37

SNOWFALL (IN)
  YESTERDAY        0.0          MM      MM   0.0    0.0      0.0
  MONTH TO DATE    T                         0.1   -0.1      0.0
  SINCE MAR 1      2.7                      10.2   -7.5     14.6
  SINCE JUL 1     17.0                      47.4  -30.4     60.3
  SNOW DEPTH       0

DEGREE DAYS
 HEATING
  YESTERDAY        4                         8     -4        0
  MONTH TO DATE  322                       276     46      366
  SINCE MAR 1   1980                      2204   -224     2645
  SINCE JUL 1   8897                      9354   -457    10540

 COOLING
  YESTERDAY        0                         1     -1        1
  MONTH TO DATE    0                         8     -8        1
  SINCE MAR 1      0                         9     -9        1
  SINCE JAN 1      0                         9     -9        1
..................................................................


WIND (MPH)
  HIGHEST WIND SPEED    16   HIGHEST WIND DIRECTION     S (180)
  HIGHEST GUST SPEED    21   HIGHEST GUST DIRECTION     S (190)
  AVERAGE WIND SPEED     7.6


SKY COVER
  POSSIBLE SUNSHINE  MM
  AVERAGE SKY COVER 0.3


WEATHER CONDITIONS
 THE FOLLOWING WEATHER WAS RECORDED YESTERDAY.
  NO SIGNIFICANT WEATHER WAS OBSERVED.


RELATIVE HUMIDITY (PERCENT)
 HIGHEST    80           600 AM
 LOWEST     28           300 PM
 AVERAGE    54

..........................................................


THE GRAND FORKS INTL AP ND CLIMATE NORMALS FOR TODAY
                         NORMAL    RECORD    YEAR
 MAXIMUM TEMPERATURE (F)   70        91      1980
 MINIMUM TEMPERATURE (F)   45        24      2002


SUNRISE AND SUNSET
MAY 24 2015...........SUNRISE   540 AM CDT   SUNSET   911 PM CDT
MAY 25 2015...........SUNRISE   539 AM CDT   SUNSET   913 PM CDT


-  INDICATES NEGATIVE NUMBERS.
R  INDICATES RECORD WAS SET OR TIED.
MM INDICATES DATA IS MISSING.
T  INDICATES TRACE AMOUNT.




$$
