000
CDUS43 KFGF 070645
CLIGFK


CLIMATE REPORT
NATIONAL WEATHER SERVICE EASTERN NORTH DAKOTA/GRAND FORKS
1244 AM CST WED DEC 7 2016


...................................

...THE GRAND FORKS INTL AP ND CLIMATE SUMMARY FOR DECEMBER 6 2016...

CLIMATE NORMAL PERIOD 1981 TO 2010
CLIMATE RECORD PERIOD 1941 TO 2016


WEATHER ITEM   OBSERVED TIME   RECORD YEAR NORMAL DEPARTURE LAST
                VALUE   (LST)  VALUE       VALUE  FROM      YEAR
                                                  NORMAL
..................................................................
TEMPERATURE (F)
 YESTERDAY
  MAXIMUM         30    948 AM  43    1974  23      7       39
  MINIMUM         17   1159 PM -26    1972   6     11       18
  AVERAGE         24                        15      9       29

PRECIPITATION (IN)
  YESTERDAY        0.33          0.61 1951   0.02   0.31     0.00
  MONTH TO DATE    0.61                      0.12   0.49     0.26
  SINCE DEC 1      0.61                      0.12   0.49     0.26
  SINCE JAN 1     25.73                     20.32   5.41    20.51

SNOWFALL (IN)
  YESTERDAY        8.8 R         2.6  1951   0.4    8.4      0.0
  MONTH TO DATE   13.6                       2.0   11.6      4.3
  SINCE DEC 1     13.6                       2.0   11.6      4.3
  SINCE JUL 1     14.7                      11.2    3.5      7.0
  SNOW DEPTH       9

DEGREE DAYS
 HEATING
  YESTERDAY       41                        50     -9       36
  MONTH TO DATE  213                       294    -81      236
  SINCE DEC 1    213                       294    -81      236
  SINCE JUL 1   1681                      2493   -812     1901

 COOLING
  YESTERDAY        0                         0      0        0
  MONTH TO DATE    0                         0      0        0
  SINCE DEC 1      0                         0      0        0
  SINCE JAN 1    434                       379     55      476
..................................................................


WIND (MPH)
  HIGHEST WIND SPEED    37   HIGHEST WIND DIRECTION    NW (320)
  HIGHEST GUST SPEED    47   HIGHEST GUST DIRECTION    NW (320)
  AVERAGE WIND SPEED    27.3


SKY COVER
  POSSIBLE SUNSHINE  MM
  AVERAGE SKY COVER 1.0


WEATHER CONDITIONS
 THE FOLLOWING WEATHER WAS RECORDED YESTERDAY.
  HEAVY SNOW
  SNOW
  LIGHT SNOW
  FOG
  BLOWING SNOW


RELATIVE HUMIDITY (PERCENT)
 HIGHEST    92           100 AM
 LOWEST     77           800 PM
 AVERAGE    85

..........................................................


THE GRAND FORKS INTL AP ND CLIMATE NORMALS FOR TODAY
                         NORMAL    RECORD    YEAR
 MAXIMUM TEMPERATURE (F)   23        47      1990
 MINIMUM TEMPERATURE (F)    6       -24      2013


SUNRISE AND SUNSET
DECEMBER  7 2016......SUNRISE   805 AM CST   SUNSET   436 PM CST
DECEMBER  8 2016......SUNRISE   806 AM CST   SUNSET   436 PM CST


-  INDICATES NEGATIVE NUMBERS.
R  INDICATES RECORD WAS SET OR TIED.
MM INDICATES DATA IS MISSING.
T  INDICATES TRACE AMOUNT.




$$
