000
CDUS43 KFGF 312151
CLIGFK


CLIMATE REPORT
NATIONAL WEATHER SERVICE EASTERN NORTH DAKOTA/GRAND FORKS
450 PM CDT TUE MAY 31 2016


...................................

...THE GRAND FORKS INTL AP ND CLIMATE SUMMARY FOR MAY 31 2016...
VALID TODAY AS OF 0400 PM LOCAL TIME.

CLIMATE NORMAL PERIOD 1981 TO 2010
CLIMATE RECORD PERIOD 1941 TO 2016


WEATHER ITEM   OBSERVED TIME   RECORD YEAR NORMAL DEPARTURE LAST
                VALUE   (LST)  VALUE       VALUE  FROM      YEAR
                                                  NORMAL
..................................................................
TEMPERATURE (F)
 TODAY
  MAXIMUM         67    219 PM  96    1986  72     -5       68
  MINIMUM         59   1212 AM  33    2000  47     12       43
                                      1946
  AVERAGE         63                        60      3       56

PRECIPITATION (IN)
  TODAY            0.17          0.95 1949   0.11   0.06     0.00
  MONTH TO DATE    2.87                      2.68   0.19     4.45
  SINCE MAR 1      4.98                      4.65   0.33     5.49
  SINCE JAN 1      5.56                      5.72  -0.16     6.31

SNOWFALL (IN)
  TODAY            0.0          MM      MM   0.0    0.0      0.0
  MONTH TO DATE    T                         0.1   -0.1       T
  SINCE MAR 1      2.5                      10.2   -7.7      2.7
  SINCE JUL 1     28.4                      47.4  -19.0     17.0
  SNOW DEPTH       0

DEGREE DAYS
 HEATING
  TODAY            2                         6     -4        9
  MONTH TO DATE  218                       334   -116      373
  SINCE MAR 1   1831                      2262   -431     2031
  SINCE JUL 1   7810                      9412  -1602     8948

 COOLING
  TODAY            0                         1     -1        0
  MONTH TO DATE   22                        16      6        6
  SINCE MAR 1     22                        17      5        6
  SINCE JAN 1     22                        17      5        6
..................................................................


WIND (MPH)
  HIGHEST WIND SPEED    24   HIGHEST WIND DIRECTION    SW (210)
  HIGHEST GUST SPEED    28   HIGHEST GUST DIRECTION    SW (220)
  AVERAGE WIND SPEED    15.2


SKY COVER
  POSSIBLE SUNSHINE  MM
  AVERAGE SKY COVER 0.8


WEATHER CONDITIONS
 THE FOLLOWING WEATHER WAS RECORDED TODAY.
  HEAVY RAIN
  FOG


RELATIVE HUMIDITY (PERCENT)
 HIGHEST    90           300 AM
 LOWEST     52           300 PM
 AVERAGE    71

..........................................................


THE GRAND FORKS INTL AP ND CLIMATE NORMALS FOR TOMORROW
                         NORMAL    RECORD    YEAR
 MAXIMUM TEMPERATURE (F)   73        92      1997
 MINIMUM TEMPERATURE (F)   48        31      1964


SUNRISE AND SUNSET
MAY 31 2016...........SUNRISE   534 AM CDT   SUNSET   920 PM CDT
JUNE  1 2016..........SUNRISE   533 AM CDT   SUNSET   921 PM CDT


-  INDICATES NEGATIVE NUMBERS.
R  INDICATES RECORD WAS SET OR TIED.
MM INDICATES DATA IS MISSING.
T  INDICATES TRACE AMOUNT.




$$
