000
CDUS43 KFGF 100642
CLIGFK


CLIMATE REPORT
NATIONAL WEATHER SERVICE EASTERN NORTH DAKOTA/GRAND FORKS
136 AM CDT THU JUL 10 2014


...................................

...THE GRAND FORKS INTL AP ND CLIMATE SUMMARY FOR JULY 9 2014...

CLIMATE NORMAL PERIOD 1981 TO 2010
CLIMATE RECORD PERIOD 1941 TO 2014


WEATHER ITEM   OBSERVED TIME   RECORD YEAR NORMAL DEPARTURE LAST
                VALUE   (LST)  VALUE       VALUE  FROM      YEAR
                                                  NORMAL
..................................................................
TEMPERATURE (F)
 YESTERDAY
  MAXIMUM         75    658 PM  96    1970  81     -6       73
  MINIMUM         54    524 AM  45    1981  56     -2       57
                                      1968
                                      1953
  AVERAGE         65                        68     -3       65

PRECIPITATION (IN)
  YESTERDAY        0.00          1.83 2002   0.11  -0.11     0.15
  MONTH TO DATE    0.82                      1.06  -0.24     0.25
  SINCE JUN 1      7.42                      4.54   2.88     3.35
  SINCE JAN 1     14.60                     10.26   4.34    11.52

SNOWFALL (IN)
  YESTERDAY        0.0          MM      MM   0.0    0.0      0.0
  MONTH TO DATE    0.0                       0.0    0.0      0.0
  SINCE JUN 1      0.0                       0.0    0.0      0.0
  SINCE JUL 1      0.0                       0.0    0.0      0.0
  SNOW DEPTH       0

DEGREE DAYS
 HEATING
  YESTERDAY        0                         1     -1        0
  MONTH TO DATE   14                        10      4        0
  SINCE JUN 1     60                       113    -53       77
  SINCE JUL 1     14                        10      4        0

 COOLING
  YESTERDAY        0                         4     -4        0
  MONTH TO DATE   33                        36     -3       75
  SINCE JUN 1    100                       111    -11      188
  SINCE JAN 1    153                       128     25      197
..................................................................


WIND (MPH)
  HIGHEST WIND SPEED    14   HIGHEST WIND DIRECTION     N (350)
  HIGHEST GUST SPEED    17   HIGHEST GUST DIRECTION     N (350)
  AVERAGE WIND SPEED     6.0


SKY COVER
  POSSIBLE SUNSHINE  MM
  AVERAGE SKY COVER 0.2


WEATHER CONDITIONS
 THE FOLLOWING WEATHER WAS RECORDED YESTERDAY.
  NO SIGNIFICANT WEATHER WAS OBSERVED.


RELATIVE HUMIDITY (PERCENT)
 HIGHEST   100           300 AM
 LOWEST     41           400 PM
 AVERAGE    71

..........................................................


THE GRAND FORKS INTL AP ND CLIMATE NORMALS FOR TODAY
                         NORMAL    RECORD    YEAR
 MAXIMUM TEMPERATURE (F)   81       100      1980
 MINIMUM TEMPERATURE (F)   56        42      1965
                                             1951


SUNRISE AND SUNSET
JULY 10 2014..........SUNRISE   540 AM CDT   SUNSET   927 PM CDT
JULY 11 2014..........SUNRISE   541 AM CDT   SUNSET   927 PM CDT


-  INDICATES NEGATIVE NUMBERS.
R  INDICATES RECORD WAS SET OR TIED.
MM INDICATES DATA IS MISSING.
T  INDICATES TRACE AMOUNT.




$$
