510
CDUS43 KFGF 211156
CLIGFK


CLIMATE REPORT
NATIONAL WEATHER SERVICE EASTERN NORTH DAKOTA/GRAND FORKS
656 AM CDT THU SEP 21 2017


...................................

...THE GRAND FORKS INTL AP ND CLIMATE SUMMARY FOR SEPTEMBER 20 2017...

CLIMATE NORMAL PERIOD 1981 TO 2010
CLIMATE RECORD PERIOD 1948 TO 2017


WEATHER ITEM   OBSERVED TIME   RECORD YEAR NORMAL DEPARTURE LAST
                VALUE   (LST)  VALUE       VALUE  FROM      YEAR
                                                  NORMAL
..................................................................
TEMPERATURE (F)
 YESTERDAY
  MAXIMUM         73    326 PM  88    1960  68      5       75
  MINIMUM         52    659 AM  26    1973  42     10       45
  AVERAGE         63                        55      8       60

PRECIPITATION (IN)
  YESTERDAY        0.01          1.13 2011   0.06  -0.05     0.00
  MONTH TO DATE    2.73                      1.41   1.32     3.63
  SINCE SEP 1      2.73                      1.41   1.32     3.63
  SINCE JAN 1     13.78                     16.64  -2.86    22.15

SNOWFALL (IN)
  YESTERDAY        0.0          MM      MM   0.0    0.0      0.0
  MONTH TO DATE    0.0                       0.0    0.0      0.0
  SINCE SEP 1      0.0                       0.0    0.0      0.0
  SINCE JUL 1      0.0                       0.0    0.0      0.0
  SNOW DEPTH       0

DEGREE DAYS
 HEATING
  YESTERDAY        2                        10     -8        5
  MONTH TO DATE   87                       140    -53       84
  SINCE SEP 1     87                       140    -53       84
  SINCE JUL 1    106                       222   -116      112

 COOLING
  YESTERDAY        0                         0      0        0
  MONTH TO DATE   36                        24     12       23
  SINCE SEP 1     36                        24     12       23
  SINCE JAN 1    411                       376     35      427
..................................................................


WIND (MPH)
  HIGHEST WIND SPEED    22   HIGHEST WIND DIRECTION    SW (220)
  HIGHEST GUST SPEED    30   HIGHEST GUST DIRECTION    SW (220)
  AVERAGE WIND SPEED    11.5


SKY COVER
  POSSIBLE SUNSHINE  MM
  AVERAGE SKY COVER 0.3


WEATHER CONDITIONS
 THE FOLLOWING WEATHER WAS RECORDED YESTERDAY.
  LIGHT RAIN


RELATIVE HUMIDITY (PERCENT)
 HIGHEST   100           100 AM
 LOWEST     31           200 PM
 AVERAGE    66

..........................................................


THE GRAND FORKS INTL AP ND CLIMATE NORMALS FOR TODAY
                         NORMAL    RECORD    YEAR
 MAXIMUM TEMPERATURE (F)   67        91      2015
 MINIMUM TEMPERATURE (F)   42        24      1974


SUNRISE AND SUNSET
SEPTEMBER 21 2017.....SUNRISE   714 AM CDT   SUNSET   728 PM CDT
SEPTEMBER 22 2017.....SUNRISE   716 AM CDT   SUNSET   726 PM CDT


-  INDICATES NEGATIVE NUMBERS.
R  INDICATES RECORD WAS SET OR TIED.
MM INDICATES DATA IS MISSING.
T  INDICATES TRACE AMOUNT.




$$
