000
CDUS44 KSHV 250751
CLIGGG


CLIMATE REPORT
NATIONAL WEATHER SERVICE SHREVEPORT, LA
251 AM CDT SAT MAR 25 2017


...................................

...THE LONGVIEW CLIMATE SUMMARY FOR MARCH 24 2017...

CLIMATE NORMAL PERIOD 1981 TO 2010
CLIMATE RECORD PERIOD 1902 TO 2017


WEATHER ITEM   OBSERVED TIME   RECORD YEAR NORMAL DEPARTURE LAST
                VALUE   (LST)  VALUE       VALUE  FROM      YEAR
                                                  NORMAL
..................................................................
TEMPERATURE (F)
 YESTERDAY
  MAXIMUM         81    138 PM  89    1935  71     10       70
  MINIMUM         63    940 PM  27    1934  48     15       43
  AVERAGE         72                        60     12       57

PRECIPITATION (IN)
  YESTERDAY        1.36          2.50 1912   0.15   1.21     0.37
  MONTH TO DATE    2.00                      3.40  -1.40    10.54
  SINCE DEC 1     14.77                     15.25  -0.48    20.88
  SINCE JAN 1      9.97                     10.76  -0.79    14.82

SNOWFALL (IN)
  YESTERDAY        0.0
  MONTH TO DATE    0.0
  SINCE MAR 1      0.0
  SINCE JUL 1      0.0
  SNOW DEPTH       0

DEGREE DAYS
 HEATING
  YESTERDAY        0                         7     -7        8
  MONTH TO DATE  143                       213    -70      112
  SINCE MAR 1    143                       213    -70      112
  SINCE JUL 1   1244                      2117   -873     1561

 COOLING
  YESTERDAY        7                         1      6        0
  MONTH TO DATE   69                        24     45       24
  SINCE MAR 1     69                        24     45       24
  SINCE JAN 1    140                        36    104       30
..................................................................


WIND (MPH)
  HIGHEST WIND SPEED    35   HIGHEST WIND DIRECTION    SE (150)
  HIGHEST GUST SPEED    48   HIGHEST GUST DIRECTION    SE (150)
  AVERAGE WIND SPEED    14.8


SKY COVER
  POSSIBLE SUNSHINE  MM
  AVERAGE SKY COVER 0.7


WEATHER CONDITIONS
 THE FOLLOWING WEATHER WAS RECORDED YESTERDAY.
  THUNDERSTORM
  HEAVY RAIN
  RAIN
  LIGHT RAIN
  FOG
  HAZE


RELATIVE HUMIDITY (PERCENT)
 HIGHEST   100           900 PM
 LOWEST     51           100 PM
 AVERAGE    76

..........................................................


THE LONGVIEW CLIMATE NORMALS FOR TODAY
                         NORMAL    RECORD    YEAR
 MAXIMUM TEMPERATURE (F)   71        90      1935
 MINIMUM TEMPERATURE (F)   48        29      2013


SUNRISE AND SUNSET
MARCH 25 2017.........SUNRISE   716 AM CDT   SUNSET   734 PM CDT
MARCH 26 2017.........SUNRISE   714 AM CDT   SUNSET   735 PM CDT


-  INDICATES NEGATIVE NUMBERS.
R  INDICATES RECORD WAS SET OR TIED.
MM INDICATES DATA IS MISSING.
T  INDICATES TRACE AMOUNT.




$$
