000
CDUS44 KSHV 180739
CLIGGG


CLIMATE REPORT
NATIONAL WEATHER SERVICE SHREVEPORT, LA
238 AM CDT THU SEP 18 2014


...................................

...THE LONGVIEW CLIMATE SUMMARY FOR SEPTEMBER 17 2014...

CLIMATE NORMAL PERIOD 1981 TO 2010
CLIMATE RECORD PERIOD 1902 TO 2014


WEATHER ITEM   OBSERVED TIME   RECORD YEAR NORMAL DEPARTURE LAST
                VALUE   (LST)  VALUE       VALUE  FROM      YEAR
                                                  NORMAL
..................................................................
TEMPERATURE (F)
 YESTERDAY
  MAXIMUM         91    353 PM 100    1952  87      4       97
  MINIMUM         70    515 AM  44    1903  64      6       72
  AVERAGE         81                        76      5       85

PRECIPITATION (IN)
  YESTERDAY        0.00          2.56 1964   0.09  -0.09      T
  MONTH TO DATE    0.24                      1.80  -1.56     0.38
  SINCE DEC 1     30.41                     36.94  -6.53    25.06
  SINCE JAN 1     26.26                     32.45  -6.19    20.71

SNOWFALL (IN)
  YESTERDAY        0.0
  MONTH TO DATE    0.0
  SINCE SEP 1      0.0
  SINCE JUL 1      0.0
  SNOW DEPTH       0

DEGREE DAYS
 HEATING
  YESTERDAY        0                         0      0        0
  MONTH TO DATE    0                         0      0        0
  SINCE SEP 1      0                         0      0        0
  SINCE JUL 1      0                         0      0        0

 COOLING
  YESTERDAY       16                        11      5       20
  MONTH TO DATE  280                       226     54      338
  SINCE SEP 1    280                       226     54      338
  SINCE JAN 1   2134                      2166    -32     2433
..................................................................


WIND (MPH)
  HIGHEST WIND SPEED    15   HIGHEST WIND DIRECTION     S (180)
  HIGHEST GUST SPEED    17   HIGHEST GUST DIRECTION     S (190)
  AVERAGE WIND SPEED     4.1


SKY COVER
  POSSIBLE SUNSHINE  MM
  AVERAGE SKY COVER 0.1


WEATHER CONDITIONS
 THE FOLLOWING WEATHER WAS RECORDED YESTERDAY.
  FOG


RELATIVE HUMIDITY (PERCENT)
 HIGHEST    97           400 AM
 LOWEST     49           300 PM
 AVERAGE    73

..........................................................


THE LONGVIEW CLIMATE NORMALS FOR TODAY
                         NORMAL    RECORD    YEAR
 MAXIMUM TEMPERATURE (F)   87       100      1936
 MINIMUM TEMPERATURE (F)   64        48      2000


SUNRISE AND SUNSET
SEPTEMBER 18 2014.....SUNRISE   705 AM CDT   SUNSET   721 PM CDT
SEPTEMBER 19 2014.....SUNRISE   705 AM CDT   SUNSET   719 PM CDT


-  INDICATES NEGATIVE NUMBERS.
R  INDICATES RECORD WAS SET OR TIED.
MM INDICATES DATA IS MISSING.
T  INDICATES TRACE AMOUNT.




$$
