000
CDUS44 KSHV 270834
CLIGGG


CLIMATE REPORT
NATIONAL WEATHER SERVICE SHREVEPORT, LA
233 AM CST THU NOV 27 2014


...................................

...THE LONGVIEW CLIMATE SUMMARY FOR NOVEMBER 26 2014...

CLIMATE NORMAL PERIOD 1981 TO 2010
CLIMATE RECORD PERIOD 1902 TO 2014


WEATHER ITEM   OBSERVED TIME   RECORD YEAR NORMAL DEPARTURE LAST
                VALUE   (LST)  VALUE       VALUE  FROM      YEAR
                                                  NORMAL
..................................................................
TEMPERATURE (F)
 YESTERDAY
  MAXIMUM         68    323 PM  87    1965  63      5       45
  MINIMUM         42    205 AM  21    1916  42      0       36
  AVERAGE         55                        52      3       41

PRECIPITATION (IN)
  YESTERDAY        0.00          2.32 1988   0.15  -0.15     0.31
  MONTH TO DATE    4.25                      3.84   0.41     4.22
  SINCE DEC 1     40.66                     46.90  -6.24    40.75
  SINCE JAN 1     36.51                     42.41  -5.90    36.40

SNOWFALL (IN)
  YESTERDAY        0.0
  MONTH TO DATE    0.0
  SINCE SEP 1      0.0
  SINCE JUL 1      0.0
  SNOW DEPTH       0

DEGREE DAYS
 HEATING
  YESTERDAY       10                        13     -3       24
  MONTH TO DATE  360                       226    134      285
  SINCE SEP 1    381                       315     66      334
  SINCE JUL 1    381                       315     66      334

 COOLING
  YESTERDAY        0                         0      0        0
  MONTH TO DATE    3                        22    -19       15
  SINCE SEP 1    593                       477    116      632
  SINCE JAN 1   2447                      2417     30     2727
..................................................................


WIND (MPH)
  HIGHEST WIND SPEED    18   HIGHEST WIND DIRECTION    SW (240)
  HIGHEST GUST SPEED    23   HIGHEST GUST DIRECTION    SW (230)
  AVERAGE WIND SPEED     9.1


SKY COVER
  POSSIBLE SUNSHINE  MM
  AVERAGE SKY COVER 0.0


WEATHER CONDITIONS
 THE FOLLOWING WEATHER WAS RECORDED YESTERDAY.
  NO SIGNIFICANT WEATHER WAS OBSERVED.


RELATIVE HUMIDITY (PERCENT)
 HIGHEST    70           100 AM
 LOWEST     24           200 PM
 AVERAGE    47

..........................................................


THE LONGVIEW CLIMATE NORMALS FOR TODAY
                         NORMAL    RECORD    YEAR
 MAXIMUM TEMPERATURE (F)   63        87      1965
 MINIMUM TEMPERATURE (F)   41        21      1916


SUNRISE AND SUNSET
NOVEMBER 27 2014......SUNRISE   659 AM CST   SUNSET   514 PM CST
NOVEMBER 28 2014......SUNRISE   700 AM CST   SUNSET   514 PM CST


-  INDICATES NEGATIVE NUMBERS.
R  INDICATES RECORD WAS SET OR TIED.
MM INDICATES DATA IS MISSING.
T  INDICATES TRACE AMOUNT.




$$
