000
CDUS44 KSHV 300759
CLIGGG


CLIMATE REPORT
NATIONAL WEATHER SERVICE SHREVEPORT, LA
255 AM CDT THU JUL 30 2015


...................................

...THE LONGVIEW CLIMATE SUMMARY FOR JULY 29 2015...

CLIMATE NORMAL PERIOD 1981 TO 2010
CLIMATE RECORD PERIOD 1902 TO 2015


WEATHER ITEM   OBSERVED TIME   RECORD YEAR NORMAL DEPARTURE LAST
                VALUE   (LST)  VALUE       VALUE  FROM      YEAR
                                                  NORMAL
..................................................................
TEMPERATURE (F)
 YESTERDAY
  MAXIMUM        101    410 PM 105    2012  94      7       92
                                      1930
  MINIMUM         76    549 AM  62    1928  73      3       73
  AVERAGE         89                        84      5       83

PRECIPITATION (IN)
  YESTERDAY        0.00          3.70 1906   0.07  -0.07     0.00
  MONTH TO DATE    0.15                      2.75  -2.60     2.21
  SINCE DEC 1     43.91                     31.98  11.93    28.53
  SINCE JAN 1     41.61                     27.49  14.12    24.38

SNOWFALL (IN)
  YESTERDAY        0.0
  MONTH TO DATE    0.0
  SINCE JUN 1      0.0
  SINCE JUL 1      0.0
  SNOW DEPTH       0

DEGREE DAYS
 HEATING
  YESTERDAY        0                         0      0        0
  MONTH TO DATE    0                         0      0        0
  SINCE JUN 1      0                         0      0        0
  SINCE JUL 1      0                         0      0        0

 COOLING
  YESTERDAY       24                        19      5       18
  MONTH TO DATE  575                       538     37      464
  SINCE JUN 1   1061                       977     84      924
  SINCE JAN 1   1519                      1356    163     1278
..................................................................


WIND (MPH)
  HIGHEST WIND SPEED    12   HIGHEST WIND DIRECTION     S (190)
  HIGHEST GUST SPEED    13   HIGHEST GUST DIRECTION     W (270)
  AVERAGE WIND SPEED     3.5


SKY COVER
  POSSIBLE SUNSHINE  MM
  AVERAGE SKY COVER 0.1


WEATHER CONDITIONS
 THE FOLLOWING WEATHER WAS RECORDED YESTERDAY.
  NO SIGNIFICANT WEATHER WAS OBSERVED.


RELATIVE HUMIDITY (PERCENT)
 HIGHEST    82           600 AM
 LOWEST     33           300 PM
 AVERAGE    58

..........................................................


THE LONGVIEW CLIMATE NORMALS FOR TODAY
                         NORMAL    RECORD    YEAR
 MAXIMUM TEMPERATURE (F)   94       107      1930
 MINIMUM TEMPERATURE (F)   73        63      2005


SUNRISE AND SUNSET
JULY 30 2015..........SUNRISE   632 AM CDT   SUNSET   818 PM CDT
JULY 31 2015..........SUNRISE   633 AM CDT   SUNSET   817 PM CDT


-  INDICATES NEGATIVE NUMBERS.
R  INDICATES RECORD WAS SET OR TIED.
MM INDICATES DATA IS MISSING.
T  INDICATES TRACE AMOUNT.




$$
