056
CDUS44 KSHV 220833
CLIGGG


CLIMATE REPORT
NATIONAL WEATHER SERVICE SHREVEPORT, LA
233 AM CST MON JAN 22 2018


...................................

...THE LONGVIEW CLIMATE SUMMARY FOR JANUARY 21 2018...

CLIMATE NORMAL PERIOD 1981 TO 2010
CLIMATE RECORD PERIOD 1902 TO 2018


WEATHER ITEM   OBSERVED TIME   RECORD YEAR NORMAL DEPARTURE LAST
                VALUE   (LST)  VALUE       VALUE  FROM      YEAR
                                                  NORMAL
..................................................................
TEMPERATURE (F)
 YESTERDAY
  MAXIMUM         72    422 PM  83    1911  57     15       72
  MINIMUM         63    202 AM  15    1963  36     27       48
  AVERAGE         68                        46     22       60

PRECIPITATION (IN)
  YESTERDAY        0.18          1.86 1923   0.11   0.07     0.09
  MONTH TO DATE    2.56                      2.17   0.39     5.48
  SINCE DEC 1      7.89                      6.66   1.23    10.28
  SINCE JAN 1      2.56                      2.17   0.39     5.48

SNOWFALL (IN)
  YESTERDAY        0.0
  MONTH TO DATE    T
  SINCE DEC 1      T
  SINCE JUL 1      T
  SNOW DEPTH       0

DEGREE DAYS
 HEATING
  YESTERDAY        0                        19    -19        5
  MONTH TO DATE  520                       399    121      235
  SINCE DEC 1   1032                       933     99      650
  SINCE JUL 1   1312                      1305      7      810

 COOLING
  YESTERDAY        3                         0      3        0
  MONTH TO DATE    3                         0      3       19
  SINCE DEC 1      7                         6      1       37
  SINCE JAN 1      3                         0      3       19
..................................................................


WIND (MPH)
  HIGHEST WIND SPEED    24   HIGHEST WIND DIRECTION     S (200)
  HIGHEST GUST SPEED    33   HIGHEST GUST DIRECTION     S (200)
  AVERAGE WIND SPEED    13.3


SKY COVER
  POSSIBLE SUNSHINE  MM
  AVERAGE SKY COVER 0.9


WEATHER CONDITIONS
 THE FOLLOWING WEATHER WAS RECORDED YESTERDAY.
  THUNDERSTORM
  HEAVY RAIN
  LIGHT RAIN
  FOG


RELATIVE HUMIDITY (PERCENT)
 HIGHEST    93          1200 AM
 LOWEST     73           300 PM
 AVERAGE    83

..........................................................


THE LONGVIEW CLIMATE NORMALS FOR TODAY
                         NORMAL    RECORD    YEAR
 MAXIMUM TEMPERATURE (F)   58        80      1909
 MINIMUM TEMPERATURE (F)   36         6      1930


SUNRISE AND SUNSET
JANUARY 22 2018.......SUNRISE   718 AM CST   SUNSET   543 PM CST
JANUARY 23 2018.......SUNRISE   718 AM CST   SUNSET   544 PM CST


-  INDICATES NEGATIVE NUMBERS.
R  INDICATES RECORD WAS SET OR TIED.
MM INDICATES DATA IS MISSING.
T  INDICATES TRACE AMOUNT.




$$
