000
CDUS44 KSHV 040733
CLIGGG


CLIMATE REPORT
NATIONAL WEATHER SERVICE SHREVEPORT, LA
232 AM CDT WED MAY 4 2016


...................................

...THE LONGVIEW CLIMATE SUMMARY FOR MAY 3 2016...

CLIMATE NORMAL PERIOD 1981 TO 2010
CLIMATE RECORD PERIOD 1902 TO 2016


WEATHER ITEM   OBSERVED TIME   RECORD YEAR NORMAL DEPARTURE LAST
                VALUE   (LST)  VALUE       VALUE  FROM      YEAR
                                                  NORMAL
..................................................................
TEMPERATURE (F)
 YESTERDAY
  MAXIMUM         72    417 PM  94    1943  81     -9       82
  MINIMUM         48    441 AM  39    1921  59    -11       60
  AVERAGE         60                        70    -10       71

PRECIPITATION (IN)
  YESTERDAY        0.00          7.00 1991   0.16  -0.16     0.00
  MONTH TO DATE    0.49                      0.50  -0.01     0.00
  SINCE DEC 1     30.84                     19.92  10.92    25.54
  SINCE JAN 1     24.78                     15.43   9.35    23.24

SNOWFALL (IN)
  YESTERDAY        0.0
  MONTH TO DATE    0.0
  SINCE MAR 1      0.0
  SINCE JUL 1      0.0
  SNOW DEPTH       0

DEGREE DAYS
 HEATING
  YESTERDAY        5                         1      4        0
  MONTH TO DATE    9                         3      6        0
  SINCE MAR 1    199                       348   -149      309
  SINCE JUL 1   1648                      2252   -604     2282

 COOLING
  YESTERDAY        0                         5     -5        6
  MONTH TO DATE    7                        15     -8       16
  SINCE MAR 1    144                       126     18      179
  SINCE JAN 1    150                       138     12      179
..................................................................


WIND (MPH)
  HIGHEST WIND SPEED    15   HIGHEST WIND DIRECTION     N (340)
  HIGHEST GUST SPEED    22   HIGHEST GUST DIRECTION     N (350)
  AVERAGE WIND SPEED     5.9


SKY COVER
  POSSIBLE SUNSHINE  MM
  AVERAGE SKY COVER 0.1


WEATHER CONDITIONS
 THE FOLLOWING WEATHER WAS RECORDED YESTERDAY.
  NO SIGNIFICANT WEATHER WAS OBSERVED.


RELATIVE HUMIDITY (PERCENT)
 HIGHEST    93           500 AM
 LOWEST     44           300 PM
 AVERAGE    69

..........................................................


THE LONGVIEW CLIMATE NORMALS FOR TODAY
                         NORMAL    RECORD    YEAR
 MAXIMUM TEMPERATURE (F)   81        97      1943
 MINIMUM TEMPERATURE (F)   59        38      2013


SUNRISE AND SUNSET
MAY  4 2016...........SUNRISE   629 AM CDT   SUNSET   803 PM CDT
MAY  5 2016...........SUNRISE   628 AM CDT   SUNSET   803 PM CDT


-  INDICATES NEGATIVE NUMBERS.
R  INDICATES RECORD WAS SET OR TIED.
MM INDICATES DATA IS MISSING.
T  INDICATES TRACE AMOUNT.




$$
