000
CDUS44 KSHV 262132
CLIGGG


CLIMATE REPORT
NATIONAL WEATHER SERVICE SHREVEPORT, LA
431 PM CDT MON JUN 26 2017


...................................

...THE LONGVIEW CLIMATE SUMMARY FOR JUNE 26 2017...
VALID TODAY AS OF 0400 PM LOCAL TIME.

CLIMATE NORMAL PERIOD 1981 TO 2010
CLIMATE RECORD PERIOD 1902 TO 2017


WEATHER ITEM   OBSERVED TIME   RECORD YEAR NORMAL DEPARTURE LAST
                VALUE   (LST)  VALUE       VALUE  FROM      YEAR
                                                  NORMAL
..................................................................
TEMPERATURE (F)
 TODAY
  MAXIMUM         87    259 PM 104    1918  92     -5       93
  MINIMUM         66    315 AM  55    1974  72     -6       77
  AVERAGE         77                        82     -5       85

PRECIPITATION (IN)
  TODAY            0.00          1.82 1916   0.17  -0.17     0.00
  MONTH TO DATE    5.16                      4.38   0.78     4.69
  SINCE DEC 1     32.41                     28.60   3.81    39.07
  SINCE JAN 1     27.61                     24.11   3.50    33.01

DEGREE DAYS
 HEATING
  TODAY            0                         0      0        0
  MONTH TO DATE    0                         0      0        0
  SINCE JUN 1      0                         0      0        0
  SINCE JUL 1   1291                      2258   -967     1654

 COOLING
  TODAY           12                        17     -5       20
  MONTH TO DATE  376                       372      4      409
  SINCE JUN 1    376                       372      4      409
  SINCE JAN 1    889                       751    138      771
..................................................................


WIND (MPH)
  HIGHEST WIND SPEED     9   HIGHEST WIND DIRECTION    NE (50)
  HIGHEST GUST SPEED    12   HIGHEST GUST DIRECTION    NE (40)
  AVERAGE WIND SPEED     5.0


SKY COVER
  POSSIBLE SUNSHINE  MM
  AVERAGE SKY COVER 0.3


WEATHER CONDITIONS
 THE FOLLOWING WEATHER WAS RECORDED TODAY.
  NO SIGNIFICANT WEATHER WAS OBSERVED.


RELATIVE HUMIDITY (PERCENT)
 HIGHEST   100           200 AM
 LOWEST     53           300 PM
 AVERAGE    77

..........................................................


THE LONGVIEW CLIMATE NORMALS FOR TOMORROW
                         NORMAL    RECORD    YEAR
 MAXIMUM TEMPERATURE (F)   92       105      1918
 MINIMUM TEMPERATURE (F)   72        53      1974


SUNRISE AND SUNSET
JUNE 26 2017..........SUNRISE   614 AM CDT   SUNSET   830 PM CDT
JUNE 27 2017..........SUNRISE   614 AM CDT   SUNSET   830 PM CDT


-  INDICATES NEGATIVE NUMBERS.
R  INDICATES RECORD WAS SET OR TIED.
MM INDICATES DATA IS MISSING.
T  INDICATES TRACE AMOUNT.




$$
