000
CDUS45 KGGW 160905
CLIGGW


CLIMATE REPORT
NATIONAL WEATHER SERVICE GLASGOW MT
204 AM MST MON JAN 16 2017


...................................

...THE GLASGOW MT CLIMATE SUMMARY FOR JANUARY 15 2017...

CLIMATE NORMAL PERIOD 1981 TO 2010
CLIMATE RECORD PERIOD 1893 TO 2017


WEATHER ITEM   OBSERVED TIME   RECORD YEAR NORMAL DEPARTURE LAST
                VALUE   (LST)  VALUE       VALUE  FROM      YEAR
                                                  NORMAL
..................................................................
TEMPERATURE (F)
 YESTERDAY
  MAXIMUM         15    249 PM  53    1894  23     -8       24
  MINIMUM         -9    348 AM -38    1950   4    -13        0
  AVERAGE          3                        13    -10       12

PRECIPITATION (IN)
  YESTERDAY        0.00          0.20 1895   0.01  -0.01     0.03
  MONTH TO DATE    0.43                      0.21   0.22     0.14
  SINCE OCT 1      3.96                      1.76   2.20     3.12
  SINCE JAN 1      0.43                      0.21   0.22     0.14

SNOWFALL (IN)
  YESTERDAY        0.0           2.7  1969   0.3   -0.3      0.8
  MONTH TO DATE   11.6                       4.6    7.0      2.4
  SINCE DEC 1     20.8                      12.6    8.2     15.2
  SINCE JUL 1     21.2                      19.2    2.0     16.2
  SNOW DEPTH       5

DEGREE DAYS
 HEATING
  YESTERDAY       62                        52     10       53
  MONTH TO DATE 1019                       780    239      765
  SINCE DEC 1   2656                      2289    367     2108
  SINCE JUL 1   4275                      4282     -7     3770

 COOLING
  YESTERDAY        0                         0      0        0
  MONTH TO DATE    0                         0      0        0
  SINCE DEC 1      0                         0      0        0
  SINCE JAN 1      0                         0      0        0
..................................................................


WIND (MPH)
  HIGHEST WIND SPEED    13   HIGHEST WIND DIRECTION    NW (310)
  HIGHEST GUST SPEED    14   HIGHEST GUST DIRECTION    NW (310)
  AVERAGE WIND SPEED     5.3


SKY COVER
  POSSIBLE SUNSHINE  MM
  AVERAGE SKY COVER 0.0


WEATHER CONDITIONS
 THE FOLLOWING WEATHER WAS RECORDED YESTERDAY.
  NO SIGNIFICANT WEATHER WAS OBSERVED.


RELATIVE HUMIDITY (PERCENT)
 HIGHEST    91           600 AM
 LOWEST     64           200 PM
 AVERAGE    78

..........................................................


THE GLASGOW MT CLIMATE NORMALS FOR TODAY
                         NORMAL    RECORD    YEAR
 MAXIMUM TEMPERATURE (F)   23        53      1944
 MINIMUM TEMPERATURE (F)    4       -40      1950


SUNRISE AND SUNSET
JANUARY 16 2017.......SUNRISE   751 AM MST   SUNSET   442 PM MST
JANUARY 17 2017.......SUNRISE   750 AM MST   SUNSET   444 PM MST


-  INDICATES NEGATIVE NUMBERS.
R  INDICATES RECORD WAS SET OR TIED.
MM INDICATES DATA IS MISSING.
T  INDICATES TRACE AMOUNT.




$$
