000
CDUS45 KGGW 020741
CLIGGW


CLIMATE REPORT
NATIONAL WEATHER SERVICE GLASGOW MT
140 AM MDT WED SEP 2 2015


...................................

...THE GLASGOW MT CLIMATE SUMMARY FOR SEPTEMBER 1 2015...

CLIMATE NORMAL PERIOD 1981 TO 2010
CLIMATE RECORD PERIOD 1893 TO 2015


WEATHER ITEM   OBSERVED TIME   RECORD YEAR NORMAL DEPARTURE LAST
                VALUE   (LST)  VALUE       VALUE  FROM      YEAR
                                                  NORMAL
..................................................................
TEMPERATURE (F)
 YESTERDAY
  MAXIMUM         88    432 PM 103    1983  79      9       74
  MINIMUM         51    527 AM  32    1930  51      0       46
  AVERAGE         70                        65      5       60

PRECIPITATION (IN)
  YESTERDAY        0.00          0.75 1973   0.03  -0.03      T
  MONTH TO DATE    0.00                      0.03  -0.03      T
  SINCE OCT 1     10.75                     10.75   0.00    14.40
  SINCE JAN 1      9.49                      9.20   0.29    12.95

SNOWFALL (IN)
  YESTERDAY        0.0           0.0  2002   0.0    0.0      0.0
                                      2001
                                      2000
  MONTH TO DATE    0.0                       0.0    0.0      0.0
  SINCE SEP 1      0.0                       0.0    0.0      0.0
  SINCE JUL 1      0.0                       0.0    0.0      0.0
  SNOW DEPTH       0

DEGREE DAYS
 HEATING
  YESTERDAY        0                         3     -3        5
  MONTH TO DATE    0                         3     -3        5
  SINCE SEP 1      0                         3     -3        5
  SINCE JUL 1     50                        56     -6       58

 COOLING
  YESTERDAY        5                         3      2        0
  MONTH TO DATE    5                         3      2        0
  SINCE SEP 1      5                         3      2        0
  SINCE JAN 1    569                       498     71      472
..................................................................


WIND (MPH)
  HIGHEST WIND SPEED    18   HIGHEST WIND DIRECTION     W (260)
  HIGHEST GUST SPEED    23   HIGHEST GUST DIRECTION     W (260)
  AVERAGE WIND SPEED     9.6


SKY COVER
  POSSIBLE SUNSHINE  MM
  AVERAGE SKY COVER 0.0


WEATHER CONDITIONS
 THE FOLLOWING WEATHER WAS RECORDED YESTERDAY.
  NO SIGNIFICANT WEATHER WAS OBSERVED.


RELATIVE HUMIDITY (PERCENT)
 HIGHEST    71          1200 AM
 LOWEST     14           500 PM
 AVERAGE    43

..........................................................


THE GLASGOW MT CLIMATE NORMALS FOR TODAY
                         NORMAL    RECORD    YEAR
 MAXIMUM TEMPERATURE (F)   78       102      1945
 MINIMUM TEMPERATURE (F)   51        32      1934


SUNRISE AND SUNSET
SEPTEMBER  2 2015.....SUNRISE   625 AM MDT   SUNSET   746 PM MDT
SEPTEMBER  3 2015.....SUNRISE   627 AM MDT   SUNSET   744 PM MDT


-  INDICATES NEGATIVE NUMBERS.
R  INDICATES RECORD WAS SET OR TIED.
MM INDICATES DATA IS MISSING.
T  INDICATES TRACE AMOUNT.




$$
