000
CDUS45 KGGW 300740
CLIGGW


CLIMATE REPORT
NATIONAL WEATHER SERVICE GLASGOW MT
140 AM MDT THU MAR 30 2017


...................................

...THE GLASGOW MT CLIMATE SUMMARY FOR MARCH 29 2017...

CLIMATE NORMAL PERIOD 1981 TO 2010
CLIMATE RECORD PERIOD 1893 TO 2017


WEATHER ITEM   OBSERVED TIME   RECORD YEAR NORMAL DEPARTURE LAST
                VALUE   (LST)  VALUE       VALUE  FROM      YEAR
                                                  NORMAL
..................................................................
TEMPERATURE (F)
 YESTERDAY
  MAXIMUM         61    351 PM  73    2010  50     11       60
  MINIMUM         36    507 AM -16    1899  26     10       35
  AVERAGE         49                        38     11       48

PRECIPITATION (IN)
  YESTERDAY        0.00          0.71 1938   0.01  -0.01     0.00
  MONTH TO DATE    0.38                      0.38   0.00     0.41
  SINCE OCT 1      4.93                      2.56   2.37     4.00
  SINCE JAN 1      1.40                      1.01   0.39     1.02

SNOWFALL (IN)
  YESTERDAY        0.0           3.0  2008   0.1   -0.1     MM
  MONTH TO DATE    6.2                       4.4    1.8      2.9
  SINCE MAR 1      6.2                       4.4    1.8      2.9
  SINCE JUL 1     37.7                      31.4    6.3     24.4
  SNOW DEPTH       0

DEGREE DAYS
 HEATING
  YESTERDAY       16                        27    -11       17
  MONTH TO DATE  919                       980    -61      717
  SINCE MAR 1    919                       980    -61      717
  SINCE JUL 1   7026                      7350   -324     6182

 COOLING
  YESTERDAY        0                         0      0        0
  MONTH TO DATE    0                         0      0        0
  SINCE MAR 1      0                         0      0        0
  SINCE JAN 1      0                         0      0        0
..................................................................


WIND (MPH)
  HIGHEST WIND SPEED    21   HIGHEST WIND DIRECTION     W (280)
  HIGHEST GUST SPEED    26   HIGHEST GUST DIRECTION     W (290)
  AVERAGE WIND SPEED     8.1


SKY COVER
  POSSIBLE SUNSHINE  MM
  AVERAGE SKY COVER 0.4


WEATHER CONDITIONS
 THE FOLLOWING WEATHER WAS RECORDED YESTERDAY.
  NO SIGNIFICANT WEATHER WAS OBSERVED.


RELATIVE HUMIDITY (PERCENT)
 HIGHEST    79           100 AM
 LOWEST     27           300 PM
 AVERAGE    53

..........................................................


THE GLASGOW MT CLIMATE NORMALS FOR TODAY
                         NORMAL    RECORD    YEAR
 MAXIMUM TEMPERATURE (F)   50        75      2004
                                             1966
 MINIMUM TEMPERATURE (F)   27        -7      1936


SUNRISE AND SUNSET
MARCH 30 2017.........SUNRISE   648 AM MDT   SUNSET   734 PM MDT
MARCH 31 2017.........SUNRISE   646 AM MDT   SUNSET   736 PM MDT


-  INDICATES NEGATIVE NUMBERS.
R  INDICATES RECORD WAS SET OR TIED.
MM INDICATES DATA IS MISSING.
T  INDICATES TRACE AMOUNT.




$$
