000
CDUS45 KGGW 190016
CLIGGW


CLIMATE REPORT
NATIONAL WEATHER SERVICE GLASGOW MT
515 PM MST THU DEC 18 2014


...................................

...THE GLASGOW MT CLIMATE SUMMARY FOR DECEMBER 18 2014...
VALID TODAY AS OF 0500 PM LOCAL TIME.

CLIMATE NORMAL PERIOD 1981 TO 2010
CLIMATE RECORD PERIOD 1893 TO 2014


WEATHER ITEM   OBSERVED TIME   RECORD YEAR NORMAL DEPARTURE LAST
                VALUE   (LST)  VALUE       VALUE  FROM      YEAR
                                                  NORMAL
..................................................................
TEMPERATURE (F)
 TODAY
  MAXIMUM         34        MM  59    1979  25      9       36
  MINIMUM         23    300 AM -47    1929   6     17        2
  AVERAGE         29                        15     14       19

PRECIPITATION (IN)
  TODAY            T             0.34 1990   0.02  -0.02     0.02
  MONTH TO DATE    0.03                      0.21  -0.18     0.42
  SINCE OCT 1      1.18                      1.36  -0.18     1.01
  SINCE JAN 1     14.92                     11.47   3.45    15.43

SNOWFALL (IN)
  TODAY            T             4.8  1990   0.3   -0.3      0.2
  MONTH TO DATE    0.1                       4.0   -3.9      8.5
  SINCE DEC 1      0.1                       4.0   -3.9      8.5
  SINCE JUL 1     11.5                      10.6    0.9     12.2
  SNOW DEPTH       0   (12Z/5AM MST)

DEGREE DAYS
 HEATING
  TODAY           36                        50    -14       46
  MONTH TO DATE  750                       848    -98     1050
  SINCE DEC 1    750                       848    -98     1050
  SINCE JUL 1   2835                      2841     -6     2961

 COOLING
  TODAY            0                         0      0        0
  MONTH TO DATE    0                         0      0        0
  SINCE DEC 1      0                         0      0        0
  SINCE JAN 1    495                       533    -38      563
..................................................................


WIND (MPH)
  HIGHEST WIND SPEED     9   HIGHEST WIND DIRECTION     E (100)
  HIGHEST GUST SPEED    MM   HIGHEST GUST DIRECTION    MM
  AVERAGE WIND SPEED     3.7


SKY COVER
  POSSIBLE SUNSHINE  MM
  AVERAGE SKY COVER 0.6


WEATHER CONDITIONS
 THE FOLLOWING WEATHER WAS RECORDED TODAY.
  LIGHT SNOW
  FOG
  HAZE


RELATIVE HUMIDITY (PERCENT)
 HIGHEST    92          1000 AM
 LOWEST     69           300 PM
 AVERAGE    81

..........................................................


THE GLASGOW MT CLIMATE NORMALS FOR TOMORROW
                         NORMAL    RECORD    YEAR
 MAXIMUM TEMPERATURE (F)   25        57      1941
 MINIMUM TEMPERATURE (F)    5       -47      1924


SUNRISE AND SUNSET
DECEMBER 18 2014......SUNRISE   753 AM MST   SUNSET   414 PM MST
DECEMBER 19 2014......SUNRISE   753 AM MST   SUNSET   414 PM MST


-  INDICATES NEGATIVE NUMBERS.
R  INDICATES RECORD WAS SET OR TIED.
MM INDICATES DATA IS MISSING.
T  INDICATES TRACE AMOUNT.




$$
