000
CDUS45 KGGW 171333
CLIGGW


CLIMATE REPORT
NATIONAL WEATHER SERVICE GLASGOW MT
633 AM MST SUN DEC 17 2017


...................................

...THE GLASGOW MT CLIMATE SUMMARY FOR DECEMBER 17 2017...
VALID AS OF 0600 AM LOCAL TIME.

CLIMATE NORMAL PERIOD 1981 TO 2010
CLIMATE RECORD PERIOD 1893 TO 2017


WEATHER ITEM   OBSERVED TIME   RECORD YEAR NORMAL DEPARTURE LAST
                VALUE   (LST)  VALUE       VALUE  FROM      YEAR
                                                  NORMAL
..................................................................
TEMPERATURE (F)
 TODAY
  MINIMUM         15   1201 AM -43    1922   6      9      -29

PRECIPITATION (IN)
  TODAY            0.00          0.81 1939   0.01  -0.01     0.00
  MONTH TO DATE    0.04                      0.19  -0.15     0.32
  SINCE OCT 1      1.12                      1.34  -0.22     3.49
  SINCE JAN 1      5.96                     11.45  -5.49    20.82

SNOWFALL (IN)
  TODAY            0.0           3.8  1985   0.3   -0.3      0.0
  MONTH TO DATE    0.7                       3.7   -3.0      8.0
  SINCE DEC 1      0.7                       3.7   -3.0      8.0
  SINCE JUL 1      2.3                      10.3   -8.0      8.4
  SNOW DEPTH       0

DEGREE DAYS
 HEATING
  TODAY           48                        50     -2       84
  MONTH TO DATE  574                       798   -224     1003
  SINCE DEC 1    574                       798   -224     1003
  SINCE JUL 1   2509                      2791   -282     2622

 COOLING
  TODAY            0                         0      0        0
  MONTH TO DATE    0                         0      0        0
  SINCE DEC 1      0                         0      0        0
  SINCE JAN 1    684                       533    151      434
..................................................................





WEATHER CONDITIONS
 THE FOLLOWING WEATHER WAS RECORDED TODAY.
  NO SIGNIFICANT WEATHER WAS OBSERVED.


RELATIVE HUMIDITY (PERCENT)
 HIGHEST    92           300 AM

..........................................................


THE GLASGOW MT CLIMATE NORMALS FOR TOMORROW
                         NORMAL    RECORD    YEAR
 MAXIMUM TEMPERATURE (F)   25        59      1979
 MINIMUM TEMPERATURE (F)    6       -47      1929


SUNRISE AND SUNSET
DECEMBER 17 2017......SUNRISE   752 AM MST   SUNSET   413 PM MST
DECEMBER 18 2017......SUNRISE   753 AM MST   SUNSET   414 PM MST


-  INDICATES NEGATIVE NUMBERS.
R  INDICATES RECORD WAS SET OR TIED.
MM INDICATES DATA IS MISSING.
T  INDICATES TRACE AMOUNT.




$$
