000
CDUS45 KGGW 281231
CLIGGW


CLIMATE REPORT
NATIONAL WEATHER SERVICE GLASGOW MT
631 AM MDT WED SEP 28 2016


...................................

...THE GLASGOW MT CLIMATE SUMMARY FOR SEPTEMBER 28 2016...
VALID AS OF 0600 AM LOCAL TIME.

CLIMATE NORMAL PERIOD 1981 TO 2010
CLIMATE RECORD PERIOD 1893 TO 2016


WEATHER ITEM   OBSERVED TIME   RECORD YEAR NORMAL DEPARTURE LAST
                VALUE   (LST)  VALUE       VALUE  FROM      YEAR
                                                  NORMAL
..................................................................
TEMPERATURE (F)
 TODAY
  MINIMUM         48    530 AM  20    1928  39      9       34

PRECIPITATION (IN)
  TODAY            0.00          0.61 1905   0.03  -0.03     0.00
  MONTH TO DATE    1.67                      0.87   0.80     0.57
  SINCE OCT 1     20.31                     11.59   8.72    11.32
  SINCE JAN 1     17.33                     10.04   7.29    10.06

SNOWFALL (IN)
  TODAY            0.0           2.0  1919   0.0    0.0      0.0
  MONTH TO DATE    0.0                       0.1   -0.1      0.0
  SINCE SEP 1      0.0                       0.1   -0.1      0.0
  SINCE JUL 1      0.0                       0.1   -0.1      0.0
  SNOW DEPTH       0

DEGREE DAYS
 HEATING
  TODAY           11                        13     -2       15
  MONTH TO DATE  230                       216     14      148
  SINCE SEP 1    230                       216     14      148
  SINCE JUL 1    264                       269     -5      198

 COOLING
  TODAY            0                         0      0        0
  MONTH TO DATE   26                        37    -11       48
  SINCE SEP 1     26                        37    -11       48
  SINCE JAN 1    431                       532   -101      612
..................................................................





WEATHER CONDITIONS
 THE FOLLOWING WEATHER WAS RECORDED TODAY.
  NO SIGNIFICANT WEATHER WAS OBSERVED.


RELATIVE HUMIDITY (PERCENT)
 HIGHEST    77           400 AM

..........................................................


THE GLASGOW MT CLIMATE NORMALS FOR TOMORROW
                         NORMAL    RECORD    YEAR
 MAXIMUM TEMPERATURE (F)   65        87      1967
 MINIMUM TEMPERATURE (F)   39        20      1912


SUNRISE AND SUNSET
SEPTEMBER 28 2016.....SUNRISE   702 AM MDT   SUNSET   651 PM MDT
SEPTEMBER 29 2016.....SUNRISE   704 AM MDT   SUNSET   649 PM MDT


-  INDICATES NEGATIVE NUMBERS.
R  INDICATES RECORD WAS SET OR TIED.
MM INDICATES DATA IS MISSING.
T  INDICATES TRACE AMOUNT.




$$
