000
CDUS45 KGGW 290743
CLIGGW


CLIMATE REPORT
NATIONAL WEATHER SERVICE GLASGOW MT
142 AM MDT MON AUG 29 2016


...................................

...THE GLASGOW MT CLIMATE SUMMARY FOR AUGUST 28 2016...

CLIMATE NORMAL PERIOD 1981 TO 2010
CLIMATE RECORD PERIOD 1893 TO 2016


WEATHER ITEM   OBSERVED TIME   RECORD YEAR NORMAL DEPARTURE LAST
                VALUE   (LST)  VALUE       VALUE  FROM      YEAR
                                                  NORMAL
..................................................................
TEMPERATURE (F)
 YESTERDAY
  MAXIMUM         85    343 PM 100    2012  81      4       88
  MINIMUM         58   1159 PM  32    1911  53      5       56
  AVERAGE         72                        67      5       72

PRECIPITATION (IN)
  YESTERDAY        0.00          1.45 1997   0.04  -0.04     0.00
  MONTH TO DATE    0.52                      1.14  -0.62     0.65
  SINCE OCT 1     18.64                     10.62   8.02    10.56
  SINCE JAN 1     15.66                      9.07   6.59     9.30

SNOWFALL (IN)
  YESTERDAY        0.0           T    1997   0.0    0.0      0.0
  MONTH TO DATE    0.0                       0.0    0.0      0.0
  SINCE JUN 1      0.0                       0.0    0.0      0.0
  SINCE JUL 1      0.0                       0.0    0.0      0.0
  SNOW DEPTH       0

DEGREE DAYS
 HEATING
  YESTERDAY        0                         2     -2        0
  MONTH TO DATE   26                        25      1       43
  SINCE JUN 1     66                       148    -82       94
  SINCE JUL 1     34                        43     -9       48

 COOLING
  YESTERDAY        7                         4      3        7
  MONTH TO DATE  133                       185    -52      196
  SINCE JUN 1    368                       467    -99      544
  SINCE JAN 1    379                       484   -105      544
..................................................................


WIND (MPH)
  HIGHEST WIND SPEED    23   HIGHEST WIND DIRECTION    NW (320)
  HIGHEST GUST SPEED    28   HIGHEST GUST DIRECTION    NW (310)
  AVERAGE WIND SPEED     9.1


SKY COVER
  POSSIBLE SUNSHINE  MM
  AVERAGE SKY COVER 0.1


WEATHER CONDITIONS
 THE FOLLOWING WEATHER WAS RECORDED YESTERDAY.
  NO SIGNIFICANT WEATHER WAS OBSERVED.


RELATIVE HUMIDITY (PERCENT)
 HIGHEST    60           600 AM
 LOWEST     25           400 PM
 AVERAGE    43

..........................................................


THE GLASGOW MT CLIMATE NORMALS FOR TODAY
                         NORMAL    RECORD    YEAR
 MAXIMUM TEMPERATURE (F)   80        99      1938
 MINIMUM TEMPERATURE (F)   52        33      1902


SUNRISE AND SUNSET
AUGUST 29 2016........SUNRISE   621 AM MDT   SUNSET   753 PM MDT
AUGUST 30 2016........SUNRISE   622 AM MDT   SUNSET   751 PM MDT


-  INDICATES NEGATIVE NUMBERS.
R  INDICATES RECORD WAS SET OR TIED.
MM INDICATES DATA IS MISSING.
T  INDICATES TRACE AMOUNT.

$$
