000
CDUS45 KGGW 230741
CLIGGW


CLIMATE REPORT
NATIONAL WEATHER SERVICE GLASGOW MT
141 AM MDT SAT MAY 23 2015


...................................

...THE GLASGOW MT CLIMATE SUMMARY FOR MAY 22 2015...

CLIMATE NORMAL PERIOD 1981 TO 2010
CLIMATE RECORD PERIOD 1893 TO 2015


WEATHER ITEM   OBSERVED TIME   RECORD YEAR NORMAL DEPARTURE LAST
                VALUE   (LST)  VALUE       VALUE  FROM      YEAR
                                                  NORMAL
..................................................................
TEMPERATURE (F)
 YESTERDAY
  MAXIMUM         75    243 PM  99    1980  69      6       80
  MINIMUM         44    453 AM  28    1903  45     -1       49
  AVERAGE         60                        57      3       65

PRECIPITATION (IN)
  YESTERDAY        0.00          1.77 1948   0.07  -0.07     0.00
  MONTH TO DATE    0.73                      1.22  -0.49     1.25
  SINCE OCT 1      4.99                      4.67   0.32     4.69
  SINCE JAN 1      3.73                      3.12   0.61     3.24

SNOWFALL (IN)
  YESTERDAY        0.0           1.3  2002   0.1   -0.1      0.0
  MONTH TO DATE    0.0                       1.1   -1.1       T
  SINCE MAR 1      8.1                       7.7    0.4      6.6
  SINCE JUL 1     43.2                      34.7    8.5     30.4
  SNOW DEPTH       0

DEGREE DAYS
 HEATING
  YESTERDAY        5                         9     -4        0
  MONTH TO DATE  302                       258     44      329
  SINCE MAR 1   1643                      1895   -252     2150
  SINCE JUL 1   7727                      8265   -538     8798

 COOLING
  YESTERDAY        0                         1     -1        0
  MONTH TO DATE    0                         2     -2        0
  SINCE MAR 1      0                         3     -3        0
  SINCE JAN 1      0                         3     -3        0
..................................................................


WIND (MPH)
  HIGHEST WIND SPEED    28   HIGHEST WIND DIRECTION     E (110)
  HIGHEST GUST SPEED    38   HIGHEST GUST DIRECTION    SE (150)
  AVERAGE WIND SPEED    14.6


SKY COVER
  POSSIBLE SUNSHINE  MM
  AVERAGE SKY COVER 0.4


WEATHER CONDITIONS
 THE FOLLOWING WEATHER WAS RECORDED YESTERDAY.
  NO SIGNIFICANT WEATHER WAS OBSERVED.


RELATIVE HUMIDITY (PERCENT)
 HIGHEST    65           500 AM
 LOWEST     27          1100 AM
 AVERAGE    46

..........................................................


THE GLASGOW MT CLIMATE NORMALS FOR TODAY
                         NORMAL    RECORD    YEAR
 MAXIMUM TEMPERATURE (F)   70        98      1980
                                             1951
 MINIMUM TEMPERATURE (F)   45        27      1903


SUNRISE AND SUNSET
MAY 23 2015...........SUNRISE   518 AM MDT   SUNSET   849 PM MDT
MAY 24 2015...........SUNRISE   517 AM MDT   SUNSET   850 PM MDT


-  INDICATES NEGATIVE NUMBERS.
R  INDICATES RECORD WAS SET OR TIED.
MM INDICATES DATA IS MISSING.
T  INDICATES TRACE AMOUNT.




$$
