171
CDUS45 KGGW 110035
CLIGGW


CLIMATE REPORT
NATIONAL WEATHER SERVICE GLASGOW MT
535 PM MST SAT DEC 10 2016


...................................

...THE GLASGOW MT CLIMATE SUMMARY FOR DECEMBER 10 2016...
VALID TODAY AS OF 0500 PM LOCAL TIME.

CLIMATE NORMAL PERIOD 1981 TO 2010
CLIMATE RECORD PERIOD 1893 TO 2016


WEATHER ITEM   OBSERVED TIME   RECORD YEAR NORMAL DEPARTURE LAST
                VALUE   (LST)  VALUE       VALUE  FROM      YEAR
                                                  NORMAL
..................................................................
TEMPERATURE (F)
 TODAY
  MAXIMUM         MM        MM  57    1987  27     MM       48
  MINIMUM         MM        MM -37    1927   8     MM       28
  AVERAGE         MM                        18     MM       38

PRECIPITATION (IN)
  TODAY            0.13          0.60 1904   0.01   0.12      T
  MONTH TO DATE    0.22                      0.11   0.11      T
  SINCE OCT 1      3.39                      1.26   2.13     2.27
  SINCE JAN 1     20.72                     11.37   9.35    12.33

SNOWFALL (IN)
  TODAY           MM             6.5  2010   0.2   MM         T
  MONTH TO DATE    1.7                       2.1   -0.4       T
  SINCE DEC 1      1.7                       2.1   -0.4       T
  SINCE JUL 1      2.1                       8.7   -6.6      1.0
  SNOW DEPTH       0

DEGREE DAYS
 HEATING
  TODAY           MM                        47     MM       27
  MONTH TO DATE  451                       457     -6      295
  SINCE DEC 1    451                       457     -6      295
  SINCE JUL 1   2070                      2450   -380     1957

 COOLING
  TODAY           MM                         0     MM        0
  MONTH TO DATE    0                         0      0        0
  SINCE DEC 1      0                         0      0        0
  SINCE JAN 1    434                       533    -99      619
..................................................................


WIND (MPH)
  HIGHEST WIND SPEED    18   HIGHEST WIND DIRECTION     E (110)
  HIGHEST GUST SPEED    28   HIGHEST GUST DIRECTION     E (110)
  AVERAGE WIND SPEED    15.6


SKY COVER
  POSSIBLE SUNSHINE  MM
  AVERAGE SKY COVER 0.8


WEATHER CONDITIONS
 THE FOLLOWING WEATHER WAS RECORDED TODAY.
  HEAVY SNOW
  SNOW
  LIGHT SNOW


RELATIVE HUMIDITY (PERCENT)
 HIGHEST    87           300 PM
 LOWEST     71           700 AM
 AVERAGE    79

..........................................................


THE GLASGOW MT CLIMATE NORMALS FOR TOMORROW
                         NORMAL    RECORD    YEAR
 MAXIMUM TEMPERATURE (F)   27        62      2004
 MINIMUM TEMPERATURE (F)    8       -33      1927


SUNRISE AND SUNSET
DECEMBER 10 2016......SUNRISE   747 AM MST   SUNSET   412 PM MST
DECEMBER 11 2016......SUNRISE   748 AM MST   SUNSET   412 PM MST


-  INDICATES NEGATIVE NUMBERS.
R  INDICATES RECORD WAS SET OR TIED.
MM INDICATES DATA IS MISSING.
T  INDICATES TRACE AMOUNT.




$$
