000
CDUS45 KGGW 290751
CLIGGW


CLIMATE REPORT
NATIONAL WEATHER SERVICE GLASGOW MT
150 AM MDT SAT JUL 29 2017


...................................

...THE GLASGOW MT CLIMATE SUMMARY FOR JULY 28 2017...

CLIMATE NORMAL PERIOD 1981 TO 2010
CLIMATE RECORD PERIOD 1893 TO 2017


WEATHER ITEM   OBSERVED TIME   RECORD YEAR NORMAL DEPARTURE LAST
                VALUE   (LST)  VALUE       VALUE  FROM      YEAR
                                                  NORMAL
..................................................................
TEMPERATURE (F)
 YESTERDAY
  MAXIMUM         98    432 PM 109    1917  87     11       80
  MINIMUM         60    457 AM  39    1894  59      1       56
  AVERAGE         79                        73      6       68

PRECIPITATION (IN)
  YESTERDAY        0.00          1.15 2010   0.04  -0.04     0.00
  MONTH TO DATE    0.69                      1.64  -0.95     3.31
  SINCE OCT 1      6.97                      9.34  -2.37    18.01
  SINCE JAN 1      3.44                      7.79  -4.35    15.03

SNOWFALL (IN)
  YESTERDAY        0.0           T    2010   0.0    0.0      0.0
  MONTH TO DATE    0.0                       0.0    0.0      0.0
  SINCE JUN 1      0.0                       0.0    0.0      0.0
  SINCE JUL 1      0.0                       0.0    0.0      0.0
  SNOW DEPTH       0

DEGREE DAYS
 HEATING
  YESTERDAY        0                         0      0        0
  MONTH TO DATE    0                        15    -15        8
  SINCE JUN 1     47                       120    -73       40
  SINCE JUL 1      0                        15    -15        8

 COOLING
  YESTERDAY       14                         8      6        3
  MONTH TO DATE  340                       183    157      140
  SINCE JUN 1    420                       258    162      209
  SINCE JAN 1    435                       275    160      220
..................................................................


WIND (MPH)
  HIGHEST WIND SPEED    16   HIGHEST WIND DIRECTION    NE (50)
  HIGHEST GUST SPEED    20   HIGHEST GUST DIRECTION     W (280)
  AVERAGE WIND SPEED     9.9


SKY COVER
  POSSIBLE SUNSHINE  MM
  AVERAGE SKY COVER 0.0


WEATHER CONDITIONS
 THE FOLLOWING WEATHER WAS RECORDED YESTERDAY.
  NO SIGNIFICANT WEATHER WAS OBSERVED.


RELATIVE HUMIDITY (PERCENT)
 HIGHEST    78           400 AM
 LOWEST     17           400 PM
 AVERAGE    48

..........................................................


THE GLASGOW MT CLIMATE NORMALS FOR TODAY
                         NORMAL    RECORD    YEAR
 MAXIMUM TEMPERATURE (F)   87       103      1975
 MINIMUM TEMPERATURE (F)   59        45      1971
                                             1903
                                             1898


SUNRISE AND SUNSET
JULY 29 2017..........SUNRISE   539 AM MDT   SUNSET   846 PM MDT
JULY 30 2017..........SUNRISE   540 AM MDT   SUNSET   845 PM MDT


-  INDICATES NEGATIVE NUMBERS.
R  INDICATES RECORD WAS SET OR TIED.
MM INDICATES DATA IS MISSING.
T  INDICATES TRACE AMOUNT.

$$
