000
CDUS45 KGJT 010804
CLIGJT


CLIMATE REPORT
NATIONAL WEATHER SERVICE GRAND JUNCTION CO
1230 AM MST SUN MAR 1 2015


...................................

...THE GRAND JUNCTION CO CLIMATE SUMMARY FOR FEBRUARY 28 2015...

CLIMATE NORMAL PERIOD 1981 TO 2010
CLIMATE RECORD PERIOD 1893 TO 2015


WEATHER ITEM   OBSERVED TIME   RECORD YEAR NORMAL DEPARTURE LAST
                VALUE   (LST)  VALUE       VALUE  FROM      YEAR
                                                  NORMAL
..................................................................
TEMPERATURE (F)
 YESTERDAY
  MAXIMUM         44    225 PM  66    1921  51     -7       52
  MINIMUM         22    449 AM   5    1893  28     -6       31
  AVERAGE         33                        40     -7       42

PRECIPITATION (IN)
  YESTERDAY        T             0.42 1907   0.02  -0.02      T
  MONTH TO DATE    0.13                      0.54  -0.41     0.71
  SINCE DEC 1      1.92                      1.71   0.21     2.34
  SINCE JAN 1      0.86                      1.12  -0.26     1.38

SNOWFALL (IN)
  YESTERDAY        T             5.0  1948   0.1   -0.1      0.0
  MONTH TO DATE    1.7                       3.2   -1.5      2.6
  SINCE DEC 1      8.6                      13.0   -4.4     20.9
  SINCE JUL 1      8.6                      15.5   -6.9     25.7
  SNOW DEPTH       0

DEGREE DAYS
 HEATING
  YESTERDAY       32                        25      7       23
  MONTH TO DATE  715                       853   -138      829
  SINCE DEC 1   2761                      3151   -390     3599
  SINCE JUL 1   3985                      4379   -394     4938

 COOLING
  YESTERDAY        0                         0      0        0
  MONTH TO DATE    0                         0      0        0
  SINCE DEC 1      0                         0      0        0
  SINCE JAN 1      0                         0      0        0
..................................................................


WIND (MPH)
  HIGHEST WIND SPEED    22   HIGHEST WIND DIRECTION    SE (150)
  HIGHEST GUST SPEED    26   HIGHEST GUST DIRECTION    SE (150)
  AVERAGE WIND SPEED     9.4


SKY COVER
  POSSIBLE SUNSHINE  MM
  AVERAGE SKY COVER 0.4


WEATHER CONDITIONS
 THE FOLLOWING WEATHER WAS RECORDED YESTERDAY.
  LIGHT RAIN
  LIGHT SNOW


RELATIVE HUMIDITY (PERCENT)
 HIGHEST    89           900 PM
 LOWEST     41           200 PM
 AVERAGE    65

..........................................................


THE GRAND JUNCTION CO CLIMATE NORMALS FOR TODAY
                         NORMAL    RECORD    YEAR
 MAXIMUM TEMPERATURE (F)   52        66      2008
                                             1901
 MINIMUM TEMPERATURE (F)   28         9      1903


SUNRISE AND SUNSET
MARCH  1 2015.........SUNRISE   647 AM MST   SUNSET   607 PM MST
MARCH  2 2015.........SUNRISE   646 AM MST   SUNSET   608 PM MST


-  INDICATES NEGATIVE NUMBERS.
R  INDICATES RECORD WAS SET OR TIED.
MM INDICATES DATA IS MISSING.
T  INDICATES TRACE AMOUNT.




$$
