000
CDUS45 KGJT 120809
CLIGJT


CLIMATE REPORT
NATIONAL WEATHER SERVICE GRAND JUNCTION CO
107 AM MST FRI FEB 12 2016


...................................

...THE GRAND JUNCTION CO CLIMATE SUMMARY FOR FEBRUARY 11 2016...

CLIMATE NORMAL PERIOD 1981 TO 2010
CLIMATE RECORD PERIOD 1893 TO 2016


WEATHER ITEM   OBSERVED TIME   RECORD YEAR NORMAL DEPARTURE LAST
                VALUE   (LST)  VALUE       VALUE  FROM      YEAR
                                                  NORMAL
..................................................................
TEMPERATURE (F)
 YESTERDAY
  MAXIMUM         41    405 PM  67    1962  44     -3       58
  MINIMUM         19    738 AM -11    1929  23     -4       28
  AVERAGE         30                        33     -3       43

PRECIPITATION (IN)
  YESTERDAY        0.00          0.42 1905   0.01  -0.01     0.00
  MONTH TO DATE    0.42                      0.19   0.23     0.00
  SINCE DEC 1      2.03                      1.36   0.67     1.79
  SINCE JAN 1      1.34                      0.77   0.57     0.73

SNOWFALL (IN)
  YESTERDAY        0.0           7.4  1905   0.1   -0.1      0.0
  MONTH TO DATE    4.7                       1.4    3.3      0.0
  SINCE DEC 1     24.0                      11.2   12.8      6.9
  SINCE JUL 1     27.4                      13.7   13.7      6.9
  SNOW DEPTH       2

DEGREE DAYS
 HEATING
  YESTERDAY       35                        32      3       22
  MONTH TO DATE  491                       370    121      236
  SINCE DEC 1   2979                      2668    311     2282
  SINCE JUL 1   4028                      3896    132     3506

 COOLING
  YESTERDAY        0                         0      0        0
  MONTH TO DATE    0                         0      0        0
  SINCE DEC 1      0                         0      0        0
  SINCE JAN 1      0                         0      0        0
..................................................................


WIND (MPH)
  HIGHEST WIND SPEED    14   HIGHEST WIND DIRECTION     E (110)
  HIGHEST GUST SPEED    16   HIGHEST GUST DIRECTION    SE (150)
  AVERAGE WIND SPEED     4.2


SKY COVER
  POSSIBLE SUNSHINE  MM
  AVERAGE SKY COVER 0.0


WEATHER CONDITIONS
 THE FOLLOWING WEATHER WAS RECORDED YESTERDAY.
  NO SIGNIFICANT WEATHER WAS OBSERVED.


RELATIVE HUMIDITY (PERCENT)
 HIGHEST   100           400 AM
 LOWEST     54          1200 PM
 AVERAGE    77

..........................................................


THE GRAND JUNCTION CO CLIMATE NORMALS FOR TODAY
                         NORMAL    RECORD    YEAR
 MAXIMUM TEMPERATURE (F)   44        64      1970
 MINIMUM TEMPERATURE (F)   23       -11      1933


SUNRISE AND SUNSET
FEBRUARY 12 2016......SUNRISE   710 AM MST   SUNSET   547 PM MST
FEBRUARY 13 2016......SUNRISE   709 AM MST   SUNSET   549 PM MST


-  INDICATES NEGATIVE NUMBERS.
R  INDICATES RECORD WAS SET OR TIED.
MM INDICATES DATA IS MISSING.
T  INDICATES TRACE AMOUNT.




$$
