000
CDUS45 KGJT 270734
CLIGJT


CLIMATE REPORT
NATIONAL WEATHER SERVICE GRAND JUNCTION CO
132 AM MDT THU JUL 27 2017


...................................

...THE GRAND JUNCTION CO CLIMATE SUMMARY FOR JULY 26 2017...

CLIMATE NORMAL PERIOD 1981 TO 2010
CLIMATE RECORD PERIOD 1893 TO 2017


WEATHER ITEM   OBSERVED TIME   RECORD YEAR NORMAL DEPARTURE LAST
                VALUE   (LST)  VALUE       VALUE  FROM      YEAR
                                                  NORMAL
..................................................................
TEMPERATURE (F)
 YESTERDAY
  MAXIMUM         90    413 PM 104    1931  93     -3       98
  MINIMUM         66    531 AM  55    2005  64      2       70
  AVERAGE         78                        78      0       84

PRECIPITATION (IN)
  YESTERDAY        0.01          0.42 1907   0.02  -0.01      T
  MONTH TO DATE    0.75                      0.48   0.27     0.60
  SINCE JUN 1      0.78                      0.94  -0.16     0.73
  SINCE JAN 1      3.61                      4.77  -1.16     5.70

SNOWFALL (IN)
  YESTERDAY        0.0           0.0  2002   0.0    0.0      0.0
  MONTH TO DATE    0.0                       0.0    0.0      0.0
  SINCE JUN 1      0.0                       0.0    0.0      0.0
  SINCE JUL 1      0.0                       0.0    0.0      0.0
  SNOW DEPTH       0

DEGREE DAYS
 HEATING
  YESTERDAY        0                         0      0        0
  MONTH TO DATE    0                         0      0        0
  SINCE JUN 1      4                        22    -18        1
  SINCE JUL 1      0                         0      0        0

 COOLING
  YESTERDAY       13                        13      0       19
  MONTH TO DATE  425                       347     78      356
  SINCE JUN 1    798                       578    220      706
  SINCE JAN 1    844                       629    215      719
..................................................................


WIND (MPH)
  HIGHEST WIND SPEED    16   HIGHEST WIND DIRECTION    NW (320)
  HIGHEST GUST SPEED    21   HIGHEST GUST DIRECTION    NW (310)
  AVERAGE WIND SPEED     5.2


SKY COVER
  POSSIBLE SUNSHINE  MM
  AVERAGE SKY COVER 0.4


WEATHER CONDITIONS
 THE FOLLOWING WEATHER WAS RECORDED YESTERDAY.
  LIGHT RAIN


RELATIVE HUMIDITY (PERCENT)
 HIGHEST   100           100 AM
 LOWEST     34           500 PM
 AVERAGE    67

..........................................................


THE GRAND JUNCTION CO CLIMATE NORMALS FOR TODAY
                         NORMAL    RECORD    YEAR
 MAXIMUM TEMPERATURE (F)   93       102      1969
                                             1960
 MINIMUM TEMPERATURE (F)   64        56      2002
                                             2001
                                             1993


SUNRISE AND SUNSET
JULY 27 2017..........SUNRISE   611 AM MDT   SUNSET   830 PM MDT
JULY 28 2017..........SUNRISE   611 AM MDT   SUNSET   829 PM MDT


-  INDICATES NEGATIVE NUMBERS.
R  INDICATES RECORD WAS SET OR TIED.
MM INDICATES DATA IS MISSING.
T  INDICATES TRACE AMOUNT.




$$
