000
CDUS45 KGJT 040739
CLIGJT


CLIMATE REPORT
NATIONAL WEATHER SERVICE GRAND JUNCTION CO
130 AM MDT TUE AUG 4 2015


...................................

...THE GRAND JUNCTION CO CLIMATE SUMMARY FOR AUGUST 3 2015...

CLIMATE NORMAL PERIOD 1981 TO 2010
CLIMATE RECORD PERIOD 1893 TO 2015


WEATHER ITEM   OBSERVED TIME   RECORD YEAR NORMAL DEPARTURE LAST
                VALUE   (LST)  VALUE       VALUE  FROM      YEAR
                                                  NORMAL
..................................................................
TEMPERATURE (F)
 YESTERDAY
  MAXIMUM         87    440 PM 101    1977  92     -5       90
                                      1902
  MINIMUM         61    550 AM  53    1928  63     -2       65
  AVERAGE         74                        78     -4       78

PRECIPITATION (IN)
  YESTERDAY        0.01          0.73 1916   0.02  -0.01     0.07
  MONTH TO DATE    0.04                      0.08  -0.04     0.07
  SINCE JUN 1      2.48                      1.15   1.33     1.22
  SINCE JAN 1      7.58                      4.98   2.60     5.00

SNOWFALL (IN)
  YESTERDAY        0.0           0.0  2014   0.0    0.0      0.0
  MONTH TO DATE    0.0                       0.0    0.0      0.0
  SINCE JUN 1      T                         0.0    0.0      0.0
  SINCE JUL 1      T                         0.0    0.0      0.0
  SNOW DEPTH       0

DEGREE DAYS
 HEATING
  YESTERDAY        0                         0      0        0
  MONTH TO DATE    0                         0      0        0
  SINCE JUN 1     12                        23    -11       19
  SINCE JUL 1      0                         1     -1        0

 COOLING
  YESTERDAY        9                        13     -4       13
  MONTH TO DATE   30                        39     -9       33
  SINCE JUN 1    597                       680    -83      681
  SINCE JAN 1    605                       731   -126      740
..................................................................


WIND (MPH)
  HIGHEST WIND SPEED    29   HIGHEST WIND DIRECTION     W (270)
  HIGHEST GUST SPEED    33   HIGHEST GUST DIRECTION     W (270)
  AVERAGE WIND SPEED     6.9


SKY COVER
  POSSIBLE SUNSHINE  MM
  AVERAGE SKY COVER 0.4


WEATHER CONDITIONS
 THE FOLLOWING WEATHER WAS RECORDED YESTERDAY.
  THUNDERSTORM
  LIGHT RAIN


RELATIVE HUMIDITY (PERCENT)
 HIGHEST    84           400 AM
 LOWEST     25           500 PM
 AVERAGE    55

..........................................................


THE GRAND JUNCTION CO CLIMATE NORMALS FOR TODAY
                         NORMAL    RECORD    YEAR
 MAXIMUM TEMPERATURE (F)   92       102      1994
                                             1979
 MINIMUM TEMPERATURE (F)   63        54      1962


SUNRISE AND SUNSET
AUGUST  4 2015........SUNRISE   617 AM MDT   SUNSET   823 PM MDT
AUGUST  5 2015........SUNRISE   618 AM MDT   SUNSET   822 PM MDT


-  INDICATES NEGATIVE NUMBERS.
R  INDICATES RECORD WAS SET OR TIED.
MM INDICATES DATA IS MISSING.
T  INDICATES TRACE AMOUNT.




$$
