000
CDUS45 KGJT 310733
CLIGJT


CLIMATE REPORT
NATIONAL WEATHER SERVICE GRAND JUNCTION CO
130 AM MDT THU JUL 31 2014


...................................

...THE GRAND JUNCTION CO CLIMATE SUMMARY FOR JULY 30 2014...

CLIMATE NORMAL PERIOD 1981 TO 2010
CLIMATE RECORD PERIOD 1893 TO 2014


WEATHER ITEM   OBSERVED TIME   RECORD YEAR NORMAL DEPARTURE LAST
                VALUE   (LST)  VALUE       VALUE  FROM      YEAR
                                                  NORMAL
..................................................................
TEMPERATURE (F)
 YESTERDAY
  MAXIMUM         84    336 PM 104    1972  93     -9       89
  MINIMUM         57    538 AM  56    2009  64     -7       59
                                      1948
                                      1913
  AVERAGE         71                        78     -7       74

PRECIPITATION (IN)
  YESTERDAY        T             0.43 1968   0.02  -0.02     0.00
  MONTH TO DATE    1.02                      0.58   0.44     1.37
  SINCE JUN 1      1.15                      1.04   0.11     1.38
  SINCE JAN 1      4.93                      4.87   0.06     4.79

SNOWFALL (IN)
  YESTERDAY        0.0           0.0  2013   0.0    0.0      0.0
  MONTH TO DATE    0.0                       0.0    0.0      0.0
  SINCE JUN 1      0.0                       0.0    0.0      0.0
  SINCE JUL 1      0.0                       0.0    0.0      0.0
  SNOW DEPTH       0

DEGREE DAYS
 HEATING
  YESTERDAY        0                         0      0        0
  MONTH TO DATE    0                         0      0        0
  SINCE JUN 1     19                        22     -3        5
  SINCE JUL 1      0                         0      0        0

 COOLING
  YESTERDAY        6                        13     -7        9
  MONTH TO DATE  442                       399     43      438
  SINCE JUN 1    640                       630     10      752
  SINCE JAN 1    699                       681     18      807
..................................................................


WIND (MPH)
  HIGHEST WIND SPEED    21   HIGHEST WIND DIRECTION    NW (310)
  HIGHEST GUST SPEED    25   HIGHEST GUST DIRECTION    NW (310)
  AVERAGE WIND SPEED     5.3


SKY COVER
  POSSIBLE SUNSHINE  MM
  AVERAGE SKY COVER 0.3


WEATHER CONDITIONS
 THE FOLLOWING WEATHER WAS RECORDED YESTERDAY.
  LIGHT RAIN


RELATIVE HUMIDITY (PERCENT)
 HIGHEST   100           600 AM
 LOWEST     39           400 PM
 AVERAGE    70

..........................................................


THE GRAND JUNCTION CO CLIMATE NORMALS FOR TODAY
                         NORMAL    RECORD    YEAR
 MAXIMUM TEMPERATURE (F)   92       102      2002
                                             1900
 MINIMUM TEMPERATURE (F)   64        58      1909
                                             1896


SUNRISE AND SUNSET
JULY 31 2014..........SUNRISE   614 AM MDT   SUNSET   827 PM MDT
AUGUST  1 2014........SUNRISE   615 AM MDT   SUNSET   826 PM MDT


-  INDICATES NEGATIVE NUMBERS.
R  INDICATES RECORD WAS SET OR TIED.
MM INDICATES DATA IS MISSING.
T  INDICATES TRACE AMOUNT.




$$
