000
CDUS43 KGLD 260741
CLIGLD

CLIMATE REPORT
NATIONAL WEATHER SERVICE GOODLAND
1238 AM MST MON JAN 26 2015

...................................

...THE GOODLAND KS CLIMATE SUMMARY FOR JANUARY 25 2015...

CLIMATE NORMAL PERIOD 1981 TO 2010
CLIMATE RECORD PERIOD 1895 TO 2015

WEATHER ITEM   OBSERVED TIME   RECORD YEAR NORMAL DEPARTURE LAST
                VALUE   (LST)  VALUE       VALUE  FROM      YEAR
                                                  NORMAL
..................................................................
TEMPERATURE (F)
 YESTERDAY
  MAXIMUM         56    306 PM  70    1935  42     14       58
  MINIMUM         33    646 PM -11    1957  17     16       32
  AVERAGE         45                        30     15       45

PRECIPITATION (IN)
  YESTERDAY        0.00          0.22 1980   0.02  -0.02     0.00
  MONTH TO DATE    0.21                      0.30  -0.09     0.20
  SINCE DEC 1      1.67                      0.76   0.91     0.25
  SINCE JAN 1      0.21                      0.30  -0.09     0.20

SNOWFALL (IN)
  YESTERDAY        0.0                       0.2   -0.2      0.0
  MONTH TO DATE    2.0                       4.6   -2.6      4.5
  SINCE DEC 1     11.7                      10.1    1.6      7.0
  SINCE JUL 1     11.9                      17.3   -5.4     11.3
  SNOW DEPTH       0

DEGREE DAYS
 HEATING
  YESTERDAY       20                        35    -15       20
  MONTH TO DATE  890                       877     13      836
  SINCE DEC 1   1949                      1965    -16     1929
  SINCE JUL 1   3204                      3284    -80     3202

 COOLING
  YESTERDAY        0                         0      0        0
  MONTH TO DATE    0                         0      0        0
  SINCE DEC 1      0                         0      0        0
  SINCE JAN 1      0                         0      0        0
..................................................................

WIND (MPH)
  HIGHEST WIND SPEED    32   HIGHEST WIND DIRECTION    NW (330)
  HIGHEST GUST SPEED    41   HIGHEST GUST DIRECTION    NW (330)
  AVERAGE WIND SPEED    17.0


SKY COVER
  AVERAGE SKY COVER 0.1


WEATHER CONDITIONS
 THE FOLLOWING WEATHER WAS RECORDED YESTERDAY.
  NO SIGNIFICANT WEATHER WAS OBSERVED.


RELATIVE HUMIDITY (PERCENT)
 HIGHEST    82
 LOWEST     28
 AVERAGE    55

..........................................................


THE GOODLAND KS CLIMATE NORMALS FOR TODAY
                         NORMAL    RECORD    YEAR
 MAXIMUM TEMPERATURE (F)   42        79      1951
 MINIMUM TEMPERATURE (F)   17       -14      1963


SUNRISE AND SUNSET
JANUARY 26 2015.......SUNRISE   659 AM MST   SUNSET   500 PM MST
JANUARY 27 2015.......SUNRISE   658 AM MST   SUNSET   501 PM MST


-  INDICATES NEGATIVE NUMBERS.
R  INDICATES RECORD WAS SET OR TIED.
MM INDICATES DATA IS MISSING.
T  INDICATES TRACE AMOUNT.

&&

THE AVERAGE SOIL TEMPERATURE AT THE FOUR INCH DEPTH... 31
THE CURRENT DEPTH OF FROST... 2 INCHES

$$
