000
CDUS43 KGLD 240747
CLIGLD

CLIMATE REPORT
NATIONAL WEATHER SERVICE GOODLAND
144 AM MDT THU AUG 24 2017

...................................

...THE GOODLAND KS CLIMATE SUMMARY FOR AUGUST 23 2017...

CLIMATE NORMAL PERIOD 1981 TO 2010
CLIMATE RECORD PERIOD 1895 TO 2017

WEATHER ITEM   OBSERVED TIME   RECORD YEAR NORMAL DEPARTURE LAST
                VALUE   (LST)  VALUE       VALUE  FROM      YEAR
                                                  NORMAL
..................................................................
TEMPERATURE (F)
 YESTERDAY
  MAXIMUM         84    406 PM 107    1943  87     -3       95
  MINIMUM         53    430 AM  38    1964  59     -6       60
  AVERAGE         69                        73     -4       78

PRECIPITATION (IN)
  YESTERDAY        0.00          1.25 1965   0.07  -0.07     0.00
  MONTH TO DATE    1.69                      2.16  -0.47     1.30
  SINCE JUN 1      9.51                      8.88   0.63     5.67
  SINCE JAN 1     21.90                     15.36   6.54    13.03

SNOWFALL (IN)
  YESTERDAY        0.0                       0.0    0.0      0.0
  MONTH TO DATE    T                         0.0    0.0      0.0
  SINCE JUN 1      T                         0.0    0.0      0.0
  SINCE JUL 1      T                         0.0    0.0      0.0
  SNOW DEPTH       0

DEGREE DAYS
 HEATING
  YESTERDAY        0                         0      0        0
  MONTH TO DATE    0                         0      0        2
  SINCE JUN 1     13                        41    -28        4
  SINCE JUL 1      0                         4     -4        2

 COOLING
  YESTERDAY        4                         8     -4       13
  MONTH TO DATE  135                       219    -84      216
  SINCE JUN 1    726                       732     -6      907
  SINCE JAN 1    764                       773     -9      931
..................................................................

WIND (MPH)
  HIGHEST WIND SPEED    23   HIGHEST WIND DIRECTION     S (180)
  HIGHEST GUST SPEED    30   HIGHEST GUST DIRECTION     S (170)
  AVERAGE WIND SPEED    14.5


SKY COVER
  AVERAGE SKY COVER 0.0


WEATHER CONDITIONS
 THE FOLLOWING WEATHER WAS RECORDED YESTERDAY.
  NO SIGNIFICANT WEATHER WAS OBSERVED.


RELATIVE HUMIDITY (PERCENT)
 HIGHEST    93
 LOWEST     44
 AVERAGE    69

..........................................................


THE GOODLAND KS CLIMATE NORMALS FOR TODAY
                         NORMAL    RECORD    YEAR
 MAXIMUM TEMPERATURE (F)   87       105      1936
 MINIMUM TEMPERATURE (F)   59        43      1928


SUNRISE AND SUNSET
AUGUST 24 2017........SUNRISE   608 AM MDT   SUNSET   729 PM MDT
AUGUST 25 2017........SUNRISE   609 AM MDT   SUNSET   728 PM MDT


-  INDICATES NEGATIVE NUMBERS.
R  INDICATES RECORD WAS SET OR TIED.
MM INDICATES DATA IS MISSING.
T  INDICATES TRACE AMOUNT.

&&

THE AVERAGE SOIL TEMPERATURE AT THE FOUR INCH DEPTH... 74

$$
