000
CDUS44 KJAN 110649
CLIGLH


CLIMATE REPORT
NATIONAL WEATHER SERVICE JACKSON MS
1245 AM CST SUN DEC 11 2016


...................................

...THE GREENVILLE CLIMATE SUMMARY FOR DECEMBER 10 2016...

CLIMATE NORMAL PERIOD 1981 TO 2010
CLIMATE RECORD PERIOD 1920 TO 2016


WEATHER ITEM   OBSERVED TIME   RECORD YEAR NORMAL DEPARTURE LAST
                VALUE   (LST)  VALUE       VALUE  FROM      YEAR
                                                  NORMAL
..................................................................
TEMPERATURE (F)
 YESTERDAY
  MAXIMUM         47    311 PM  79    1929  55     -8       67
  MINIMUM         25    708 AM  16    1995  36    -11       44
  AVERAGE         36                        46    -10       56

PRECIPITATION (IN)
  YESTERDAY        0.00          3.90 1932   0.22  -0.22     0.00
  MONTH TO DATE    1.50                      2.05  -0.55     0.02
  SINCE DEC 1      1.50                      2.05  -0.55     0.02
  SINCE JAN 1     48.76                     49.07  -0.31    40.35

SNOWFALL (IN)
  YESTERDAY        0.0

DEGREE DAYS
 HEATING
  YESTERDAY       29                        19     10        9
  MONTH TO DATE  213                       182     31      146
  SINCE DEC 1    213                       182     31      146
  SINCE JUL 1    482                       644   -162      396

 COOLING
  YESTERDAY        0                         0      0        0
  MONTH TO DATE    0                         0      0        0
  SINCE DEC 1      0                         0      0        0
  SINCE JAN 1   2672                      2186    486     2504
..................................................................


WIND (MPH)
  HIGHEST WIND SPEED    13   HIGHEST WIND DIRECTION    SE (150)
  HIGHEST GUST SPEED    18   HIGHEST GUST DIRECTION    SE (150)
  AVERAGE WIND SPEED     4.8


SKY COVER
  POSSIBLE SUNSHINE  MM
  AVERAGE SKY COVER 0.0


WEATHER CONDITIONS
 THE FOLLOWING WEATHER WAS RECORDED YESTERDAY.
  NO SIGNIFICANT WEATHER WAS OBSERVED.


RELATIVE HUMIDITY (PERCENT)
 HIGHEST    85           800 AM
 LOWEST     37           200 PM
 AVERAGE    61

..........................................................


THE GREENVILLE CLIMATE NORMALS FOR TODAY
                         NORMAL    RECORD    YEAR
 MAXIMUM TEMPERATURE (F)   55        80      1949
 MINIMUM TEMPERATURE (F)   36        16      1937


SUNRISE AND SUNSET
DECEMBER 11 2016......SUNRISE   658 AM CST   SUNSET   457 PM CST
DECEMBER 12 2016......SUNRISE   659 AM CST   SUNSET   457 PM CST


-  INDICATES NEGATIVE NUMBERS.
R  INDICATES RECORD WAS SET OR TIED.
MM INDICATES DATA IS MISSING.
T  INDICATES TRACE AMOUNT.




$$
