000
CDUS44 KJAN 050633
CLIGLH


CLIMATE REPORT
NATIONAL WEATHER SERVICE JACKSON MS
130 AM CDT THU MAY 5 2016


...................................

...THE GREENVILLE CLIMATE SUMMARY FOR MAY 4 2016...

CLIMATE NORMAL PERIOD 1981 TO 2010
CLIMATE RECORD PERIOD 1920 TO 2016


WEATHER ITEM   OBSERVED TIME   RECORD YEAR NORMAL DEPARTURE LAST
                VALUE   (LST)  VALUE       VALUE  FROM      YEAR
                                                  NORMAL
..................................................................
TEMPERATURE (F)
 YESTERDAY
  MAXIMUM         78    448 PM  92    1943  79     -1       84
  MINIMUM         52    534 AM  36    2013  59     -7       61
  AVERAGE         65                        69     -4       73

PRECIPITATION (IN)
  YESTERDAY        0.00          2.90 1979   0.18  -0.18     0.00
  MONTH TO DATE    0.17                      0.71  -0.54     0.00
  SINCE MAR 1     20.46                     10.07  10.39     8.89
  SINCE JAN 1     26.97                     20.06   6.91    15.34

SNOWFALL (IN)
  YESTERDAY        0.0

DEGREE DAYS
 HEATING
  YESTERDAY        0                         1     -1        0
  MONTH TO DATE    2                         4     -2        3
  SINCE MAR 1    240                       456   -216      377
  SINCE JUL 1   1920                      2765   -845     2864

 COOLING
  YESTERDAY        0                         5     -5        8
  MONTH TO DATE   11                        19     -8       11
  SINCE MAR 1    133                       100     33      109
  SINCE JAN 1    137                       105     32      109
..................................................................


WIND (MPH)
  HIGHEST WIND SPEED    23   HIGHEST WIND DIRECTION     W (280)
  HIGHEST GUST SPEED    30   HIGHEST GUST DIRECTION     W (270)
  AVERAGE WIND SPEED     9.1


SKY COVER
  POSSIBLE SUNSHINE  MM
  AVERAGE SKY COVER 0.1


WEATHER CONDITIONS
 THE FOLLOWING WEATHER WAS RECORDED YESTERDAY.
  NO SIGNIFICANT WEATHER WAS OBSERVED.


RELATIVE HUMIDITY (PERCENT)
 HIGHEST    89           200 AM
 LOWEST     37           200 PM
 AVERAGE    63

..........................................................


THE GREENVILLE CLIMATE NORMALS FOR TODAY
                         NORMAL    RECORD    YEAR
 MAXIMUM TEMPERATURE (F)   80        93      1943
 MINIMUM TEMPERATURE (F)   59        43      1957
                                             1921


SUNRISE AND SUNSET
MAY  5 2016...........SUNRISE   611 AM CDT   SUNSET   750 PM CDT
MAY  6 2016...........SUNRISE   610 AM CDT   SUNSET   751 PM CDT


-  INDICATES NEGATIVE NUMBERS.
R  INDICATES RECORD WAS SET OR TIED.
MM INDICATES DATA IS MISSING.
T  INDICATES TRACE AMOUNT.




$$
