000
CDUS44 KJAN 302111
CLIGLH


CLIMATE REPORT
NATIONAL WEATHER SERVICE JACKSON MS
408 PM CDT THU MAR 30 2017


...................................

...THE GREENVILLE CLIMATE SUMMARY FOR MARCH 30 2017...
VALID TODAY AS OF 0400 PM LOCAL TIME.

CLIMATE NORMAL PERIOD 1981 TO 2010
CLIMATE RECORD PERIOD 1920 TO 2017


WEATHER ITEM   OBSERVED TIME   RECORD YEAR NORMAL DEPARTURE LAST
                VALUE   (LST)  VALUE       VALUE  FROM      YEAR
                                                  NORMAL
..................................................................
TEMPERATURE (F)
 TODAY
  MAXIMUM         73    218 PM  89    1946  69      4       77
  MINIMUM         63    515 AM  27    1964  47     16       60
  AVERAGE         68                        58     10       69

PRECIPITATION (IN)
  TODAY            T             1.89 1940   0.19  -0.19     1.83
  MONTH TO DATE    1.86                      4.36  -2.50    16.72
  SINCE MAR 1      1.86                      4.36  -2.50    16.72
  SINCE JAN 1      9.89                     14.35  -4.46    23.23

SNOWFALL (IN)
  TODAY            0.0

DEGREE DAYS
 HEATING
  TODAY            0                         8     -8        0
  MONTH TO DATE  231                       329    -98      186
  SINCE MAR 1    231                       329    -98      186
  SINCE JUL 1   1764                      2638   -874     1866

 COOLING
  TODAY            3                         1      2        4
  MONTH TO DATE   48                        16     32       26
  SINCE MAR 1     48                        16     32       26
  SINCE JAN 1     77                        21     56       30
..................................................................


WIND (MPH)
  HIGHEST WIND SPEED    25   HIGHEST WIND DIRECTION    SW (220)
  HIGHEST GUST SPEED    32   HIGHEST GUST DIRECTION    SW (210)
  AVERAGE WIND SPEED    16.4


SKY COVER
  POSSIBLE SUNSHINE  MM
  AVERAGE SKY COVER 0.6


WEATHER CONDITIONS
 THE FOLLOWING WEATHER WAS RECORDED TODAY.
  LIGHT RAIN


RELATIVE HUMIDITY (PERCENT)
 HIGHEST    87           600 AM
 LOWEST     53           200 PM
 AVERAGE    70

..........................................................


THE GREENVILLE CLIMATE NORMALS FOR TOMORROW
                         NORMAL    RECORD    YEAR
 MAXIMUM TEMPERATURE (F)   70        88      1963
 MINIMUM TEMPERATURE (F)   47        28      1964


SUNRISE AND SUNSET
MARCH 30 2017.........SUNRISE   654 AM CDT   SUNSET   723 PM CDT
MARCH 31 2017.........SUNRISE   653 AM CDT   SUNSET   724 PM CDT


-  INDICATES NEGATIVE NUMBERS.
R  INDICATES RECORD WAS SET OR TIED.
MM INDICATES DATA IS MISSING.
T  INDICATES TRACE AMOUNT.




$$
