000
CDUS44 KJAN 240643
CLIGLH


CLIMATE REPORT
NATIONAL WEATHER SERVICE JACKSON MS
140 AM CDT FRI OCT 24 2014


...................................

...THE GREENVILLE CLIMATE SUMMARY FOR OCTOBER 23 2014...

CLIMATE NORMAL PERIOD 1981 TO 2010
CLIMATE RECORD PERIOD 1920 TO 2014


WEATHER ITEM   OBSERVED TIME   RECORD YEAR NORMAL DEPARTURE LAST
                VALUE   (LST)  VALUE       VALUE  FROM      YEAR
                                                  NORMAL
..................................................................
TEMPERATURE (F)
 YESTERDAY
  MAXIMUM         64    135 PM  93    1939  75    -11       67
  MINIMUM         44    529 AM  33    1937  50     -6       47
  AVERAGE         54                        62     -8       57

PRECIPITATION (IN)
  YESTERDAY        0.00          1.66 2004   0.16  -0.16     0.00
  MONTH TO DATE    5.67                      3.42   2.25     5.71
  SINCE SEP 1      6.44                      6.50  -0.06    13.44
  SINCE JAN 1     46.16                     41.06   5.10    42.42

SNOWFALL (IN)
  YESTERDAY        0.0

DEGREE DAYS
 HEATING
  YESTERDAY       11                         5      6        8
  MONTH TO DATE   40                        60    -20       51
  SINCE SEP 1     40                        66    -26       51
  SINCE JUL 1     40                        66    -26       51

 COOLING
  YESTERDAY        0                         2     -2        0
  MONTH TO DATE  108                        79     29      105
  SINCE SEP 1    489                       380    109      497
  SINCE JAN 1   2156                      2159     -3     2224
..................................................................


WIND (MPH)
  HIGHEST WIND SPEED    17   HIGHEST WIND DIRECTION     N (360)
  HIGHEST GUST SPEED    19   HIGHEST GUST DIRECTION     N (360)
  AVERAGE WIND SPEED     4.2


SKY COVER
  POSSIBLE SUNSHINE  MM
  AVERAGE SKY COVER 0.0


WEATHER CONDITIONS
 THE FOLLOWING WEATHER WAS RECORDED YESTERDAY.
  FOG


RELATIVE HUMIDITY (PERCENT)
 HIGHEST    93           600 AM
 LOWEST     56          1200 PM
 AVERAGE    75

..........................................................


THE GREENVILLE CLIMATE NORMALS FOR TODAY
                         NORMAL    RECORD    YEAR
 MAXIMUM TEMPERATURE (F)   74        91      1927
 MINIMUM TEMPERATURE (F)   50        31      1981


SUNRISE AND SUNSET
OCTOBER 24 2014.......SUNRISE   716 AM CDT   SUNSET   620 PM CDT
OCTOBER 25 2014.......SUNRISE   717 AM CDT   SUNSET   619 PM CDT


-  INDICATES NEGATIVE NUMBERS.
R  INDICATES RECORD WAS SET OR TIED.
MM INDICATES DATA IS MISSING.
T  INDICATES TRACE AMOUNT.




$$
