000
CDUS44 KJAN 290938
CLIGLH


CLIMATE REPORT
NATIONAL WEATHER SERVICE JACKSON MS
436 AM CDT FRI MAY 29 2015


...................................

...THE GREENVILLE CLIMATE SUMMARY FOR MAY 28 2015...

CLIMATE NORMAL PERIOD 1981 TO 2010
CLIMATE RECORD PERIOD 1920 TO 2015


WEATHER ITEM   OBSERVED TIME   RECORD YEAR NORMAL DEPARTURE LAST
                VALUE   (LST)  VALUE       VALUE  FROM      YEAR
                                                  NORMAL
..................................................................
TEMPERATURE (F)
 YESTERDAY
  MAXIMUM         85    433 PM  96    2012  85      0       75
                                      1953
                                      1926
  MINIMUM         66    249 AM  45    1961  65      1       68
  AVERAGE         76                        75      1       72

PRECIPITATION (IN)
  YESTERDAY        T             4.80 1998   0.13  -0.13     2.19
  MONTH TO DATE    3.82                      4.58  -0.76     4.00
  SINCE MAR 1     12.71                     13.94  -1.23    18.58
  SINCE JAN 1     19.16                     23.93  -4.77    22.88

SNOWFALL (IN)
  YESTERDAY        0.0

DEGREE DAYS
 HEATING
  YESTERDAY        0                         0      0        0
  MONTH TO DATE    8                        10     -2       32
  SINCE MAR 1    382                       462    -80      600
  SINCE JUL 1   2869                      2771     98     3207

 COOLING
  YESTERDAY       11                        10      1        7
  MONTH TO DATE  250                       205     45      207
  SINCE MAR 1    348                       286     62      281
  SINCE JAN 1    348                       291     57      281
..................................................................


WIND (MPH)
  HIGHEST WIND SPEED    12   HIGHEST WIND DIRECTION     E (80)
  HIGHEST GUST SPEED    14   HIGHEST GUST DIRECTION     E (80)
  AVERAGE WIND SPEED     3.4


SKY COVER
  POSSIBLE SUNSHINE  MM
  AVERAGE SKY COVER 0.5


WEATHER CONDITIONS
 THE FOLLOWING WEATHER WAS RECORDED YESTERDAY.
  LIGHT RAIN
  FOG
  FOG W/VISIBILITY <= 1/4 MILE


RELATIVE HUMIDITY (PERCENT)
 HIGHEST   100           300 AM
 LOWEST     61           400 PM
 AVERAGE    81

..........................................................


THE GREENVILLE CLIMATE NORMALS FOR TODAY
                         NORMAL    RECORD    YEAR
 MAXIMUM TEMPERATURE (F)   85        97      1977
                                             1953
 MINIMUM TEMPERATURE (F)   65        52      1971


SUNRISE AND SUNSET
MAY 29 2015...........SUNRISE   556 AM CDT   SUNSET   807 PM CDT
MAY 30 2015...........SUNRISE   556 AM CDT   SUNSET   807 PM CDT


-  INDICATES NEGATIVE NUMBERS.
R  INDICATES RECORD WAS SET OR TIED.
MM INDICATES DATA IS MISSING.
T  INDICATES TRACE AMOUNT.




$$
