000
CDUS44 KJAN 272236
CLIGLH


CLIMATE REPORT
NATIONAL WEATHER SERVICE JACKSON MS
430 PM CST FRI FEB 27 2015


...................................

...THE GREENVILLE CLIMATE SUMMARY FOR FEBRUARY 27 2015...
VALID TODAY AS OF 0400 PM LOCAL TIME.

CLIMATE NORMAL PERIOD 1981 TO 2010
CLIMATE RECORD PERIOD 1920 TO 2015


WEATHER ITEM   OBSERVED TIME   RECORD YEAR NORMAL DEPARTURE LAST
                VALUE   (LST)  VALUE       VALUE  FROM      YEAR
                                                  NORMAL
..................................................................
TEMPERATURE (F)
 TODAY
  MAXIMUM         36    218 PM  83    1962  60    -24       49
  MINIMUM         27    857 AM  20    1934  40    -13       22
  AVERAGE         32                        50    -18       36

PRECIPITATION (IN)
  TODAY            0.00          2.47 2001   0.14  -0.14     0.00
  MONTH TO DATE    3.08                      4.88  -1.80     3.45
  SINCE DEC 1     10.56                     15.47  -4.91     8.82
  SINCE JAN 1      6.45                      9.85  -3.40     4.29

SNOWFALL (IN)
  TODAY            0.0

DEGREE DAYS
 HEATING
  TODAY           33                        15     18       29
  MONTH TO DATE  693                       506    187      589
  SINCE DEC 1   1922                      1833     89     2051
  SINCE JUL 1   2462                      2295    167     2585

 COOLING
  TODAY            0                         0      0        0
  MONTH TO DATE    0                         0      0        0
  SINCE DEC 1      0                         4     -4        9
  SINCE JAN 1      0                         1     -1        0
..................................................................


WIND (MPH)
  HIGHEST WIND SPEED    24   HIGHEST WIND DIRECTION    NE (40)
  HIGHEST GUST SPEED    28   HIGHEST GUST DIRECTION    NE (40)
  AVERAGE WIND SPEED    16.7


SKY COVER
  POSSIBLE SUNSHINE  MM
  AVERAGE SKY COVER 0.8


WEATHER CONDITIONS
 THE FOLLOWING WEATHER WAS RECORDED TODAY.
  NO SIGNIFICANT WEATHER WAS OBSERVED.


RELATIVE HUMIDITY (PERCENT)
 HIGHEST    72          1200 AM
 LOWEST     63           300 AM
 AVERAGE    68

..........................................................


THE GREENVILLE CLIMATE NORMALS FOR TOMORROW
                         NORMAL    RECORD    YEAR
 MAXIMUM TEMPERATURE (F)   61        82      1954
                                             1940
 MINIMUM TEMPERATURE (F)   40        20      1935


SUNRISE AND SUNSET
FEBRUARY 27 2015......SUNRISE   635 AM CST   SUNSET   559 PM CST
FEBRUARY 28 2015......SUNRISE   634 AM CST   SUNSET   600 PM CST


-  INDICATES NEGATIVE NUMBERS.
R  INDICATES RECORD WAS SET OR TIED.
MM INDICATES DATA IS MISSING.
T  INDICATES TRACE AMOUNT.




$$
