000
CDUS44 KJAN 170710
CLIGLH


CLIMATE REPORT
NATIONAL WEATHER SERVICE JACKSON MS
207 AM CDT WED SEP 17 2014


...................................

...THE GREENVILLE CLIMATE SUMMARY FOR SEPTEMBER 16 2014...

CLIMATE NORMAL PERIOD 1981 TO 2010
CLIMATE RECORD PERIOD 1920 TO 2014


WEATHER ITEM   OBSERVED TIME   RECORD YEAR NORMAL DEPARTURE LAST
                VALUE   (LST)  VALUE       VALUE  FROM      YEAR
                                                  NORMAL
..................................................................
TEMPERATURE (F)
 YESTERDAY
  MAXIMUM         92    327 PM 101    1980  87      5       96
  MINIMUM         69        MM  47    1961  63      6       61
  AVERAGE         81                        75      6       79

PRECIPITATION (IN)
  YESTERDAY        T             4.00 1968   0.11  -0.11     0.00
  MONTH TO DATE    0.77                      1.69  -0.92     2.56
  SINCE SEP 1      0.77                      1.69  -0.92     2.56
  SINCE JAN 1     40.49                     36.25   4.24    31.54

SNOWFALL (IN)
  YESTERDAY        0.0

DEGREE DAYS
 HEATING
  YESTERDAY        0                         0      0        0
  MONTH TO DATE    0                         0      0        0
  SINCE SEP 1      0                         0      0        0
  SINCE JUL 1      0                         0      0        0

 COOLING
  YESTERDAY       16                        10      6       14
  MONTH TO DATE  227                       196     31      248
  SINCE SEP 1    227                       196     31      248
  SINCE JAN 1   1894                      1975    -81     1975
..................................................................


WIND (MPH)
  HIGHEST WIND SPEED    13   HIGHEST WIND DIRECTION    NE (30)
  HIGHEST GUST SPEED    17   HIGHEST GUST DIRECTION    NE (30)
  AVERAGE WIND SPEED     4.5


SKY COVER
  POSSIBLE SUNSHINE  MM
  AVERAGE SKY COVER 0.1


WEATHER CONDITIONS
 THE FOLLOWING WEATHER WAS RECORDED YESTERDAY.
  LIGHT RAIN


RELATIVE HUMIDITY (PERCENT)
 HIGHEST    90           200 AM
 LOWEST     43           100 PM
 AVERAGE    67

..........................................................


THE GREENVILLE CLIMATE NORMALS FOR TODAY
                         NORMAL    RECORD    YEAR
 MAXIMUM TEMPERATURE (F)   86       100      1980
                                             1925
 MINIMUM TEMPERATURE (F)   63        49      1934


SUNRISE AND SUNSET
SEPTEMBER 17 2014.....SUNRISE   649 AM CDT   SUNSET   707 PM CDT
SEPTEMBER 18 2014.....SUNRISE   649 AM CDT   SUNSET   706 PM CDT


-  INDICATES NEGATIVE NUMBERS.
R  INDICATES RECORD WAS SET OR TIED.
MM INDICATES DATA IS MISSING.
T  INDICATES TRACE AMOUNT.




$$
