000
CDUS44 KJAN 220652
CLIGLH


CLIMATE REPORT
NATIONAL WEATHER SERVICE JACKSON MS
150 AM CDT FRI AUG 22 2014


...................................

...THE GREENVILLE CLIMATE SUMMARY FOR AUGUST 21 2014...

CLIMATE NORMAL PERIOD 1981 TO 2010
CLIMATE RECORD PERIOD 1920 TO 2014


WEATHER ITEM   OBSERVED TIME   RECORD YEAR NORMAL DEPARTURE LAST
                VALUE   (LST)  VALUE       VALUE  FROM      YEAR
                                                  NORMAL
..................................................................
TEMPERATURE (F)
 YESTERDAY
  MAXIMUM         95    328 PM 103    1980  92      3       92
  MINIMUM         72    547 AM  59    1956  71      1       72
  AVERAGE         84                        81      3       82

PRECIPITATION (IN)
  YESTERDAY        0.00          1.07 1966   0.10  -0.10      T
  MONTH TO DATE    2.71                      1.45   1.26     0.78
  SINCE JUN 1     14.40                      9.29   5.11     4.02
  SINCE JAN 1     38.53                     33.55   4.98    28.98

SNOWFALL (IN)
  YESTERDAY        0.0

DEGREE DAYS
 HEATING
  YESTERDAY        0                         0      0        0
  MONTH TO DATE    0                         0      0        0
  SINCE JUN 1      0                         0      0        0
  SINCE JUL 1      0                         0      0        0

 COOLING
  YESTERDAY       19                        16      3       17
  MONTH TO DATE  317                       355    -38      343
  SINCE JUN 1   1181                      1302   -121     1279
  SINCE JAN 1   1496                      1624   -128     1562
..................................................................


WIND (MPH)
  HIGHEST WIND SPEED    13   HIGHEST WIND DIRECTION     W (250)
  HIGHEST GUST SPEED    24   HIGHEST GUST DIRECTION     E (110)
  AVERAGE WIND SPEED     6.6


SKY COVER
  POSSIBLE SUNSHINE  MM
  AVERAGE SKY COVER 0.0


WEATHER CONDITIONS
 THE FOLLOWING WEATHER WAS RECORDED YESTERDAY.
  THUNDERSTORM


RELATIVE HUMIDITY (PERCENT)
 HIGHEST    88           700 AM
 LOWEST     49           200 PM
 AVERAGE    69

..........................................................


THE GREENVILLE CLIMATE NORMALS FOR TODAY
                         NORMAL    RECORD    YEAR
 MAXIMUM TEMPERATURE (F)   92       102      1926
 MINIMUM TEMPERATURE (F)   70        55      1956


SUNRISE AND SUNSET
AUGUST 22 2014........SUNRISE   631 AM CDT   SUNSET   742 PM CDT
AUGUST 23 2014........SUNRISE   632 AM CDT   SUNSET   741 PM CDT


-  INDICATES NEGATIVE NUMBERS.
R  INDICATES RECORD WAS SET OR TIED.
MM INDICATES DATA IS MISSING.
T  INDICATES TRACE AMOUNT.




$$
