000
CDUS44 KJAN 280721
CLIGLH


CLIMATE REPORT
NATIONAL WEATHER SERVICE JACKSON MS
219 AM CDT WED JUN 28 2017


...................................

...THE GREENVILLE CLIMATE SUMMARY FOR JUNE 27 2017...

CLIMATE NORMAL PERIOD 1981 TO 2010
CLIMATE RECORD PERIOD 1903 TO 2017


WEATHER ITEM   OBSERVED TIME   RECORD YEAR NORMAL DEPARTURE LAST
                VALUE   (LST)  VALUE       VALUE  FROM      YEAR
                                                  NORMAL
..................................................................
TEMPERATURE (F)
 YESTERDAY
  MAXIMUM         87        MM 107    1914  91     -4       96
  MINIMUM         62        MM  55    1958  71     -9       75
  AVERAGE         75                        81     -6       86

PRECIPITATION (IN)
  YESTERDAY        0.00          1.60 1905   0.17  -0.17     0.00
  MONTH TO DATE    4.39                      3.52   0.87     1.25
  SINCE JUN 1      4.39                      3.52   0.87     1.25
  SINCE JAN 1     20.77                     27.78  -7.01    29.78

SNOWFALL (IN)
  YESTERDAY        0.0

DEGREE DAYS
 HEATING
  YESTERDAY        0                         0      0        0
  MONTH TO DATE    0                         0      0        0
  SINCE JUN 1      0                         0      0        0
  SINCE JUL 1   1830                      2774   -944     1925

 COOLING
  YESTERDAY       10                        16     -6       21
  MONTH TO DATE  322                       371    -49      451
  SINCE JUN 1    322                       371    -49      451
  SINCE JAN 1    719                       693     26      793
..................................................................


WIND (MPH)
  HIGHEST WIND SPEED    10   HIGHEST WIND DIRECTION     E (100)
  HIGHEST GUST SPEED    15   HIGHEST GUST DIRECTION    SE (120)
  AVERAGE WIND SPEED     2.9


SKY COVER
  POSSIBLE SUNSHINE  MM
  AVERAGE SKY COVER 0.0


WEATHER CONDITIONS
 THE FOLLOWING WEATHER WAS RECORDED YESTERDAY.
  NO SIGNIFICANT WEATHER WAS OBSERVED.


RELATIVE HUMIDITY (PERCENT)
 HIGHEST    93           300 AM
 LOWEST     42           400 PM
 AVERAGE    68

..........................................................


THE GREENVILLE CLIMATE NORMALS FOR TODAY
                         NORMAL    RECORD    YEAR
 MAXIMUM TEMPERATURE (F)   91       101      2012
                                             1925
 MINIMUM TEMPERATURE (F)   71        57      1958


SUNRISE AND SUNSET
JUNE 28 2017..........SUNRISE   557 AM CDT   SUNSET   818 PM CDT
JUNE 29 2017..........SUNRISE   557 AM CDT   SUNSET   818 PM CDT


-  INDICATES NEGATIVE NUMBERS.
R  INDICATES RECORD WAS SET OR TIED.
MM INDICATES DATA IS MISSING.
T  INDICATES TRACE AMOUNT.




$$
