000
CDUS44 KHGX 232126
CLIGLS


CLIMATE REPORT
NATIONAL WEATHER SERVICE HOUSTON/GALVESTON TX
426 PM CDT WED APR 23 2014


...................................

...THE GALVESTON CLIMATE SUMMARY FOR APRIL 23 2014...
VALID TODAY AS OF 400 PM LOCAL TIME.

CLIMATE NORMAL PERIOD 1981 TO 2010
CLIMATE RECORD PERIOD 1875 TO 2014


WEATHER ITEM   OBSERVED TIME   RECORD YEAR NORMAL DEPARTURE LAST
                VALUE   (LST)  VALUE       VALUE  FROM      YEAR
                                                  NORMAL
..................................................................
TEMPERATURE (F)
 TODAY
  MAXIMUM         77    230 PM  86    1971  77      0       78
  MINIMUM         67    540 AM  50    1884  67      0       68
  AVERAGE         72                        72      0       73

PRECIPITATION (IN)
  TODAY            0.00          2.64 1885   0.08  -0.08     0.00
  MONTH TO DATE    0.10                      2.48  -2.38     2.66
  SINCE MAR 1      1.92                      5.64  -3.72     3.38
  SINCE JAN 1      4.97                     12.41  -7.44    12.80

SNOWFALL (IN)
  TODAY            0.0          MM      MM  MM     MM        0.0
  MONTH TO DATE    0.0                      MM     MM        0.0
  SINCE MAR 1      0.0                      MM     MM        0.0
  SINCE JUL 1      T                        MM     MM        0.0
  SNOW DEPTH       0

DEGREE DAYS
 HEATING
  TODAY            0                         0      0        0
  MONTH TO DATE   20                        16      4       33
  SINCE MAR 1    186                       119     67      133
  SINCE JUL 1   1425                      1007    418      743

 COOLING
  TODAY            7                         7      0        8
  MONTH TO DATE   84                       117    -33       87
  SINCE MAR 1    105                       170    -65      155
  SINCE JAN 1    112                       187    -75      191
..................................................................


WIND (MPH)
  RESULTANT WIND SPEED   4   RESULTANT WIND DIRECTION  SE (150)
  HIGHEST WIND SPEED    15   HIGHEST WIND DIRECTION    SE (150)
  HIGHEST GUST SPEED    19   HIGHEST GUST DIRECTION    SE (150)
  AVERAGE WIND SPEED     5.8


SKY COVER
  AVERAGE SKY COVER 0.5


WEATHER CONDITIONS
 THE FOLLOWING WEATHER WAS RECORDED TODAY.
  FOG
  FOG W/VISIBILITY <= 1/4 MILE


RELATIVE HUMIDITY (PERCENT)
 HIGHEST   100          1200 AM
 LOWEST     79          1000 AM
 AVERAGE    90

..........................................................


THE GALVESTON CLIMATE NORMALS FOR TOMORROW
                         NORMAL    RECORD    YEAR
 MAXIMUM TEMPERATURE (F)   78        87      1955
 MINIMUM TEMPERATURE (F)   67        53      1995


SUNRISE AND SUNSET
APRIL 23 2014.........SUNRISE   645 AM CDT   SUNSET   751 PM CDT
APRIL 24 2014.........SUNRISE   644 AM CDT   SUNSET   751 PM CDT


-  INDICATES NEGATIVE NUMBERS.
R  INDICATES RECORD WAS SET OR TIED.
MM INDICATES DATA IS MISSING.
T  INDICATES TRACE AMOUNT.




$$
