000
CDUS44 KHGX 290747
CLIGLS


CLIMATE REPORT
NATIONAL WEATHER SERVICE HOUSTON/GALVESTON TX
246 AM CDT SAT AUG 29 2015


...................................

...THE GALVESTON CLIMATE SUMMARY FOR AUGUST 28 2015...

CLIMATE NORMAL PERIOD 1981 TO 2010
CLIMATE RECORD PERIOD 1875 TO 2015


WEATHER ITEM   OBSERVED TIME   RECORD YEAR NORMAL DEPARTURE LAST
                VALUE   (LST)  VALUE       VALUE  FROM      YEAR
                                                  NORMAL
..................................................................
TEMPERATURE (F)
 YESTERDAY
  MAXIMUM         89   1205 PM  97    2011  90     -1       85
  MINIMUM         78    629 AM  71    1961  79     -1       74
                                      1948
                                      1887
  AVERAGE         84                        85     -1       80

PRECIPITATION (IN)
  YESTERDAY        0.00          4.81 1934   0.22  -0.22     3.00
  MONTH TO DATE    6.37                      3.76   2.61     4.28
  SINCE JUN 1      9.35                     13.25  -3.90     6.89
  SINCE JAN 1     31.53                     30.55   0.98    15.58

SNOWFALL (IN)
  YESTERDAY        0.0          MM      MM  MM     MM        0.0
  MONTH TO DATE    0.0                      MM     MM        0.0
  SINCE JUN 1      0.0                      MM     MM        0.0
  SINCE JUL 1      0.0                      MM     MM        0.0
  SNOW DEPTH       0

DEGREE DAYS
 HEATING
  YESTERDAY        0                         0      0        0
  MONTH TO DATE    0                         0      0        0
  SINCE JUN 1      0                         0      0        0
  SINCE JUL 1      0                         0      0        0

 COOLING
  YESTERDAY       19                        20     -1       15
  MONTH TO DATE  606                       560     46      590
  SINCE JUN 1   1834                      1699    135     1768
  SINCE JAN 1   2536                      2334    202     2276
..................................................................


WIND (MPH)
  RESULTANT WIND SPEED   3   RESULTANT WIND DIRECTION  SE (130)
  HIGHEST WIND SPEED    13   HIGHEST WIND DIRECTION    SE (140)
  HIGHEST GUST SPEED    16   HIGHEST GUST DIRECTION    SE (150)
  AVERAGE WIND SPEED     7.4


SKY COVER
  AVERAGE SKY COVER 0.0


WEATHER CONDITIONS
 THE FOLLOWING WEATHER WAS RECORDED YESTERDAY.
  NO SIGNIFICANT WEATHER WAS OBSERVED.


RELATIVE HUMIDITY (PERCENT)
 HIGHEST    79
 LOWEST     55
 AVERAGE    67

..........................................................


THE GALVESTON CLIMATE NORMALS FOR TODAY
                         NORMAL    RECORD    YEAR
 MAXIMUM TEMPERATURE (F)   90        98      2011
 MINIMUM TEMPERATURE (F)   79        70      1986
                                             1980
                                             1953


SUNRISE AND SUNSET
AUGUST 29 2015........SUNRISE   655 AM CDT   SUNSET   745 PM CDT
AUGUST 30 2015........SUNRISE   656 AM CDT   SUNSET   744 PM CDT


-  INDICATES NEGATIVE NUMBERS.
R  INDICATES RECORD WAS SET OR TIED.
MM INDICATES DATA IS MISSING.
T  INDICATES TRACE AMOUNT.




$$
