000
CDUS44 KHGX 190723
CLIGLS


CLIMATE REPORT
NATIONAL WEATHER SERVICE HOUSTON/GALVESTON TX
123 AM CST SUN FEB 19 2017


...................................

...THE GALVESTON CLIMATE SUMMARY FOR FEBRUARY 18 2017...

CLIMATE NORMAL PERIOD 1981 TO 2010
CLIMATE RECORD PERIOD 1875 TO 2017


WEATHER ITEM   OBSERVED TIME   RECORD YEAR NORMAL DEPARTURE LAST
                VALUE   (LST)  VALUE       VALUE  FROM      YEAR
                                                  NORMAL
..................................................................
TEMPERATURE (F)
 YESTERDAY
  MAXIMUM         75   1246 PM  78    2000  65     10       70
                                      1992
  MINIMUM         64    519 AM  24    1910  51     13       55
  AVERAGE         70                        58     12       63

PRECIPITATION (IN)
  YESTERDAY        0.00          2.85 2012   0.09  -0.09     0.00
  MONTH TO DATE    2.73                      1.60   1.13     0.03
  SINCE DEC 1     14.70                      9.32   5.38     6.59
  SINCE JAN 1      3.62                      5.80  -2.18     3.10

SNOWFALL (IN)
  YESTERDAY        0.0           0.0  2002  MM     MM        0.0
  MONTH TO DATE    0.0                      MM     MM        0.0
  SINCE DEC 1      0.0                       0.0    0.0      0.0
  SINCE JUL 1      0.0                       0.0    0.0      0.0
  SNOW DEPTH       0

DEGREE DAYS
 HEATING
  YESTERDAY        0                         7     -7        2
  MONTH TO DATE   27                       153   -126      120
  SINCE DEC 1    295                       719   -424      610
  SINCE JUL 1    307                       822   -515      663

 COOLING
  YESTERDAY        5                         0      5        0
  MONTH TO DATE   65                         0     65        3
  SINCE DEC 1    212                        24    188       54
  SINCE JAN 1    134                         5    129        4
..................................................................


WIND (MPH)
  RESULTANT WIND SPEED   9   RESULTANT WIND DIRECTION  SE (150)
  HIGHEST WIND SPEED    16   HIGHEST WIND DIRECTION    SE (130)
  HIGHEST GUST SPEED    20   HIGHEST GUST DIRECTION    SE (130)
  AVERAGE WIND SPEED    10.2


SKY COVER
  AVERAGE SKY COVER 0.7


WEATHER CONDITIONS
 THE FOLLOWING WEATHER WAS RECORDED YESTERDAY.
  FOG


RELATIVE HUMIDITY (PERCENT)
 HIGHEST   100
 LOWEST     87
 AVERAGE    94

..........................................................


THE GALVESTON CLIMATE NORMALS FOR TODAY
                         NORMAL    RECORD    YEAR
 MAXIMUM TEMPERATURE (F)   65        75      1894
 MINIMUM TEMPERATURE (F)   52        32      1978


SUNRISE AND SUNSET
FEBRUARY 19 2017......SUNRISE   655 AM CST   SUNSET   612 PM CST
FEBRUARY 20 2017......SUNRISE   654 AM CST   SUNSET   613 PM CST


-  INDICATES NEGATIVE NUMBERS.
R  INDICATES RECORD WAS SET OR TIED.
MM INDICATES DATA IS MISSING.
T  INDICATES TRACE AMOUNT.




$$
