000
CDUS44 KHGX 160717
CLIGLS


CLIMATE REPORT
NATIONAL WEATHER SERVICE HOUSTON/GALVESTON TX
217 AM CDT WED APR 16 2014


...................................

...THE GALVESTON CLIMATE SUMMARY FOR APRIL 15 2014...

CLIMATE NORMAL PERIOD 1981 TO 2010
CLIMATE RECORD PERIOD 1875 TO 2014


WEATHER ITEM   OBSERVED TIME   RECORD YEAR NORMAL DEPARTURE LAST
                VALUE   (LST)  VALUE       VALUE  FROM      YEAR
                                                  NORMAL
..................................................................
TEMPERATURE (F)
 YESTERDAY
  MAXIMUM         62    459 PM  86    2011  76    -14       75
  MINIMUM         48    647 AM  41    1928  64    -16       68
  AVERAGE         55                        70    -15       72

PRECIPITATION (IN)
  YESTERDAY        0.00          1.80 1954   0.11  -0.11     0.00
  MONTH TO DATE    0.07                      1.61  -1.54     2.42
  SINCE MAR 1      1.89                      4.77  -2.88     3.14
  SINCE JAN 1      4.94                     11.54  -6.60    12.56

SNOWFALL (IN)
  YESTERDAY        0.0          MM      MM  MM     MM        0.0
  MONTH TO DATE    0.0                      MM     MM        0.0
  SINCE MAR 1      0.0                      MM     MM        0.0
  SINCE JUL 1      T                        MM     MM        0.0
  SNOW DEPTH       0

DEGREE DAYS
 HEATING
  YESTERDAY       10                         1      9        0
  MONTH TO DATE   14                        15     -1       24
  SINCE MAR 1    180                       118     62      124
  SINCE JUL 1   1419                      1006    413      734

 COOLING
  YESTERDAY        0                         6     -6        7
  MONTH TO DATE   55                        66    -11       53
  SINCE MAR 1     76                       119    -43      121
  SINCE JAN 1     83                       136    -53      157
..................................................................


WIND (MPH)
  RESULTANT WIND SPEED  20   RESULTANT WIND DIRECTION   N (360)
  HIGHEST WIND SPEED    44   HIGHEST WIND DIRECTION     N (350)
  HIGHEST GUST SPEED    55   HIGHEST GUST DIRECTION     N (350)
  AVERAGE WIND SPEED    19.9


SKY COVER
  AVERAGE SKY COVER 0.0


WEATHER CONDITIONS
 THE FOLLOWING WEATHER WAS RECORDED YESTERDAY.
  NO SIGNIFICANT WEATHER WAS OBSERVED.


RELATIVE HUMIDITY (PERCENT)
 HIGHEST    71
 LOWEST     34
 AVERAGE    53

..........................................................


THE GALVESTON CLIMATE NORMALS FOR TODAY
                         NORMAL    RECORD    YEAR
 MAXIMUM TEMPERATURE (F)   76        85      1972
 MINIMUM TEMPERATURE (F)   65        51      1928


SUNRISE AND SUNSET
APRIL 16 2014.........SUNRISE   652 AM CDT   SUNSET   747 PM CDT
APRIL 17 2014.........SUNRISE   651 AM CDT   SUNSET   747 PM CDT


-  INDICATES NEGATIVE NUMBERS.
R  INDICATES RECORD WAS SET OR TIED.
MM INDICATES DATA IS MISSING.
T  INDICATES TRACE AMOUNT.




$$
