000
CDUS42 KJAX 220535
CLIGNV


CLIMATE REPORT
NATIONAL WEATHER SERVICE JACKSONVILLE FL
1234 AM EST SUN JAN 22 2017


...................................

...THE GAINESVILLE CLIMATE SUMMARY FOR JANUARY 21 2017...

CLIMATE NORMAL PERIOD 1981 TO 2010
CLIMATE RECORD PERIOD 1890 TO 2017


WEATHER ITEM   OBSERVED TIME   RECORD YEAR NORMAL DEPARTURE LAST
                VALUE   (LST)  VALUE       VALUE  FROM      YEAR
                                                  NORMAL
..................................................................
TEMPERATURE (F)
 YESTERDAY
  MAXIMUM         83    230 PM  84    1959  66     17       71
                                      1937
  MINIMUM         63        MM  10    1985  42     21       34
  AVERAGE         73                        54     19       53

PRECIPITATION (IN)
  YESTERDAY        0.00          2.32 1979   0.12  -0.12     0.00
  MONTH TO DATE    1.02                      2.10  -1.08     2.15
  SINCE DEC 1      3.71                      4.58  -0.87     4.12
  SINCE JAN 1      1.02                      2.10  -1.08     2.15

SNOWFALL (IN)
  YESTERDAY        0.0           0.0    MM   0.0    0.0      0.0
  MONTH TO DATE    0.0                       0.0    0.0      0.0
  SINCE DEC 1      0.0                       0.0    0.0      0.0
  SINCE JUL 1      0.0                       0.0    0.0      0.0
  SNOW DEPTH       0

DEGREE DAYS
 HEATING
  YESTERDAY        0                        11    -11       12
  MONTH TO DATE   91                       239   -148      265
  SINCE DEC 1    229                       535   -306      337
  SINCE JUL 1    335                       696   -361      376

 COOLING
  YESTERDAY        8                         0      8        0
  MONTH TO DATE   36                         0     36        2
  SINCE DEC 1    112                        22     90      148
  SINCE JAN 1     36                         0     36        2
..................................................................


WIND (MPH)
  HIGHEST WIND SPEED    23   HIGHEST WIND DIRECTION    SW (220)
  HIGHEST GUST SPEED    32   HIGHEST GUST DIRECTION    SW (220)
  AVERAGE WIND SPEED     9.9


SKY COVER
  POSSIBLE SUNSHINE  MM
  AVERAGE SKY COVER 0.7


WEATHER CONDITIONS
 THE FOLLOWING WEATHER WAS RECORDED YESTERDAY.
  FOG
  FOG W/VISIBILITY <= 1/4 MILE
  HAZE


RELATIVE HUMIDITY (PERCENT)
 HIGHEST   100
 LOWEST     MM
 AVERAGE    MM

..........................................................


THE GAINESVILLE CLIMATE NORMALS FOR TODAY
                         NORMAL    RECORD    YEAR
 MAXIMUM TEMPERATURE (F)   66        84      1937
 MINIMUM TEMPERATURE (F)   42        17      1985


SUNRISE AND SUNSET
JANUARY 22 2017.......SUNRISE   723 AM EST   SUNSET   558 PM EST
JANUARY 23 2017.......SUNRISE   723 AM EST   SUNSET   559 PM EST


-  INDICATES NEGATIVE NUMBERS.
R  INDICATES RECORD WAS SET OR TIED.
MM INDICATES DATA IS MISSING.
T  INDICATES TRACE AMOUNT.




$$
