000
CDUS42 KJAX 232130
CLIGNV


CLIMATE REPORT
NATIONAL WEATHER SERVICE JACKSONVILLE
530 PM EDT WED APR 23 2014


...................................

...THE GAINESVILLE CLIMATE SUMMARY FOR APRIL 23 2014...
VALID TODAY AS OF 0500 PM LOCAL TIME.

CLIMATE NORMAL PERIOD 1981 TO 2010
CLIMATE RECORD PERIOD 1890 TO 2014


WEATHER ITEM   OBSERVED TIME   RECORD YEAR NORMAL DEPARTURE LAST
                VALUE   (LST)  VALUE       VALUE  FROM      YEAR
                                                  NORMAL
..................................................................
TEMPERATURE (F)
 TODAY
  MAXIMUM         85    349 PM  92    1970  82      3       80
                                      1964
  MINIMUM         59    618 AM  41    1993  56      3       51
  AVERAGE         72                        69      3       66

PRECIPITATION (IN)
  TODAY            0.00          2.95 1983   0.08  -0.08     0.00
  MONTH TO DATE    1.37                      2.14  -0.77     3.11
  SINCE MAR 1      6.87                      6.47   0.40     4.09
  SINCE JAN 1     16.44                     12.98   3.46     6.06

SNOWFALL (IN)
  TODAY            0.0           0.0    MM   0.0    0.0      0.0
  MONTH TO DATE    0.0                       0.0    0.0      0.0
  SINCE MAR 1      0.0                       0.0    0.0      0.0
  SINCE JUL 1      0.0                       0.0    0.0      0.0
  SNOW DEPTH       0

DEGREE DAYS
 HEATING
  TODAY            0                         1     -1        0
  MONTH TO DATE   20                        38    -18       24
  SINCE MAR 1    183                       175      8      304
  SINCE JUL 1   1093                      1209   -116     1036

 COOLING
  TODAY            7                         5      2        1
  MONTH TO DATE   72                        82    -10      118
  SINCE MAR 1     97                       136    -39      136
  SINCE JAN 1    134                       168    -34      236
..................................................................


WIND (MPH)
  HIGHEST WIND SPEED    13   HIGHEST WIND DIRECTION     W (270)
  HIGHEST GUST SPEED    15   HIGHEST GUST DIRECTION     W (280)
  AVERAGE WIND SPEED     4.8


SKY COVER
  POSSIBLE SUNSHINE  MM
  AVERAGE SKY COVER 0.2


WEATHER CONDITIONS
 THE FOLLOWING WEATHER WAS RECORDED TODAY.
  FOG


RELATIVE HUMIDITY (PERCENT)
 HIGHEST   100           200 AM
 LOWEST     44           400 PM
 AVERAGE    72

..........................................................


THE GAINESVILLE CLIMATE NORMALS FOR TOMORROW
                         NORMAL    RECORD    YEAR
 MAXIMUM TEMPERATURE (F)   82        94      1999
 MINIMUM TEMPERATURE (F)   57        39      1993


SUNRISE AND SUNSET
APRIL 23 2014.........SUNRISE   654 AM EDT   SUNSET   801 PM EDT
APRIL 24 2014.........SUNRISE   653 AM EDT   SUNSET   802 PM EDT


-  INDICATES NEGATIVE NUMBERS.
R  INDICATES RECORD WAS SET OR TIED.
MM INDICATES DATA IS MISSING.
T  INDICATES TRACE AMOUNT.




$$
