000
CDUS42 KJAX 040537
CLIGNV


CLIMATE REPORT
NATIONAL WEATHER SERVICE JACKSONVILLE FL
1236 AM EST WED MAR 4 2015


...................................

...THE GAINESVILLE CLIMATE SUMMARY FOR MARCH 3 2015...

CLIMATE NORMAL PERIOD 1981 TO 2010
CLIMATE RECORD PERIOD 1890 TO 2015


WEATHER ITEM   OBSERVED TIME   RECORD YEAR NORMAL DEPARTURE LAST
                VALUE   (LST)  VALUE       VALUE  FROM      YEAR
                                                  NORMAL
..................................................................
TEMPERATURE (F)
 YESTERDAY
  MAXIMUM         84    351 PM  89    1951  72     12       80
  MINIMUM         60    433 AM  22    1980  48     12       49
  AVERAGE         72                        60     12       65

PRECIPITATION (IN)
  YESTERDAY        0.00          2.88 1978   0.15  -0.15     0.00
  MONTH TO DATE    0.11                      0.44  -0.33     0.00
  SINCE MAR 1      0.11                      0.44  -0.33     0.00
  SINCE JAN 1      5.37                      6.95  -1.58     9.57

SNOWFALL (IN)
  YESTERDAY        0.0           0.0    MM   0.0    0.0      0.0
  MONTH TO DATE    0.0                       0.0    0.0      0.0
  SINCE MAR 1      0.0                       0.0    0.0      0.0
  SINCE JUL 1      0.0                       0.0    0.0      0.0
  SNOW DEPTH       0

DEGREE DAYS
 HEATING
  YESTERDAY        0                         6     -6        0
  MONTH TO DATE    1                        18    -17       11
  SINCE MAR 1      1                        18    -17       11
  SINCE JUL 1   1152                      1052    100      921

 COOLING
  YESTERDAY        7                         1      6        0
  MONTH TO DATE   12                         3      9        0
  SINCE MAR 1     12                         3      9        0
  SINCE JAN 1     27                        35     -8       37
..................................................................


WIND (MPH)
  HIGHEST WIND SPEED    14   HIGHEST WIND DIRECTION    SE (130)
  HIGHEST GUST SPEED    18   HIGHEST GUST DIRECTION    SE (130)
  AVERAGE WIND SPEED     5.6


SKY COVER
  POSSIBLE SUNSHINE  MM
  AVERAGE SKY COVER 0.6


WEATHER CONDITIONS
 THE FOLLOWING WEATHER WAS RECORDED YESTERDAY.
  FOG
  FOG W/VISIBILITY <= 1/4 MILE


RELATIVE HUMIDITY (PERCENT)
 HIGHEST   100          1200 AM
 LOWEST     47           400 PM
 AVERAGE    74

..........................................................


THE GAINESVILLE CLIMATE NORMALS FOR TODAY
                         NORMAL    RECORD    YEAR
 MAXIMUM TEMPERATURE (F)   73        89      1997
 MINIMUM TEMPERATURE (F)   48        24      1943


SUNRISE AND SUNSET
MARCH  4 2015.........SUNRISE   652 AM EST   SUNSET   630 PM EST
MARCH  5 2015.........SUNRISE   651 AM EST   SUNSET   631 PM EST


-  INDICATES NEGATIVE NUMBERS.
R  INDICATES RECORD WAS SET OR TIED.
MM INDICATES DATA IS MISSING.
T  INDICATES TRACE AMOUNT.




$$
