000
CDUS45 KMSO 230738
CLIGPI


CLIMATE REPORT
NATIONAL WEATHER SERVICE MISSOULA, MT
137 AM MDT FRI JUN 23 2017


...................................

...THE KALISPELL MT CLIMATE SUMMARY FOR JUNE 22 2017...

CLIMATE NORMAL PERIOD 1981 TO 2010
CLIMATE RECORD PERIOD 1894 TO 2017


WEATHER ITEM   OBSERVED TIME   RECORD YEAR NORMAL DEPARTURE LAST
                VALUE   (LST)  VALUE       VALUE  FROM      YEAR
                                                  NORMAL
..................................................................
TEMPERATURE (F)
 YESTERDAY
  MAXIMUM         73    357 PM  96    1955  74     -1       77
  MINIMUM         36    508 AM  33    1983  45     -9       39
  AVERAGE         55                        59     -4       58

PRECIPITATION (IN)
  YESTERDAY        0.00          0.63 2009   0.09  -0.09     0.00
  MONTH TO DATE    1.36                      1.94  -0.58     0.88
  SINCE OCT 1     18.21                     12.55   5.66    13.22
  SINCE JAN 1     10.98                      8.55   2.43     9.17

SNOWFALL (IN)
  YESTERDAY        0.0
  MONTH TO DATE    0.0
  SINCE JAN 1     54.5
  SINCE JUL 1     89.8
  SNOW DEPTH       0

DEGREE DAYS
 HEATING
  YESTERDAY       10                         6      4        7
  MONTH TO DATE  139                       172    -33      147
  SINCE JUN 1    139                       172    -33      147
  SINCE JUL 1   8262                      7995    267     7097

 COOLING
  YESTERDAY        0                         1     -1        0
  MONTH TO DATE   13                         3     10       21
  SINCE JUN 1     13                         3     10       21
  SINCE JAN 1     18                         6     12       21
..................................................................


WIND (MPH)
  HIGHEST WIND SPEED    12   HIGHEST WIND DIRECTION     W (260)
  HIGHEST GUST SPEED    19   HIGHEST GUST DIRECTION     N (360)
  AVERAGE WIND SPEED     3.5


SKY COVER
  POSSIBLE SUNSHINE  MM
  AVERAGE SKY COVER 0.2


WEATHER CONDITIONS
 THE FOLLOWING WEATHER WAS RECORDED YESTERDAY.
  NO SIGNIFICANT WEATHER WAS OBSERVED.


RELATIVE HUMIDITY (PERCENT)
 HIGHEST    89           600 AM
 LOWEST     20           400 PM
 AVERAGE    55

..........................................................


THE KALISPELL MT CLIMATE NORMALS FOR TODAY
                         NORMAL    RECORD    YEAR
 MAXIMUM TEMPERATURE (F)   74        93      1941
 MINIMUM TEMPERATURE (F)   45        33      1997


SUNRISE AND SUNSET
JUNE 23 2017..........SUNRISE   537 AM MDT   SUNSET   942 PM MDT
JUNE 24 2017..........SUNRISE   537 AM MDT   SUNSET   942 PM MDT


-  INDICATES NEGATIVE NUMBERS.
R  INDICATES RECORD WAS SET OR TIED.
MM INDICATES DATA IS MISSING.
T  INDICATES TRACE AMOUNT.




$$
