000
CDUS45 KMSO 250739
CLIGPI


CLIMATE REPORT
NATIONAL WEATHER SERVICE MISSOULA, MT
1238 AM MST SUN JAN 25 2015


...................................

...THE KALISPELL MT CLIMATE SUMMARY FOR JANUARY 24 2015...

CLIMATE NORMAL PERIOD 1981 TO 2010
CLIMATE RECORD PERIOD 1894 TO 2015


WEATHER ITEM   OBSERVED TIME   RECORD YEAR NORMAL DEPARTURE LAST
                VALUE   (LST)  VALUE       VALUE  FROM      YEAR
                                                  NORMAL
..................................................................
TEMPERATURE (F)
 YESTERDAY
  MAXIMUM         46    112 PM  53    1953  32     14       34
  MINIMUM         32    952 AM -17    1949  17     15       29
  AVERAGE         39                        25     14       32

PRECIPITATION (IN)
  YESTERDAY        0.07          0.96 1981   0.04   0.03      T
  MONTH TO DATE    2.41                      1.09   1.32     0.85
  SINCE OCT 1      8.49                      5.09   3.40     5.30
  SINCE JAN 1      2.41                      1.09   1.32     0.85

SNOWFALL (IN)
  YESTERDAY        0.0
  MONTH TO DATE   30.4
  SINCE JAN 1     30.4
  SINCE JUL 1     56.9
  SNOW DEPTH       9

DEGREE DAYS
 HEATING
  YESTERDAY       26                        40    -14       33
  MONTH TO DATE 1035                       999     36      905
  SINCE DEC 1   2264                      2309    -45     2267
  SINCE JUL 1   4262                      4513   -251     4344

 COOLING
  YESTERDAY        0                         0      0        0
  MONTH TO DATE    0                         0      0        0
  SINCE DEC 1      0                         0      0        0
  SINCE JAN 1      0                         0      0        0
..................................................................


WIND (MPH)
  HIGHEST WIND SPEED    14   HIGHEST WIND DIRECTION     S (170)
  HIGHEST GUST SPEED    23   HIGHEST GUST DIRECTION     W (260)
  AVERAGE WIND SPEED     5.1


SKY COVER
  POSSIBLE SUNSHINE  MM
  AVERAGE SKY COVER 0.7


WEATHER CONDITIONS
 THE FOLLOWING WEATHER WAS RECORDED YESTERDAY.
  LIGHT RAIN
  FOG


RELATIVE HUMIDITY (PERCENT)
 HIGHEST   100           400 AM
 LOWEST     76          1200 PM
 AVERAGE    88

..........................................................


THE KALISPELL MT CLIMATE NORMALS FOR TODAY
                         NORMAL    RECORD    YEAR
 MAXIMUM TEMPERATURE (F)   33        51      1935
 MINIMUM TEMPERATURE (F)   17       -24      1950


SUNRISE AND SUNSET
JANUARY 25 2015.......SUNRISE   814 AM MST   SUNSET   525 PM MST
JANUARY 26 2015.......SUNRISE   813 AM MST   SUNSET   527 PM MST


-  INDICATES NEGATIVE NUMBERS.
R  INDICATES RECORD WAS SET OR TIED.
MM INDICATES DATA IS MISSING.
T  INDICATES TRACE AMOUNT.




$$
