000
CDUS45 KMSO 222304
CLIGPI


CLIMATE REPORT
NATIONAL WEATHER SERVICE MISSOULA, MT
504 PM MDT TUE AUG 22 2017


...................................

...THE KALISPELL MT CLIMATE SUMMARY FOR AUGUST 22 2017...
VALID TODAY AS OF 0500 PM LOCAL TIME.

CLIMATE NORMAL PERIOD 1981 TO 2010
CLIMATE RECORD PERIOD 1894 TO 2017


WEATHER ITEM   OBSERVED TIME   RECORD YEAR NORMAL DEPARTURE LAST
                VALUE   (LST)  VALUE       VALUE  FROM      YEAR
                                                  NORMAL
..................................................................
TEMPERATURE (F)
 TODAY
  MAXIMUM         87    252 PM  96    1969  80      7       74
  MINIMUM         42    623 AM  33    2000  46     -4       52
  AVERAGE         65                        63      2       63

PRECIPITATION (IN)
  TODAY            0.00          1.90 1947   0.03  -0.03     0.00
  MONTH TO DATE    0.08                      0.66  -0.58     1.08
  SINCE OCT 1     18.48                     15.28   3.20    16.27
  SINCE JAN 1     11.25                     11.28  -0.03    12.22

SNOWFALL (IN)
  TODAY            0.0
  MONTH TO DATE    0.0
  SINCE JAN 1     54.5
  SINCE JUL 1      0.0
  SNOW DEPTH       0

DEGREE DAYS
 HEATING
  TODAY            0                         4     -4        2
  MONTH TO DATE   30                        54    -24       47
  SINCE JUN 1    194                       347   -153      305
  SINCE JUL 1     36                       131    -95      126

 COOLING
  TODAY            0                         1     -1        0
  MONTH TO DATE   59                        53      6       44
  SINCE JUN 1    203                       133     70      145
  SINCE JAN 1    208                       136     72      145
..................................................................


WIND (MPH)
  HIGHEST WIND SPEED    10   HIGHEST WIND DIRECTION    NE (50)
  HIGHEST GUST SPEED    13   HIGHEST GUST DIRECTION    NE (50)
  AVERAGE WIND SPEED     2.8


SKY COVER
  POSSIBLE SUNSHINE  MM
  AVERAGE SKY COVER 0.0


WEATHER CONDITIONS
 THE FOLLOWING WEATHER WAS RECORDED TODAY.
  NO SIGNIFICANT WEATHER WAS OBSERVED.


RELATIVE HUMIDITY (PERCENT)
 HIGHEST   100           600 AM
 LOWEST     21           300 PM
 AVERAGE    61

..........................................................


THE KALISPELL MT CLIMATE NORMALS FOR TOMORROW
                         NORMAL    RECORD    YEAR
 MAXIMUM TEMPERATURE (F)   80        98      1969
 MINIMUM TEMPERATURE (F)   45        31      2015
                                             1962


SUNRISE AND SUNSET
AUGUST 22 2017........SUNRISE   641 AM MDT   SUNSET   837 PM MDT
AUGUST 23 2017........SUNRISE   643 AM MDT   SUNSET   835 PM MDT


-  INDICATES NEGATIVE NUMBERS.
R  INDICATES RECORD WAS SET OR TIED.
MM INDICATES DATA IS MISSING.
T  INDICATES TRACE AMOUNT.




$$
