459
CDUS45 KMSO 050858
CLIGPI


CLIMATE REPORT
NATIONAL WEATHER SERVICE MISSOULA, MT
157 AM MST MON DEC 5 2016


...................................

...THE KALISPELL MT CLIMATE SUMMARY FOR DECEMBER 4 2016...

CLIMATE NORMAL PERIOD 1981 TO 2010
CLIMATE RECORD PERIOD 1894 TO 2016


WEATHER ITEM   OBSERVED TIME   RECORD YEAR NORMAL DEPARTURE LAST
                VALUE   (LST)  VALUE       VALUE  FROM      YEAR
                                                  NORMAL
..................................................................
TEMPERATURE (F)
 YESTERDAY
  MAXIMUM         36    329 PM  58    1918  32      4       40
  MINIMUM         25   1159 PM  -7    1972  18      7       28
  AVERAGE         31                        25      6       34

PRECIPITATION (IN)
  YESTERDAY        0.13          0.65 1989   0.05   0.08     0.03
  MONTH TO DATE    0.30                      0.20   0.10     0.05
  SINCE OCT 1      5.78                      2.64   3.14     1.66
  SINCE JAN 1     18.87                     15.63   3.24     9.26

SNOWFALL (IN)
  YESTERDAY       MM
  MONTH TO DATE    1.9
  SINCE JAN 1     18.2
  SINCE JUL 1      3.6
  SNOW DEPTH       0

DEGREE DAYS
 HEATING
  YESTERDAY       34                        40     -6       31
  MONTH TO DATE  127                       158    -31      158
  SINCE DEC 1    127                       158    -31      158
  SINCE JUL 1   2086                      2362   -276     2177

 COOLING
  YESTERDAY        0                         0      0        0
  MONTH TO DATE    0                         0      0        0
  SINCE DEC 1      0                         0      0        0
  SINCE JAN 1    157                       147     10      248
..................................................................


WIND (MPH)
  HIGHEST WIND SPEED    20   HIGHEST WIND DIRECTION     N (20)
  HIGHEST GUST SPEED    25   HIGHEST GUST DIRECTION     N (20)
  AVERAGE WIND SPEED     7.5


SKY COVER
  POSSIBLE SUNSHINE  MM
  AVERAGE SKY COVER 0.9


WEATHER CONDITIONS
 THE FOLLOWING WEATHER WAS RECORDED YESTERDAY.
  LIGHT SNOW
  FOG
  HAZE


RELATIVE HUMIDITY (PERCENT)
 HIGHEST    96          1000 AM
 LOWEST     61           500 PM
 AVERAGE    79

..........................................................


THE KALISPELL MT CLIMATE NORMALS FOR TODAY
                         NORMAL    RECORD    YEAR
 MAXIMUM TEMPERATURE (F)   32        49      1940
                                             1989
 MINIMUM TEMPERATURE (F)   18        -8      1972


SUNRISE AND SUNSET
DECEMBER  5 2016......SUNRISE   812 AM MST   SUNSET   443 PM MST
DECEMBER  6 2016......SUNRISE   814 AM MST   SUNSET   443 PM MST


-  INDICATES NEGATIVE NUMBERS.
R  INDICATES RECORD WAS SET OR TIED.
MM INDICATES DATA IS MISSING.
T  INDICATES TRACE AMOUNT.




$$
