000
CDUS45 KMSO 212341
CLIGPI


CLIMATE REPORT
NATIONAL WEATHER SERVICE MISSOULA, MT
440 PM MST SAT JAN 21 2017


...................................

...THE KALISPELL MT CLIMATE SUMMARY FOR JANUARY 21 2017...
VALID TODAY AS OF 0400 PM LOCAL TIME.

CLIMATE NORMAL PERIOD 1981 TO 2010
CLIMATE RECORD PERIOD 1894 TO 2017


WEATHER ITEM   OBSERVED TIME   RECORD YEAR NORMAL DEPARTURE LAST
                VALUE   (LST)  VALUE       VALUE  FROM      YEAR
                                                  NORMAL
..................................................................
TEMPERATURE (F)
 TODAY
  MAXIMUM         29    352 PM  45    2005  32     -3       35
                                      1934
  MINIMUM         11    622 AM -26    1962  17     -6       24
  AVERAGE         20                        25     -5       30

PRECIPITATION (IN)
  TODAY            0.00          0.56 1943   0.04  -0.04     0.04
  MONTH TO DATE    0.82                      0.98  -0.16     0.86
  SINCE OCT 1      8.05                      4.98   3.07     4.91
  SINCE JAN 1      0.82                      0.98  -0.16     0.86

SNOWFALL (IN)
  TODAY            0.0
  MONTH TO DATE    9.5
  SINCE JAN 1      9.5
  SINCE JUL 1     44.8
  SNOW DEPTH      10

DEGREE DAYS
 HEATING
  TODAY           45                        40      5       35
  MONTH TO DATE 1147                       879    268      850
  SINCE DEC 1   2628                      2189    439     2042
  SINCE JUL 1   4587                      4393    194     4061

 COOLING
  TODAY            0                         0      0        0
  MONTH TO DATE    0                         0      0        0
  SINCE DEC 1      0                         0      0        0
  SINCE JAN 1      0                         0      0        0
..................................................................


WIND (MPH)
  HIGHEST WIND SPEED    12   HIGHEST WIND DIRECTION    NE (30)
  HIGHEST GUST SPEED    13   HIGHEST GUST DIRECTION     N (20)
  AVERAGE WIND SPEED     2.8


SKY COVER
  POSSIBLE SUNSHINE  MM
  AVERAGE SKY COVER 0.3


WEATHER CONDITIONS
 THE FOLLOWING WEATHER WAS RECORDED TODAY.
  FOG
  HAZE


RELATIVE HUMIDITY (PERCENT)
 HIGHEST    96           100 AM
 LOWEST     75           100 PM
 AVERAGE    86

..........................................................


THE KALISPELL MT CLIMATE NORMALS FOR TOMORROW
                         NORMAL    RECORD    YEAR
 MAXIMUM TEMPERATURE (F)   32        49      1910
 MINIMUM TEMPERATURE (F)   17       -19      1962


SUNRISE AND SUNSET
JANUARY 21 2017.......SUNRISE   818 AM MST   SUNSET   520 PM MST
JANUARY 22 2017.......SUNRISE   817 AM MST   SUNSET   521 PM MST


-  INDICATES NEGATIVE NUMBERS.
R  INDICATES RECORD WAS SET OR TIED.
MM INDICATES DATA IS MISSING.
T  INDICATES TRACE AMOUNT.




$$
