000
CDUS45 KMSO 290740
CLIGPI


CLIMATE REPORT
NATIONAL WEATHER SERVICE MISSOULA, MT
139 AM MDT FRI AUG 29 2014


...................................

...THE KALISPELL MT CLIMATE SUMMARY FOR AUGUST 28 2014...

CLIMATE NORMAL PERIOD 1981 TO 2010
CLIMATE RECORD PERIOD 1894 TO 2014


WEATHER ITEM   OBSERVED TIME   RECORD YEAR NORMAL DEPARTURE LAST
                VALUE   (LST)  VALUE       VALUE  FROM      YEAR
                                                  NORMAL
..................................................................
TEMPERATURE (F)
 YESTERDAY
  MAXIMUM         84    244 PM  93    1986  78      6       81
  MINIMUM         44    502 AM  30    2000  44      0       49
  AVERAGE         64                        61      3       65

PRECIPITATION (IN)
  YESTERDAY        0.02          0.47 1975   0.03  -0.01     0.05
  MONTH TO DATE    1.17                      0.87   0.30     1.00
  SINCE OCT 1     18.50                     15.49   3.01    15.70
  SINCE JAN 1     14.05                     11.49   2.56    10.32

SNOWFALL (IN)
  YESTERDAY        0.0
  MONTH TO DATE    0.0
  SINCE JAN 1     38.2
  SINCE JUL 1      0.0
  SNOW DEPTH       0

DEGREE DAYS
 HEATING
  YESTERDAY        1                         5     -4        0
  MONTH TO DATE   50                        80    -30       18
  SINCE JUN 1    317                       373    -56      223
  SINCE JUL 1     64                       157    -93       37

 COOLING
  YESTERDAY        0                         1     -1        0
  MONTH TO DATE   85                        59     26       91
  SINCE JUN 1    215                       139     76      232
  SINCE JAN 1    215                       142     73      232
..................................................................


WIND (MPH)
  HIGHEST WIND SPEED    24   HIGHEST WIND DIRECTION     N (350)
  HIGHEST GUST SPEED    32   HIGHEST GUST DIRECTION     N (360)
  AVERAGE WIND SPEED     6.5


SKY COVER
  POSSIBLE SUNSHINE  MM
  AVERAGE SKY COVER 0.2


WEATHER CONDITIONS
 THE FOLLOWING WEATHER WAS RECORDED YESTERDAY.
  NO SIGNIFICANT WEATHER WAS OBSERVED.


RELATIVE HUMIDITY (PERCENT)
 HIGHEST   100           500 AM
 LOWEST     23           400 PM
 AVERAGE    62

..........................................................


THE KALISPELL MT CLIMATE NORMALS FOR TODAY
                         NORMAL    RECORD    YEAR
 MAXIMUM TEMPERATURE (F)   77        95      1972
 MINIMUM TEMPERATURE (F)   44        31      1969


SUNRISE AND SUNSET
AUGUST 29 2014........SUNRISE   651 AM MDT   SUNSET   824 PM MDT
AUGUST 30 2014........SUNRISE   652 AM MDT   SUNSET   822 PM MDT


-  INDICATES NEGATIVE NUMBERS.
R  INDICATES RECORD WAS SET OR TIED.
MM INDICATES DATA IS MISSING.
T  INDICATES TRACE AMOUNT.




$$
