000
CDUS43 KGRB 010809
CLIGRB


CLIMATE REPORT
NATIONAL WEATHER SERVICE GREEN BAY
207 AM CST WED MAR 1 2017


...................................

...THE GREEN BAY WI CLIMATE SUMMARY FOR FEBRUARY 28 2017...

CLIMATE NORMAL PERIOD 1981 TO 2010
CLIMATE RECORD PERIOD 1886 TO 2017


WEATHER ITEM   OBSERVED TIME   RECORD YEAR NORMAL DEPARTURE LAST
                VALUE   (LST)  VALUE       VALUE  FROM      YEAR
                                                  NORMAL
..................................................................
TEMPERATURE (F)
 YESTERDAY
  MAXIMUM         41    123 PM  54    1895  32      9       41
  MINIMUM         33   1201 AM -21    2014  16     17       29
  AVERAGE         37                        24     13       35

PRECIPITATION (IN)
  YESTERDAY        0.12          1.30 1902   0.05   0.07     0.11
  MONTH TO DATE    0.82                      1.11  -0.29     1.15
  SINCE DEC 1      5.50                      3.75   1.75     8.19
  SINCE JAN 1      3.25                      2.24   1.01     2.48

SNOWFALL (IN)
  YESTERDAY        0.0          11.1  1890   0.4   -0.4      0.3
  MONTH TO DATE    5.6                       9.9   -4.3     12.2
  SINCE DEC 1     43.3                      36.0    7.3     33.6
  SINCE JUL 1     44.2                      40.2    4.0     33.8
  SNOW DEPTH       1

DEGREE DAYS
 HEATING
  YESTERDAY       28                        41    -13       30
  MONTH TO DATE  980                      1252   -272     1155
  SINCE DEC 1   3511                      4100   -589     3503
  SINCE JUL 1   4573                      5840  -1267     4775

 COOLING
  YESTERDAY        0                         0      0        0
  MONTH TO DATE    0                         0      0        0
  SINCE DEC 1      0                         0      0        0
  SINCE JAN 1      0                         0      0        0
..................................................................


WIND (MPH)
  HIGHEST WIND SPEED    23   HIGHEST WIND DIRECTION    NE (30)
  HIGHEST GUST SPEED    29   HIGHEST GUST DIRECTION     N (10)
  AVERAGE WIND SPEED     9.5


SKY COVER
  POSSIBLE SUNSHINE  MM
  AVERAGE SKY COVER 1.0


WEATHER CONDITIONS
 THE FOLLOWING WEATHER WAS RECORDED YESTERDAY.
  LIGHT RAIN
  FOG
  FOG W/VISIBILITY <= 1/4 MILE


RELATIVE HUMIDITY (PERCENT)
 HIGHEST   100           500 AM
 LOWEST     85           100 AM
 AVERAGE    93

..........................................................


THE GREEN BAY WI CLIMATE NORMALS FOR TODAY
                         NORMAL    RECORD    YEAR
 MAXIMUM TEMPERATURE (F)   33        53      1992
 MINIMUM TEMPERATURE (F)   17       -29      1962


SUNRISE AND SUNSET
MARCH  1 2017.........SUNRISE   629 AM CST   SUNSET   541 PM CST
MARCH  2 2017.........SUNRISE   628 AM CST   SUNSET   542 PM CST


-  INDICATES NEGATIVE NUMBERS.
R  INDICATES RECORD WAS SET OR TIED.
MM INDICATES DATA IS MISSING.
T  INDICATES TRACE AMOUNT.

$$
