000
CDUS43 KGRB 060753
CLIGRB


CLIMATE REPORT
NATIONAL WEATHER SERVICE GREEN BAY
151 AM CST SAT FEB 6 2016


...................................

...THE GREEN BAY WI CLIMATE SUMMARY FOR FEBRUARY 5 2016...

CLIMATE NORMAL PERIOD 1981 TO 2010
CLIMATE RECORD PERIOD 1886 TO 2016


WEATHER ITEM   OBSERVED TIME   RECORD YEAR NORMAL DEPARTURE LAST
                VALUE   (LST)  VALUE       VALUE  FROM      YEAR
                                                  NORMAL
..................................................................
TEMPERATURE (F)
 YESTERDAY
  MAXIMUM         26    339 PM  50    2005  26      0       15
  MINIMUM         10    813 AM -24    1895  10      0       -3
  AVERAGE         18                        18      0        6

PRECIPITATION (IN)
  YESTERDAY        T             0.58 1953   0.03  -0.03     0.00
  MONTH TO DATE    0.87                      0.16   0.71     0.03
  SINCE DEC 1      7.91                      2.80   5.11     2.27
  SINCE JAN 1      2.20                      1.29   0.91     0.59

SNOWFALL (IN)
  YESTERDAY        T             6.0  1908   0.3   -0.3      0.0
  MONTH TO DATE    8.5                       1.9    6.6      0.8
  SINCE DEC 1     29.9                      28.0    1.9     13.1
  SINCE JUL 1     30.1                      32.2   -2.1     21.3
  SNOW DEPTH      11

DEGREE DAYS
 HEATING
  YESTERDAY       47                        47      0       59
  MONTH TO DATE  205                       237    -32      276
  SINCE DEC 1   2553                      3086   -533     2946
  SINCE JUL 1   3825                      4826  -1001     4783

 COOLING
  YESTERDAY        0                         0      0        0
  MONTH TO DATE    0                         0      0        0
  SINCE DEC 1      0                         0      0        0
  SINCE JAN 1      0                         0      0        0
..................................................................


WIND (MPH)
  HIGHEST WIND SPEED    12   HIGHEST WIND DIRECTION     W (260)
  HIGHEST GUST SPEED    14   HIGHEST GUST DIRECTION     W (260)
  AVERAGE WIND SPEED     6.5


SKY COVER
  POSSIBLE SUNSHINE  MM
  AVERAGE SKY COVER 0.4


WEATHER CONDITIONS
 THE FOLLOWING WEATHER WAS RECORDED YESTERDAY.
  LIGHT SNOW
  FOG


RELATIVE HUMIDITY (PERCENT)
 HIGHEST    92           600 AM
 LOWEST     57           300 PM
 AVERAGE    75

..........................................................


THE GREEN BAY WI CLIMATE NORMALS FOR TODAY
                         NORMAL    RECORD    YEAR
 MAXIMUM TEMPERATURE (F)   26        50      1925
 MINIMUM TEMPERATURE (F)   10       -22      1936


SUNRISE AND SUNSET
FEBRUARY  6 2016......SUNRISE   706 AM CST   SUNSET   508 PM CST
FEBRUARY  7 2016......SUNRISE   704 AM CST   SUNSET   510 PM CST


-  INDICATES NEGATIVE NUMBERS.
R  INDICATES RECORD WAS SET OR TIED.
MM INDICATES DATA IS MISSING.
T  INDICATES TRACE AMOUNT.

$$
