000
CDUS43 KGRB 190703
CLIGRB


CLIMATE REPORT
NATIONAL WEATHER SERVICE GREEN BAY
203 AM CDT THU OCT 19 2017


...................................

...THE GREEN BAY WI CLIMATE SUMMARY FOR OCTOBER 18 2017...

CLIMATE NORMAL PERIOD 1981 TO 2010
CLIMATE RECORD PERIOD 1886 TO 2017


WEATHER ITEM   OBSERVED TIME   RECORD YEAR NORMAL DEPARTURE LAST
                VALUE   (LST)  VALUE       VALUE  FROM      YEAR
                                                  NORMAL
..................................................................
TEMPERATURE (F)
 YESTERDAY
  MAXIMUM         71    244 PM  81    1953  56     15       70
  MINIMUM         50    642 AM  18    1948  37     13       49
  AVERAGE         61                        46     15       60

PRECIPITATION (IN)
  YESTERDAY        0.00          2.06 1984   0.08  -0.08     0.01
  MONTH TO DATE    2.73                      1.46   1.27     1.40
  SINCE SEP 1      3.74                      4.50  -0.76     5.69
  SINCE JAN 1     29.13                     24.90   4.23    27.31

SNOWFALL (IN)
  YESTERDAY        0.0           0.7  1976   0.0    0.0      0.0
  MONTH TO DATE    0.0                       0.0    0.0      0.0
  SINCE SEP 1      0.0                       0.0    0.0      0.0
  SINCE JUL 1      0.0                       0.0    0.0      0.0
  SNOW DEPTH       0

DEGREE DAYS
 HEATING
  YESTERDAY        4                        19    -15        5
  MONTH TO DATE  145                       283   -138      147
  SINCE SEP 1    265                       490   -225      212
  SINCE JUL 1    306                       553   -247      225

 COOLING
  YESTERDAY        0                         0      0        0
  MONTH TO DATE    6                         0      6        3
  SINCE SEP 1     98                        33     65       55
  SINCE JAN 1    475                       395     80      577
..................................................................


WIND (MPH)
  HIGHEST WIND SPEED    23   HIGHEST WIND DIRECTION     S (200)
  HIGHEST GUST SPEED    33   HIGHEST GUST DIRECTION     S (200)
  AVERAGE WIND SPEED    12.3


SKY COVER
  POSSIBLE SUNSHINE  MM
  AVERAGE SKY COVER 0.0


WEATHER CONDITIONS
 THE FOLLOWING WEATHER WAS RECORDED YESTERDAY.
  NO SIGNIFICANT WEATHER WAS OBSERVED.


RELATIVE HUMIDITY (PERCENT)
 HIGHEST    83           400 AM
 LOWEST     47           300 PM
 AVERAGE    65

..........................................................


THE GREEN BAY WI CLIMATE NORMALS FOR TODAY
                         NORMAL    RECORD    YEAR
 MAXIMUM TEMPERATURE (F)   55        78      1953
 MINIMUM TEMPERATURE (F)   37        20      1972


SUNRISE AND SUNSET
OCTOBER 19 2017.......SUNRISE   713 AM CDT   SUNSET   601 PM CDT
OCTOBER 20 2017.......SUNRISE   714 AM CDT   SUNSET   559 PM CDT


-  INDICATES NEGATIVE NUMBERS.
R  INDICATES RECORD WAS SET OR TIED.
MM INDICATES DATA IS MISSING.
T  INDICATES TRACE AMOUNT.




$$
