000
CDUS43 KGRB 220708
CLIGRB


CLIMATE REPORT
NATIONAL WEATHER SERVICE GREEN BAY
207 AM CDT WED OCT 22 2014


...................................

...THE GREEN BAY WI CLIMATE SUMMARY FOR OCTOBER 21 2014...

CLIMATE NORMAL PERIOD 1981 TO 2010
CLIMATE RECORD PERIOD 1886 TO 2014


WEATHER ITEM   OBSERVED TIME   RECORD YEAR NORMAL DEPARTURE LAST
                VALUE   (LST)  VALUE       VALUE  FROM      YEAR
                                                  NORMAL
..................................................................
TEMPERATURE (F)
 YESTERDAY
  MAXIMUM         51    328 PM  82    1953  55     -4       47
                                      1947
  MINIMUM         31   1156 PM  15    1895  36     -5       33
  AVERAGE         41                        45     -4       40

PRECIPITATION (IN)
  YESTERDAY        0.00          0.84 1951   0.07  -0.07      T
  MONTH TO DATE    2.41                      1.69   0.72     1.75
  SINCE SEP 1      7.10                      4.73   2.37     4.64
  SINCE JAN 1     27.82                     25.13   2.69    28.63

SNOWFALL (IN)
  YESTERDAY        0.0           1.2  2002   0.1   -0.1       T
  MONTH TO DATE    0.0                       0.1   -0.1       T
  SINCE SEP 1      0.0                       0.1   -0.1       T
  SINCE JUL 1      0.0                       0.1   -0.1       T
  SNOW DEPTH       0

DEGREE DAYS
 HEATING
  YESTERDAY       24                        20      4       25
  MONTH TO DATE  345                       341      4      244
  SINCE SEP 1    542                       548     -6      415
  SINCE JUL 1    571                       611    -40      455

 COOLING
  YESTERDAY        0                         0      0        0
  MONTH TO DATE    0                         0      0        2
  SINCE SEP 1     19                        33    -14       57
  SINCE JAN 1    362                       395    -33      535
..................................................................


WIND (MPH)
  HIGHEST WIND SPEED    18   HIGHEST WIND DIRECTION     N (10)
  HIGHEST GUST SPEED    23   HIGHEST GUST DIRECTION     N (360)
  AVERAGE WIND SPEED     7.5


SKY COVER
  POSSIBLE SUNSHINE  MM
  AVERAGE SKY COVER 0.5


WEATHER CONDITIONS
 THE FOLLOWING WEATHER WAS RECORDED YESTERDAY.
  NO SIGNIFICANT WEATHER WAS OBSERVED.


RELATIVE HUMIDITY (PERCENT)
 HIGHEST   100          1000 PM
 LOWEST     54           200 PM
 AVERAGE    77

..........................................................


THE GREEN BAY WI CLIMATE NORMALS FOR TODAY
                         NORMAL    RECORD    YEAR
 MAXIMUM TEMPERATURE (F)   54        82      1947
 MINIMUM TEMPERATURE (F)   36        19      1969


SUNRISE AND SUNSET
OCTOBER 22 2014.......SUNRISE   717 AM CDT   SUNSET   557 PM CDT
OCTOBER 23 2014.......SUNRISE   718 AM CDT   SUNSET   555 PM CDT


-  INDICATES NEGATIVE NUMBERS.
R  INDICATES RECORD WAS SET OR TIED.
MM INDICATES DATA IS MISSING.
T  INDICATES TRACE AMOUNT.




$$
