000
CDUS43 KGID 230622
CLIGRI


CLIMATE REPORT
NATIONAL WEATHER SERVICE HASTINGS NE
1222 AM CST THU NOV 23 2017


...................................

...THE GRAND ISLAND NE CLIMATE SUMMARY FOR NOVEMBER 22 2017...

CLIMATE NORMAL PERIOD 1981 TO 2010
CLIMATE RECORD PERIOD 1895 TO 2017


WEATHER ITEM   OBSERVED TIME   RECORD YEAR NORMAL DEPARTURE LAST
                VALUE   (LST)  VALUE       VALUE  FROM      YEAR
                                                  NORMAL
..................................................................
TEMPERATURE (F)
 YESTERDAY
  MAXIMUM         52    411 PM  69    2006  46      6       46
                                      1974
  MINIMUM         16   1239 AM  -4    1898  24     -8       37
  AVERAGE         34                        35     -1       42

PRECIPITATION (IN)
  YESTERDAY        0.00          0.35 1991   0.04  -0.04     0.21
  MONTH TO DATE    0.51                      0.89  -0.38     1.10
  SINCE SEP 1      8.55                      4.98   3.57     3.75
  SINCE JAN 1     29.94                     25.75   4.19    23.15

SNOWFALL (IN)
  YESTERDAY        0.0           1.4  1979   0.1   -0.1      0.0
  MONTH TO DATE    0.2                       2.0   -1.8      0.4
  SINCE SEP 1      1.1                       3.1   -2.0      0.4
  SINCE JUL 1      1.1                       3.1   -2.0      0.4
  SNOW DEPTH       0

DEGREE DAYS
 HEATING
  YESTERDAY       31                        30      1       23
  MONTH TO DATE  574                       546     28      371
  SINCE SEP 1   1008                      1059    -51      692
  SINCE JUL 1   1012                      1069    -57      699

 COOLING
  YESTERDAY        0                         0      0        0
  MONTH TO DATE    0                         0      0        0
  SINCE SEP 1    151                       120     31      132
  SINCE JAN 1   1062                      1034     28     1146
..................................................................


WIND (MPH)
  HIGHEST WIND SPEED    23   HIGHEST WIND DIRECTION    SW (210)
  HIGHEST GUST SPEED    29   HIGHEST GUST DIRECTION    SW (210)
  AVERAGE WIND SPEED    10.6


SKY COVER
  AVERAGE SKY COVER 0.0


WEATHER CONDITIONS
 THE FOLLOWING WEATHER WAS RECORDED YESTERDAY.
  NO SIGNIFICANT WEATHER WAS OBSERVED.


RELATIVE HUMIDITY (PERCENT)
 HIGHEST    92           200 AM
 LOWEST     35           400 PM
 AVERAGE    64

..........................................................


THE GRAND ISLAND NE CLIMATE NORMALS FOR TODAY
                         NORMAL    RECORD    YEAR
 MAXIMUM TEMPERATURE (F)   45        66      2011
                                             2005
 MINIMUM TEMPERATURE (F)   23         1      1898


SUNRISE AND SUNSET
NOVEMBER 23 2017......SUNRISE   730 AM CST   SUNSET   509 PM CST
NOVEMBER 24 2017......SUNRISE   731 AM CST   SUNSET   508 PM CST


-  INDICATES NEGATIVE NUMBERS.
R  INDICATES RECORD WAS SET OR TIED.
MM INDICATES DATA IS MISSING.
T  INDICATES TRACE AMOUNT.




$$
