996
CDUS43 KGID 210624
CLIGRI


CLIMATE REPORT
NATIONAL WEATHER SERVICE HASTINGS NE
1223 AM CST WED FEB 21 2018


...................................

...THE GRAND ISLAND NE CLIMATE SUMMARY FOR FEBRUARY 20 2018...

CLIMATE NORMAL PERIOD 1981 TO 2010
CLIMATE RECORD PERIOD 1895 TO 2018


WEATHER ITEM   OBSERVED TIME   RECORD YEAR NORMAL DEPARTURE LAST
                VALUE   (LST)  VALUE       VALUE  FROM      YEAR
                                                  NORMAL
..................................................................
TEMPERATURE (F)
 YESTERDAY
  MAXIMUM         19    421 PM  74    1930  41    -22       64
  MINIMUM          8   1159 PM -11    1938  20    -12       37
  AVERAGE         14                        30    -16       51

PRECIPITATION (IN)
  YESTERDAY        T             0.71 1969   0.03  -0.03     0.00
  MONTH TO DATE    0.65                      0.44   0.21     0.03
  SINCE DEC 1      2.18                      1.60   0.58     1.91
  SINCE JAN 1      1.73                      0.97   0.76     1.10

SNOWFALL (IN)
  YESTERDAY        T             5.4  1969   0.2   -0.2      0.0
  MONTH TO DATE    9.9                       4.7    5.2      0.6
  SINCE DEC 1     27.3                      16.3   11.0      4.4
  SINCE JUL 1     28.4                      20.5    7.9      4.8
  SNOW DEPTH       T

DEGREE DAYS
 HEATING
  YESTERDAY       51                        35     16       14
  MONTH TO DATE  884                       742    142      536
  SINCE DEC 1   3342                      3168    174     2928
  SINCE JUL 1   4491                      4498     -7     3848

 COOLING
  YESTERDAY        0                         0      0        0
  MONTH TO DATE    0                         0      0        0
  SINCE DEC 1      0                         0      0        0
  SINCE JAN 1      0                         0      0        0
..................................................................


WIND (MPH)
  HIGHEST WIND SPEED    29   HIGHEST WIND DIRECTION    NW (320)
  HIGHEST GUST SPEED    38   HIGHEST GUST DIRECTION    NW (320)
  AVERAGE WIND SPEED    16.5


SKY COVER
  AVERAGE SKY COVER 0.3


WEATHER CONDITIONS
 THE FOLLOWING WEATHER WAS RECORDED YESTERDAY.
  LIGHT SNOW
  FOG


RELATIVE HUMIDITY (PERCENT)
 HIGHEST    88           100 AM
 LOWEST     56           200 PM
 AVERAGE    72

..........................................................


THE GRAND ISLAND NE CLIMATE NORMALS FOR TODAY
                         NORMAL    RECORD    YEAR
 MAXIMUM TEMPERATURE (F)   41        77      2017
 MINIMUM TEMPERATURE (F)   20       -16      1918


SUNRISE AND SUNSET
FEBRUARY 21 2018......SUNRISE   719 AM CST   SUNSET   615 PM CST
FEBRUARY 22 2018......SUNRISE   718 AM CST   SUNSET   616 PM CST


-  INDICATES NEGATIVE NUMBERS.
R  INDICATES RECORD WAS SET OR TIED.
MM INDICATES DATA IS MISSING.
T  INDICATES TRACE AMOUNT.




$$
