000
CDUS43 KGID 190638
CLIGRI


CLIMATE REPORT
NATIONAL WEATHER SERVICE HASTINGS NE
138 AM CDT FRI SEP 19 2014


...................................

...THE GRAND ISLAND NE CLIMATE SUMMARY FOR SEPTEMBER 18 2014...

CLIMATE NORMAL PERIOD 1981 TO 2010
CLIMATE RECORD PERIOD 1895 TO 2014


WEATHER ITEM   OBSERVED TIME   RECORD YEAR NORMAL DEPARTURE LAST
                VALUE   (LST)  VALUE       VALUE  FROM      YEAR
                                                  NORMAL
..................................................................
TEMPERATURE (F)
 YESTERDAY
  MAXIMUM         79    233 PM 102    1925  77      2       91
  MINIMUM         53    330 AM  29    1902  51      2       68
                                      1901
  AVERAGE         66                        64      2       80

PRECIPITATION (IN)
  YESTERDAY        0.00          3.36 1905   0.07  -0.07     0.00
  MONTH TO DATE    2.06                      1.37   0.69     1.72
  SINCE SEP 1      2.06                      1.37   0.69     1.72
  SINCE JAN 1     24.26                     22.14   2.12    21.13

SNOWFALL (IN)
  YESTERDAY        0.0                       0.0    0.0      0.0
  MONTH TO DATE    0.0                       0.0    0.0      0.0
  SINCE SEP 1      0.0                       0.0    0.0      0.0
  SINCE JUL 1      0.0                       0.0    0.0      0.0
  SNOW DEPTH       0

DEGREE DAYS
 HEATING
  YESTERDAY        0                         4     -4        0
  MONTH TO DATE   93                        38     55        6
  SINCE SEP 1     93                        38     55        6
  SINCE JUL 1     97                        48     49        9

 COOLING
  YESTERDAY        1                         3     -2       15
  MONTH TO DATE   39                        86    -47      154
  SINCE SEP 1     39                        86    -47      154
  SINCE JAN 1    969                      1000    -31     1217
..................................................................


WIND (MPH)
  HIGHEST WIND SPEED    22   HIGHEST WIND DIRECTION     S (160)
  HIGHEST GUST SPEED    30   HIGHEST GUST DIRECTION     S (170)
  AVERAGE WIND SPEED    10.5


SKY COVER
  AVERAGE SKY COVER 0.4


WEATHER CONDITIONS
 THE FOLLOWING WEATHER WAS RECORDED YESTERDAY.
  FOG
  FOG W/VISIBILITY <= 1/4 MILE


RELATIVE HUMIDITY (PERCENT)
 HIGHEST   100           200 AM
 LOWEST     54           100 PM
 AVERAGE    77

..........................................................


THE GRAND ISLAND NE CLIMATE NORMALS FOR TODAY
                         NORMAL    RECORD    YEAR
 MAXIMUM TEMPERATURE (F)   77        97      1998
                                             1980
                                             1948
 MINIMUM TEMPERATURE (F)   51        27      1991


SUNRISE AND SUNSET
SEPTEMBER 19 2014.....SUNRISE   718 AM CDT   SUNSET   735 PM CDT
SEPTEMBER 20 2014.....SUNRISE   719 AM CDT   SUNSET   734 PM CDT


-  INDICATES NEGATIVE NUMBERS.
R  INDICATES RECORD WAS SET OR TIED.
MM INDICATES DATA IS MISSING.
T  INDICATES TRACE AMOUNT.




$$
