000
CDUS43 KGID 080626
CLIGRI


CLIMATE REPORT
NATIONAL WEATHER SERVICE HASTINGS NE
1225 AM CST THU DEC 8 2016


...................................

...THE GRAND ISLAND NE CLIMATE SUMMARY FOR DECEMBER 7 2016...

CLIMATE NORMAL PERIOD 1981 TO 2010
CLIMATE RECORD PERIOD 1895 TO 2016


WEATHER ITEM   OBSERVED TIME   RECORD YEAR NORMAL DEPARTURE LAST
                VALUE   (LST)  VALUE       VALUE  FROM      YEAR
                                                  NORMAL
..................................................................
TEMPERATURE (F)
 YESTERDAY
  MAXIMUM         23    349 PM  65    1984  39    -16       59
                                      1970
  MINIMUM         11   1159 PM -15    1927  18     -7       33
  AVERAGE         17                        28    -11       46

PRECIPITATION (IN)
  YESTERDAY        0.00          0.40 1919   0.02  -0.02     0.00
                                      1917
  MONTH TO DATE    0.09                      0.17  -0.08     0.01
  SINCE DEC 1      0.09                      0.17  -0.08     0.01
  SINCE JAN 1     23.51                     26.20  -2.69    24.11

SNOWFALL (IN)
  YESTERDAY        0.0           5.0  1919   0.1   -0.1      0.0
  MONTH TO DATE    0.3                       1.0   -0.7      0.1
  SINCE DEC 1      0.3                       1.0   -0.7      0.1
  SINCE JUL 1      0.7                       5.2   -4.5      5.7
  SNOW DEPTH       0

DEGREE DAYS
 HEATING
  YESTERDAY       48                        37     11       19
  MONTH TO DATE  241                       250     -9      192
  SINCE DEC 1    241                       250     -9      192
  SINCE JUL 1   1161                      1580   -419     1158

 COOLING
  YESTERDAY        0                         0      0        0
  MONTH TO DATE    0                         0      0        0
  SINCE DEC 1      0                         0      0        0
  SINCE JAN 1   1146                      1034    112     1048
..................................................................


WIND (MPH)
  HIGHEST WIND SPEED    20   HIGHEST WIND DIRECTION    NW (310)
  HIGHEST GUST SPEED    28   HIGHEST GUST DIRECTION    NW (300)
  AVERAGE WIND SPEED    13.0


SKY COVER
  AVERAGE SKY COVER 0.5


WEATHER CONDITIONS
 THE FOLLOWING WEATHER WAS RECORDED YESTERDAY.
  NO SIGNIFICANT WEATHER WAS OBSERVED.


RELATIVE HUMIDITY (PERCENT)
 HIGHEST    67          1100 PM
 LOWEST     41           300 PM
 AVERAGE    54

..........................................................


THE GRAND ISLAND NE CLIMATE NORMALS FOR TODAY
                         NORMAL    RECORD    YEAR
 MAXIMUM TEMPERATURE (F)   38        73      1970
 MINIMUM TEMPERATURE (F)   18       -15      1927


SUNRISE AND SUNSET
DECEMBER  8 2016......SUNRISE   746 AM CST   SUNSET   505 PM CST
DECEMBER  9 2016......SUNRISE   747 AM CST   SUNSET   505 PM CST


-  INDICATES NEGATIVE NUMBERS.
R  INDICATES RECORD WAS SET OR TIED.
MM INDICATES DATA IS MISSING.
T  INDICATES TRACE AMOUNT.




$$
