000
CDUS43 KGID 270625
CLIGRI


CLIMATE REPORT
NATIONAL WEATHER SERVICE HASTINGS NE
124 AM CDT TUE SEP 27 2016


...................................

...THE GRAND ISLAND NE CLIMATE SUMMARY FOR SEPTEMBER 26 2016...

CLIMATE NORMAL PERIOD 1981 TO 2010
CLIMATE RECORD PERIOD 1895 TO 2016


WEATHER ITEM   OBSERVED TIME   RECORD YEAR NORMAL DEPARTURE LAST
                VALUE   (LST)  VALUE       VALUE  FROM      YEAR
                                                  NORMAL
..................................................................
TEMPERATURE (F)
 YESTERDAY
  MAXIMUM         78    431 PM  94    1990  74      4       80
  MINIMUM         41    447 AM  30    1984  48     -7       53
  AVERAGE         60                        61     -1       67

PRECIPITATION (IN)
  YESTERDAY        0.00          1.03 1927   0.07  -0.07     0.00
  MONTH TO DATE    2.53                      1.96   0.57     3.23
  SINCE SEP 1      2.53                      1.96   0.57     3.23
  SINCE JAN 1     21.93                     22.73  -0.80    19.88

SNOWFALL (IN)
  YESTERDAY        0.0                       0.1   -0.1      0.0
  MONTH TO DATE    0.0                       0.1   -0.1      0.0
  SINCE SEP 1      0.0                       0.1   -0.1      0.0
  SINCE JUL 1      0.0                       0.1   -0.1      0.0
  6 AM SNOW DEPTH  0

DEGREE DAYS
 HEATING
  YESTERDAY        5                         6     -1        0
  MONTH TO DATE   35                        78    -43       16
  SINCE SEP 1     35                        78    -43       16
  SINCE JUL 1     42                        88    -46       29

 COOLING
  YESTERDAY        0                         2     -2        2
  MONTH TO DATE  127                       104     23      189
  SINCE SEP 1    127                       104     23      189
  SINCE JAN 1   1141                      1018    123     1011
..................................................................


WIND (MPH)
  HIGHEST WIND SPEED    22   HIGHEST WIND DIRECTION     W (280)
  HIGHEST GUST SPEED    29   HIGHEST GUST DIRECTION     N (350)
  AVERAGE WIND SPEED     9.3


SKY COVER
  AVERAGE SKY COVER 0.0


WEATHER CONDITIONS
 THE FOLLOWING WEATHER WAS RECORDED YESTERDAY.
  NO SIGNIFICANT WEATHER WAS OBSERVED.


RELATIVE HUMIDITY (PERCENT)
 HIGHEST    79           400 AM
 LOWEST     22           200 PM
 AVERAGE    51

..........................................................


THE GRAND ISLAND NE CLIMATE NORMALS FOR TODAY
                         NORMAL    RECORD    YEAR
 MAXIMUM TEMPERATURE (F)   73        95      1956
 MINIMUM TEMPERATURE (F)   47        30      1964


SUNRISE AND SUNSET
SEPTEMBER 27 2016.....SUNRISE   726 AM CDT   SUNSET   721 PM CDT
SEPTEMBER 28 2016.....SUNRISE   727 AM CDT   SUNSET   719 PM CDT


-  INDICATES NEGATIVE NUMBERS.
R  INDICATES RECORD WAS SET OR TIED.
MM INDICATES DATA IS MISSING.
T  INDICATES TRACE AMOUNT.




$$
