000
CDUS43 KGID 230704
CLIGRI


CLIMATE REPORT
NATIONAL WEATHER SERVICE HASTINGS NE
100 AM CST THU FEB 23 2017


...................................

...THE GRAND ISLAND NE CLIMATE SUMMARY FOR FEBRUARY 22 2017...

CLIMATE NORMAL PERIOD 1981 TO 2010
CLIMATE RECORD PERIOD 1895 TO 2017


WEATHER ITEM   OBSERVED TIME   RECORD YEAR NORMAL DEPARTURE LAST
                VALUE   (LST)  VALUE       VALUE  FROM      YEAR
                                                  NORMAL
..................................................................
TEMPERATURE (F)
 YESTERDAY
  MAXIMUM         71    213 PM  76    1982  42     29       51
  MINIMUM         34    652 AM  -4    1993  21     13       30
                                      1989
  AVERAGE         53                        31     22       41

PRECIPITATION (IN)
  YESTERDAY        0.00          0.68 1994   0.02  -0.02      T
  MONTH TO DATE    0.03                      0.49  -0.46     1.85
  SINCE DEC 1      1.91                      1.65   0.26     4.05
  SINCE JAN 1      1.10                      1.02   0.08     2.17

SNOWFALL (IN)
  YESTERDAY        0.0           5.2  1971   0.2   -0.2      0.0
  MONTH TO DATE    0.6                       5.1   -4.5     18.6
  SINCE DEC 1      4.4                      16.7  -12.3     25.6
  SINCE JUL 1      4.8                      20.9  -16.1     31.2
  SNOW DEPTH       0

DEGREE DAYS
 HEATING
  YESTERDAY       12                        34    -22       24
  MONTH TO DATE  557                       810   -253      698
  SINCE DEC 1   2949                      3236   -287     2876
  SINCE JUL 1   3869                      4566   -697     3842

 COOLING
  YESTERDAY        0                         0      0        0
  MONTH TO DATE    0                         0      0        0
  SINCE DEC 1      0                         0      0        0
  SINCE JAN 1      0                         0      0        0
..................................................................


WIND (MPH)
  HIGHEST WIND SPEED    23   HIGHEST WIND DIRECTION    NW (330)
  HIGHEST GUST SPEED    30   HIGHEST GUST DIRECTION     N (340)
  AVERAGE WIND SPEED    11.2


SKY COVER
  AVERAGE SKY COVER 0.0


WEATHER CONDITIONS
 THE FOLLOWING WEATHER WAS RECORDED YESTERDAY.
  NO SIGNIFICANT WEATHER WAS OBSERVED.


RELATIVE HUMIDITY (PERCENT)
 HIGHEST    76          1100 PM
 LOWEST     17           300 PM
 AVERAGE    47

..........................................................


THE GRAND ISLAND NE CLIMATE NORMALS FOR TODAY
                         NORMAL    RECORD    YEAR
 MAXIMUM TEMPERATURE (F)   42        74      2002
 MINIMUM TEMPERATURE (F)   21       -10      1993


SUNRISE AND SUNSET
FEBRUARY 23 2017......SUNRISE   716 AM CST   SUNSET   618 PM CST
FEBRUARY 24 2017......SUNRISE   714 AM CST   SUNSET   619 PM CST


-  INDICATES NEGATIVE NUMBERS.
R  INDICATES RECORD WAS SET OR TIED.
MM INDICATES DATA IS MISSING.
T  INDICATES TRACE AMOUNT.




$$
