000
CDUS43 KGID 290739
CLIGRI


CLIMATE REPORT
NATIONAL WEATHER SERVICE HASTINGS NE
238 AM CDT MON MAY 29 2017


...................................

...THE GRAND ISLAND NE CLIMATE SUMMARY FOR MAY 28 2017...

CLIMATE NORMAL PERIOD 1981 TO 2010
CLIMATE RECORD PERIOD 1895 TO 2017


WEATHER ITEM   OBSERVED TIME   RECORD YEAR NORMAL DEPARTURE LAST
                VALUE   (LST)  VALUE       VALUE  FROM      YEAR
                                                  NORMAL
..................................................................
TEMPERATURE (F)
 YESTERDAY
  MAXIMUM         82    201 PM  98    2006  77      5       76
  MINIMUM         52    521 AM  31    1947  54     -2       54
  AVERAGE         67                        65      2       65

PRECIPITATION (IN)
  YESTERDAY        0.00          2.28 1927   0.14  -0.14     0.03
  MONTH TO DATE    5.28                      3.95   1.33     6.61
  SINCE MAR 1      8.73                      8.28   0.45    12.27
  SINCE JAN 1     10.05                      9.49   0.56    14.45

SNOWFALL (IN)
  YESTERDAY        0.0           4.5  1947   0.0    0.0      0.0
  MONTH TO DATE    0.3                       0.1    0.2      0.0
  SINCE MAR 1      1.5                       7.0   -5.5      2.6
  SINCE JUL 1      9.2                      29.1  -19.9     33.8
  SNOW DEPTH       0

DEGREE DAYS
 HEATING
  YESTERDAY        0                         3     -3        0
  MONTH TO DATE  176                       165     11      176
  SINCE MAR 1   1286                      1406   -120     1133
  SINCE JUL 1   5352                      6167   -815     5131

 COOLING
  YESTERDAY        2                         3     -1        0
  MONTH TO DATE   45                        45      0       21
  SINCE MAR 1     50                        56     -6       21
  SINCE JAN 1     50                        56     -6       21
..................................................................


WIND (MPH)
  HIGHEST WIND SPEED    26   HIGHEST WIND DIRECTION    NW (310)
  HIGHEST GUST SPEED    39   HIGHEST GUST DIRECTION    NW (300)
  AVERAGE WIND SPEED    13.1


SKY COVER
  AVERAGE SKY COVER 0.1


WEATHER CONDITIONS
 THE FOLLOWING WEATHER WAS RECORDED YESTERDAY.
  NO SIGNIFICANT WEATHER WAS OBSERVED.


RELATIVE HUMIDITY (PERCENT)
 HIGHEST    93          1200 AM
 LOWEST     24           600 PM
 AVERAGE    59

..........................................................


THE GRAND ISLAND NE CLIMATE NORMALS FOR TODAY
                         NORMAL    RECORD    YEAR
 MAXIMUM TEMPERATURE (F)   77       104      1934
 MINIMUM TEMPERATURE (F)   54        26      1947


SUNRISE AND SUNSET
MAY 29 2017...........SUNRISE   605 AM CDT   SUNSET   857 PM CDT
MAY 30 2017...........SUNRISE   604 AM CDT   SUNSET   858 PM CDT


-  INDICATES NEGATIVE NUMBERS.
R  INDICATES RECORD WAS SET OR TIED.
MM INDICATES DATA IS MISSING.
T  INDICATES TRACE AMOUNT.




$$
