309
CDUS43 KGRR 010520
CLIGRR


CLIMATE REPORT
NATIONAL WEATHER SERVICE GRAND RAPIDS, MI
119 AM EDT MON MAY 1 2017


...................................

...THE GRAND RAPIDS MI CLIMATE SUMMARY FOR APRIL 30 2017...

CLIMATE NORMAL PERIOD 1981 TO 2010
CLIMATE RECORD PERIOD 1892 TO 2017


WEATHER ITEM   OBSERVED TIME   RECORD YEAR NORMAL DEPARTURE LAST
                VALUE   (LST)  VALUE       VALUE  FROM      YEAR
                                                  NORMAL
..................................................................
TEMPERATURE (F)
 YESTERDAY
  MAXIMUM         44    429 PM  87    1942  64    -20       55
                                      1894
  MINIMUM         40    326 AM  26    2008  43     -3       38
                                      1971
  AVERAGE         42                        54    -12       47

PRECIPITATION (IN)
  YESTERDAY        1.41          1.85 1963   0.12   1.29     0.43
  MONTH TO DATE    6.27                      3.35   2.92     3.92
  SINCE MAR 1      9.54                      5.72   3.82     8.86
  SINCE JAN 1     15.10                      9.60   5.50    13.79

SNOWFALL (IN)
  YESTERDAY        0.0           3.6  1963   0.0    0.0      0.0
  MONTH TO DATE    0.4                       1.8   -1.4      9.4
  SINCE MAR 1      5.1                      10.1   -5.0     19.5
  SINCE JUL 1     60.1                      74.9  -14.8     61.1
  SNOW DEPTH       0

DEGREE DAYS
 HEATING
  YESTERDAY       23                        12     11       18
  MONTH TO DATE  391                       518   -127      564
  SINCE MAR 1   1312                      1428   -116     1313
  SINCE JUL 1   5366                      6205   -839     5390

 COOLING
  YESTERDAY        0                         0      0        0
  MONTH TO DATE    5                         7     -2        0
  SINCE MAR 1      5                         8     -3        0
  SINCE JAN 1      5                         8     -3        0
..................................................................


WIND (MPH)
  RESULTANT WIND SPEED  17   RESULTANT WIND DIRECTION   E (80)
  HIGHEST WIND SPEED    29   HIGHEST WIND DIRECTION     E (80)
  HIGHEST GUST SPEED    35   HIGHEST GUST DIRECTION     E (90)
  AVERAGE WIND SPEED    16.4


SKY COVER
  POSSIBLE SUNSHINE   0 PERCENT
  AVERAGE SKY COVER 1.0


WEATHER CONDITIONS
 THE FOLLOWING WEATHER WAS RECORDED YESTERDAY.
  THUNDERSTORM
  HEAVY RAIN
  RAIN
  LIGHT RAIN
  FOG


RELATIVE HUMIDITY (PERCENT)
 HIGHEST   100           100 AM
 LOWEST    100           100 AM
 AVERAGE   100

..........................................................


THE GRAND RAPIDS MI CLIMATE NORMALS FOR TODAY
                         NORMAL    RECORD    YEAR
 MAXIMUM TEMPERATURE (F)   65        88      1942
 MINIMUM TEMPERATURE (F)   43        21      1903


SUNRISE AND SUNSET
MAY  1 2017...........SUNRISE   636 AM EDT   SUNSET   843 PM EDT
MAY  2 2017...........SUNRISE   634 AM EDT   SUNSET   844 PM EDT


-  INDICATES NEGATIVE NUMBERS.
R  INDICATES RECORD WAS SET OR TIED.
MM INDICATES DATA IS MISSING.
T  INDICATES TRACE AMOUNT.




$$
