000
CDUS42 KRAH 180749
CLIGSO


CLIMATE REPORT
NATIONAL WEATHER SERVICE RALEIGH NC
344 AM EDT THU SEP 18 2014


...................................

...THE PIEDMONT TRIAD INTL AIRPORT NC CLIMATE SUMMARY FOR SEPTEMBER 17 2014...

CLIMATE NORMAL PERIOD 1981 TO 2010
CLIMATE RECORD PERIOD 1903 TO 2014


WEATHER ITEM   OBSERVED TIME   RECORD YEAR NORMAL DEPARTURE LAST
                VALUE   (LST)  VALUE       VALUE  FROM      YEAR
                                                  NORMAL
..................................................................
TEMPERATURE (F)
 YESTERDAY
  MAXIMUM         77    301 PM  96    1921  79     -2       75
  MINIMUM         61    449 AM  41    1984  60      1       56
  AVERAGE         69                        70     -1       66

PRECIPITATION (IN)
  YESTERDAY        0.00          3.46 1945   0.15  -0.15     0.00
  MONTH TO DATE    2.54                      2.56  -0.02     1.42
  SINCE SEP 1      2.54                      2.56  -0.02     1.42
  SINCE JAN 1     28.42                     31.35  -2.93    39.81

DEGREE DAYS
 HEATING
  YESTERDAY        0                         1     -1        0
  MONTH TO DATE    0                         5     -5        0
  SINCE SEP 1      0                         5     -5        0
  SINCE JUL 1      0                         6     -6        2

 COOLING
  YESTERDAY        4                         6     -2        1
  MONTH TO DATE  164                       133     31      151
  SINCE SEP 1    164                       133     31      151
  SINCE JAN 1   1417                      1395     22     1310
..................................................................


WIND (MPH)
  HIGHEST WIND SPEED    13   HIGHEST WIND DIRECTION    NE (60)
  HIGHEST GUST SPEED    17   HIGHEST GUST DIRECTION    NE (60)
  AVERAGE WIND SPEED     5.8


SKY COVER
  POSSIBLE SUNSHINE  MM
  AVERAGE SKY COVER 0.6


WEATHER CONDITIONS
 THE FOLLOWING WEATHER WAS RECORDED YESTERDAY.
  FOG


RELATIVE HUMIDITY (PERCENT)
 HIGHEST    93          1200 AM
 LOWEST     60           300 PM
 AVERAGE    77

..........................................................


THE PIEDMONT TRIAD INTL AIRPORT NC CLIMATE NORMALS FOR TODAY
                         NORMAL    RECORD    YEAR
 MAXIMUM TEMPERATURE (F)   79        97      1921
 MINIMUM TEMPERATURE (F)   60        45      1990
                                             1984


SUNRISE AND SUNSET
SEPTEMBER 18 2014.....SUNRISE   705 AM EDT   SUNSET   723 PM EDT
SEPTEMBER 19 2014.....SUNRISE   705 AM EDT   SUNSET   721 PM EDT


-  INDICATES NEGATIVE NUMBERS.
R  INDICATES RECORD WAS SET OR TIED.
MM INDICATES DATA IS MISSING.
T  INDICATES TRACE AMOUNT.




$$
