000
CDUS42 KRAH 300722
CLIGSO


CLIMATE REPORT
NATIONAL WEATHER SERVICE RALEIGH NC
218 AM EST FRI JAN 30 2015


...................................

...THE PIEDMONT TRIAD INTL AIRPORT NC CLIMATE SUMMARY FOR JANUARY 29 2015...

CLIMATE NORMAL PERIOD 1981 TO 2010
CLIMATE RECORD PERIOD 1903 TO 2015


WEATHER ITEM   OBSERVED TIME   RECORD YEAR NORMAL DEPARTURE LAST
                VALUE   (LST)  VALUE       VALUE  FROM      YEAR
                                                  NORMAL
..................................................................
TEMPERATURE (F)
 YESTERDAY
  MAXIMUM         49    105 PM  78    1975  49      0       26
                                      1914
  MINIMUM         25    715 AM  -7    1940  30     -5       15
  AVERAGE         37                        40     -3       21

PRECIPITATION (IN)
  YESTERDAY        T             1.00 1910   0.09  -0.09      T
  MONTH TO DATE    2.04                      2.86  -0.82     3.98
  SINCE DEC 1      4.25                      5.84  -1.59     9.17
  SINCE JAN 1      2.04                      2.86  -0.82     3.98

SNOWFALL (IN)
  YESTERDAY        0.0           7.2  1966   0.1   -0.1       T
  MONTH TO DATE    T                         3.2   -3.2      1.6
  SINCE DEC 1      T                         4.0   -4.0      1.6
  SINCE JUL 1      T                         4.1   -4.1      1.6
  SNOW DEPTH       0

DEGREE DAYS
 HEATING
  YESTERDAY       28                        25      3       44
  MONTH TO DATE  760                       752      8      893
  SINCE DEC 1   1411                      1486    -75     1529
  SINCE JUL 1   2161                      2166     -5     2263

 COOLING
  YESTERDAY        0                         0      0        0
  MONTH TO DATE    0                         0      0        0
  SINCE DEC 1      0                         1     -1        8
  SINCE JAN 1      0                         0      0        0
..................................................................


WIND (MPH)
  HIGHEST WIND SPEED    18   HIGHEST WIND DIRECTION    SW (230)
  HIGHEST GUST SPEED    24   HIGHEST GUST DIRECTION    SW (230)
  AVERAGE WIND SPEED     6.5


SKY COVER
  POSSIBLE SUNSHINE  MM
  AVERAGE SKY COVER 0.6


WEATHER CONDITIONS
 THE FOLLOWING WEATHER WAS RECORDED YESTERDAY.
  LIGHT RAIN


RELATIVE HUMIDITY (PERCENT)
 HIGHEST    74           700 AM
 LOWEST     34           200 PM
 AVERAGE    54

..........................................................


THE PIEDMONT TRIAD INTL AIRPORT NC CLIMATE NORMALS FOR TODAY
                         NORMAL    RECORD    YEAR
 MAXIMUM TEMPERATURE (F)   49        78      2002
 MINIMUM TEMPERATURE (F)   30         4      1966
                                             1934


SUNRISE AND SUNSET
JANUARY 30 2015.......SUNRISE   722 AM EST   SUNSET   544 PM EST
JANUARY 31 2015.......SUNRISE   722 AM EST   SUNSET   545 PM EST


-  INDICATES NEGATIVE NUMBERS.
R  INDICATES RECORD WAS SET OR TIED.
MM INDICATES DATA IS MISSING.
T  INDICATES TRACE AMOUNT.




$$
