000
CDUS42 KRAH 040601
CLIGSO


CLIMATE REPORT
NATIONAL WEATHER SERVICE RALEIGH NC
200 AM EDT TUE AUG 4 2015


...................................

...THE PIEDMONT TRIAD INTL AIRPORT NC CLIMATE SUMMARY FOR AUGUST 3 2015...

CLIMATE NORMAL PERIOD 1981 TO 2010
CLIMATE RECORD PERIOD 1903 TO 2015


WEATHER ITEM   OBSERVED TIME   RECORD YEAR NORMAL DEPARTURE LAST
                VALUE   (LST)  VALUE       VALUE  FROM      YEAR
                                                  NORMAL
..................................................................
TEMPERATURE (F)
 YESTERDAY
  MAXIMUM         93    341 PM  98    1942  87      6       84
  MINIMUM         67    526 AM  55    1985  69     -2       64
  AVERAGE         80                        78      2       74

PRECIPITATION (IN)
  YESTERDAY        0.00          3.00 2003   0.13  -0.13     0.00
  MONTH TO DATE    0.00                      0.40  -0.40     1.30
  SINCE JUN 1      5.40                      8.61  -3.21     7.03
  SINCE JAN 1     18.36                     25.31  -6.95    24.52

DEGREE DAYS
 HEATING
  YESTERDAY        0                         0      0        0
  MONTH TO DATE    0                         0      0        0
  SINCE JUN 1      3                         6     -3        0
  SINCE JUL 1      0                         0      0        0

 COOLING
  YESTERDAY       15                        13      2        9
  MONTH TO DATE   42                        39      3       12
  SINCE JUN 1    929                       765    164      753
  SINCE JAN 1   1163                       924    239      950
..................................................................


WIND (MPH)
  HIGHEST WIND SPEED    15   HIGHEST WIND DIRECTION    SW (240)
  HIGHEST GUST SPEED    23   HIGHEST GUST DIRECTION    SW (240)
  AVERAGE WIND SPEED     5.7


SKY COVER
  POSSIBLE SUNSHINE  MM
  AVERAGE SKY COVER 0.5


WEATHER CONDITIONS
 THE FOLLOWING WEATHER WAS RECORDED YESTERDAY.
  NO SIGNIFICANT WEATHER WAS OBSERVED.


RELATIVE HUMIDITY (PERCENT)
 HIGHEST    84           700 AM
 LOWEST     36           300 PM
 AVERAGE    60

..........................................................


THE PIEDMONT TRIAD INTL AIRPORT NC CLIMATE NORMALS FOR TODAY
                         NORMAL    RECORD    YEAR
 MAXIMUM TEMPERATURE (F)   87        98      1987
 MINIMUM TEMPERATURE (F)   69        54      1985


SUNRISE AND SUNSET
AUGUST  4 2015........SUNRISE   629 AM EDT   SUNSET   822 PM EDT
AUGUST  5 2015........SUNRISE   630 AM EDT   SUNSET   821 PM EDT


-  INDICATES NEGATIVE NUMBERS.
R  INDICATES RECORD WAS SET OR TIED.
MM INDICATES DATA IS MISSING.
T  INDICATES TRACE AMOUNT.




$$
