427
CDUS42 KRAH 282049
CLIGSO


CLIMATE REPORT
NATIONAL WEATHER SERVICE RALEIGH NC
445 PM EDT TUE MAR 28 2017


...................................

...THE PIEDMONT TRIAD INTL AIRPORT NC CLIMATE SUMMARY FOR MARCH 28 2017...
VALID TODAY AS OF 0400 PM LOCAL TIME.

CLIMATE NORMAL PERIOD 1981 TO 2010
CLIMATE RECORD PERIOD 1903 TO 2017


WEATHER ITEM   OBSERVED TIME   RECORD YEAR NORMAL DEPARTURE LAST
                VALUE   (LST)  VALUE       VALUE  FROM      YEAR
                                                  NORMAL
..................................................................
TEMPERATURE (F)
 TODAY
  MAXIMUM         77    221 PM  87    1907  65     12       72
  MINIMUM         58    714 AM  20    1982  42     16       51
  AVERAGE         68                        54     14       62

PRECIPITATION (IN)
  TODAY            0.45          2.86 2010   0.13   0.32     0.05
  MONTH TO DATE    2.13                      3.36  -1.23     1.87
  SINCE MAR 1      2.13                      3.36  -1.23     1.87
  SINCE JAN 1      7.74                      9.38  -1.64     8.01

SNOWFALL (IN)
  TODAY            0.0           T    2011   0.0    0.0      0.0
                                      1947
  MONTH TO DATE    T                         0.8   -0.8      0.0
  SINCE MAR 1      T                         0.8   -0.8      0.0
  SINCE JUL 1      8.0                       7.5    0.5      4.5
  SNOW DEPTH       0

DEGREE DAYS
 HEATING
  TODAY            0                        12    -12        3
  MONTH TO DATE  429                       436     -7      245
  SINCE MAR 1    429                       436     -7      245
  SINCE JUL 1   2599                      3291   -692     2631

 COOLING
  TODAY            3                         0      3        0
  MONTH TO DATE    8                         0      8       26
  SINCE MAR 1      8                         0      8       26
  SINCE JAN 1     12                         0     12       26
..................................................................


WIND (MPH)
  HIGHEST WIND SPEED    21   HIGHEST WIND DIRECTION     W (280)
  HIGHEST GUST SPEED    26   HIGHEST GUST DIRECTION     W (280)
  AVERAGE WIND SPEED    12.1


SKY COVER
  POSSIBLE SUNSHINE  MM
  AVERAGE SKY COVER 0.8


WEATHER CONDITIONS
 THE FOLLOWING WEATHER WAS RECORDED TODAY.
  THUNDERSTORM
  HEAVY RAIN
  RAIN
  LIGHT RAIN
  FOG


RELATIVE HUMIDITY (PERCENT)
 HIGHEST   100           500 AM
 LOWEST     46           200 PM
 AVERAGE    73

..........................................................


THE PIEDMONT TRIAD INTL AIRPORT NC CLIMATE NORMALS FOR TOMORROW
                         NORMAL    RECORD    YEAR
 MAXIMUM TEMPERATURE (F)   65        91      1907
 MINIMUM TEMPERATURE (F)   43        20      1966


SUNRISE AND SUNSET
MARCH 28 2017.........SUNRISE   711 AM EDT   SUNSET   739 PM EDT
MARCH 29 2017.........SUNRISE   710 AM EDT   SUNSET   739 PM EDT


-  INDICATES NEGATIVE NUMBERS.
R  INDICATES RECORD WAS SET OR TIED.
MM INDICATES DATA IS MISSING.
T  INDICATES TRACE AMOUNT.




$$
