000
CDUS42 KRAH 270852
CLIGSO


CLIMATE REPORT
NATIONAL WEATHER SERVICE RALEIGH NC
351 AM EST THU NOV 27 2014


...................................

...THE PIEDMONT TRIAD INTL AIRPORT NC CLIMATE SUMMARY FOR NOVEMBER 26 2014...

CLIMATE NORMAL PERIOD 1981 TO 2010
CLIMATE RECORD PERIOD 1903 TO 2014


WEATHER ITEM   OBSERVED TIME   RECORD YEAR NORMAL DEPARTURE LAST
                VALUE   (LST)  VALUE       VALUE  FROM      YEAR
                                                  NORMAL
..................................................................
TEMPERATURE (F)
 YESTERDAY
  MAXIMUM         47   1251 AM  74    1990  57    -10       46
  MINIMUM         38   1033 PM  13    1950  37      1       31
  AVERAGE         43                        47     -4       39

PRECIPITATION (IN)
  YESTERDAY        1.00          2.32 2013   0.10   0.90     2.32
  MONTH TO DATE    3.17                      2.70   0.47     3.04
  SINCE SEP 1      8.11                     10.02  -1.91     6.28
  SINCE JAN 1     33.99                     38.81  -4.82    44.67

SNOWFALL (IN)
  YESTERDAY        0.0           0.2  1956   0.0    0.0      0.0
  MONTH TO DATE    0.0                       0.1   -0.1       T
  SINCE SEP 1      0.0                       0.1   -0.1       T
  SINCE JUL 1      0.0                       0.1   -0.1       T
  SNOW DEPTH       0

DEGREE DAYS
 HEATING
  YESTERDAY       22                        18      4       26
  MONTH TO DATE  487                       370    117      438
  SINCE SEP 1    655                       602     53      612
  SINCE JUL 1    655                       603     52      614

 COOLING
  YESTERDAY        0                         0      0        0
  MONTH TO DATE    0                         0      0        0
  SINCE SEP 1    246                       218     28      222
  SINCE JAN 1   1499                      1480     19     1381
..................................................................


WIND (MPH)
  HIGHEST WIND SPEED    16   HIGHEST WIND DIRECTION    NE (30)
  HIGHEST GUST SPEED    22   HIGHEST GUST DIRECTION    NE (30)
  AVERAGE WIND SPEED     6.4


SKY COVER
  POSSIBLE SUNSHINE  MM
  AVERAGE SKY COVER 0.9


WEATHER CONDITIONS
 THE FOLLOWING WEATHER WAS RECORDED YESTERDAY.
  HEAVY RAIN
  RAIN
  LIGHT RAIN
  FOG
  FOG W/VISIBILITY <= 1/4 MILE


RELATIVE HUMIDITY (PERCENT)
 HIGHEST   100           800 AM
 LOWEST     82           600 PM
 AVERAGE    91

..........................................................


THE PIEDMONT TRIAD INTL AIRPORT NC CLIMATE NORMALS FOR TODAY
                         NORMAL    RECORD    YEAR
 MAXIMUM TEMPERATURE (F)   56        74      2001
                                             1990
                                             1985
 MINIMUM TEMPERATURE (F)   36        15      1950


SUNRISE AND SUNSET
NOVEMBER 27 2014......SUNRISE   708 AM EST   SUNSET   506 PM EST
NOVEMBER 28 2014......SUNRISE   709 AM EST   SUNSET   506 PM EST


-  INDICATES NEGATIVE NUMBERS.
R  INDICATES RECORD WAS SET OR TIED.
MM INDICATES DATA IS MISSING.
T  INDICATES TRACE AMOUNT.

$$
