000
CDUS42 KRAH 290128
CLIGSO


CLIMATE REPORT
NATIONAL WEATHER SERVICE RALEIGH NC
922 PM EDT SUN AUG 28 2016


...................................

...THE PIEDMONT TRIAD INTL AIRPORT NC CLIMATE SUMMARY FOR AUGUST 28 2016...
VALID AS OF 0800 PM LOCAL TIME.

CLIMATE NORMAL PERIOD 1981 TO 2010
CLIMATE RECORD PERIOD 1903 TO 2016


WEATHER ITEM   OBSERVED TIME   RECORD YEAR NORMAL DEPARTURE LAST
                VALUE   (LST)  VALUE       VALUE  FROM      YEAR
                                                  NORMAL
..................................................................
TEMPERATURE (F)
 TODAY
  MAXIMUM         88    429 PM 100    1924  85      3       85
  MINIMUM         72    615 AM  52    1969  67      5       62
  AVERAGE         80                        76      4       74

PRECIPITATION (IN)
  TODAY            0.00          3.28 1915   0.13  -0.13     0.00
  MONTH TO DATE    4.97                      3.51   1.46     6.66
  SINCE JUN 1     11.83                     11.72   0.11    12.06
  SINCE JAN 1     30.80                     28.42   2.38    25.02

DEGREE DAYS
 HEATING
  TODAY            0                         0      0        0
  MONTH TO DATE    0                         0      0        0
  SINCE JUN 1      0                         6     -6        3
  SINCE JUL 1      0                         0      0        0

 COOLING
  TODAY           15                        11      4        9
  MONTH TO DATE  433                       346     87      363
  SINCE JUN 1   1322                      1072    250     1250
  SINCE JAN 1   1522                      1231    291     1484
..................................................................


WIND (MPH)
  HIGHEST WIND SPEED    17   HIGHEST WIND DIRECTION    NE (50)
  HIGHEST GUST SPEED    22   HIGHEST GUST DIRECTION    NE (60)
  AVERAGE WIND SPEED     9.0


SKY COVER
  POSSIBLE SUNSHINE  MM
  AVERAGE SKY COVER 0.4


WEATHER CONDITIONS
 THE FOLLOWING WEATHER WAS RECORDED TODAY.
  FOG


RELATIVE HUMIDITY (PERCENT)
 HIGHEST   100           600 AM
 LOWEST     39           200 PM
 AVERAGE    70

..........................................................


THE PIEDMONT TRIAD INTL AIRPORT NC CLIMATE NORMALS FOR TOMORROW
                         NORMAL    RECORD    YEAR
 MAXIMUM TEMPERATURE (F)   85       100      1948
 MINIMUM TEMPERATURE (F)   66        47      1986


SUNRISE AND SUNSET
AUGUST 28 2016........SUNRISE   649 AM EDT   SUNSET   752 PM EDT
AUGUST 29 2016........SUNRISE   650 AM EDT   SUNSET   751 PM EDT


-  INDICATES NEGATIVE NUMBERS.
R  INDICATES RECORD WAS SET OR TIED.
MM INDICATES DATA IS MISSING.
T  INDICATES TRACE AMOUNT.

$$
