000
CDUS42 KRAH 110711
CLIGSO


CLIMATE REPORT
NATIONAL WEATHER SERVICE RALEIGH NC
209 AM EST THU FEB 11 2016


...................................

...THE PIEDMONT TRIAD INTL AIRPORT NC CLIMATE SUMMARY FOR FEBRUARY 10 2016...

CLIMATE NORMAL PERIOD 1981 TO 2010
CLIMATE RECORD PERIOD 1903 TO 2016


WEATHER ITEM   OBSERVED TIME   RECORD YEAR NORMAL DEPARTURE LAST
                VALUE   (LST)  VALUE       VALUE  FROM      YEAR
                                                  NORMAL
..................................................................
TEMPERATURE (F)
 YESTERDAY
  MAXIMUM         37    204 PM  74    1938  51    -14       49
  MINIMUM         20    700 AM   5    1979  32    -12       35
  AVERAGE         29                        41    -12       42

PRECIPITATION (IN)
  YESTERDAY        0.00          2.51 1946   0.10  -0.10     0.21
  MONTH TO DATE    1.00                      0.98   0.02     0.97
  SINCE DEC 1      9.56                      7.02   2.54     5.22
  SINCE JAN 1      2.91                      4.04  -1.13     3.01

SNOWFALL (IN)
  YESTERDAY        0.0           2.2  1948   0.1   -0.1      0.0
  MONTH TO DATE    T                         0.9   -0.9      0.0
  SINCE DEC 1      2.5                       5.1   -2.6       T
  SINCE JUL 1      2.5                       5.2   -2.7       T
  SNOW DEPTH       0

DEGREE DAYS
 HEATING
  YESTERDAY       36                        24     12       23
  MONTH TO DATE  209                       244    -35      237
  SINCE DEC 1   1434                      1787   -353     1708
  SINCE JUL 1   1948                      2467   -519     2458

 COOLING
  YESTERDAY        0                         0      0        0
  MONTH TO DATE    0                         0      0        0
  SINCE DEC 1     15                         1     14        0
  SINCE JAN 1      0                         0      0        0
..................................................................


WIND (MPH)
  HIGHEST WIND SPEED    24   HIGHEST WIND DIRECTION     W (290)
  HIGHEST GUST SPEED    30   HIGHEST GUST DIRECTION     W (290)
  AVERAGE WIND SPEED    12.0


SKY COVER
  POSSIBLE SUNSHINE  MM
  AVERAGE SKY COVER 0.2


WEATHER CONDITIONS
 THE FOLLOWING WEATHER WAS RECORDED YESTERDAY.
  NO SIGNIFICANT WEATHER WAS OBSERVED.


RELATIVE HUMIDITY (PERCENT)
 HIGHEST    65           800 AM
 LOWEST     29           400 PM
 AVERAGE    47

..........................................................


THE PIEDMONT TRIAD INTL AIRPORT NC CLIMATE NORMALS FOR TODAY
                         NORMAL    RECORD    YEAR
 MAXIMUM TEMPERATURE (F)   52        78      1932
 MINIMUM TEMPERATURE (F)   32         2      1936


SUNRISE AND SUNSET
FEBRUARY 11 2016......SUNRISE   712 AM EST   SUNSET   557 PM EST
FEBRUARY 12 2016......SUNRISE   711 AM EST   SUNSET   558 PM EST


-  INDICATES NEGATIVE NUMBERS.
R  INDICATES RECORD WAS SET OR TIED.
MM INDICATES DATA IS MISSING.
T  INDICATES TRACE AMOUNT.

$$
