718
CDUS42 KRAH 162158
CLIGSO


CLIMATE REPORT
NATIONAL WEATHER SERVICE RALEIGH NC
457 PM EST TUE JAN 16 2018


...................................

...THE PIEDMONT TRIAD INTL AIRPORT NC CLIMATE SUMMARY FOR JANUARY 16 2018...
VALID TODAY AS OF 0455 PM LOCAL TIME.

CLIMATE NORMAL PERIOD 1981 TO 2010
CLIMATE RECORD PERIOD 1903 TO 2018


WEATHER ITEM   OBSERVED TIME   RECORD YEAR NORMAL DEPARTURE LAST
                VALUE   (LST)  VALUE       VALUE  FROM      YEAR
                                                  NORMAL
..................................................................
TEMPERATURE (F)
 TODAY
  MAXIMUM         44    345 PM  78    1907  48     -4       54
  MINIMUM         19    627 AM  -1    1972  29    -10       45
  AVERAGE         32                        39     -7       50

PRECIPITATION (IN)
  TODAY            0.00          1.02 1941   0.10  -0.10     0.00
  MONTH TO DATE    1.34                      1.61  -0.27     2.18
  SINCE DEC 1      2.94                      4.59  -1.65     3.88
  SINCE JAN 1      1.34                      1.61  -0.27     2.18

SNOWFALL (IN)
  TODAY            0.0           3.7  1965   0.1   -0.1      0.0
  MONTH TO DATE    0.0                       1.7   -1.7      8.0
  SINCE DEC 1      2.2                       2.5   -0.3      8.0
  SINCE JUL 1      2.2                       2.6   -0.4      8.0
  SNOW DEPTH       0

DEGREE DAYS
 HEATING
  TODAY           33                        26      7       15
  MONTH TO DATE  540                       416    124      386
  SINCE DEC 1   1270                      1150    120     1071
  SINCE JUL 1   1897                      1830     67     1521

 COOLING
  TODAY            0                         0      0        0
  MONTH TO DATE    0                         0      0        0
  SINCE DEC 1      0                         1     -1        0
  SINCE JAN 1      0                         0      0        0
..................................................................


WIND (MPH)
  HIGHEST WIND SPEED    12   HIGHEST WIND DIRECTION     S (200)
  HIGHEST GUST SPEED    15   HIGHEST GUST DIRECTION    SW (220)
  AVERAGE WIND SPEED     3.2


SKY COVER
  POSSIBLE SUNSHINE  MM
  AVERAGE SKY COVER 0.5


WEATHER CONDITIONS
 THE FOLLOWING WEATHER WAS RECORDED TODAY.
  NO SIGNIFICANT WEATHER WAS OBSERVED.


RELATIVE HUMIDITY (PERCENT)
 HIGHEST    84           600 AM
 LOWEST     37          1100 AM
 AVERAGE    61

..........................................................


THE PIEDMONT TRIAD INTL AIRPORT NC CLIMATE NORMALS FOR TOMORROW
                         NORMAL    RECORD    YEAR
 MAXIMUM TEMPERATURE (F)   48        76      1943
 MINIMUM TEMPERATURE (F)   29        -2      1977


SUNRISE AND SUNSET
JANUARY 16 2018.......SUNRISE   730 AM EST   SUNSET   530 PM EST
JANUARY 17 2018.......SUNRISE   729 AM EST   SUNSET   531 PM EST


-  INDICATES NEGATIVE NUMBERS.
R  INDICATES RECORD WAS SET OR TIED.
MM INDICATES DATA IS MISSING.
T  INDICATES TRACE AMOUNT.




$$
