000
CDUS42 KRAH 030951
CLIGSO


CLIMATE REPORT
NATIONAL WEATHER SERVICE RALEIGH NC
449 AM EST TUE MAR 3 2015


...................................

...THE PIEDMONT TRIAD INTL AIRPORT NC CLIMATE SUMMARY FOR MARCH 2 2015...

CLIMATE NORMAL PERIOD 1981 TO 2010
CLIMATE RECORD PERIOD 1903 TO 2015


WEATHER ITEM   OBSERVED TIME   RECORD YEAR NORMAL DEPARTURE LAST
                VALUE   (LST)  VALUE       VALUE  FROM      YEAR
                                                  NORMAL
..................................................................
TEMPERATURE (F)
 YESTERDAY
  MAXIMUM         60    403 PM  83    1918  57      3       70
  MINIMUM         36    419 AM  13    1980  36      0       32
  AVERAGE         48                        46      2       51

PRECIPITATION (IN)
  YESTERDAY        0.00          1.07 1994   0.11  -0.11     0.00
  MONTH TO DATE    0.16                      0.23  -0.07     0.00
  SINCE MAR 1      0.16                      0.23  -0.07     0.00
  SINCE JAN 1      4.84                      6.25  -1.41     6.22

SNOWFALL (IN)
  YESTERDAY        0.0           6.1  1960   0.0    0.0      0.0
  MONTH TO DATE    0.0                       0.1   -0.1      0.0
  SINCE MAR 1      0.0                       0.1   -0.1      0.0
  SINCE JUL 1      9.6                       6.8    2.8     10.6
  SNOW DEPTH       0

DEGREE DAYS
 HEATING
  YESTERDAY       17                        19     -2       14
  MONTH TO DATE   49                        38     11       39
  SINCE MAR 1     49                        38     11       39
  SINCE JUL 1   3134                      2893    241     3016

 COOLING
  YESTERDAY        0                         0      0        0
  MONTH TO DATE    0                         0      0        0
  SINCE MAR 1      0                         0      0        0
  SINCE JAN 1      0                         0      0        0
..................................................................


WIND (MPH)
  HIGHEST WIND SPEED    23   HIGHEST WIND DIRECTION    NW (330)
  HIGHEST GUST SPEED    30   HIGHEST GUST DIRECTION    NW (300)
  AVERAGE WIND SPEED     8.5


SKY COVER
  POSSIBLE SUNSHINE  MM
  AVERAGE SKY COVER 0.8


WEATHER CONDITIONS
 THE FOLLOWING WEATHER WAS RECORDED YESTERDAY.
  FOG
  FOG W/VISIBILITY <= 1/4 MILE


RELATIVE HUMIDITY (PERCENT)
 HIGHEST   100          1200 AM
 LOWEST     29           800 PM
 AVERAGE    65

..........................................................


THE PIEDMONT TRIAD INTL AIRPORT NC CLIMATE NORMALS FOR TODAY
                         NORMAL    RECORD    YEAR
 MAXIMUM TEMPERATURE (F)   57        82      1976
 MINIMUM TEMPERATURE (F)   36        10      1980


SUNRISE AND SUNSET
MARCH  3 2015.........SUNRISE   648 AM EST   SUNSET   616 PM EST
MARCH  4 2015.........SUNRISE   646 AM EST   SUNSET   617 PM EST


-  INDICATES NEGATIVE NUMBERS.
R  INDICATES RECORD WAS SET OR TIED.
MM INDICATES DATA IS MISSING.
T  INDICATES TRACE AMOUNT.




$$
