000
CDUS42 KRAH 290859
CLIGSO


CLIMATE REPORT
NATIONAL WEATHER SERVICE RALEIGH NC
358 AM EST MON DEC 29 2014


...................................

...THE PIEDMONT TRIAD INTL AIRPORT NC CLIMATE SUMMARY FOR DECEMBER 28 2014...

CLIMATE NORMAL PERIOD 1981 TO 2010
CLIMATE RECORD PERIOD 1903 TO 2014


WEATHER ITEM   OBSERVED TIME   RECORD YEAR NORMAL DEPARTURE LAST
                VALUE   (LST)  VALUE       VALUE  FROM      YEAR
                                                  NORMAL
..................................................................
TEMPERATURE (F)
 YESTERDAY
  MAXIMUM         60    312 PM  73    1984  48     12       55
  MINIMUM         47   1007 PM   5    1925  30     17       23
  AVERAGE         54                        39     15       39

PRECIPITATION (IN)
  YESTERDAY        T             3.06 1958   0.09  -0.09     0.06
  MONTH TO DATE    1.63                      2.72  -1.09     4.09
  SINCE DEC 1      1.63                      2.72  -1.09     4.09
  SINCE JAN 1     35.78                     41.94  -6.16    49.33

SNOWFALL (IN)
  YESTERDAY        0.0           T    1967   0.0    0.0      0.0
                                      1966
                                      1961
  MONTH TO DATE    T                         0.6   -0.6      0.0
  SINCE DEC 1      T                         0.6   -0.6      0.0
  SINCE JUL 1      T                         0.7   -0.7       T
  SNOW DEPTH       0

DEGREE DAYS
 HEATING
  YESTERDAY       11                        26    -15       26
  MONTH TO DATE  570                       657    -87      573
  SINCE DEC 1    570                       657    -87      573
  SINCE JUL 1   1320                      1337    -17     1307

 COOLING
  YESTERDAY        0                         0      0        0
  MONTH TO DATE    0                         0      0        8
  SINCE DEC 1      0                         0      0        8
  SINCE JAN 1   1499                      1483     16     1389
..................................................................


WIND (MPH)
  HIGHEST WIND SPEED    20   HIGHEST WIND DIRECTION    SW (240)
  HIGHEST GUST SPEED    25   HIGHEST GUST DIRECTION     W (260)
  AVERAGE WIND SPEED     7.7


SKY COVER
  POSSIBLE SUNSHINE  MM
  AVERAGE SKY COVER 0.9


WEATHER CONDITIONS
 THE FOLLOWING WEATHER WAS RECORDED YESTERDAY.
  LIGHT RAIN
  FOG


RELATIVE HUMIDITY (PERCENT)
 HIGHEST   100           700 PM
 LOWEST     54           400 AM
 AVERAGE    77

..........................................................


THE PIEDMONT TRIAD INTL AIRPORT NC CLIMATE NORMALS FOR TODAY
                         NORMAL    RECORD    YEAR
 MAXIMUM TEMPERATURE (F)   48        74      1984
 MINIMUM TEMPERATURE (F)   30        11      1925


SUNRISE AND SUNSET
DECEMBER 29 2014......SUNRISE   730 AM EST   SUNSET   514 PM EST
DECEMBER 30 2014......SUNRISE   730 AM EST   SUNSET   515 PM EST


-  INDICATES NEGATIVE NUMBERS.
R  INDICATES RECORD WAS SET OR TIED.
MM INDICATES DATA IS MISSING.
T  INDICATES TRACE AMOUNT.




$$
