000
CDUS42 KRAH 240532
CLIGSO


CLIMATE REPORT
NATIONAL WEATHER SERVICE RALEIGH NC
130 AM EDT FRI OCT 24 2014


...................................

...THE PIEDMONT TRIAD INTL AIRPORT NC CLIMATE SUMMARY FOR OCTOBER 23 2014...

CLIMATE NORMAL PERIOD 1981 TO 2010
CLIMATE RECORD PERIOD 1903 TO 2014


WEATHER ITEM   OBSERVED TIME   RECORD YEAR NORMAL DEPARTURE LAST
                VALUE   (LST)  VALUE       VALUE  FROM      YEAR
                                                  NORMAL
..................................................................
TEMPERATURE (F)
 YESTERDAY
  MAXIMUM         69    320 PM  86    1941  68      1       66
                                      1927
  MINIMUM         40    528 AM  29    1987  46     -6       41
                                      1930
  AVERAGE         55                        57     -2       54

PRECIPITATION (IN)
  YESTERDAY        0.00          1.74 1983   0.10  -0.10      T
  MONTH TO DATE    1.58                      2.31  -0.73     1.11
  SINCE SEP 1      4.51                      6.50  -1.99     3.24
  SINCE JAN 1     30.39                     35.29  -4.90    41.63

DEGREE DAYS
 HEATING
  YESTERDAY       10                         8      2       11
  MONTH TO DATE  100                       127    -27       74
  SINCE SEP 1    117                       157    -40       88
  SINCE JUL 1    117                       158    -41       90

 COOLING
  YESTERDAY        0                         1     -1        0
  MONTH TO DATE   45                        32     13       49
  SINCE SEP 1    244                       217     27      221
  SINCE JAN 1   1497                      1479     18     1380
..................................................................


WIND (MPH)
  HIGHEST WIND SPEED    16   HIGHEST WIND DIRECTION    NW (320)
  HIGHEST GUST SPEED    21   HIGHEST GUST DIRECTION    NW (330)
  AVERAGE WIND SPEED     7.9


SKY COVER
  POSSIBLE SUNSHINE  MM
  AVERAGE SKY COVER 0.0


WEATHER CONDITIONS
 THE FOLLOWING WEATHER WAS RECORDED YESTERDAY.
  NO SIGNIFICANT WEATHER WAS OBSERVED.


RELATIVE HUMIDITY (PERCENT)
 HIGHEST    83           100 AM
 LOWEST     37           100 PM
 AVERAGE    60

..........................................................


THE PIEDMONT TRIAD INTL AIRPORT NC CLIMATE NORMALS FOR TODAY
                         NORMAL    RECORD    YEAR
 MAXIMUM TEMPERATURE (F)   68        84      2001
 MINIMUM TEMPERATURE (F)   46        28      1969


SUNRISE AND SUNSET
OCTOBER 24 2014.......SUNRISE   735 AM EDT   SUNSET   633 PM EDT
OCTOBER 25 2014.......SUNRISE   736 AM EDT   SUNSET   631 PM EDT


-  INDICATES NEGATIVE NUMBERS.
R  INDICATES RECORD WAS SET OR TIED.
MM INDICATES DATA IS MISSING.
T  INDICATES TRACE AMOUNT.




$$
