351
CDUS42 KRAH 230605
CLIGSO


CLIMATE REPORT
NATIONAL WEATHER SERVICE RALEIGH NC
201 AM EDT TUE MAY 23 2017


...................................

...THE PIEDMONT TRIAD INTL AIRPORT NC CLIMATE SUMMARY FOR MAY 22 2017...

CLIMATE NORMAL PERIOD 1981 TO 2010
CLIMATE RECORD PERIOD 1903 TO 2017


WEATHER ITEM   OBSERVED TIME   RECORD YEAR NORMAL DEPARTURE LAST
                VALUE   (LST)  VALUE       VALUE  FROM      YEAR
                                                  NORMAL
..................................................................
TEMPERATURE (F)
 YESTERDAY
  MAXIMUM         79    347 PM  97    1941  79      0       75
  MINIMUM         63    718 AM  40    2002  58      5       54
  AVERAGE         71                        68      3       65

PRECIPITATION (IN)
  YESTERDAY        0.38          1.49 2003   0.11   0.27      T
  MONTH TO DATE    3.38                      2.31   1.07     8.49
  SINCE MAR 1     11.68                      9.61   2.07    12.65
  SINCE JAN 1     17.29                     15.63   1.66    18.79

DEGREE DAYS
 HEATING
  YESTERDAY        0                         1     -1        0
  MONTH TO DATE   51                        58     -7       62
  SINCE MAR 1    603                       749   -146      515
  SINCE JUL 1   2773                      3604   -831     2901

 COOLING
  YESTERDAY        6                         5      1        0
  MONTH TO DATE   89                        69     20       60
  SINCE MAR 1    185                       107     78      137
  SINCE JAN 1    189                       107     82      137
..................................................................


WIND (MPH)
  HIGHEST WIND SPEED    17   HIGHEST WIND DIRECTION    NW (320)
  HIGHEST GUST SPEED    23   HIGHEST GUST DIRECTION     W (280)
  AVERAGE WIND SPEED     6.1


SKY COVER
  POSSIBLE SUNSHINE  MM
  AVERAGE SKY COVER 0.9


WEATHER CONDITIONS
 THE FOLLOWING WEATHER WAS RECORDED YESTERDAY.
  HEAVY RAIN
  RAIN
  LIGHT RAIN
  FOG


RELATIVE HUMIDITY (PERCENT)
 HIGHEST   100           200 AM
 LOWEST     67           100 PM
 AVERAGE    84

..........................................................


THE PIEDMONT TRIAD INTL AIRPORT NC CLIMATE NORMALS FOR TODAY
                         NORMAL    RECORD    YEAR
 MAXIMUM TEMPERATURE (F)   79        97      1925
 MINIMUM TEMPERATURE (F)   58        38      2002


SUNRISE AND SUNSET
MAY 23 2017...........SUNRISE   608 AM EDT   SUNSET   825 PM EDT
MAY 24 2017...........SUNRISE   608 AM EDT   SUNSET   826 PM EDT


-  INDICATES NEGATIVE NUMBERS.
R  INDICATES RECORD WAS SET OR TIED.
MM INDICATES DATA IS MISSING.
T  INDICATES TRACE AMOUNT.




$$
