855
CDUS42 KGSP 240648
CLIGSP

CLIMATE REPORT
NATIONAL WEATHER SERVICE GREENVILLE-SPARTANBURG SC
148 AM EST TUE JAN 24 2017


...................................

...THE GREENVILLE-SPARTANBURG SC CLIMATE SUMMARY FOR JANUARY 23 2017...

CLIMATE NORMAL PERIOD 1981 TO 2010
CLIMATE RECORD PERIOD 1884 TO 2017


WEATHER ITEM   OBSERVED TIME   RECORD YEAR NORMAL DEPARTURE LAST
                VALUE   (LST)  VALUE       VALUE  FROM      YEAR
                                                  NORMAL
..................................................................
TEMPERATURE (F)
 YESTERDAY
  MAXIMUM         58   1234 AM  73    1974  53      5       33
                                      1927
  MINIMUM         45    549 AM   5    1893  32     13       26
  AVERAGE         52                        42     10       30

PRECIPITATION (IN)
  YESTERDAY        0.08          1.75 1919   0.12  -0.04      T
  MONTH TO DATE    4.50                      2.85   1.65     3.50
  SINCE DEC 1      7.19                      6.96   0.23    13.58
  SINCE JAN 1      4.50                      2.85   1.65     3.50

SNOWFALL (IN)
  YESTERDAY        0.0           5.8  1940   0.1   -0.1      0.2
  MONTH TO DATE    3.1                       1.8    1.3      2.2
  SINCE DEC 1      3.1                       2.2    0.9      2.2
  SINCE JUL 1      3.1                       2.3    0.8      2.2
  SNOW DEPTH       0

DEGREE DAYS
 HEATING
  YESTERDAY       13                        23    -10       35
  MONTH TO DATE  359                       529   -170      594
  SINCE DEC 1    955                      1179   -224      903
  SINCE JUL 1   1281                      1732   -451     1348

 COOLING
  YESTERDAY        0                         0      0        0
  MONTH TO DATE    0                         0      0        0
  SINCE DEC 1      0                         1     -1       11
  SINCE JAN 1      0                         0      0        0
..................................................................


WIND (MPH)
  HIGHEST WIND SPEED    26   HIGHEST WIND DIRECTION    SW (210)
  HIGHEST GUST SPEED    34   HIGHEST GUST DIRECTION     S (200)
  AVERAGE WIND SPEED     7.4


SKY COVER
  POSSIBLE SUNSHINE  MM
  AVERAGE SKY COVER 0.9


WEATHER CONDITIONS
 THE FOLLOWING WEATHER WAS RECORDED YESTERDAY.
  LIGHT RAIN
  FOG


RELATIVE HUMIDITY (PERCENT)
 HIGHEST    96           200 PM
 LOWEST     66           900 PM
 AVERAGE    81

..........................................................


THE GREENVILLE-SPARTANBURG SC CLIMATE NORMALS FOR TODAY
                         NORMAL    RECORD    YEAR
 MAXIMUM TEMPERATURE (F)   53        76      1967
 MINIMUM TEMPERATURE (F)   32         9      2014
                                             1963


SUNRISE AND SUNSET
JANUARY 24 2017.......SUNRISE   732 AM EST   SUNSET   550 PM EST
JANUARY 25 2017.......SUNRISE   732 AM EST   SUNSET   551 PM EST


-  INDICATES NEGATIVE NUMBERS.
R  INDICATES RECORD WAS SET OR TIED.
MM INDICATES DATA IS MISSING.
T  INDICATES TRACE AMOUNT.

$$

OUTLAW
