000
CDUS42 KGSP 280637
CLIGSP

CLIMATE REPORT
NATIONAL WEATHER SERVICE GREENVILLE-SPARTANBURG SC
237 AM EDT SAT MAY 28 2016


...................................

...THE GREENVILLE-SPARTANBURG SC CLIMATE SUMMARY FOR MAY 27 2016...

CLIMATE NORMAL PERIOD 1981 TO 2010
CLIMATE RECORD PERIOD 1884 TO 2016


WEATHER ITEM   OBSERVED TIME   RECORD YEAR NORMAL DEPARTURE LAST
                VALUE   (LST)  VALUE       VALUE  FROM      YEAR
                                                  NORMAL
..................................................................
TEMPERATURE (F)
 YESTERDAY
  MAXIMUM         84    347 PM  98    1916  83      1       82
  MINIMUM         64    534 AM  43    1961  61      3       64
  AVERAGE         74                        72      2       73

PRECIPITATION (IN)
  YESTERDAY        0.00          3.25 1986   0.12  -0.12     0.00
  MONTH TO DATE    4.77                      3.26   1.51     2.98
  SINCE MAR 1      8.78                     11.14  -2.36    11.25
  SINCE JAN 1     17.04                     18.93  -1.89    18.57

SNOWFALL (IN)
  YESTERDAY        0.0           0.0    MM   0.0    0.0      0.0
  MONTH TO DATE    0.0                       0.0    0.0      0.0
  SINCE MAR 1      T                         0.9   -0.9      0.0
  SINCE JUL 1      2.6                       4.7   -2.1      3.7
  SNOW DEPTH       0

DEGREE DAYS
 HEATING
  YESTERDAY        0                         0      0        0
  MONTH TO DATE   34                        39     -5        8
  SINCE MAR 1    401                       596   -195      403
  SINCE JUL 1   2498                      3045   -547     3017

 COOLING
  YESTERDAY        9                         7      2        8
  MONTH TO DATE  120                       122     -2      180
  SINCE MAR 1    205                       170     35      236
  SINCE JAN 1    205                       170     35      236
..................................................................


WIND (MPH)
  HIGHEST WIND SPEED    13   HIGHEST WIND DIRECTION     S (160)
  HIGHEST GUST SPEED    17   HIGHEST GUST DIRECTION    SW (220)
  AVERAGE WIND SPEED     6.0


SKY COVER
  POSSIBLE SUNSHINE  MM
  AVERAGE SKY COVER 0.1


WEATHER CONDITIONS
 THE FOLLOWING WEATHER WAS RECORDED YESTERDAY.
  NO SIGNIFICANT WEATHER WAS OBSERVED.


RELATIVE HUMIDITY (PERCENT)
 HIGHEST    93           500 AM
 LOWEST     45          1100 AM
 AVERAGE    69

..........................................................


THE GREENVILLE-SPARTANBURG SC CLIMATE NORMALS FOR TODAY
                         NORMAL    RECORD    YEAR
 MAXIMUM TEMPERATURE (F)   83       100      1916
 MINIMUM TEMPERATURE (F)   61        43      1907


SUNRISE AND SUNSET
MAY 28 2016...........SUNRISE   618 AM EDT   SUNSET   835 PM EDT
MAY 29 2016...........SUNRISE   617 AM EDT   SUNSET   836 PM EDT


-  INDICATES NEGATIVE NUMBERS.
R  INDICATES RECORD WAS SET OR TIED.
MM INDICATES DATA IS MISSING.
T  INDICATES TRACE AMOUNT.

$$
