000
CDUS42 KGSP 230641
CLIGSP

CLIMATE REPORT
NATIONAL WEATHER SERVICE GREENVILLE-SPARTANBURG SC
142 AM EST TUE JAN 23 2018


...................................

...THE GREENVILLE-SPARTANBURG SC CLIMATE SUMMARY FOR JANUARY 22 2018...

CLIMATE NORMAL PERIOD 1981 TO 2010
CLIMATE RECORD PERIOD 1884 TO 2018


WEATHER ITEM   OBSERVED TIME   RECORD YEAR NORMAL DEPARTURE LAST
                VALUE   (LST)  VALUE       VALUE  FROM      YEAR
                                                  NORMAL
..................................................................
TEMPERATURE (F)
 YESTERDAY
  MAXIMUM         60    212 PM  72    1938  53      7       60
                                      1921
  MINIMUM         40    731 AM   3    1893  32      8       54
  AVERAGE         50                        42      8       57

PRECIPITATION (IN)
  YESTERDAY        0.15          1.51 1954   0.13   0.02     0.54
  MONTH TO DATE    1.94                      2.73  -0.79     4.42
  SINCE DEC 1      4.85                      6.84  -1.99     7.11
  SINCE JAN 1      1.94                      2.73  -0.79     4.42

SNOWFALL (IN)
  YESTERDAY        0.0          10.2  1987   0.1   -0.1      0.0
  MONTH TO DATE    3.1                       1.7    1.4      3.1
  SINCE DEC 1      4.7                       2.1    2.6      3.1
  SINCE JUL 1      4.7                       2.2    2.5      3.1
  SNOW DEPTH       0

DEGREE DAYS
 HEATING
  YESTERDAY       15                        23     -8        8
  MONTH TO DATE  646                       506    140      346
  SINCE DEC 1   1265                      1156    109      942
  SINCE JUL 1   1759                      1709     50     1268

 COOLING
  YESTERDAY        0                         0      0        0
  MONTH TO DATE    0                         0      0        0
  SINCE DEC 1      0                         1     -1        0
  SINCE JAN 1      0                         0      0        0
..................................................................


WIND (MPH)
  HIGHEST WIND SPEED    15   HIGHEST WIND DIRECTION     S (170)
  HIGHEST GUST SPEED    20   HIGHEST GUST DIRECTION     S (170)
  AVERAGE WIND SPEED     2.6


SKY COVER
  POSSIBLE SUNSHINE  MM
  AVERAGE SKY COVER 0.5


WEATHER CONDITIONS
 THE FOLLOWING WEATHER WAS RECORDED YESTERDAY.
  RAIN
  LIGHT RAIN
  FOG


RELATIVE HUMIDITY (PERCENT)
 HIGHEST   100          1000 PM
 LOWEST     57           100 PM
 AVERAGE    79

..........................................................


THE GREENVILLE-SPARTANBURG SC CLIMATE NORMALS FOR TODAY
                         NORMAL    RECORD    YEAR
 MAXIMUM TEMPERATURE (F)   53        73      1974
                                             1927
 MINIMUM TEMPERATURE (F)   32         5      1893


SUNRISE AND SUNSET
JANUARY 23 2018.......SUNRISE   733 AM EST   SUNSET   549 PM EST
JANUARY 24 2018.......SUNRISE   733 AM EST   SUNSET   550 PM EST


-  INDICATES NEGATIVE NUMBERS.
R  INDICATES RECORD WAS SET OR TIED.
MM INDICATES DATA IS MISSING.
T  INDICATES TRACE AMOUNT.

$$

OUTLAW
