000
CDUS42 KGSP 222041
CLIGSP

CLIMATE REPORT
NATIONAL WEATHER SERVICE GREENVILLE-SPARTANBURG SC
441 PM EDT SAT APR 22 2017


...................................

...THE GREENVILLE-SPARTANBURG SC CLIMATE SUMMARY FOR APRIL 22 2017...
VALID TODAY AS OF 0440 PM LOCAL TIME.

CLIMATE NORMAL PERIOD 1981 TO 2010
CLIMATE RECORD PERIOD 1884 TO 2017


WEATHER ITEM   OBSERVED TIME   RECORD YEAR NORMAL DEPARTURE LAST
                VALUE   (LST)  VALUE       VALUE  FROM      YEAR
                                                  NORMAL
..................................................................
TEMPERATURE (F)
 TODAY
  MAXIMUM         83    308 PM  90    1963  74      9       69
  MINIMUM         61    619 AM  32    1978  50     11       58
  AVERAGE         72                        62     10       64

PRECIPITATION (IN)
  TODAY            0.01          1.23 1931   0.12  -0.11     0.33
  MONTH TO DATE    3.58                      2.47   1.11     1.41
  SINCE MAR 1     10.93                      6.99   3.94     3.10
  SINCE JAN 1     16.65                     14.78   1.87    11.36

SNOWFALL (IN)
  TODAY            0.0           T    1901   0.0    0.0      0.0
  MONTH TO DATE    0.0                       0.0    0.0      0.0
  SINCE MAR 1      0.5                       0.9   -0.4       T
  SINCE JUL 1      3.6                       4.7   -1.1      2.6
  SNOW DEPTH       0

DEGREE DAYS
 HEATING
  TODAY            0                         5     -5        1
  MONTH TO DATE   53                       144    -91      140
  SINCE MAR 1    407                       528   -121      366
  SINCE JUL 1   2133                      2977   -844     2463

 COOLING
  TODAY            7                         2      5        0
  MONTH TO DATE   55                        25     30       16
  SINCE MAR 1     71                        33     38       42
  SINCE JAN 1     77                        33     44       42
..................................................................


WIND (MPH)
  HIGHEST WIND SPEED    29   HIGHEST WIND DIRECTION    SW (230)
  HIGHEST GUST SPEED    36   HIGHEST GUST DIRECTION    SW (230)
  AVERAGE WIND SPEED     9.1


SKY COVER
  POSSIBLE SUNSHINE  MM
  AVERAGE SKY COVER 0.3


WEATHER CONDITIONS
 THE FOLLOWING WEATHER WAS RECORDED TODAY.
  LIGHT RAIN
  FOG


RELATIVE HUMIDITY (PERCENT)
 HIGHEST   100           400 AM
 LOWEST     33           300 PM
 AVERAGE    67

..........................................................


THE GREENVILLE-SPARTANBURG SC CLIMATE NORMALS FOR TOMORROW
                         NORMAL    RECORD    YEAR
 MAXIMUM TEMPERATURE (F)   75        91      1980
                                             1963
                                             1960
 MINIMUM TEMPERATURE (F)   50        32      1982


SUNRISE AND SUNSET
APRIL 22 2017.........SUNRISE   648 AM EDT   SUNSET   807 PM EDT
APRIL 23 2017.........SUNRISE   647 AM EDT   SUNSET   808 PM EDT


-  INDICATES NEGATIVE NUMBERS.
R  INDICATES RECORD WAS SET OR TIED.
MM INDICATES DATA IS MISSING.
T  INDICATES TRACE AMOUNT.

$$

OUTLAW
