000
CDUS42 KGSP 010628
CLIGSP

CLIMATE REPORT
NATIONAL WEATHER SERVICE GREENVILLE-SPARTANBURG SC
128 AM EST SUN FEB 1 2015


...................................

...THE GREENVILLE-SPARTANBURG SC CLIMATE SUMMARY FOR JANUARY 31 2015...

CLIMATE NORMAL PERIOD 1981 TO 2010
CLIMATE RECORD PERIOD 1884 TO 2015


WEATHER ITEM   OBSERVED TIME   RECORD YEAR NORMAL DEPARTURE LAST
                VALUE   (LST)  VALUE       VALUE  FROM      YEAR
                                                  NORMAL
..................................................................
TEMPERATURE (F)
 YESTERDAY
  MAXIMUM         53    327 PM  79    1975  54     -1       60
  MINIMUM         25    734 AM   3    1966  33     -8       19
  AVERAGE         39                        43     -4       40

PRECIPITATION (IN)
  YESTERDAY        0.00          2.42 1985   0.13  -0.13     0.00
  MONTH TO DATE    3.86                      3.82   0.04     3.16
  SINCE DEC 1      7.49                      7.93  -0.44     9.83
  SINCE JAN 1      3.86                      3.82   0.04     3.16

SNOWFALL (IN)
  YESTERDAY        0.0           1.0  1905   0.1   -0.1      0.0
  MONTH TO DATE    0.0                       2.3   -2.3      0.8
  SINCE DEC 1      0.0                       2.7   -2.7      0.8
  SINCE JUL 1      T                         2.8   -2.8      0.9
  SNOW DEPTH       0

DEGREE DAYS
 HEATING
  YESTERDAY       26                        22      4       25
  MONTH TO DATE  718                       705     13      888
  SINCE DEC 1   1241                      1357   -116     1447
  SINCE JUL 1   1878                      1910    -32     2051

 COOLING
  YESTERDAY        0                         0      0        0
  MONTH TO DATE    0                         0      0        0
  SINCE DEC 1      0                         1     -1        6
  SINCE JAN 1      0                         0      0        0
..................................................................


WIND (MPH)
  HIGHEST WIND SPEED    13   HIGHEST WIND DIRECTION     S (190)
  HIGHEST GUST SPEED    15   HIGHEST GUST DIRECTION    SW (230)
  AVERAGE WIND SPEED     4.7


SKY COVER
  POSSIBLE SUNSHINE  MM
  AVERAGE SKY COVER 0.0


WEATHER CONDITIONS
 THE FOLLOWING WEATHER WAS RECORDED YESTERDAY.
  NO SIGNIFICANT WEATHER WAS OBSERVED.


RELATIVE HUMIDITY (PERCENT)
 HIGHEST    57           700 AM
 LOWEST     21           200 PM
 AVERAGE    39

..........................................................


THE GREENVILLE-SPARTANBURG SC CLIMATE NORMALS FOR TODAY
                         NORMAL    RECORD    YEAR
 MAXIMUM TEMPERATURE (F)   54        73      1957
 MINIMUM TEMPERATURE (F)   33         9      1900


SUNRISE AND SUNSET
FEBRUARY  1 2015......SUNRISE   728 AM EST   SUNSET   558 PM EST
FEBRUARY  2 2015......SUNRISE   727 AM EST   SUNSET   559 PM EST


-  INDICATES NEGATIVE NUMBERS.
R  INDICATES RECORD WAS SET OR TIED.
MM INDICATES DATA IS MISSING.
T  INDICATES TRACE AMOUNT.

$$
