789
CDUS42 KGSP 180635 RRA
CLIGSP

CLIMATE REPORT
NATIONAL WEATHER SERVICE GREENVILLE-SPARTANBURG SC
133 AM EST SAT NOV 18 2017


...................................

...THE GREENVILLE-SPARTANBURG SC CLIMATE SUMMARY FOR NOVEMBER 17 2017...

CLIMATE NORMAL PERIOD 1981 TO 2010
CLIMATE RECORD PERIOD 1884 TO 2017


WEATHER ITEM   OBSERVED TIME   RECORD YEAR NORMAL DEPARTURE LAST
                VALUE   (LST)  VALUE       VALUE  FROM      YEAR
                                                  NORMAL
..................................................................
TEMPERATURE (F)
 YESTERDAY
  MAXIMUM         63    331 PM  80    1964  63      0       74
                                      1958
  MINIMUM         42   1118 PM  19    1933  41      1       42
  AVERAGE         53                        52      1       58

PRECIPITATION (IN)
  YESTERDAY        0.00          2.11 1956   0.12  -0.12     0.00
  MONTH TO DATE    0.68                      1.94  -1.26     0.20
  SINCE SEP 1     12.18                      8.81   3.37     1.63
  SINCE JAN 1     50.15                     41.32   8.83    29.86

SNOWFALL (IN)
  YESTERDAY        0.0           0.0    MM   0.0    0.0      0.0
  MONTH TO DATE    0.0                       0.0    0.0      0.0
  SINCE SEP 1      0.0                       0.0    0.0      0.0
  SINCE JUL 1      0.0                       0.0    0.0      0.0
  SNOW DEPTH       0

DEGREE DAYS
 HEATING
  YESTERDAY       12                        13     -1        7
  MONTH TO DATE  161                       184    -23      136
  SINCE SEP 1    306                       354    -48      178
  SINCE JUL 1    306                       354    -48      178

 COOLING
  YESTERDAY        0                         0      0        0
  MONTH TO DATE    8                         0      8       12
  SINCE SEP 1    336                       275     61      469
  SINCE JAN 1   1802                      1710     92     2188
..................................................................


WIND (MPH)
  HIGHEST WIND SPEED     9   HIGHEST WIND DIRECTION    SW (210)
  HIGHEST GUST SPEED    13   HIGHEST GUST DIRECTION     S (190)
  AVERAGE WIND SPEED     4.1


SKY COVER
  POSSIBLE SUNSHINE  MM
  AVERAGE SKY COVER 0.0


WEATHER CONDITIONS
 THE FOLLOWING WEATHER WAS RECORDED YESTERDAY.
  NO SIGNIFICANT WEATHER WAS OBSERVED.


RELATIVE HUMIDITY (PERCENT)
 HIGHEST    82          1100 PM
 LOWEST     30           300 PM
 AVERAGE    56

..........................................................


THE GREENVILLE-SPARTANBURG SC CLIMATE NORMALS FOR TODAY
                         NORMAL    RECORD    YEAR
 MAXIMUM TEMPERATURE (F)   63        81      1964
 MINIMUM TEMPERATURE (F)   41        19      1891


SUNRISE AND SUNSET
NOVEMBER 18 2017......SUNRISE   706 AM EST   SUNSET   522 PM EST
NOVEMBER 19 2017......SUNRISE   707 AM EST   SUNSET   521 PM EST


-  INDICATES NEGATIVE NUMBERS.
R  INDICATES RECORD WAS SET OR TIED.
MM INDICATES DATA IS MISSING.
T  INDICATES TRACE AMOUNT.




$$

LEC
