000
CDUS42 KGSP 272140
CLIGSP

CLIMATE REPORT
NATIONAL WEATHER SERVICE GREENVILLE-SPARTANBURG SC
439 PM EST THU NOV 27 2014


...................................

...THE GREENVILLE-SPARTANBURG SC CLIMATE SUMMARY FOR NOVEMBER 27 2014...
VALID TODAY AS OF 0435 PM LOCAL TIME.

CLIMATE NORMAL PERIOD 1981 TO 2010
CLIMATE RECORD PERIOD 1884 TO 2014


WEATHER ITEM   OBSERVED TIME   RECORD YEAR NORMAL DEPARTURE LAST
                VALUE   (LST)  VALUE       VALUE  FROM      YEAR
                                                  NORMAL
..................................................................
TEMPERATURE (F)
 TODAY
  MAXIMUM         52    200 PM  77    1910  59     -7       47
  MINIMUM         36    413 AM  17    1903  38     -2       29
  AVERAGE         44                        49     -5       38

PRECIPITATION (IN)
  TODAY            0.00          2.02 1993   0.13  -0.13     0.15
  MONTH TO DATE    4.36                      3.27   1.09     4.13
  SINCE SEP 1     11.61                     10.14   1.47     8.54
  SINCE JAN 1     46.57                     42.65   3.92    62.89

SNOWFALL (IN)
  TODAY            0.0           T    1954   0.0    0.0      0.1
  MONTH TO DATE    T                         0.1   -0.1      0.1
  SINCE SEP 1      T                         0.1   -0.1      0.1
  SINCE JUL 1      T                         0.1   -0.1      0.1
  SNOW DEPTH       0

DEGREE DAYS
 HEATING
  TODAY           21                        16      5       27
  MONTH TO DATE  451                       332    119      400
  SINCE SEP 1    575                       502     73      525
  SINCE JUL 1    575                       502     73      525

 COOLING
  TODAY            0                         0      0        0
  MONTH TO DATE    0                         0      0        0
  SINCE SEP 1    296                       275     21      278
  SINCE JAN 1   1693                      1710    -17     1527
..................................................................


WIND (MPH)
  HIGHEST WIND SPEED    17   HIGHEST WIND DIRECTION     W (280)
  HIGHEST GUST SPEED    26   HIGHEST GUST DIRECTION     N (340)
  AVERAGE WIND SPEED     7.1


SKY COVER
  POSSIBLE SUNSHINE  MM
  AVERAGE SKY COVER 0.3


WEATHER CONDITIONS
 THE FOLLOWING WEATHER WAS RECORDED TODAY.
  NO SIGNIFICANT WEATHER WAS OBSERVED.


RELATIVE HUMIDITY (PERCENT)
 HIGHEST    85           500 AM
 LOWEST     36           100 PM
 AVERAGE    61

..........................................................


THE GREENVILLE-SPARTANBURG SC CLIMATE NORMALS FOR TOMORROW
                         NORMAL    RECORD    YEAR
 MAXIMUM TEMPERATURE (F)   59        77      1990
                                             1909
 MINIMUM TEMPERATURE (F)   38        16      1903


SUNRISE AND SUNSET
NOVEMBER 27 2014......SUNRISE   715 AM EST   SUNSET   518 PM EST
NOVEMBER 28 2014......SUNRISE   715 AM EST   SUNSET   518 PM EST


-  INDICATES NEGATIVE NUMBERS.
R  INDICATES RECORD WAS SET OR TIED.
MM INDICATES DATA IS MISSING.
T  INDICATES TRACE AMOUNT.

$$

OUTLAW
