000
CDUS42 KGSP 300629 RRA
CLIGSP

CLIMATE REPORT
NATIONAL WEATHER SERVICE GREENVILLE-SPARTANBURG SC
227 AM EDT TUE JUN 30 2015


...................................

...THE GREENVILLE-SPARTANBURG SC CLIMATE SUMMARY FOR JUNE 29 2015...

CLIMATE NORMAL PERIOD 1981 TO 2010
CLIMATE RECORD PERIOD 1884 TO 2015


WEATHER ITEM   OBSERVED TIME   RECORD YEAR NORMAL DEPARTURE LAST
                VALUE   (LST)  VALUE       VALUE  FROM      YEAR
                                                  NORMAL
..................................................................
TEMPERATURE (F)
 YESTERDAY
  MAXIMUM         86    400 PM 105    2012  90     -4       86
  MINIMUM         61    507 AM  54    1974  69     -8       69
                                      1892
  AVERAGE         74                        79     -5       78

PRECIPITATION (IN)
  YESTERDAY        0.00          2.12 1928   0.14  -0.14     1.48
  MONTH TO DATE    3.01                      3.67  -0.66     2.79
  SINCE JUN 1      3.01                      3.67  -0.66     2.79
  SINCE JAN 1     21.60                     23.10  -1.50    22.60

SNOWFALL (IN)
  YESTERDAY        0.0           0.0    MM   0.0    0.0      0.0
  MONTH TO DATE    0.0                       0.0    0.0      0.0
  SINCE JUN 1      0.0                       0.0    0.0      0.0
  SINCE JUL 1      3.7                       4.7   -1.0      7.2
  SNOW DEPTH       0

DEGREE DAYS
 HEATING
  YESTERDAY        0                         0      0        0
  MONTH TO DATE    0                         0      0        0
  SINCE JUN 1      0                         0      0        0
  SINCE JUL 1   3017                      3044    -27     3208

 COOLING
  YESTERDAY        9                        14     -5       13
  MONTH TO DATE  410                       337     73      374
  SINCE JUN 1    410                       337     73      374
  SINCE JAN 1    685                       538    147      630
..................................................................


WIND (MPH)
  HIGHEST WIND SPEED    17   HIGHEST WIND DIRECTION    SW (210)
  HIGHEST GUST SPEED    26   HIGHEST GUST DIRECTION     S (200)
  AVERAGE WIND SPEED     6.3


SKY COVER
  POSSIBLE SUNSHINE  MM
  AVERAGE SKY COVER 0.2


WEATHER CONDITIONS
 THE FOLLOWING WEATHER WAS RECORDED YESTERDAY.
  NO SIGNIFICANT WEATHER WAS OBSERVED.


RELATIVE HUMIDITY (PERCENT)
 HIGHEST    84           500 AM
 LOWEST     36          1200 PM
 AVERAGE    60

..........................................................


THE GREENVILLE-SPARTANBURG SC CLIMATE NORMALS FOR TODAY
                         NORMAL    RECORD    YEAR
 MAXIMUM TEMPERATURE (F)   90       103      2012
 MINIMUM TEMPERATURE (F)   69        55      1974


SUNRISE AND SUNSET
JUNE 30 2015..........SUNRISE   618 AM EDT   SUNSET   847 PM EDT
JULY  1 2015..........SUNRISE   619 AM EDT   SUNSET   847 PM EDT


-  INDICATES NEGATIVE NUMBERS.
R  INDICATES RECORD WAS SET OR TIED.
MM INDICATES DATA IS MISSING.
T  INDICATES TRACE AMOUNT.

$$
07
