000
CDUS42 KGSP 280633
CLIGSP

CLIMATE REPORT
NATIONAL WEATHER SERVICE GREENVILLE-SPARTANBURG SC
231 AM EDT SUN MAY 28 2017


...................................

...THE GREENVILLE-SPARTANBURG SC CLIMATE SUMMARY FOR MAY 27 2017...

CLIMATE NORMAL PERIOD 1981 TO 2010
CLIMATE RECORD PERIOD 1884 TO 2017


WEATHER ITEM   OBSERVED TIME   RECORD YEAR NORMAL DEPARTURE LAST
                VALUE   (LST)  VALUE       VALUE  FROM      YEAR
                                                  NORMAL
..................................................................
TEMPERATURE (F)
 YESTERDAY
  MAXIMUM         86   1257 PM  98    1916  83      3       84
  MINIMUM         62    542 AM  43    1961  61      1       64
  AVERAGE         74                        72      2       74

PRECIPITATION (IN)
  YESTERDAY        0.00          3.25 1986   0.12  -0.12     0.00
  MONTH TO DATE    4.40                      3.26   1.14     4.77
  SINCE MAR 1     19.05                     11.14   7.91     8.78
  SINCE JAN 1     24.77                     18.93   5.84    17.04

SNOWFALL (IN)
  YESTERDAY        0.0           0.0    MM   0.0    0.0      0.0
  MONTH TO DATE    0.0                       0.0    0.0      0.0
  SINCE MAR 1      0.5                       0.9   -0.4       T
  SINCE JUL 1      3.6                       4.7   -1.1      2.6
  SNOW DEPTH       0

DEGREE DAYS
 HEATING
  YESTERDAY        0                         0      0        0
  MONTH TO DATE   31                        39     -8       34
  SINCE MAR 1    460                       596   -136      401
  SINCE JUL 1   2186                      3045   -859     2498

 COOLING
  YESTERDAY        9                         7      2        9
  MONTH TO DATE  117                       122     -5      120
  SINCE MAR 1    222                       170     52      205
  SINCE JAN 1    228                       170     58      205
..................................................................


WIND (MPH)
  HIGHEST WIND SPEED    16   HIGHEST WIND DIRECTION    SW (240)
  HIGHEST GUST SPEED    21   HIGHEST GUST DIRECTION    SW (230)
  AVERAGE WIND SPEED     8.3


SKY COVER
  POSSIBLE SUNSHINE  MM
  AVERAGE SKY COVER 0.1


WEATHER CONDITIONS
 THE FOLLOWING WEATHER WAS RECORDED YESTERDAY.
  FOG
  HAZE


RELATIVE HUMIDITY (PERCENT)
 HIGHEST    93           600 AM
 LOWEST     51          1200 PM
 AVERAGE    72

..........................................................


THE GREENVILLE-SPARTANBURG SC CLIMATE NORMALS FOR TODAY
                         NORMAL    RECORD    YEAR
 MAXIMUM TEMPERATURE (F)   83       100      1916
 MINIMUM TEMPERATURE (F)   61        43      1907


SUNRISE AND SUNSET
MAY 28 2017...........SUNRISE   618 AM EDT   SUNSET   835 PM EDT
MAY 29 2017...........SUNRISE   617 AM EDT   SUNSET   836 PM EDT


-  INDICATES NEGATIVE NUMBERS.
R  INDICATES RECORD WAS SET OR TIED.
MM INDICATES DATA IS MISSING.
T  INDICATES TRACE AMOUNT.




$$
