000
CDUS45 KTFX 242330
CLIGTF


CLIMATE REPORT
NATIONAL WEATHER SERVICE GREAT FALLS MT
430 PM MST FRI NOV 24 2017


...................................

...THE GREAT FALLS MT CLIMATE SUMMARY FOR NOVEMBER 24 2017...
VALID TODAY AS OF 0400 PM LOCAL TIME.

CLIMATE NORMAL PERIOD 1981 TO 2010
CLIMATE RECORD PERIOD 1886 TO 2017


WEATHER ITEM   OBSERVED TIME   RECORD YEAR NORMAL DEPARTURE LAST
                VALUE   (LST)  VALUE       VALUE  FROM      YEAR
                                                  NORMAL
..................................................................
TEMPERATURE (F)
 TODAY
  MAXIMUM         48    131 PM  65    1933  39      9       45
  MINIMUM         33    817 AM -21    2010  21     12       30
  AVERAGE         41                        30     11       38

PRECIPITATION (IN)
  TODAY            0.00          0.39 1943   0.02  -0.02     0.00
  MONTH TO DATE    0.97                      0.48   0.49     0.28
  SINCE OCT 1      1.55                      1.34   0.21     2.04
  SINCE JAN 1     13.58                     14.09  -0.51    13.56

SNOWFALL (IN)
  TODAY            0.0           3.9  2015   0.3   -0.3      0.0
  MONTH TO DATE   13.4                       6.3    7.1      1.2
  SINCE SEP 1     15.4                      11.6    3.8      2.7
  SINCE JUL 1     15.4                      11.9    3.5      2.7

DEGREE DAYS
 HEATING
  TODAY           24                        35    -11       27
  MONTH TO DATE  816                       731     85      453
  SINCE SEP 1   1704                      1630     74     1302
  SINCE JUL 1   1733                      1751    -18     1403

 COOLING
  TODAY            0                         0      0        0
  MONTH TO DATE    0                         0      0        0
  SINCE SEP 1     47                        22     25       10
  SINCE JAN 1    456                       298    158      252
..................................................................


WIND (MPH)
  HIGHEST WIND SPEED    32   HIGHEST WIND DIRECTION     W (260)
  HIGHEST GUST SPEED    46   HIGHEST GUST DIRECTION     W (250)
  AVERAGE WIND SPEED    20.5


SKY COVER
  AVERAGE SKY COVER 0.0


WEATHER CONDITIONS
 THE FOLLOWING WEATHER WAS RECORDED TODAY.
  NO SIGNIFICANT WEATHER WAS OBSERVED.


RELATIVE HUMIDITY (PERCENT)
 HIGHEST    76           100 AM
 LOWEST     34          1200 PM
 AVERAGE    55

..........................................................


THE GREAT FALLS MT CLIMATE NORMALS FOR TOMORROW
                         NORMAL    RECORD    YEAR
 MAXIMUM TEMPERATURE (F)   39        67      1914
 MINIMUM TEMPERATURE (F)   20       -21      1985


SUNRISE AND SUNSET
NOVEMBER 24 2017......SUNRISE   744 AM MST   SUNSET   441 PM MST
NOVEMBER 25 2017......SUNRISE   745 AM MST   SUNSET   440 PM MST


-  INDICATES NEGATIVE NUMBERS.
R  INDICATES RECORD WAS SET OR TIED.
MM INDICATES DATA IS MISSING.
T  INDICATES TRACE AMOUNT.




$$
