000
CDUS45 KTFX 160945
CLIGTF


CLIMATE REPORT
NATIONAL WEATHER SERVICE GREAT FALLS MT
343 AM MDT WED APR 16 2014


...................................

...THE GREAT FALLS MT CLIMATE SUMMARY FOR APRIL 15 2014...

CLIMATE NORMAL PERIOD 1981 TO 2010
CLIMATE RECORD PERIOD 1886 TO 2014


WEATHER ITEM   OBSERVED TIME   RECORD YEAR NORMAL DEPARTURE LAST
                VALUE   (LST)  VALUE       VALUE  FROM      YEAR
                                                  NORMAL
..................................................................
TEMPERATURE (F)
 YESTERDAY
  MAXIMUM         52    936 AM  82    1926  55     -3       31
  MINIMUM         36   1159 PM  15    1896  30      6       18
  AVERAGE         44                        43      1       25

PRECIPITATION (IN)
  YESTERDAY        0.05          1.01 1896   0.05   0.00     0.07
  MONTH TO DATE    0.46                      0.66  -0.20     0.45
  SINCE OCT 1      6.24                      4.55   1.69     5.07
  SINCE JAN 1      4.19                      2.55   1.64     1.73

SNOWFALL (IN)
  YESTERDAY        0.0           3.6  1894   0.3   -0.3      1.1
  MONTH TO DATE    2.3                       4.7   -2.4      5.7
  SINCE MAR 1     15.1                      16.6   -1.5      9.7
  SINCE JUL 1     72.6                      56.6   16.0     65.5
  SNOW DEPTH       0

DEGREE DAYS
 HEATING
  YESTERDAY       21                        22     -1       40
  MONTH TO DATE  353                       360     -7      392
  SINCE MAR 1   1437                      1313    124     1284
  SINCE JUL 1   7091                      6818    273     6097

 COOLING
  YESTERDAY        0                         0      0        0
  MONTH TO DATE    0                         0      0        0
  SINCE MAR 1      0                         0      0        0
  SINCE JAN 1      0                         0      0        0
..................................................................


WIND (MPH)
  HIGHEST WIND SPEED    29   HIGHEST WIND DIRECTION    NW (320)
  HIGHEST GUST SPEED    38   HIGHEST GUST DIRECTION    NW (330)
  AVERAGE WIND SPEED    14.2


SKY COVER
  AVERAGE SKY COVER 0.7


WEATHER CONDITIONS
 THE FOLLOWING WEATHER WAS RECORDED YESTERDAY.
  LIGHT RAIN
  FOG


RELATIVE HUMIDITY (PERCENT)
 HIGHEST    86           200 PM
 LOWEST     26           100 AM
 AVERAGE    56

..........................................................


THE GREAT FALLS MT CLIMATE NORMALS FOR TODAY
                         NORMAL    RECORD    YEAR
 MAXIMUM TEMPERATURE (F)   56        82      1984
 MINIMUM TEMPERATURE (F)   31        10      1896


SUNRISE AND SUNSET
APRIL 16 2014.........SUNRISE   635 AM MDT   SUNSET   816 PM MDT
APRIL 17 2014.........SUNRISE   633 AM MDT   SUNSET   818 PM MDT


-  INDICATES NEGATIVE NUMBERS.
R  INDICATES RECORD WAS SET OR TIED.
MM INDICATES DATA IS MISSING.
T  INDICATES TRACE AMOUNT.




$$
