000
CDUS45 KTFX 170753
CLIGTF


CLIMATE REPORT
NATIONAL WEATHER SERVICE GREAT FALLS MT
153 AM MDT WED SEP 17 2014


...................................

...THE GREAT FALLS MT CLIMATE SUMMARY FOR SEPTEMBER 16 2014...

CLIMATE NORMAL PERIOD 1981 TO 2010
CLIMATE RECORD PERIOD 1886 TO 2014


WEATHER ITEM   OBSERVED TIME   RECORD YEAR NORMAL DEPARTURE LAST
                VALUE   (LST)  VALUE       VALUE  FROM      YEAR
                                                  NORMAL
..................................................................
TEMPERATURE (F)
 YESTERDAY
  MAXIMUM         81    237 PM  91    2009  70     11       90
  MINIMUM         39    431 AM  27    1965  42     -3       59
  AVERAGE         60                        56      4       75

PRECIPITATION (IN)
  YESTERDAY        0.00          0.74 1959   0.05  -0.05      T
  MONTH TO DATE    0.30                      0.81  -0.51     0.38
  SINCE OCT 1     18.81                     14.14   4.67    12.61
  SINCE JAN 1     16.76                     12.14   4.62     9.27

SNOWFALL (IN)
  YESTERDAY        0.0           1.3  2006   0.0    0.0      0.0
  MONTH TO DATE    T                         0.4   -0.4      0.0
  SINCE SEP 1      T                         0.4   -0.4      0.0
  SINCE JUL 1      T                         0.7   -0.7      0.0
  SNOW DEPTH       0

DEGREE DAYS
 HEATING
  YESTERDAY        5                        10     -5        0
  MONTH TO DATE  190                       116     74        4
  SINCE SEP 1    190                       116     74        4
  SINCE JUL 1    260                       237     23       28

 COOLING
  YESTERDAY        0                         1     -1       10
  MONTH TO DATE    0                        18    -18       74
  SINCE SEP 1      0                        18    -18       74
  SINCE JAN 1    324                       294     30      443
..................................................................


WIND (MPH)
  HIGHEST WIND SPEED    14   HIGHEST WIND DIRECTION    SW (230)
  HIGHEST GUST SPEED    17   HIGHEST GUST DIRECTION    SW (240)
  AVERAGE WIND SPEED     6.5


SKY COVER
  AVERAGE SKY COVER 0.0


WEATHER CONDITIONS
 THE FOLLOWING WEATHER WAS RECORDED YESTERDAY.
  NO SIGNIFICANT WEATHER WAS OBSERVED.


RELATIVE HUMIDITY (PERCENT)
 HIGHEST    79           500 AM
 LOWEST     23           300 PM
 AVERAGE    51

..........................................................


THE GREAT FALLS MT CLIMATE NORMALS FOR TODAY
                         NORMAL    RECORD    YEAR
 MAXIMUM TEMPERATURE (F)   70        92      2009
 MINIMUM TEMPERATURE (F)   42        26      1965


SUNRISE AND SUNSET
SEPTEMBER 17 2014.....SUNRISE   706 AM MDT   SUNSET   733 PM MDT
SEPTEMBER 18 2014.....SUNRISE   707 AM MDT   SUNSET   731 PM MDT


-  INDICATES NEGATIVE NUMBERS.
R  INDICATES RECORD WAS SET OR TIED.
MM INDICATES DATA IS MISSING.
T  INDICATES TRACE AMOUNT.




$$
