000
CDUS45 KTFX 301227
CLIGTF


CLIMATE REPORT
NATIONAL WEATHER SERVICE GREAT FALLS MT
624 AM MDT SAT MAY 30 2015


...................................

...THE GREAT FALLS MT CLIMATE SUMMARY FOR MAY 29 2015...

CLIMATE NORMAL PERIOD 1981 TO 2010
CLIMATE RECORD PERIOD 1886 TO 2015


WEATHER ITEM   OBSERVED TIME   RECORD YEAR NORMAL DEPARTURE LAST
                VALUE   (LST)  VALUE       VALUE  FROM      YEAR
                                                  NORMAL
..................................................................
TEMPERATURE (F)
 YESTERDAY
  MAXIMUM         68    449 PM  95    1936  68      0       66
  MINIMUM         45    533 AM  31    1895  42      3       40
  AVERAGE         57                        55      2       53

PRECIPITATION (IN)
  YESTERDAY        0.00          2.40 1953   0.11  -0.11      T
  MONTH TO DATE    3.03                      2.20   0.83     1.54
  SINCE OCT 1      8.36                      7.51   0.85     9.08
  SINCE JAN 1      5.41                      5.51  -0.10     7.03

SNOWFALL (IN)
  YESTERDAY        0.0           9.9  1989   0.0    0.0      0.0
  MONTH TO DATE    T                         2.6   -2.6      3.7
  SINCE MAR 1      1.6                      23.1  -21.5     18.9
  SINCE JUL 1     57.9                      63.1   -5.2     76.4
  SNOW DEPTH       0

DEGREE DAYS
 HEATING
  YESTERDAY        8                        10     -2       12
  MONTH TO DATE  430                       399     31      389
  SINCE MAR 1   1703                      2011   -308     2119
  SINCE JUL 1   6841                      7516   -675     7773

 COOLING
  YESTERDAY        0                         0      0        0
  MONTH TO DATE    0                         0      0        0
  SINCE MAR 1      0                         1     -1        0
  SINCE JAN 1      0                         1     -1        0
..................................................................


WIND (MPH)
  HIGHEST WIND SPEED    17   HIGHEST WIND DIRECTION     S (160)
  HIGHEST GUST SPEED    26   HIGHEST GUST DIRECTION     S (170)
  AVERAGE WIND SPEED     8.0


SKY COVER
  AVERAGE SKY COVER 0.5


WEATHER CONDITIONS
 THE FOLLOWING WEATHER WAS RECORDED YESTERDAY.
  FOG


RELATIVE HUMIDITY (PERCENT)
 HIGHEST   100          1200 AM
 LOWEST     56           300 PM
 AVERAGE    78

..........................................................


THE GREAT FALLS MT CLIMATE NORMALS FOR TODAY
                         NORMAL    RECORD    YEAR
 MAXIMUM TEMPERATURE (F)   68        93      1936
                                             1933
 MINIMUM TEMPERATURE (F)   43        31      1917


SUNRISE AND SUNSET
MAY 30 2015...........SUNRISE   534 AM MDT   SUNSET   913 PM MDT
MAY 31 2015...........SUNRISE   533 AM MDT   SUNSET   914 PM MDT


-  INDICATES NEGATIVE NUMBERS.
R  INDICATES RECORD WAS SET OR TIED.
MM INDICATES DATA IS MISSING.
T  INDICATES TRACE AMOUNT.




$$
