000
CDUS45 KTFX 252330
CLIGTF


CLIMATE REPORT
NATIONAL WEATHER SERVICE GREAT FALLS MT
430 PM MST SUN FEB 25 2018


...................................

...THE GREAT FALLS MT CLIMATE SUMMARY FOR FEBRUARY 25 2018...
VALID TODAY AS OF 0400 PM LOCAL TIME.

CLIMATE NORMAL PERIOD 1981 TO 2010
CLIMATE RECORD PERIOD 1886 TO 2018


WEATHER ITEM   OBSERVED TIME   RECORD YEAR NORMAL DEPARTURE LAST
                VALUE   (LST)  VALUE       VALUE  FROM      YEAR
                                                  NORMAL
..................................................................
TEMPERATURE (F)
 TODAY
  MAXIMUM         34    359 PM  64    1896  40     -6       35
  MINIMUM         17    113 AM -24    2011  17      0       15
  AVERAGE         26                        29     -3       25

PRECIPITATION (IN)
  TODAY            T             0.54 1911   0.02  -0.02     0.00
  MONTH TO DATE    1.43                      0.41   1.02     0.38
  SINCE OCT 1      4.64                      2.92   1.72     4.16
  SINCE JAN 1      1.78                      0.92   0.86     1.23

DEGREE DAYS
 HEATING
  TODAY           39                        36      3       40
  MONTH TO DATE 1357                       948    409      958
  SINCE DEC 1   3889                      3430    459     3973
  SINCE JUL 1   5764                      5399    365     5558

 COOLING
  TODAY            0                         0      0        0
  MONTH TO DATE    0                         0      0        0
  SINCE DEC 1      0                         0      0        0
  SINCE JAN 1      0                         0      0        0
..................................................................


WIND (MPH)
  HIGHEST WIND SPEED    39   HIGHEST WIND DIRECTION    SW (230)
  HIGHEST GUST SPEED    49   HIGHEST GUST DIRECTION    SW (230)
  AVERAGE WIND SPEED    24.4


SKY COVER
  AVERAGE SKY COVER 0.1


WEATHER CONDITIONS
 THE FOLLOWING WEATHER WAS RECORDED TODAY.
  HAZE


RELATIVE HUMIDITY (PERCENT)
 HIGHEST    68           800 AM
 LOWEST     56           300 PM
 AVERAGE    62

..........................................................


THE GREAT FALLS MT CLIMATE NORMALS FOR TOMORROW
                         NORMAL    RECORD    YEAR
 MAXIMUM TEMPERATURE (F)   41        67      1950
 MINIMUM TEMPERATURE (F)   18       -25      1917


SUNRISE AND SUNSET
FEBRUARY 25 2018......SUNRISE   713 AM MST   SUNSET   605 PM MST
FEBRUARY 26 2018......SUNRISE   711 AM MST   SUNSET   606 PM MST


-  INDICATES NEGATIVE NUMBERS.
R  INDICATES RECORD WAS SET OR TIED.
MM INDICATES DATA IS MISSING.
T  INDICATES TRACE AMOUNT.




$$
