000
CDGM40 PGUM 290630
CLIGUM


CLIMATE REPORT
NATIONAL WEATHER SERVICE TIYAN, GUAM
428 PM CHST WED JUL 29 2015


...................................

...THE GUAM INTERNATIONAL AIRPORT GU CLIMATE SUMMARY FOR JULY 29 2015...
VALID TODAY AS OF 0400 PM LOCAL TIME.

CLIMATE NORMAL PERIOD 1981 TO 2010
CLIMATE RECORD PERIOD 1945 TO 2015


WEATHER ITEM   OBSERVED TIME   RECORD YEAR NORMAL DEPARTURE LAST
                VALUE   (LST)  VALUE       VALUE  FROM      YEAR
                                                  NORMAL
..................................................................
TEMPERATURE (F)
 TODAY
  MAXIMUM         87   1148 AM  92    2013  87      0       83
  MINIMUM         74    205 AM  72    1999  76     -2       74
                                      1982
  AVERAGE         81                        82     -1       79

PRECIPITATION (IN)
  TODAY            T             3.34 1999   0.45  -0.45     1.43
  MONTH TO DATE   21.72                     11.25  10.47    17.04
  SINCE JUN 1     27.04                     18.34   8.70    23.12
  SINCE JAN 1     56.43                     38.48  17.95    54.16

SNOWFALL (IN)
  TODAY            0.0
  MONTH TO DATE    0.0
  SINCE JUN 1      0.0
  SINCE JUL 1      0.0
  SNOW DEPTH       0

DEGREE DAYS
 HEATING
  TODAY            0
  MONTH TO DATE    0
  SINCE JUN 1      0
  SINCE JUL 1      0

 COOLING
  TODAY           16                        17     -1       14
  MONTH TO DATE  490                       493     -3      511
  SINCE JUN 1   1038                      1022     16     1099
  SINCE JAN 1   3543                      3450     93     3735
..................................................................


WIND (MPH)
  RESULTANT WIND SPEED   1   RESULTANT WIND DIRECTION   E (80)
  HIGHEST WIND SPEED    10   HIGHEST WIND DIRECTION    NE (30)
  HIGHEST GUST SPEED    12   HIGHEST GUST DIRECTION    NE (30)
  AVERAGE WIND SPEED     1.3


SKY COVER
  POSSIBLE SUNSHINE  MM
  AVERAGE SKY COVER 0.4


WEATHER CONDITIONS
 THE FOLLOWING WEATHER WAS RECORDED TODAY.
  NO SIGNIFICANT WEATHER WAS OBSERVED.


RELATIVE HUMIDITY (PERCENT)
 HIGHEST    94           300 AM
 LOWEST     65          1000 AM
 AVERAGE    80

..........................................................


THE GUAM INTERNATIONAL AIRPORT GU CLIMATE NORMALS FOR TOMORROW
                         NORMAL    RECORD    YEAR
 MAXIMUM TEMPERATURE (F)   87        92      2013
                                             1984
 MINIMUM TEMPERATURE (F)   76        71      1964
                                             1956


SUNRISE AND SUNSET
JULY 29 2015..........SUNRISE   605 AM CHST  SUNSET   650 PM CHST
JULY 30 2015..........SUNRISE   605 AM CHST  SUNSET   649 PM CHST


-  INDICATES NEGATIVE NUMBERS.
R  INDICATES RECORD WAS SET OR TIED.
MM INDICATES DATA IS MISSING.
T  INDICATES TRACE AMOUNT.




$$
