000
CDGM40 PGUM 270629
CLIGUM


CLIMATE REPORT
NATIONAL WEATHER SERVICE TIYAN, GUAM
428 PM CHST TUE JAN 27 2015


...................................

...THE GUAM INTERNATIONAL AIRPORT GU CLIMATE SUMMARY FOR JANUARY 27 2015...
VALID TODAY AS OF 0400 PM LOCAL TIME.

CLIMATE NORMAL PERIOD 1981 TO 2010
CLIMATE RECORD PERIOD 1945 TO 2015


WEATHER ITEM   OBSERVED TIME   RECORD YEAR NORMAL DEPARTURE LAST
                VALUE   (LST)  VALUE       VALUE  FROM      YEAR
                                                  NORMAL
..................................................................
TEMPERATURE (F)
 TODAY
  MAXIMUM         89R   132 PM  89    1989  85      4       79
                                      1982
                                      1964
  MINIMUM         77    501 AM  70    1973  75      2       75
  AVERAGE         83                        80      3       77

PRECIPITATION (IN)
  TODAY            0.00          1.94 1976   0.13  -0.13     1.00
  MONTH TO DATE    8.22                      4.44   3.78     9.80
  SINCE DEC 1     12.09                     10.42   1.67    13.13
  SINCE JAN 1      8.22                      4.44   3.78     9.80

SNOWFALL (IN)
  TODAY            0.0
  MONTH TO DATE    0.0
  SINCE DEC 1      0.0
  SINCE JUL 1      0.0
  SNOW DEPTH       0

DEGREE DAYS
 HEATING
  TODAY            0
  MONTH TO DATE    0
  SINCE DEC 1      0
  SINCE JUL 1      0

 COOLING
  TODAY           18                        15      3       12
  MONTH TO DATE  449                       408     41      437
  SINCE DEC 1   1027                       910    117      967
  SINCE JAN 1    449                       408     41      437
..................................................................


WIND (MPH)
  RESULTANT WIND SPEED   9   RESULTANT WIND DIRECTION   E (80)
  HIGHEST WIND SPEED    15   HIGHEST WIND DIRECTION     E (70)
  HIGHEST GUST SPEED    20   HIGHEST GUST DIRECTION     E (100)
  AVERAGE WIND SPEED     8.9


SKY COVER
  POSSIBLE SUNSHINE  MM
  AVERAGE SKY COVER 0.3


WEATHER CONDITIONS
 THE FOLLOWING WEATHER WAS RECORDED TODAY.
  NO SIGNIFICANT WEATHER WAS OBSERVED.


RELATIVE HUMIDITY (PERCENT)
 HIGHEST    91          1200 AM
 LOWEST     59           200 PM
 AVERAGE    75

..........................................................


THE GUAM INTERNATIONAL AIRPORT GU CLIMATE NORMALS FOR TOMORROW
                         NORMAL    RECORD    YEAR
 MAXIMUM TEMPERATURE (F)   85        89      1972
 MINIMUM TEMPERATURE (F)   75        68      1973


SUNRISE AND SUNSET
JANUARY 27 2015.......SUNRISE   648 AM CHST  SUNSET   619 PM CHST
JANUARY 28 2015.......SUNRISE   648 AM CHST  SUNSET   619 PM CHST


-  INDICATES NEGATIVE NUMBERS.
R  INDICATES RECORD WAS SET OR TIED.
MM INDICATES DATA IS MISSING.
T  INDICATES TRACE AMOUNT.




$$
