000
CDUS44 KAMA 301414
CLIGUY


CLIMATE REPORT
NATIONAL WEATHER SERVICE AMARILLO TX
912 AM CDT SUN AUG 30 2015


...................................

...THE GUYMON CLIMATE SUMMARY FOR AUGUST 30 2015...
VALID AS OF 0900 AM LOCAL TIME.

CLIMATE NORMAL PERIOD 1981 TO 2010
CLIMATE RECORD PERIOD 1998 TO 2015


WEATHER ITEM   OBSERVED TIME   RECORD YEAR NORMAL DEPARTURE LAST
                VALUE   (LST)  VALUE       VALUE  FROM      YEAR
                                                  NORMAL
..................................................................
TEMPERATURE (F)
 TODAY
  MINIMUM         53    604 AM  MM      MM  63    -10       58

PRECIPITATION (IN)
  TODAY            0.00         MM      MM   0.10  -0.10     0.00
  MONTH TO DATE    4.87                      2.82   2.05     0.73
  SINCE JUN 1     11.66                      8.42   3.24     5.05
  SINCE JAN 1     22.61                     14.67   7.94     8.44

SNOWFALL (IN)
  TODAY            0.0          MM      MM  MM     MM        0.0
  MONTH TO DATE    0.0                      MM     MM        0.0
  SINCE JUN 1      0.0                      MM     MM        0.0
  SINCE JUL 1      0.0                      MM     MM        0.0
  SNOW DEPTH       0

..................................................................


WIND (MPH)
  RESULTANT WIND SPEED   1   RESULTANT WIND DIRECTION  SW (230)
  HIGHEST WIND SPEED     7   HIGHEST WIND DIRECTION     W (260)
  HIGHEST GUST SPEED     8   HIGHEST GUST DIRECTION     W (250)
  AVERAGE WIND SPEED     1.6


SKY COVER
  AVERAGE SKY COVER 0.0


WEATHER CONDITIONS
 THE FOLLOWING WEATHER WAS RECORDED TODAY.
  NO SIGNIFICANT WEATHER WAS OBSERVED.


RELATIVE HUMIDITY (PERCENT)
 HIGHEST    89           500 AM
 LOWEST     72          1200 AM
 AVERAGE    81

..........................................................


THE GUYMON CLIMATE NORMALS FOR TOMORROW
                         NORMAL    RECORD    YEAR
 MAXIMUM TEMPERATURE (F)   90        MM        MM
 MINIMUM TEMPERATURE (F)   62        MM        MM


SUNRISE AND SUNSET
AUGUST 30 2015........SUNRISE   715 AM CDT   SUNSET   817 PM CDT
AUGUST 31 2015........SUNRISE   716 AM CDT   SUNSET   816 PM CDT


-  INDICATES NEGATIVE NUMBERS.
R  INDICATES RECORD WAS SET OR TIED.
MM INDICATES DATA IS MISSING.
T  INDICATES TRACE AMOUNT.




$$
