000
CDUS44 KAMA 300654
CLIGUY


CLIMATE REPORT
NATIONAL WEATHER SERVICE AMARILLO TX
150 AM CDT SUN APR 30 2017


...................................

...THE GUYMON CLIMATE SUMMARY FOR APRIL 29 2017...

CLIMATE NORMAL PERIOD 1981 TO 2010
CLIMATE RECORD PERIOD 1998 TO 2017


WEATHER ITEM   OBSERVED TIME   RECORD YEAR NORMAL DEPARTURE LAST
                VALUE   (LST)  VALUE       VALUE  FROM      YEAR
                                                  NORMAL
..................................................................
TEMPERATURE (F)
 YESTERDAY
  MAXIMUM         43   1238 AM  MM      MM  75    -32       50
  MINIMUM         33   1159 PM  MM      MM  45    -12       40
  AVERAGE         38                        60    -22       45

PRECIPITATION (IN)
  YESTERDAY        1.02         MM      MM   0.05   0.97     1.49
  MONTH TO DATE    3.80                      1.46   2.34     5.26
  SINCE MAR 1      5.75                      2.89   2.86     5.52
  SINCE JAN 1      7.77                      3.76   4.01     5.95

SNOWFALL (IN)
  YESTERDAY        1.0          MM      MM  MM     MM        0.0
  MONTH TO DATE    3.0                      MM     MM        0.0
  SINCE MAR 1      3.0                      MM     MM        0.0
  SINCE JUL 1      3.8                      MM     MM        0.0
  SNOW DEPTH       0

DEGREE DAYS
 HEATING
  YESTERDAY       27                         6     21       20
  MONTH TO DATE  250                       300    -50      222
  SINCE MAR 1    664                       881   -217      666
  SINCE JUL 1   3567                      4348   -781     3633

 COOLING
  YESTERDAY        0                         1     -1        0
  MONTH TO DATE   42                         9     33       11
  SINCE MAR 1     57                        11     46       17
  SINCE JAN 1     65                        11     54       20
..................................................................


WIND (MPH)
  RESULTANT WIND SPEED  22   RESULTANT WIND DIRECTION   N (360)
  HIGHEST WIND SPEED    37   HIGHEST WIND DIRECTION     N (360)
  HIGHEST GUST SPEED    46   HIGHEST GUST DIRECTION     N (360)
  AVERAGE WIND SPEED    23.7


SKY COVER
  AVERAGE SKY COVER 1.0


WEATHER CONDITIONS
 THE FOLLOWING WEATHER WAS RECORDED YESTERDAY.
  THUNDERSTORM
  HEAVY RAIN
  RAIN
  LIGHT RAIN
  SNOW
  LIGHT SNOW
  FOG


RELATIVE HUMIDITY (PERCENT)
 HIGHEST   100          1200 AM
 LOWEST     92           300 AM
 AVERAGE    96

..........................................................


THE GUYMON CLIMATE NORMALS FOR TODAY
                         NORMAL    RECORD    YEAR
 MAXIMUM TEMPERATURE (F)   75        MM        MM
 MINIMUM TEMPERATURE (F)   45        MM        MM


SUNRISE AND SUNSET
APRIL 30 2017.........SUNRISE   653 AM CDT   SUNSET   834 PM CDT
MAY  1 2017...........SUNRISE   652 AM CDT   SUNSET   835 PM CDT


-  INDICATES NEGATIVE NUMBERS.
R  INDICATES RECORD WAS SET OR TIED.
MM INDICATES DATA IS MISSING.
T  INDICATES TRACE AMOUNT.




$$
