000
CDUS44 KAMA 252234
CLIGUY


CLIMATE REPORT
NATIONAL WEATHER SERVICE AMARILLO TX
434 PM CST SUN JAN 25 2015


...................................

...THE GUYMON CLIMATE SUMMARY FOR JANUARY 25 2015...
VALID TODAY AS OF 0400 PM LOCAL TIME.

CLIMATE NORMAL PERIOD 1981 TO 2010
CLIMATE RECORD PERIOD 1998 TO 2015


WEATHER ITEM   OBSERVED TIME   RECORD YEAR NORMAL DEPARTURE LAST
                VALUE   (LST)  VALUE       VALUE  FROM      YEAR
                                                  NORMAL
..................................................................
TEMPERATURE (F)
 TODAY
  MAXIMUM         60    429 PM  MM      MM  51      9       63
  MINIMUM         33    656 AM  MM      MM  22     11       31
  AVERAGE         47                        36     11       47

PRECIPITATION (IN)
  TODAY            0.00         MM      MM   0.03  -0.03     0.00
  MONTH TO DATE    0.77                      0.27   0.50     0.08
  SINCE DEC 1      1.60                      0.91   0.69     0.39
  SINCE JAN 1      0.77                      0.27   0.50     0.08

SNOWFALL (IN)
  TODAY            0.0          MM      MM  MM     MM        0.0
  MONTH TO DATE    5.5                      MM     MM        2.0
  SINCE DEC 1      7.3                      MM     MM        5.5
  SINCE JUL 1     10.3                      MM     MM        9.2
  SNOW DEPTH       0

DEGREE DAYS
 HEATING
  TODAY           18                        29    -11       18
  MONTH TO DATE  760                       742     18      673
  SINCE DEC 1   1578                      1668    -90     1633
  SINCE JUL 1   2385                      2559   -174     2519

 COOLING
  TODAY            0                         0      0        0
  MONTH TO DATE    0                         0      0        0
  SINCE DEC 1      0                         0      0        0
  SINCE JAN 1      0                         0      0        0
..................................................................


WIND (MPH)
  RESULTANT WIND SPEED  14   RESULTANT WIND DIRECTION  NW (330)
  HIGHEST WIND SPEED    28   HIGHEST WIND DIRECTION     N (340)
  HIGHEST GUST SPEED    33   HIGHEST GUST DIRECTION     N (350)
  AVERAGE WIND SPEED    15.2


SKY COVER
  AVERAGE SKY COVER 0.0


WEATHER CONDITIONS
 THE FOLLOWING WEATHER WAS RECORDED TODAY.
  NO SIGNIFICANT WEATHER WAS OBSERVED.


RELATIVE HUMIDITY (PERCENT)
 HIGHEST    75           700 AM
 LOWEST     29           400 PM
 AVERAGE    52

..........................................................


THE GUYMON CLIMATE NORMALS FOR TOMORROW
                         NORMAL    RECORD    YEAR
 MAXIMUM TEMPERATURE (F)   51        MM        MM
 MINIMUM TEMPERATURE (F)   22        MM        MM


SUNRISE AND SUNSET
JANUARY 25 2015.......SUNRISE   753 AM CST   SUNSET   604 PM CST
JANUARY 26 2015.......SUNRISE   752 AM CST   SUNSET   605 PM CST


-  INDICATES NEGATIVE NUMBERS.
R  INDICATES RECORD WAS SET OR TIED.
MM INDICATES DATA IS MISSING.
T  INDICATES TRACE AMOUNT.




$$
