311
CDUS44 KAMA 292143
CLIGUY


CLIMATE REPORT
NATIONAL WEATHER SERVICE AMARILLO TX
441 PM CDT FRI JUL 29 2016


...................................

...THE GUYMON CLIMATE SUMMARY FOR JULY 29 2016...
VALID TODAY AS OF 0400 PM LOCAL TIME.

CLIMATE NORMAL PERIOD 1981 TO 2010
CLIMATE RECORD PERIOD 1998 TO 2016


WEATHER ITEM   OBSERVED TIME   RECORD YEAR NORMAL DEPARTURE LAST
                VALUE   (LST)  VALUE       VALUE  FROM      YEAR
                                                  NORMAL
..................................................................
TEMPERATURE (F)
 TODAY
  MAXIMUM         87    341 PM  MM      MM  94     -7       85
  MINIMUM         68    654 AM  MM      MM  66      2       66
  AVERAGE         78                        80     -2       76

PRECIPITATION (IN)
  TODAY            0.02         MM      MM   0.10  -0.08     0.19
  MONTH TO DATE    1.77                      2.49  -0.72     4.52
  SINCE JUN 1      4.41                      5.43  -1.02     6.21
  SINCE JAN 1     11.37                     11.68  -0.31    17.16

SNOWFALL (IN)
  TODAY            0.0          MM      MM  MM     MM        0.0
  MONTH TO DATE    0.0                      MM     MM        0.0
  SINCE JUN 1      0.0                      MM     MM        0.0
  SINCE JUL 1      0.0                      MM     MM        0.0
  SNOW DEPTH       0

DEGREE DAYS
 HEATING
  TODAY            0                         0      0        0
  MONTH TO DATE    0                         0      0        0
  SINCE JUN 1      0                         8     -8        0
  SINCE JUL 1      0                         0      0        0

 COOLING
  TODAY           13                        15     -2       11
  MONTH TO DATE  528                       425    103      453
  SINCE JUN 1    932                       705    227      834
  SINCE JAN 1   1022                       813    209      898
..................................................................


WIND (MPH)
  RESULTANT WIND SPEED   4   RESULTANT WIND DIRECTION  NE (30)
  HIGHEST WIND SPEED    36   HIGHEST WIND DIRECTION     S (180)
  HIGHEST GUST SPEED    46   HIGHEST GUST DIRECTION     S (180)
  AVERAGE WIND SPEED    12.8


SKY COVER
  AVERAGE SKY COVER 0.1


WEATHER CONDITIONS
 THE FOLLOWING WEATHER WAS RECORDED TODAY.
  THUNDERSTORM
  LIGHT RAIN


RELATIVE HUMIDITY (PERCENT)
 HIGHEST    84           900 AM
 LOWEST     45           300 PM
 AVERAGE    65

..........................................................


THE GUYMON CLIMATE NORMALS FOR TOMORROW
                         NORMAL    RECORD    YEAR
 MAXIMUM TEMPERATURE (F)   94        MM        MM
 MINIMUM TEMPERATURE (F)   66        MM        MM


SUNRISE AND SUNSET
JULY 29 2016..........SUNRISE   650 AM CDT   SUNSET   855 PM CDT
JULY 30 2016..........SUNRISE   651 AM CDT   SUNSET   854 PM CDT


-  INDICATES NEGATIVE NUMBERS.
R  INDICATES RECORD WAS SET OR TIED.
MM INDICATES DATA IS MISSING.
T  INDICATES TRACE AMOUNT.




$$
