000
CDUS44 KJAN 222107
CLIGWO


CLIMATE REPORT
NATIONAL WEATHER SERVICE JACKSON MS
406 PM CDT MON MAY 22 2017


...................................

...THE GREENWOOD CLIMATE SUMMARY FOR MAY 22 2017...
VALID TODAY AS OF 0400 PM LOCAL TIME.

CLIMATE NORMAL PERIOD 1981 TO 2010
CLIMATE RECORD PERIOD 1948 TO 2017


WEATHER ITEM   OBSERVED TIME   RECORD YEAR NORMAL DEPARTURE LAST
                VALUE   (LST)  VALUE       VALUE  FROM      YEAR
                                                  NORMAL
..................................................................
TEMPERATURE (F)
 TODAY
  MAXIMUM         73   1122 AM  94    1972  84    -11       83
                                      1970
  MINIMUM         61    415 AM  46    2015  63     -2       56
  AVERAGE         67                        73     -6       70

PRECIPITATION (IN)
  TODAY            0.02          1.12 1964   0.15  -0.13     0.00
  MONTH TO DATE    1.71                      3.62  -1.91     1.34
  SINCE MAR 1     11.64                     13.06  -1.42    18.19
  SINCE JAN 1     19.92                     22.00  -2.08    25.64

SNOWFALL (IN)
  TODAY            0.0

DEGREE DAYS
 HEATING
  TODAY            0                         0      0        0
  MONTH TO DATE   20                        15      5       16
  SINCE MAR 1    295                       455   -160      268
  SINCE JUL 1   1778                      2686   -908     1929

 COOLING
  TODAY            2                         9     -7        5
  MONTH TO DATE  140                       139      1       89
  SINCE MAR 1    340                       236    104      212
  SINCE JAN 1    374                       241    133      220
..................................................................


WIND (MPH)
  HIGHEST WIND SPEED    13   HIGHEST WIND DIRECTION    NE (40)
  HIGHEST GUST SPEED    15   HIGHEST GUST DIRECTION    NE (40)
  AVERAGE WIND SPEED     4.1


SKY COVER
  POSSIBLE SUNSHINE  MM
  AVERAGE SKY COVER 0.0


WEATHER CONDITIONS
 THE FOLLOWING WEATHER WAS RECORDED TODAY.
  LIGHT RAIN
  FOG


RELATIVE HUMIDITY (PERCENT)
 HIGHEST   100           100 AM
 LOWEST     64          1000 AM
 AVERAGE    82

..........................................................


THE GREENWOOD CLIMATE NORMALS FOR TOMORROW
                         NORMAL    RECORD    YEAR
 MAXIMUM TEMPERATURE (F)   85        96      1996
                                             1969
 MINIMUM TEMPERATURE (F)   63        49      1963


SUNRISE AND SUNSET
MAY 22 2017...........SUNRISE   555 AM CDT   SUNSET   759 PM CDT
MAY 23 2017...........SUNRISE   555 AM CDT   SUNSET   800 PM CDT


-  INDICATES NEGATIVE NUMBERS.
R  INDICATES RECORD WAS SET OR TIED.
MM INDICATES DATA IS MISSING.
T  INDICATES TRACE AMOUNT.




$$
