000
CDUS44 KJAN 080633
CLIGWO


CLIMATE REPORT
NATIONAL WEATHER SERVICE JACKSON MS
1231 AM CST THU DEC 8 2016


...................................

...THE GREENWOOD CLIMATE SUMMARY FOR DECEMBER 7 2016...

CLIMATE NORMAL PERIOD 1981 TO 2010
CLIMATE RECORD PERIOD 1948 TO 2016


WEATHER ITEM   OBSERVED TIME   RECORD YEAR NORMAL DEPARTURE LAST
                VALUE   (LST)  VALUE       VALUE  FROM      YEAR
                                                  NORMAL
..................................................................
TEMPERATURE (F)
 YESTERDAY
  MAXIMUM         56   1245 PM  80    1951  58     -2       68
  MINIMUM         38    114 AM  17    1984  37      1       36
  AVERAGE         47                        48     -1       52

PRECIPITATION (IN)
  YESTERDAY        0.00          0.98 2004   0.20  -0.20     0.00
  MONTH TO DATE    2.42                      1.41   1.01     0.36
  SINCE DEC 1      2.42                      1.41   1.01     0.36
  SINCE JAN 1     45.23                     47.53  -2.30    45.79

SNOWFALL (IN)
  YESTERDAY        0.0

DEGREE DAYS
 HEATING
  YESTERDAY       18                        18      0       13
  MONTH TO DATE  124                       118      6      107
  SINCE DEC 1    124                       118      6      107
  SINCE JUL 1    416                       586   -170      335

 COOLING
  YESTERDAY        0                         0      0        0
  MONTH TO DATE    0                         0      0        0
  SINCE DEC 1      0                         0      0        0
  SINCE JAN 1   2559                      2159    400     2420
..................................................................


WIND (MPH)
  HIGHEST WIND SPEED    10   HIGHEST WIND DIRECTION     N (20)
  HIGHEST GUST SPEED    14   HIGHEST GUST DIRECTION     N (20)
  AVERAGE WIND SPEED     5.0


SKY COVER
  POSSIBLE SUNSHINE  MM
  AVERAGE SKY COVER 0.6


WEATHER CONDITIONS
 THE FOLLOWING WEATHER WAS RECORDED YESTERDAY.
  FOG


RELATIVE HUMIDITY (PERCENT)
 HIGHEST    93           200 AM
 LOWEST     54          1200 PM
 AVERAGE    74

..........................................................


THE GREENWOOD CLIMATE NORMALS FOR TODAY
                         NORMAL    RECORD    YEAR
 MAXIMUM TEMPERATURE (F)   58        81      2007
 MINIMUM TEMPERATURE (F)   37        14      2006


SUNRISE AND SUNSET
DECEMBER  8 2016......SUNRISE   652 AM CST   SUNSET   452 PM CST
DECEMBER  9 2016......SUNRISE   653 AM CST   SUNSET   453 PM CST


-  INDICATES NEGATIVE NUMBERS.
R  INDICATES RECORD WAS SET OR TIED.
MM INDICATES DATA IS MISSING.
T  INDICATES TRACE AMOUNT.




$$
