000
CDUS44 KJAN 260710
CLIGWO


CLIMATE REPORT
NATIONAL WEATHER SERVICE JACKSON MS
208 AM CDT MON JUN 26 2017


...................................

...THE GREENWOOD CLIMATE SUMMARY FOR JUNE 25 2017...

CLIMATE NORMAL PERIOD 1981 TO 2010
CLIMATE RECORD PERIOD 1948 TO 2017


WEATHER ITEM   OBSERVED TIME   RECORD YEAR NORMAL DEPARTURE LAST
                VALUE   (LST)  VALUE       VALUE  FROM      YEAR
                                                  NORMAL
..................................................................
TEMPERATURE (F)
 YESTERDAY
  MAXIMUM         84    515 PM 100    2012  91     -7       95
  MINIMUM         64   1159 PM  53    1974  70     -6       73
  AVERAGE         74                        80     -6       84

PRECIPITATION (IN)
  YESTERDAY        0.00          1.72 2004   0.14  -0.14     0.00
  MONTH TO DATE    5.70                      3.61   2.09     3.36
  SINCE JUN 1      5.70                      3.61   2.09     3.36
  SINCE JAN 1     27.14                     26.94   0.20    29.15

SNOWFALL (IN)
  YESTERDAY        0.0

DEGREE DAYS
 HEATING
  YESTERDAY        0                         0      0        0
  MONTH TO DATE    0                         0      0        0
  SINCE JUN 1      0                         0      0        0
  SINCE JUL 1   1780                      2688   -908     1929

 COOLING
  YESTERDAY        9                        15     -6       19
  MONTH TO DATE  314                       335    -21      387
  SINCE JUN 1    314                       335    -21      387
  SINCE JAN 1    758                       665     93      716
..................................................................


WIND (MPH)
  HIGHEST WIND SPEED    10   HIGHEST WIND DIRECTION     E (70)
  HIGHEST GUST SPEED    15   HIGHEST GUST DIRECTION     E (70)
  AVERAGE WIND SPEED     3.5


SKY COVER
  POSSIBLE SUNSHINE  MM
  AVERAGE SKY COVER 0.0


WEATHER CONDITIONS
 THE FOLLOWING WEATHER WAS RECORDED YESTERDAY.
  NO SIGNIFICANT WEATHER WAS OBSERVED.


RELATIVE HUMIDITY (PERCENT)
 HIGHEST    97           800 PM
 LOWEST     51           200 PM
 AVERAGE    74

..........................................................


THE GREENWOOD CLIMATE NORMALS FOR TODAY
                         NORMAL    RECORD    YEAR
 MAXIMUM TEMPERATURE (F)   91       103      1954
 MINIMUM TEMPERATURE (F)   70        57      1974


SUNRISE AND SUNSET
JUNE 26 2017..........SUNRISE   552 AM CDT   SUNSET   814 PM CDT
JUNE 27 2017..........SUNRISE   553 AM CDT   SUNSET   814 PM CDT


-  INDICATES NEGATIVE NUMBERS.
R  INDICATES RECORD WAS SET OR TIED.
MM INDICATES DATA IS MISSING.
T  INDICATES TRACE AMOUNT.




$$
