000
CDUS44 KJAN 212212
CLIGWO


CLIMATE REPORT
NATIONAL WEATHER SERVICE JACKSON MS
411 PM CST SAT JAN 21 2017


...................................

...THE GREENWOOD CLIMATE SUMMARY FOR JANUARY 21 2017...
VALID TODAY AS OF 0400 PM LOCAL TIME.

CLIMATE NORMAL PERIOD 1981 TO 2010
CLIMATE RECORD PERIOD 1948 TO 2017


WEATHER ITEM   OBSERVED TIME   RECORD YEAR NORMAL DEPARTURE LAST
                VALUE   (LST)  VALUE       VALUE  FROM      YEAR
                                                  NORMAL
..................................................................
TEMPERATURE (F)
 TODAY
  MAXIMUM         72    249 PM  73    1959  54     18       50
  MINIMUM         56    743 AM   0    1985  33     23       41
  AVERAGE         64                        43     21       46

PRECIPITATION (IN)
  TODAY            0.15          3.76 1973   0.14   0.01     1.41
  MONTH TO DATE    3.16                      3.02   0.14     1.86
  SINCE DEC 1      7.85                      8.67  -0.82     6.96
  SINCE JAN 1      3.16                      3.02   0.14     1.86

SNOWFALL (IN)
  TODAY            0.0

DEGREE DAYS
 HEATING
  TODAY            1                        22    -21       19
  MONTH TO DATE  240                       462   -222      493
  SINCE DEC 1    773                      1060   -287      799
  SINCE JUL 1   1065                      1528   -463     1027

 COOLING
  TODAY            0                         0      0        0
  MONTH TO DATE   10                         0     10        0
  SINCE DEC 1     23                         5     18       65
  SINCE JAN 1     10                         0     10        0
..................................................................


WIND (MPH)
  HIGHEST WIND SPEED    17   HIGHEST WIND DIRECTION    SE (120)
  HIGHEST GUST SPEED    24   HIGHEST GUST DIRECTION    SE (120)
  AVERAGE WIND SPEED     8.3


SKY COVER
  POSSIBLE SUNSHINE  MM
  AVERAGE SKY COVER 0.3


WEATHER CONDITIONS
 THE FOLLOWING WEATHER WAS RECORDED TODAY.
  THUNDERSTORM
  RAIN
  LIGHT RAIN
  FOG


RELATIVE HUMIDITY (PERCENT)
 HIGHEST    84           400 AM
 LOWEST     57          1200 PM
 AVERAGE    71

..........................................................


THE GREENWOOD CLIMATE NORMALS FOR TOMORROW
                         NORMAL    RECORD    YEAR
 MAXIMUM TEMPERATURE (F)   54        73      2012
                                             1971
 MINIMUM TEMPERATURE (F)   33        16      2014
                                             1984


SUNRISE AND SUNSET
JANUARY 21 2017.......SUNRISE   702 AM CST   SUNSET   521 PM CST
JANUARY 22 2017.......SUNRISE   702 AM CST   SUNSET   522 PM CST


-  INDICATES NEGATIVE NUMBERS.
R  INDICATES RECORD WAS SET OR TIED.
MM INDICATES DATA IS MISSING.
T  INDICATES TRACE AMOUNT.




$$
