000
CDUS44 KJAN 030951
CLIGWO


CLIMATE REPORT
NATIONAL WEATHER SERVICE JACKSON MS
445 AM CDT FRI JUL 3 2015


...................................

...THE GREENWOOD CLIMATE SUMMARY FOR JULY 2 2015...

CLIMATE NORMAL PERIOD 1981 TO 2010
CLIMATE RECORD PERIOD 1948 TO 2015


WEATHER ITEM   OBSERVED TIME   RECORD YEAR NORMAL DEPARTURE LAST
                VALUE   (LST)  VALUE       VALUE  FROM      YEAR
                                                  NORMAL
..................................................................
TEMPERATURE (F)
 YESTERDAY
  MAXIMUM         87    425 PM 100    1970  91     -4       91
                                      1969
  MINIMUM         75    628 AM  59    2008  71      4       69
  AVERAGE         81                        81      0       80

PRECIPITATION (IN)
  YESTERDAY        T             1.93 1951   0.14  -0.14     0.04
  MONTH TO DATE    T                         0.27  -0.27     0.04
  SINCE JUN 1      2.29                      4.58  -2.29     9.07
  SINCE JAN 1     30.22                     27.91   2.31    32.19

SNOWFALL (IN)
  YESTERDAY        0.0

DEGREE DAYS
 HEATING
  YESTERDAY        0                         0      0        0
  MONTH TO DATE    0                         0      0        0
  SINCE JUN 1      0                         0      0        0
  SINCE JUL 1      0                         0      0        0

 COOLING
  YESTERDAY       16                        16      0       15
  MONTH TO DATE   30                        32     -2       32
  SINCE JUN 1    468                       445     23      456
  SINCE JAN 1    832                       775     57      750
..................................................................


WIND (MPH)
  HIGHEST WIND SPEED    21   HIGHEST WIND DIRECTION    SW (220)
  HIGHEST GUST SPEED    28   HIGHEST GUST DIRECTION     S (200)
  AVERAGE WIND SPEED     9.9


SKY COVER
  POSSIBLE SUNSHINE  MM
  AVERAGE SKY COVER 0.1


WEATHER CONDITIONS
 THE FOLLOWING WEATHER WAS RECORDED YESTERDAY.
  LIGHT RAIN


RELATIVE HUMIDITY (PERCENT)
 HIGHEST    87           200 AM
 LOWEST     61          1100 AM
 AVERAGE    74

..........................................................


THE GREENWOOD CLIMATE NORMALS FOR TODAY
                         NORMAL    RECORD    YEAR
 MAXIMUM TEMPERATURE (F)   91       103      1970
 MINIMUM TEMPERATURE (F)   71        60      2013


SUNRISE AND SUNSET
JULY  3 2015..........SUNRISE   555 AM CDT   SUNSET   814 PM CDT
JULY  4 2015..........SUNRISE   555 AM CDT   SUNSET   814 PM CDT


-  INDICATES NEGATIVE NUMBERS.
R  INDICATES RECORD WAS SET OR TIED.
MM INDICATES DATA IS MISSING.
T  INDICATES TRACE AMOUNT.




$$
