000
CDUS44 KJAN 180818
CLIGWO


CLIMATE REPORT
NATIONAL WEATHER SERVICE JACKSON MS
214 AM CST THU DEC 18 2014


...................................

...THE GREENWOOD CLIMATE SUMMARY FOR DECEMBER 17 2014...

CLIMATE NORMAL PERIOD 1981 TO 2010
CLIMATE RECORD PERIOD 1948 TO 2014


WEATHER ITEM   OBSERVED TIME   RECORD YEAR NORMAL DEPARTURE LAST
                VALUE   (LST)  VALUE       VALUE  FROM      YEAR
                                                  NORMAL
..................................................................
TEMPERATURE (F)
 YESTERDAY
  MAXIMUM         51    211 PM  76    2006  56     -5       61
  MINIMUM         29    620 AM  19    2000  35     -6       34
  AVERAGE         40                        45     -5       48

PRECIPITATION (IN)
  YESTERDAY        0.00          2.13 1961   0.19  -0.19     0.00
  MONTH TO DATE    2.83                      3.32  -0.49     3.40
  SINCE DEC 1      2.83                      3.32  -0.49     3.40
  SINCE JAN 1     53.43                     49.44   3.99    57.10

SNOWFALL (IN)
  YESTERDAY        0.0

DEGREE DAYS
 HEATING
  YESTERDAY       25                        20      5       17
  MONTH TO DATE  261                       307    -46      368
  SINCE DEC 1    261                       307    -46      368
  SINCE JUL 1    849                       775     74      935

 COOLING
  YESTERDAY        0                         0      0        0
  MONTH TO DATE    1                         0      1        5
  SINCE DEC 1      1                         0      1        5
  SINCE JAN 1   2044                      2159   -115     2103
..................................................................


WIND (MPH)
  HIGHEST WIND SPEED     8   HIGHEST WIND DIRECTION    NE (30)
  HIGHEST GUST SPEED    10   HIGHEST GUST DIRECTION    NW (330)
  AVERAGE WIND SPEED     3.1


SKY COVER
  POSSIBLE SUNSHINE  MM
  AVERAGE SKY COVER 0.1


WEATHER CONDITIONS
 THE FOLLOWING WEATHER WAS RECORDED YESTERDAY.
  FOG


RELATIVE HUMIDITY (PERCENT)
 HIGHEST   100           500 AM
 LOWEST     56           200 PM
 AVERAGE    78

..........................................................


THE GREENWOOD CLIMATE NORMALS FOR TODAY
                         NORMAL    RECORD    YEAR
 MAXIMUM TEMPERATURE (F)   55        75      1984
 MINIMUM TEMPERATURE (F)   35        16      1975


SUNRISE AND SUNSET
DECEMBER 18 2014......SUNRISE   659 AM CST   SUNSET   455 PM CST
DECEMBER 19 2014......SUNRISE   659 AM CST   SUNSET   456 PM CST


-  INDICATES NEGATIVE NUMBERS.
R  INDICATES RECORD WAS SET OR TIED.
MM INDICATES DATA IS MISSING.
T  INDICATES TRACE AMOUNT.




$$
