000
CDUS41 KGYX 190939
CLIGYX


CLIMATE REPORT
NATIONAL WEATHER SERVICE GRAY ME
439 AM EST MON FEB 19 2018


...................................

...THE GRAY ME CLIMATE SUMMARY FOR FEBRUARY 18 2018...

CLIMATE NORMAL PERIOD 1981 TO 2010
CLIMATE RECORD PERIOD 1995 TO 2018


WEATHER ITEM   OBSERVED TIME   RECORD YEAR NORMAL DEPARTURE LAST
                VALUE   (LST)  VALUE       VALUE  FROM      YEAR
                                                  NORMAL
..................................................................
TEMPERATURE (F)
 YESTERDAY
  MAXIMUM         39        MM  56    2011  34      5       41
  MINIMUM         26        MM  MM      MM  17      9       21
  AVERAGE         33                        26      7       31

PRECIPITATION (IN)
  YESTERDAY        0.35         MM      MM   0.12   0.23     0.00
  MONTH TO DATE    2.88                      2.02   0.86     3.28
  SINCE DEC 1      9.95                      9.61   0.34    11.08
  SINCE JAN 1      6.48                      5.55   0.93     6.26

SNOWFALL (IN)
  YESTERDAY        8.0          MM      MM   0.5    7.5      0.0
  MONTH TO DATE   21.2                      10.1   11.1     44.6
  SINCE DEC 1     63.9                      49.6   14.3     88.5
  SINCE JUL 1     65.1                      52.7   12.4     89.8
  SNOW DEPTH      19

DEGREE DAYS
 HEATING
  YESTERDAY       32                        39     -7       34
  MONTH TO DATE  711                       750    -39      778
  SINCE DEC 1   3427                      3283    144     3155
  SINCE JUL 1   4620                      4780   -160     4434

 COOLING
  YESTERDAY        0                         0      0        0
  MONTH TO DATE    0                         0      0        0
  SINCE DEC 1      0                         0      0        0
  SINCE JAN 1      0                         0      0        0
..................................................................







THE GRAY ME CLIMATE NORMALS FOR TODAY
                         NORMAL
 MAXIMUM TEMPERATURE (F)   35
 MINIMUM TEMPERATURE (F)   17


SUNRISE AND SUNSET
FEBRUARY 19 2018......SUNRISE   634 AM EST   SUNSET   516 PM EST
FEBRUARY 20 2018......SUNRISE   632 AM EST   SUNSET   518 PM EST


-  INDICATES NEGATIVE NUMBERS.
R  INDICATES RECORD WAS SET OR TIED.
MM INDICATES DATA IS MISSING.
T  INDICATES TRACE AMOUNT.




$$
