320
CDUS41 KGYX 060903
CLIGYX


CLIMATE REPORT
NATIONAL WEATHER SERVICE GRAY ME
402 AM EST SAT FEB 6 2016


...................................

...THE GRAY ME CLIMATE SUMMARY FOR FEBRUARY 5 2016...

CLIMATE NORMAL PERIOD 1981 TO 2010
CLIMATE RECORD PERIOD 1995 TO 2016


WEATHER ITEM   OBSERVED TIME   RECORD YEAR NORMAL DEPARTURE LAST
                VALUE   (LST)  VALUE       VALUE  FROM      YEAR
                                                  NORMAL
..................................................................
TEMPERATURE (F)
 YESTERDAY
  MAXIMUM         39        MM  MM      MM  31      8       29
  MINIMUM         19        MM  MM      MM  14      5        0
  AVERAGE         29                        22      7       15

PRECIPITATION (IN)
  YESTERDAY        0.45         MM      MM   0.11   0.34     0.18
  MONTH TO DATE    1.44                      0.52   0.92     0.92
  SINCE DEC 1      9.73                      8.11   1.62    11.05
  SINCE JAN 1      5.17                      4.05   1.12     4.85

SNOWFALL (IN)
  YESTERDAY        6.6          MM      MM   0.6    6.0      2.0
  MONTH TO DATE    6.6                       2.8    3.8     11.8
  SINCE DEC 1     27.7                      42.3  -14.6     64.1
  SINCE JUL 1     27.9                      45.4  -17.5     79.1
  SNOW DEPTH       1

DEGREE DAYS
 HEATING
  YESTERDAY       36                        43     -7       50
  MONTH TO DATE  133                       216    -83      271
  SINCE DEC 1   2260                      2749   -489     2820
  SINCE JUL 1   3559                      4246   -687     4270

 COOLING
  YESTERDAY        0                         0      0        0
  MONTH TO DATE    0                         0      0        0
  SINCE DEC 1      0                         0      0        0
  SINCE JAN 1      0                         0      0        0
..................................................................







THE GRAY ME CLIMATE NORMALS FOR TODAY
                         NORMAL
 MAXIMUM TEMPERATURE (F)   31
 MINIMUM TEMPERATURE (F)   14


SUNRISE AND SUNSET
FEBRUARY  6 2016......SUNRISE   653 AM EST   SUNSET   458 PM EST
FEBRUARY  7 2016......SUNRISE   652 AM EST   SUNSET   459 PM EST


-  INDICATES NEGATIVE NUMBERS.
R  INDICATES RECORD WAS SET OR TIED.
MM INDICATES DATA IS MISSING.
T  INDICATES TRACE AMOUNT.




$$
