000
CDUS41 KGYX 210803
CLIGYX


CLIMATE REPORT
NATIONAL WEATHER SERVICE GRAY ME
403 AM EDT MON APR 21 2014


...................................

...THE GRAY ME CLIMATE SUMMARY FOR APRIL 20 2014...

CLIMATE NORMAL PERIOD 1981 TO 2010
CLIMATE RECORD PERIOD 1995 TO 2014


WEATHER ITEM   OBSERVED NORMAL DEPARTURE LAST
                VALUE   VALUE  FROM      YEAR
                               NORMAL
...............................................
TEMPERATURE (F)
 YESTERDAY
  MAXIMUM         54     56     -2       59
  MINIMUM         32     37     -5       38
  AVERAGE         43     46     -3       49

PRECIPITATION (IN)
  YESTERDAY        0.00   0.14  -0.14     0.23
  MONTH TO DATE    2.40   2.95  -0.55     1.72
  SINCE MAR 1      6.28   7.12  -0.84     3.82
  SINCE JAN 1     13.27  13.96  -0.69     9.12

SNOWFALL (IN)
  YESTERDAY        0.0    0.1   -0.1      0.0
  MONTH TO DATE    1.1    4.2   -3.1      0.6
  SINCE MAR 1      8.8   24.1  -15.3     13.1
  SINCE JUL 1     82.9   83.2   -0.3     92.9
  SNOW DEPTH       0

DEGREE DAYS
 HEATING
  YESTERDAY       22     19      3       16
  MONTH TO DATE  469    456     13      450
  SINCE MAR 1   1695   1449    246     1405
  SINCE JUL 1   7105   6607    498     6326

 COOLING
  YESTERDAY        0      0      0        0
  MONTH TO DATE    0      0      0        0
  SINCE MAR 1      0      0      0        0
  SINCE JAN 1      0      0      0        0
...............................................





WEATHER CONDITIONS
 THE FOLLOWING WEATHER WAS RECORDED YESTERDAY.
  NO SIGNIFICANT WEATHER WAS OBSERVED.


..........................................................


THE GRAY ME CLIMATE NORMALS FOR TODAY
                         NORMAL
 MAXIMUM TEMPERATURE (F)   56
 MINIMUM TEMPERATURE (F)   37


SUNRISE AND SUNSET
APRIL 21 2014.........SUNRISE   548 AM EDT   SUNSET   732 PM EDT
APRIL 22 2014.........SUNRISE   547 AM EDT   SUNSET   733 PM EDT


-  INDICATES NEGATIVE NUMBERS.
R  INDICATES RECORD WAS SET OR TIED.
MM INDICATES DATA IS MISSING.
T  INDICATES TRACE AMOUNT.




$$
