000
CDUS41 KGYX 020801
CLIGYX


CLIMATE REPORT
NATIONAL WEATHER SERVICE GRAY ME
401 AM EDT SAT AUG 2 2014


...................................

...THE GRAY ME CLIMATE SUMMARY FOR AUGUST 1 2014...

CLIMATE NORMAL PERIOD 1981 TO 2010
CLIMATE RECORD PERIOD 1995 TO 2014


WEATHER ITEM   OBSERVED NORMAL DEPARTURE LAST
                VALUE   VALUE  FROM      YEAR
                               NORMAL
...............................................
TEMPERATURE (F)
 YESTERDAY
  MAXIMUM         77     80     -3       76
  MINIMUM         60     60      0       58
  AVERAGE         69     70     -1       67

PRECIPITATION (IN)
  YESTERDAY        0.00   0.13  -0.13     0.02
  MONTH TO DATE    0.00   0.13  -0.13     0.02
  SINCE JUN 1      9.98   8.73   1.25     9.80
  SINCE JAN 1     28.33  28.02   0.31    24.09

SNOWFALL (IN)
  YESTERDAY        0.0    0.0    0.0      0.0
  MONTH TO DATE    0.0    0.0    0.0      0.0
  SINCE JUN 1      0.0    0.0    0.0      0.0
  SINCE JUL 1      0.0    0.0    0.0      0.0
  SNOW DEPTH       0

DEGREE DAYS
 HEATING
  YESTERDAY        0      0      0        0
  MONTH TO DATE    0      0      0        0
  SINCE JUN 1     74    108    -34       80
  SINCE JUL 1      0     14    -14        9

 COOLING
  YESTERDAY        4      5     -1        2
  MONTH TO DATE    4      5     -1        2
  SINCE JUN 1    231    220     11      315
  SINCE JAN 1    232    231      1      332
...............................................





WEATHER CONDITIONS
 THE FOLLOWING WEATHER WAS RECORDED YESTERDAY.
  NO SIGNIFICANT WEATHER WAS OBSERVED.


..........................................................


THE GRAY ME CLIMATE NORMALS FOR TODAY
                         NORMAL
 MAXIMUM TEMPERATURE (F)   80
 MINIMUM TEMPERATURE (F)   60


SUNRISE AND SUNSET
AUGUST  2 2014........SUNRISE   530 AM EDT   SUNSET   803 PM EDT
AUGUST  3 2014........SUNRISE   532 AM EDT   SUNSET   802 PM EDT


-  INDICATES NEGATIVE NUMBERS.
R  INDICATES RECORD WAS SET OR TIED.
MM INDICATES DATA IS MISSING.
T  INDICATES TRACE AMOUNT.




$$
