000
CDUS41 KGYX 210918
CLIGYX


CLIMATE REPORT
NATIONAL WEATHER SERVICE GRAY ME
418 AM EST TUE NOV 21 2017


...................................

...THE GRAY ME CLIMATE SUMMARY FOR NOVEMBER 20 2017...

CLIMATE NORMAL PERIOD 1981 TO 2010
CLIMATE RECORD PERIOD 1995 TO 2017


WEATHER ITEM   OBSERVED TIME   RECORD YEAR NORMAL DEPARTURE LAST
                VALUE   (LST)  VALUE       VALUE  FROM      YEAR
                                                  NORMAL
..................................................................
TEMPERATURE (F)
 YESTERDAY
  MAXIMUM         36        MM  MM      MM  44     -8       47
  MINIMUM         23        MM  MM      MM  30     -7       31
  AVERAGE         30                        37     -7       39

PRECIPITATION (IN)
  YESTERDAY        0.00         MM      MM   0.19  -0.19     0.33
  MONTH TO DATE    1.91                      3.65  -1.74     2.72
  SINCE SEP 1     10.14                     12.98  -2.84    11.60
  SINCE JAN 1     38.07                     44.46  -6.39    40.77

SNOWFALL (IN)
  YESTERDAY       MM            MM      MM   0.1   MM        0.7
  MONTH TO DATE    1.2                       1.2    0.0      0.7
  SINCE SEP 1      1.2                       1.3   -0.1      0.7
  SINCE JUL 1      1.2                       1.3   -0.1      0.7
  SNOW DEPTH       0

DEGREE DAYS
 HEATING
  YESTERDAY       35                        28      7       26
  MONTH TO DATE  538                       492     46      421
  SINCE SEP 1    858                      1156   -298      944
  SINCE JUL 1    889                      1192   -303      963

 COOLING
  YESTERDAY        0                         0      0        0
  MONTH TO DATE    0                         0      0        0
  SINCE SEP 1     93                        30     63       80
  SINCE JAN 1    531                       389    142      607
..................................................................







THE GRAY ME CLIMATE NORMALS FOR TODAY
                         NORMAL
 MAXIMUM TEMPERATURE (F)   44
 MINIMUM TEMPERATURE (F)   29


SUNRISE AND SUNSET
NOVEMBER 21 2017......SUNRISE   644 AM EST   SUNSET   410 PM EST
NOVEMBER 22 2017......SUNRISE   645 AM EST   SUNSET   409 PM EST


-  INDICATES NEGATIVE NUMBERS.
R  INDICATES RECORD WAS SET OR TIED.
MM INDICATES DATA IS MISSING.
T  INDICATES TRACE AMOUNT.




$$
