000
CDUS41 KGYX 030905
CLIGYX


CLIMATE REPORT
NATIONAL WEATHER SERVICE GRAY ME
405 AM EST TUE MAR 3 2015


...................................

...THE GRAY ME CLIMATE SUMMARY FOR MARCH 2 2015...

CLIMATE NORMAL PERIOD 1981 TO 2010
CLIMATE RECORD PERIOD 1995 TO 2015


WEATHER ITEM   OBSERVED TIME   RECORD YEAR NORMAL DEPARTURE LAST
                VALUE   (LST)  VALUE       VALUE  FROM      YEAR
                                                  NORMAL
..................................................................
TEMPERATURE (F)
 YESTERDAY
  MAXIMUM         33        MM  MM      MM  38     -5       30
  MINIMUM         17        MM  MM      MM  20     -3       14
  AVERAGE         25                        29     -4       22

PRECIPITATION (IN)
  YESTERDAY        T            MM      MM   0.13  -0.13     0.00
  MONTH TO DATE    0.02                      0.26  -0.24     0.00
  SINCE MAR 1      0.02                      0.26  -0.24     0.00
  SINCE JAN 1      5.99                      7.10  -1.11     6.99

SNOWFALL (IN)
  YESTERDAY        T            MM      MM   0.8   -0.8      0.0
  MONTH TO DATE    0.3                       1.6   -1.3      0.0
  SINCE MAR 1      0.3                       1.6   -1.3      0.0
  SINCE JUL 1     99.4                      60.7   38.7     74.1
  SNOW DEPTH      24

DEGREE DAYS
 HEATING
  YESTERDAY       40                        36      4       43
  MONTH TO DATE   87                        72     15       93
  SINCE MAR 1     87                        72     15       93
  SINCE JUL 1   5563                      5230    333     5503

 COOLING
  YESTERDAY        0                         0      0        0
  MONTH TO DATE    0                         0      0        0
  SINCE MAR 1      0                         0      0        0
  SINCE JAN 1      0                         0      0        0
..................................................................







THE GRAY ME CLIMATE NORMALS FOR TODAY
                         NORMAL
 MAXIMUM TEMPERATURE (F)   38
 MINIMUM TEMPERATURE (F)   20


SUNRISE AND SUNSET
MARCH  3 2015.........SUNRISE   615 AM EST   SUNSET   532 PM EST
MARCH  4 2015.........SUNRISE   613 AM EST   SUNSET   533 PM EST


-  INDICATES NEGATIVE NUMBERS.
R  INDICATES RECORD WAS SET OR TIED.
MM INDICATES DATA IS MISSING.
T  INDICATES TRACE AMOUNT.




$$
