000
CDUS41 KGYX 260804
CLIGYX


CLIMATE REPORT
NATIONAL WEATHER SERVICE GRAY ME
403 AM EDT TUE SEP 26 2017


...................................

...THE GRAY ME CLIMATE SUMMARY FOR SEPTEMBER 25 2017...

CLIMATE NORMAL PERIOD 1981 TO 2010
CLIMATE RECORD PERIOD 1995 TO 2017


WEATHER ITEM   OBSERVED TIME   RECORD YEAR NORMAL DEPARTURE LAST
                VALUE   (LST)  VALUE       VALUE  FROM      YEAR
                                                  NORMAL
..................................................................
TEMPERATURE (F)
 YESTERDAY
  MAXIMUM         86        MM  MM      MM  66     20       61
  MINIMUM         62        MM  MM      MM  47     15       43
  AVERAGE         74                        56     18       52

PRECIPITATION (IN)
  YESTERDAY        0.00         MM      MM   0.14  -0.14     0.00
  MONTH TO DATE    2.57                      3.38  -0.81     0.81
  SINCE SEP 1      2.57                      3.38  -0.81     0.81
  SINCE JAN 1     30.50                     34.86  -4.36    29.98

SNOWFALL (IN)
  YESTERDAY        0.0          MM      MM   0.0    0.0      0.0
  MONTH TO DATE    0.0                       0.0    0.0      0.0
  SINCE SEP 1      0.0                       0.0    0.0      0.0
  SINCE JUL 1      0.0                       0.0    0.0      0.0
  SNOW DEPTH       0

DEGREE DAYS
 HEATING
  YESTERDAY        0                         9     -9       13
  MONTH TO DATE   39                       119    -80       47
  SINCE SEP 1     39                       119    -80       47
  SINCE JUL 1     70                       155    -85       66

 COOLING
  YESTERDAY        9                         0      9        0
  MONTH TO DATE   65                        25     40       80
  SINCE SEP 1     65                        25     40       80
  SINCE JAN 1    503                       384    119      607
..................................................................







THE GRAY ME CLIMATE NORMALS FOR TODAY
                         NORMAL
 MAXIMUM TEMPERATURE (F)   66
 MINIMUM TEMPERATURE (F)   47


SUNRISE AND SUNSET
SEPTEMBER 26 2017.....SUNRISE   633 AM EDT   SUNSET   631 PM EDT
SEPTEMBER 27 2017.....SUNRISE   634 AM EDT   SUNSET   629 PM EDT


-  INDICATES NEGATIVE NUMBERS.
R  INDICATES RECORD WAS SET OR TIED.
MM INDICATES DATA IS MISSING.
T  INDICATES TRACE AMOUNT.




$$
