000
CDUS41 KGYX 230807
CLIGYX


CLIMATE REPORT
NATIONAL WEATHER SERVICE GRAY ME
407 AM EDT SAT MAY 23 2015


...................................

...THE GRAY ME CLIMATE SUMMARY FOR MAY 22 2015...

CLIMATE NORMAL PERIOD 1981 TO 2010
CLIMATE RECORD PERIOD 1995 TO 2015


WEATHER ITEM   OBSERVED TIME   RECORD YEAR NORMAL DEPARTURE LAST
                VALUE   (LST)  VALUE       VALUE  FROM      YEAR
                                                  NORMAL
..................................................................
TEMPERATURE (F)
 YESTERDAY
  MAXIMUM         68        MM  MM      MM  67      1       63
  MINIMUM         45        MM  MM      MM  46     -1       46
  AVERAGE         57                        57      0       55

PRECIPITATION (IN)
  YESTERDAY        T            MM      MM   0.13  -0.13     0.04
  MONTH TO DATE    0.73                      2.71  -1.98     3.02
  SINCE MAR 1      5.74                     11.26  -5.52     9.91
  SINCE JAN 1     11.71                     18.10  -6.39    16.90

SNOWFALL (IN)
  YESTERDAY        0.0          MM      MM   0.0    0.0      0.0
  MONTH TO DATE    0.0                       0.2   -0.2      0.0
  SINCE MAR 1      8.2                      24.9  -16.7      8.9
  SINCE JUL 1    107.3                      84.0   23.3     83.0
  SNOW DEPTH       0

DEGREE DAYS
 HEATING
  YESTERDAY        8                         9     -1       10
  MONTH TO DATE  181                       255    -74      216
  SINCE MAR 1   1959                      1872     87     2108
  SINCE JUL 1   7435                      7030    405     7518

 COOLING
  YESTERDAY        0                         0      0        0
  MONTH TO DATE    8                         0      8        1
  SINCE MAR 1      8                         1      7        1
  SINCE JAN 1      8                         1      7        1
..................................................................







THE GRAY ME CLIMATE NORMALS FOR TODAY
                         NORMAL
 MAXIMUM TEMPERATURE (F)   67
 MINIMUM TEMPERATURE (F)   47


SUNRISE AND SUNSET
MAY 23 2015...........SUNRISE   508 AM EDT   SUNSET   808 PM EDT
MAY 24 2015...........SUNRISE   507 AM EDT   SUNSET   809 PM EDT


-  INDICATES NEGATIVE NUMBERS.
R  INDICATES RECORD WAS SET OR TIED.
MM INDICATES DATA IS MISSING.
T  INDICATES TRACE AMOUNT.




$$
