000
CDUS44 KJAN 230638
CLIHBG


CLIMATE REPORT
NATIONAL WEATHER SERVICE JACKSON MS
135 AM CDT SAT SEP 23 2017


...................................

...THE HATTIESBURG CLIMATE SUMMARY FOR SEPTEMBER 22 2017...

CLIMATE NORMAL PERIOD 1981 TO 2010
CLIMATE RECORD PERIOD 1948 TO 2017


WEATHER ITEM   OBSERVED TIME   RECORD YEAR NORMAL DEPARTURE LAST
                VALUE   (LST)  VALUE       VALUE  FROM      YEAR
                                                  NORMAL
..................................................................
TEMPERATURE (F)
 YESTERDAY
  MAXIMUM         92    200 PM  98    1972  86      6       93
                                      1970
  MINIMUM         69        MM  45    1983  64      5       73
  AVERAGE         81                        75      6       83

PRECIPITATION (IN)
  YESTERDAY        0.00          1.85 1958   0.13  -0.13     0.00
  MONTH TO DATE    1.99                      3.10  -1.11     3.48
  SINCE SEP 1      1.99                      3.10  -1.11     3.48
  SINCE JAN 1     58.41                     45.26  13.15    54.49

SNOWFALL (IN)
  YESTERDAY        0.0

DEGREE DAYS
 HEATING
  YESTERDAY        0                         0      0        0
  MONTH TO DATE    0                         0      0        0
  SINCE SEP 1      0                         0      0        0
  SINCE JUL 1      0                         0      0        0

 COOLING
  YESTERDAY       16                        10      6       18
  MONTH TO DATE  244                       285    -41      370
  SINCE SEP 1    244                       285    -41      370
  SINCE JAN 1   2189                      2156     33     2484
..................................................................


WIND (MPH)
  HIGHEST WIND SPEED    MM   HIGHEST WIND DIRECTION     N (10)
  HIGHEST GUST SPEED    MM   HIGHEST GUST DIRECTION    MM
  AVERAGE WIND SPEED     1.5


SKY COVER
  POSSIBLE SUNSHINE  MM
  AVERAGE SKY COVER 0.0


WEATHER CONDITIONS
 THE FOLLOWING WEATHER WAS RECORDED YESTERDAY.
  FOG


RELATIVE HUMIDITY (PERCENT)
 HIGHEST   100           100 AM
 LOWEST     47           100 PM
 AVERAGE    74

..........................................................


THE HATTIESBURG CLIMATE NORMALS FOR TODAY
                         NORMAL    RECORD    YEAR
 MAXIMUM TEMPERATURE (F)   86        95      1997
 MINIMUM TEMPERATURE (F)   64        44      1982


SUNRISE AND SUNSET
SEPTEMBER 23 2017.....SUNRISE   646 AM CDT   SUNSET   652 PM CDT
SEPTEMBER 24 2017.....SUNRISE   647 AM CDT   SUNSET   651 PM CDT


-  INDICATES NEGATIVE NUMBERS.
R  INDICATES RECORD WAS SET OR TIED.
MM INDICATES DATA IS MISSING.
T  INDICATES TRACE AMOUNT.




$$
