000
CDUS44 KJAN 040641
CLIHBG


CLIMATE REPORT
NATIONAL WEATHER SERVICE JACKSON MS
139 AM CDT WED MAY 4 2016


...................................

...THE HATTIESBURG CLIMATE SUMMARY FOR MAY 3 2016...

CLIMATE NORMAL PERIOD 1981 TO 2010
CLIMATE RECORD PERIOD 1948 TO 2016


WEATHER ITEM   OBSERVED TIME   RECORD YEAR NORMAL DEPARTURE LAST
                VALUE   (LST)  VALUE       VALUE  FROM      YEAR
                                                  NORMAL
..................................................................
TEMPERATURE (F)
 YESTERDAY
  MAXIMUM         77    512 PM  91    2002  83     -6       83
  MINIMUM         61   1159 PM  44    2004  58      3       51
  AVERAGE         69                        70     -1       67

PRECIPITATION (IN)
  YESTERDAY        0.00          4.91 1978   0.16  -0.16     0.00
  MONTH TO DATE    0.21                      0.46  -0.25     0.00
  SINCE MAR 1     19.53                     10.89   8.64     9.08
  SINCE JAN 1     28.90                     22.02   6.88    16.91

SNOWFALL (IN)
  YESTERDAY        0.0

DEGREE DAYS
 HEATING
  YESTERDAY        0                         1     -1        0
  MONTH TO DATE    0                         3     -3        1
  SINCE MAR 1    141                       303   -162      131
  SINCE JUL 1   1379                      1981   -602     1912

 COOLING
  YESTERDAY        4                         6     -2        2
  MONTH TO DATE   16                        17     -1        3
  SINCE MAR 1    196                       142     54      276
  SINCE JAN 1    221                       157     64      282
..................................................................


WIND (MPH)
  HIGHEST WIND SPEED    12   HIGHEST WIND DIRECTION     N (340)
  HIGHEST GUST SPEED    16   HIGHEST GUST DIRECTION    NW (330)
  AVERAGE WIND SPEED     6.4


SKY COVER
  POSSIBLE SUNSHINE  MM
  AVERAGE SKY COVER 0.7


WEATHER CONDITIONS
 THE FOLLOWING WEATHER WAS RECORDED YESTERDAY.
  FOG


RELATIVE HUMIDITY (PERCENT)
 HIGHEST    93          1200 AM
 LOWEST     58           500 PM
 AVERAGE    76

..........................................................


THE HATTIESBURG CLIMATE NORMALS FOR TODAY
                         NORMAL    RECORD    YEAR
 MAXIMUM TEMPERATURE (F)   83        92      2002
 MINIMUM TEMPERATURE (F)   58        38      2013


SUNRISE AND SUNSET
MAY  4 2016...........SUNRISE   609 AM CDT   SUNSET   739 PM CDT
MAY  5 2016...........SUNRISE   608 AM CDT   SUNSET   739 PM CDT


-  INDICATES NEGATIVE NUMBERS.
R  INDICATES RECORD WAS SET OR TIED.
MM INDICATES DATA IS MISSING.
T  INDICATES TRACE AMOUNT.




$$
