000
CDUS44 KJAN 300621
CLIHBG


CLIMATE REPORT
NATIONAL WEATHER SERVICE JACKSON MS
120 AM CDT FRI SEP 30 2016


...................................

...THE HATTIESBURG CLIMATE SUMMARY FOR SEPTEMBER 29 2016...

CLIMATE NORMAL PERIOD 1981 TO 2010
CLIMATE RECORD PERIOD 1948 TO 2016


WEATHER ITEM   OBSERVED TIME   RECORD YEAR NORMAL DEPARTURE LAST
                VALUE   (LST)  VALUE       VALUE  FROM      YEAR
                                                  NORMAL
..................................................................
TEMPERATURE (F)
 YESTERDAY
  MAXIMUM         82    334 PM  94    1953  84     -2       83
  MINIMUM         57   1159 PM  47    1962  61     -4       73
  AVERAGE         70                        73     -3       78

PRECIPITATION (IN)
  YESTERDAY        0.00          2.78 1977   0.13  -0.13     0.02
  MONTH TO DATE    4.09                      3.94   0.15     2.06
  SINCE SEP 1      4.09                      3.94   0.15     2.06
  SINCE JAN 1     55.10                     46.10   9.00    39.27

SNOWFALL (IN)
  YESTERDAY        0.0

DEGREE DAYS
 HEATING
  YESTERDAY        0                         0      0        0
  MONTH TO DATE    0                         0      0        0
  SINCE SEP 1      0                         0      0        0
  SINCE JUL 1      0                         0      0        0

 COOLING
  YESTERDAY        5                         8     -3       13
  MONTH TO DATE  471                       348    123      395
  SINCE SEP 1    471                       348    123      395
  SINCE JAN 1   2585                      2219    366     2612
..................................................................


WIND (MPH)
  HIGHEST WIND SPEED    14   HIGHEST WIND DIRECTION    NW (330)
  HIGHEST GUST SPEED    17   HIGHEST GUST DIRECTION    NW (320)
  AVERAGE WIND SPEED     4.3


SKY COVER
  POSSIBLE SUNSHINE  MM
  AVERAGE SKY COVER 0.0


WEATHER CONDITIONS
 THE FOLLOWING WEATHER WAS RECORDED YESTERDAY.
  NO SIGNIFICANT WEATHER WAS OBSERVED.


RELATIVE HUMIDITY (PERCENT)
 HIGHEST    93          1200 AM
 LOWEST     32           500 PM
 AVERAGE    63

..........................................................


THE HATTIESBURG CLIMATE NORMALS FOR TODAY
                         NORMAL    RECORD    YEAR
 MAXIMUM TEMPERATURE (F)   84        95      1955
 MINIMUM TEMPERATURE (F)   61        43      1949


SUNRISE AND SUNSET
SEPTEMBER 30 2016.....SUNRISE   650 AM CDT   SUNSET   643 PM CDT
OCTOBER  1 2016.......SUNRISE   651 AM CDT   SUNSET   641 PM CDT


-  INDICATES NEGATIVE NUMBERS.
R  INDICATES RECORD WAS SET OR TIED.
MM INDICATES DATA IS MISSING.
T  INDICATES TRACE AMOUNT.




$$
