000
CDUS44 KJAN 210645
CLIHBG


CLIMATE REPORT
NATIONAL WEATHER SERVICE JACKSON MS
140 AM CDT MON APR 21 2014


...................................

...THE HATTIESBURG CLIMATE SUMMARY FOR APRIL 20 2014...

CLIMATE NORMAL PERIOD 1981 TO 2010
CLIMATE RECORD PERIOD 1948 TO 2014


WEATHER ITEM   OBSERVED TIME   RECORD YEAR NORMAL DEPARTURE LAST
                VALUE   (LST)  VALUE       VALUE  FROM      YEAR
                                                  NORMAL
..................................................................
TEMPERATURE (F)
 YESTERDAY
  MAXIMUM         81    443 PM  91    2006  79      2       70
  MINIMUM         49    547 AM  35    1953  54     -5       36
  AVERAGE         65                        66     -1       53

PRECIPITATION (IN)
  YESTERDAY        0.00          0.76 1970   0.18  -0.18     0.00
  MONTH TO DATE    4.52                      3.49   1.03     6.32
  SINCE MAR 1     10.89                      8.99   1.90     8.47
  SINCE JAN 1     20.79                     20.12   0.67    26.90

SNOWFALL (IN)
  YESTERDAY        0.0

DEGREE DAYS
 HEATING
  YESTERDAY        0                         2     -2       12
  MONTH TO DATE   70                        71     -1       69
  SINCE MAR 1    342                       288     54      418
  SINCE JUL 1   2265                      1966    299     1811

 COOLING
  YESTERDAY        0                         3     -3        0
  MONTH TO DATE   30                        50    -20       64
  SINCE MAR 1     39                        83    -44       73
  SINCE JAN 1     56                        98    -42      101
..................................................................


WIND (MPH)
  HIGHEST WIND SPEED    14   HIGHEST WIND DIRECTION     N (10)
  HIGHEST GUST SPEED    19   HIGHEST GUST DIRECTION     N (20)
  AVERAGE WIND SPEED     3.2


SKY COVER
  POSSIBLE SUNSHINE  MM
  AVERAGE SKY COVER 0.0


WEATHER CONDITIONS
 THE FOLLOWING WEATHER WAS RECORDED YESTERDAY.
  FOG


RELATIVE HUMIDITY (PERCENT)
 HIGHEST   100           200 AM
 LOWEST     33           400 PM
 AVERAGE    67

..........................................................


THE HATTIESBURG CLIMATE NORMALS FOR TODAY
                         NORMAL    RECORD    YEAR
 MAXIMUM TEMPERATURE (F)   79        91      1987
 MINIMUM TEMPERATURE (F)   54        35      1953


SUNRISE AND SUNSET
APRIL 21 2014.........SUNRISE   622 AM CDT   SUNSET   730 PM CDT
APRIL 22 2014.........SUNRISE   621 AM CDT   SUNSET   730 PM CDT


-  INDICATES NEGATIVE NUMBERS.
R  INDICATES RECORD WAS SET OR TIED.
MM INDICATES DATA IS MISSING.
T  INDICATES TRACE AMOUNT.




$$
