000
CDUS44 KJAN 030706
CLIHBG


CLIMATE REPORT
NATIONAL WEATHER SERVICE JACKSON MS
105 AM CST TUE MAR 3 2015


...................................

...THE HATTIESBURG CLIMATE SUMMARY FOR MARCH 2 2015...

CLIMATE NORMAL PERIOD 1981 TO 2010
CLIMATE RECORD PERIOD 1948 TO 2015


WEATHER ITEM   OBSERVED TIME   RECORD YEAR NORMAL DEPARTURE LAST
                VALUE   (LST)  VALUE       VALUE  FROM      YEAR
                                                  NORMAL
..................................................................
TEMPERATURE (F)
 YESTERDAY
  MAXIMUM         63    601 PM  84    2012  68     -5       78
  MINIMUM         58    741 AM  21    1980  44     14       59
  AVERAGE         61                        56      5       69

PRECIPITATION (IN)
  YESTERDAY        0.16          3.80 1971   0.19  -0.03     0.00
  MONTH TO DATE    1.58                      0.38   1.20     0.00
  SINCE MAR 1      1.58                      0.38   1.20     0.00
  SINCE JAN 1      9.41                     11.51  -2.10     9.90

SNOWFALL (IN)
  YESTERDAY        0.0

DEGREE DAYS
 HEATING
  YESTERDAY        4                        10     -6        0
  MONTH TO DATE   12                        20     -8        0
  SINCE MAR 1     12                        20     -8        0
  SINCE JUL 1   1793                      1698     95     1923

 COOLING
  YESTERDAY        0                         1     -1        4
  MONTH TO DATE    0                         2     -2        4
  SINCE MAR 1      0                         2     -2        4
  SINCE JAN 1      6                        17    -11       21
..................................................................


WIND (MPH)
  HIGHEST WIND SPEED     9   HIGHEST WIND DIRECTION    SE (150)
  HIGHEST GUST SPEED    10   HIGHEST GUST DIRECTION    SE (150)
  AVERAGE WIND SPEED     2.5


SKY COVER
  POSSIBLE SUNSHINE  MM
  AVERAGE SKY COVER 1.0


WEATHER CONDITIONS
 THE FOLLOWING WEATHER WAS RECORDED YESTERDAY.
  LIGHT RAIN
  FOG
  FOG W/VISIBILITY <= 1/4 MILE


RELATIVE HUMIDITY (PERCENT)
 HIGHEST   100           500 AM
 LOWEST     93           100 AM
 AVERAGE    97

..........................................................


THE HATTIESBURG CLIMATE NORMALS FOR TODAY
                         NORMAL    RECORD    YEAR
 MAXIMUM TEMPERATURE (F)   68        86      1951
 MINIMUM TEMPERATURE (F)   44        17      1980


SUNRISE AND SUNSET
MARCH  3 2015.........SUNRISE   622 AM CST   SUNSET   557 PM CST
MARCH  4 2015.........SUNRISE   621 AM CST   SUNSET   557 PM CST


-  INDICATES NEGATIVE NUMBERS.
R  INDICATES RECORD WAS SET OR TIED.
MM INDICATES DATA IS MISSING.
T  INDICATES TRACE AMOUNT.




$$
