000
CDUS41 KLWX 290532
CLIHGR


CLIMATE REPORT
NATIONAL WEATHER SERVICE BALTIMORE MD/WASHINGTON DC
131 AM EDT SUN MAR 29 2015


...................................

...THE HAGERSTOWN MD CLIMATE SUMMARY FOR MARCH 28 2015...

CLIMATE NORMAL PERIOD 1981 TO 2010
CLIMATE RECORD PERIOD 9999 TO 9999


WEATHER ITEM   OBSERVED TIME   RECORD YEAR NORMAL DEPARTURE LAST
                VALUE   (LST)  VALUE       VALUE  FROM      YEAR
                                                  NORMAL
..................................................................
TEMPERATURE (F)
 YESTERDAY
  MAXIMUM         35    238 PM  MM      MM  56    -21       64
  MINIMUM         23   1159 PM  MM      MM  36    -13       38
  AVERAGE         29                        46    -17       51

PRECIPITATION (IN)
  YESTERDAY        0.00         MM      MM   0.13  -0.13     0.07
  MONTH TO DATE    2.26                      2.95  -0.69     0.78
  SINCE MAR 1      2.26                      2.95  -0.69     0.78
  SINCE JAN 1      4.54                      8.18  -3.64     4.56

DEGREE DAYS
 HEATING
  YESTERDAY       36                        19     17       14
  MONTH TO DATE  721                       672     49      806
  SINCE MAR 1    721                       672     49      806
  SINCE JUL 1   4727                      4575    152     4821

 COOLING
  YESTERDAY        0                         0      0        0
  MONTH TO DATE    0                         0      0        0
  SINCE MAR 1      0                         0      0        0
  SINCE JAN 1      0                         0      0        0
..................................................................


WIND (MPH)
  HIGHEST WIND SPEED    28   HIGHEST WIND DIRECTION    NW (310)
  HIGHEST GUST SPEED    38   HIGHEST GUST DIRECTION    NW (310)
  AVERAGE WIND SPEED    17.2


SKY COVER
  POSSIBLE SUNSHINE  MM
  AVERAGE SKY COVER 0.5


WEATHER CONDITIONS
 THE FOLLOWING WEATHER WAS RECORDED YESTERDAY.
  NO SIGNIFICANT WEATHER WAS OBSERVED.


RELATIVE HUMIDITY (PERCENT)
 HIGHEST    63          1200 AM
 LOWEST     33          1000 PM
 AVERAGE    48

..........................................................


THE HAGERSTOWN MD CLIMATE NORMALS FOR TODAY
                         NORMAL    RECORD    YEAR
 MAXIMUM TEMPERATURE (F)   56        MM        MM
 MINIMUM TEMPERATURE (F)   37        MM        MM


SUNRISE AND SUNSET
MARCH 29 2015.........SUNRISE   700 AM EDT   SUNSET   732 PM EDT
MARCH 30 2015.........SUNRISE   659 AM EDT   SUNSET   733 PM EDT


-  INDICATES NEGATIVE NUMBERS.
R  INDICATES RECORD WAS SET OR TIED.
MM INDICATES DATA IS MISSING.
T  INDICATES TRACE AMOUNT.




$$
