000
CDUS41 KLWX 260522
CLIHGR


CLIMATE REPORT
NATIONAL WEATHER SERVICE BALTIMORE MD/WASHINGTON DC
121 AM EDT TUE MAY 26 2015


...................................

...THE HAGERSTOWN MD CLIMATE SUMMARY FOR MAY 25 2015...

CLIMATE NORMAL PERIOD 1981 TO 2010
CLIMATE RECORD PERIOD 9999 TO 9999


WEATHER ITEM   OBSERVED TIME   RECORD YEAR NORMAL DEPARTURE LAST
                VALUE   (LST)  VALUE       VALUE  FROM      YEAR
                                                  NORMAL
..................................................................
TEMPERATURE (F)
 YESTERDAY
  MAXIMUM         86    355 PM  MM      MM  75     11       79
  MINIMUM         64    443 AM  MM      MM  55      9       52
  AVERAGE         75                        65     10       66

PRECIPITATION (IN)
  YESTERDAY        0.00         MM      MM   0.16  -0.16     0.00
  MONTH TO DATE    0.71                      3.17  -2.46     4.36
  SINCE MAR 1      6.24                     10.11  -3.87     8.58
  SINCE JAN 1      8.52                     15.34  -6.82    12.36

DEGREE DAYS
 HEATING
  YESTERDAY        0                         3     -3        0
  MONTH TO DATE   50                       138    -88       98
  SINCE MAR 1   1123                      1249   -126     1348
  SINCE JUL 1   5129                      5152    -23     5363

 COOLING
  YESTERDAY       10                         3      7        1
  MONTH TO DATE  128                        39     89       47
  SINCE MAR 1    130                        54     76       57
  SINCE JAN 1    130                        54     76       57
..................................................................


WIND (MPH)
  HIGHEST WIND SPEED    18   HIGHEST WIND DIRECTION     S (170)
  HIGHEST GUST SPEED    25   HIGHEST GUST DIRECTION     S (160)
  AVERAGE WIND SPEED     9.9


SKY COVER
  POSSIBLE SUNSHINE  MM
  AVERAGE SKY COVER 0.0


WEATHER CONDITIONS
 THE FOLLOWING WEATHER WAS RECORDED YESTERDAY.
  NO SIGNIFICANT WEATHER WAS OBSERVED.


RELATIVE HUMIDITY (PERCENT)
 HIGHEST    67           400 AM
 LOWEST     37           400 PM
 AVERAGE    52

..........................................................


THE HAGERSTOWN MD CLIMATE NORMALS FOR TODAY
                         NORMAL    RECORD    YEAR
 MAXIMUM TEMPERATURE (F)   75        MM        MM
 MINIMUM TEMPERATURE (F)   55        MM        MM


SUNRISE AND SUNSET
MAY 26 2015...........SUNRISE   548 AM EDT   SUNSET   828 PM EDT
MAY 27 2015...........SUNRISE   548 AM EDT   SUNSET   829 PM EDT


-  INDICATES NEGATIVE NUMBERS.
R  INDICATES RECORD WAS SET OR TIED.
MM INDICATES DATA IS MISSING.
T  INDICATES TRACE AMOUNT.




$$
