000
CDUS41 KLWX 160524
CLIHGR


CLIMATE REPORT
NATIONAL WEATHER SERVICE BALTIMORE MD/WASHINGTON DC
1223 AM EST MON JAN 16 2017


...................................

...THE HAGERSTOWN MD CLIMATE SUMMARY FOR JANUARY 15 2017...

CLIMATE NORMAL PERIOD 1981 TO 2010
CLIMATE RECORD PERIOD 9999 TO 9999


WEATHER ITEM   OBSERVED TIME   RECORD YEAR NORMAL DEPARTURE LAST
                VALUE   (LST)  VALUE       VALUE  FROM      YEAR
                                                  NORMAL
..................................................................
TEMPERATURE (F)
 YESTERDAY
  MAXIMUM         40    320 PM  MM      MM  38      2       49
  MINIMUM         27    628 AM  MM      MM  23      4       32
  AVERAGE         34                        31      3       41

PRECIPITATION (IN)
  YESTERDAY        0.00         MM      MM   0.10  -0.10     0.20
  MONTH TO DATE    1.66                      1.37   0.29     1.57
  SINCE DEC 1      3.44                      4.26  -0.82     4.45
  SINCE JAN 1      1.66                      1.37   0.29     1.57

DEGREE DAYS
 HEATING
  YESTERDAY       31                        34     -3       24
  MONTH TO DATE  462                       515    -53      481
  SINCE DEC 1   1326                      1474   -148     1041
  SINCE JUL 1   2034                      2479   -445     1773

 COOLING
  YESTERDAY        0                         0      0        0
  MONTH TO DATE    0                         0      0        0
  SINCE DEC 1      0                         0      0        0
  SINCE JAN 1      0                         0      0        0
..................................................................


WIND (MPH)
  HIGHEST WIND SPEED    12   HIGHEST WIND DIRECTION    NW (330)
  HIGHEST GUST SPEED    13   HIGHEST GUST DIRECTION    NW (320)
  AVERAGE WIND SPEED     2.4


SKY COVER
  POSSIBLE SUNSHINE  MM
  AVERAGE SKY COVER 0.3


WEATHER CONDITIONS
 THE FOLLOWING WEATHER WAS RECORDED YESTERDAY.
  FOG
  FOG W/VISIBILITY <= 1/4 MILE
  HAZE


RELATIVE HUMIDITY (PERCENT)
 HIGHEST    92           400 AM
 LOWEST     40           100 PM
 AVERAGE    66

..........................................................


THE HAGERSTOWN MD CLIMATE NORMALS FOR TODAY
                         NORMAL    RECORD    YEAR
 MAXIMUM TEMPERATURE (F)   38        MM        MM
 MINIMUM TEMPERATURE (F)   23        MM        MM


SUNRISE AND SUNSET
JANUARY 16 2017.......SUNRISE   729 AM EST   SUNSET   512 PM EST
JANUARY 17 2017.......SUNRISE   729 AM EST   SUNSET   513 PM EST


-  INDICATES NEGATIVE NUMBERS.
R  INDICATES RECORD WAS SET OR TIED.
MM INDICATES DATA IS MISSING.
T  INDICATES TRACE AMOUNT.




$$
