000
CDUS41 KLWX 230525
CLIHGR

CLIMATE REPORT
NATIONAL WEATHER SERVICE BALTIMORE MD/WASHINGTON DC
1219 AM EST SUN NOV 23 2014


...................................

...THE HAGERSTOWN MD CLIMATE SUMMARY FOR NOVEMBER 22 2014...

CLIMATE NORMAL PERIOD 1981 TO 2010
CLIMATE RECORD PERIOD 9999 TO 9999


WEATHER ITEM   OBSERVED TIME   RECORD YEAR NORMAL DEPARTURE LAST
                VALUE   (LST)  VALUE       VALUE  FROM      YEAR
                                                  NORMAL
..................................................................
TEMPERATURE (F)
 YESTERDAY
  MAXIMUM         45    412 PM  MM      MM  50     -5       54
  MINIMUM         19    441 AM  MM      MM  35    -16       39
  AVERAGE         32                        42    -10       47

PRECIPITATION (IN)
  YESTERDAY        0.00         MM      MM   0.11  -0.11     0.01
  MONTH TO DATE    0.89                      2.24  -1.35     0.74
  SINCE SEP 1      5.51                      8.79  -3.28     9.27
  SINCE JAN 1     32.42                     35.42  -3.00    28.42

DEGREE DAYS
 HEATING
  YESTERDAY       33                        22     11       18
  MONTH TO DATE  503                       408     95      431
  SINCE SEP 1    783                       805    -22      783
  SINCE JUL 1    785                       810    -25      786

 COOLING
  YESTERDAY        0                         0      0        0
  MONTH TO DATE    0                         0      0        0
  SINCE SEP 1    128                       101     27      148
  SINCE JAN 1    941                       969    -28     1133
..................................................................


WIND (MPH)
  HIGHEST WIND SPEED    13   HIGHEST WIND DIRECTION     S (180)
  HIGHEST GUST SPEED    17   HIGHEST GUST DIRECTION     S (180)
  AVERAGE WIND SPEED     4.7


SKY COVER
  POSSIBLE SUNSHINE  MM
  AVERAGE SKY COVER 0.3


WEATHER CONDITIONS
 THE FOLLOWING WEATHER WAS RECORDED YESTERDAY.
  NO SIGNIFICANT WEATHER WAS OBSERVED.


RELATIVE HUMIDITY (PERCENT)
 HIGHEST    67           500 AM
 LOWEST     27           300 PM
 AVERAGE    47

..........................................................


THE HAGERSTOWN MD CLIMATE NORMALS FOR TODAY
                         NORMAL    RECORD    YEAR
 MAXIMUM TEMPERATURE (F)   50        MM        MM
 MINIMUM TEMPERATURE (F)   34        MM        MM


SUNRISE AND SUNSET
NOVEMBER 23 2014......SUNRISE   704 AM EST   SUNSET   450 PM EST
NOVEMBER 24 2014......SUNRISE   705 AM EST   SUNSET   450 PM EST


-  INDICATES NEGATIVE NUMBERS.
R  INDICATES RECORD WAS SET OR TIED.
MM INDICATES DATA IS MISSING.
T  INDICATES TRACE AMOUNT.




$$
