263
CDUS41 KLWX 252125
CLIHGR


CLIMATE REPORT
NATIONAL WEATHER SERVICE BALTIMORE MD/WASHINGTON DC
525 PM EDT SUN SEP 25 2016


...................................

...THE HAGERSTOWN MD CLIMATE SUMMARY FOR SEPTEMBER 25 2016...
VALID TODAY AS OF 0500 PM LOCAL TIME.

CLIMATE NORMAL PERIOD 1981 TO 2010
CLIMATE RECORD PERIOD 9999 TO 9999


WEATHER ITEM   OBSERVED TIME   RECORD YEAR NORMAL DEPARTURE LAST
                VALUE   (LST)  VALUE       VALUE  FROM      YEAR
                                                  NORMAL
..................................................................
TEMPERATURE (F)
 TODAY
  MAXIMUM         76    323 PM  MM      MM  72      4       76
  MINIMUM         49    618 AM  MM      MM  52     -3       55
  AVERAGE         63                        62      1       66

PRECIPITATION (IN)
  TODAY            0.00         MM      MM   0.14  -0.14     0.00
  MONTH TO DATE    1.06                      2.97  -1.91     1.78
  SINCE SEP 1      1.06                      2.97  -1.91     1.78
  SINCE JAN 1     22.16                     29.60  -7.44    20.42

DEGREE DAYS
 HEATING
  TODAY            2                         4     -2        0
  MONTH TO DATE    2                        42    -40        6
  SINCE SEP 1      2                        42    -40        6
  SINCE JUL 1      2                        47    -45        6

 COOLING
  TODAY            0                         1     -1        1
  MONTH TO DATE  252                        86    166      178
  SINCE SEP 1    252                        86    166      178
  SINCE JAN 1   1511                       954    557     1321
..................................................................


WIND (MPH)
  HIGHEST WIND SPEED     9   HIGHEST WIND DIRECTION    NW (310)
  HIGHEST GUST SPEED    12   HIGHEST GUST DIRECTION     S (200)
  AVERAGE WIND SPEED     3.8


SKY COVER
  POSSIBLE SUNSHINE  MM
  AVERAGE SKY COVER 0.0


WEATHER CONDITIONS
 THE FOLLOWING WEATHER WAS RECORDED TODAY.
  NO SIGNIFICANT WEATHER WAS OBSERVED.


RELATIVE HUMIDITY (PERCENT)
 HIGHEST    77           700 AM
 LOWEST     33           100 PM
 AVERAGE    55

..........................................................


THE HAGERSTOWN MD CLIMATE NORMALS FOR TOMORROW
                         NORMAL    RECORD    YEAR
 MAXIMUM TEMPERATURE (F)   72        MM        MM
 MINIMUM TEMPERATURE (F)   52        MM        MM


SUNRISE AND SUNSET
SEPTEMBER 25 2016.....SUNRISE   702 AM EDT   SUNSET   702 PM EDT
SEPTEMBER 26 2016.....SUNRISE   703 AM EDT   SUNSET   701 PM EDT


-  INDICATES NEGATIVE NUMBERS.
R  INDICATES RECORD WAS SET OR TIED.
MM INDICATES DATA IS MISSING.
T  INDICATES TRACE AMOUNT.




$$
