000
CDUS41 KLWX 292133
CLIHGR


CLIMATE REPORT
NATIONAL WEATHER SERVICE BALTIMORE MD/WASHINGTON DC
532 PM EDT WED JUL 29 2015


...................................

...THE HAGERSTOWN MD CLIMATE SUMMARY FOR JULY 29 2015...
VALID TODAY AS OF 0500 PM LOCAL TIME.

CLIMATE NORMAL PERIOD 1981 TO 2010
CLIMATE RECORD PERIOD 9999 TO 9999


WEATHER ITEM   OBSERVED TIME   RECORD YEAR NORMAL DEPARTURE LAST
                VALUE   (LST)  VALUE       VALUE  FROM      YEAR
                                                  NORMAL
..................................................................
TEMPERATURE (F)
 TODAY
  MAXIMUM         90    319 PM  MM      MM  85      5       71
  MINIMUM         71    520 AM  MM      MM  65      6       56
  AVERAGE         81                        75      6       64

PRECIPITATION (IN)
  TODAY            0.00         MM      MM   0.12  -0.12     0.00
  MONTH TO DATE    1.18                      3.17  -1.99     6.05
  SINCE JUN 1      7.04                      7.05  -0.01    10.91
  SINCE JAN 1     17.23                     23.25  -6.02    23.39

DEGREE DAYS
 HEATING
  TODAY            0                         0      0        1
  MONTH TO DATE    0                         0      0        1
  SINCE JUN 1     14                        18     -4        1
  SINCE JUL 1      0                         0      0        1

 COOLING
  TODAY           16                        10      6        0
  MONTH TO DATE  334                       302     32      280
  SINCE JUN 1    592                       511     81      525
  SINCE JAN 1    793                       587    206      607
..................................................................


WIND (MPH)
  HIGHEST WIND SPEED    13   HIGHEST WIND DIRECTION     S (190)
  HIGHEST GUST SPEED    16   HIGHEST GUST DIRECTION     S (160)
  AVERAGE WIND SPEED     5.0


SKY COVER
  POSSIBLE SUNSHINE  MM
  AVERAGE SKY COVER 0.2


WEATHER CONDITIONS
 THE FOLLOWING WEATHER WAS RECORDED TODAY.
  FOG
  HAZE


RELATIVE HUMIDITY (PERCENT)
 HIGHEST    93           300 AM
 LOWEST     55           200 PM
 AVERAGE    74

..........................................................


THE HAGERSTOWN MD CLIMATE NORMALS FOR TOMORROW
                         NORMAL    RECORD    YEAR
 MAXIMUM TEMPERATURE (F)   85        MM        MM
 MINIMUM TEMPERATURE (F)   65        MM        MM


SUNRISE AND SUNSET
JULY 29 2015..........SUNRISE   607 AM EDT   SUNSET   827 PM EDT
JULY 30 2015..........SUNRISE   608 AM EDT   SUNSET   826 PM EDT


-  INDICATES NEGATIVE NUMBERS.
R  INDICATES RECORD WAS SET OR TIED.
MM INDICATES DATA IS MISSING.
T  INDICATES TRACE AMOUNT.




$$
