111
CDUS41 KLWX 290529
CLIHGR


CLIMATE REPORT
NATIONAL WEATHER SERVICE BALTIMORE MD/WASHINGTON DC
128 AM EDT FRI JUL 29 2016


...................................

...THE HAGERSTOWN MD CLIMATE SUMMARY FOR JULY 28 2016...

CLIMATE NORMAL PERIOD 1981 TO 2010
CLIMATE RECORD PERIOD 9999 TO 9999


WEATHER ITEM   OBSERVED TIME   RECORD YEAR NORMAL DEPARTURE LAST
                VALUE   (LST)  VALUE       VALUE  FROM      YEAR
                                                  NORMAL
..................................................................
TEMPERATURE (F)
 YESTERDAY
  MAXIMUM         91   1146 AM  MM      MM  85      6       91
  MINIMUM         71   1159 PM  MM      MM  65      6       70
  AVERAGE         81                        75      6       81

PRECIPITATION (IN)
  YESTERDAY        0.62         MM      MM   0.12   0.50     0.00
  MONTH TO DATE    1.50                      3.05  -1.55     1.18
  SINCE JUN 1      4.90                      6.93  -2.03     7.04
  SINCE JAN 1     17.94                     23.13  -5.19    17.23

DEGREE DAYS
 HEATING
  YESTERDAY        0                         0      0        0
  MONTH TO DATE    0                         0      0        0
  SINCE JUN 1      3                        18    -15       14
  SINCE JUL 1      0                         0      0        0

 COOLING
  YESTERDAY       16                        10      6       16
  MONTH TO DATE  409                       292    117      318
  SINCE JUN 1    670                       501    169      576
  SINCE JAN 1    774                       577    197      777
..................................................................


WIND (MPH)
  HIGHEST WIND SPEED    10   HIGHEST WIND DIRECTION     N (350)
  HIGHEST GUST SPEED    13   HIGHEST GUST DIRECTION    NW (330)
  AVERAGE WIND SPEED     4.5


SKY COVER
  POSSIBLE SUNSHINE  MM
  AVERAGE SKY COVER 0.5


WEATHER CONDITIONS
 THE FOLLOWING WEATHER WAS RECORDED YESTERDAY.
  HEAVY RAIN
  RAIN
  LIGHT RAIN
  FOG


RELATIVE HUMIDITY (PERCENT)
 HIGHEST    93          1000 PM
 LOWEST     44          1200 PM
 AVERAGE    69

..........................................................


THE HAGERSTOWN MD CLIMATE NORMALS FOR TODAY
                         NORMAL    RECORD    YEAR
 MAXIMUM TEMPERATURE (F)   85        MM        MM
 MINIMUM TEMPERATURE (F)   65        MM        MM


SUNRISE AND SUNSET
JULY 29 2016..........SUNRISE   608 AM EDT   SUNSET   826 PM EDT
JULY 30 2016..........SUNRISE   609 AM EDT   SUNSET   825 PM EDT


-  INDICATES NEGATIVE NUMBERS.
R  INDICATES RECORD WAS SET OR TIED.
MM INDICATES DATA IS MISSING.
T  INDICATES TRACE AMOUNT.




$$
