000
CDUS46 KPQR 011142
CLIHIO


CLIMATE REPORT
NATIONAL WEATHER SERVICE PORTLAND OREGON
442 AM PDT WED JUL 1 2015


...................................

...THE HILLSBORO OR CLIMATE SUMMARY FOR JUNE 30 2015...

CLIMATE NORMAL PERIOD 1981 TO 2010
CLIMATE RECORD PERIOD 1929 TO 2015


WEATHER ITEM   OBSERVED TIME   RECORD YEAR NORMAL DEPARTURE LAST
                VALUE   (LST)  VALUE       VALUE  FROM      YEAR
                                                  NORMAL
..................................................................
TEMPERATURE (F)
 YESTERDAY
  MAXIMUM         94    227 PM  99    1942  76     18       85
  MINIMUM         58    452 AM  32    1935  50      8       49
  AVERAGE         76                        63     13       67

PRECIPITATION (IN)
  YESTERDAY        0.00          0.55 1989   0.03  -0.03
  MONTH TO DATE    0.54                      1.40  -0.86
  SINCE OCT 1     29.48                     37.28  -7.80
  SINCE JAN 1     14.65                     20.89  -6.24

SNOWFALL (IN)
  YESTERDAY        0.0
  MONTH TO DATE    0.0
  SINCE JUN 1      0.0
  SINCE JUL 1      0.0
  SNOW DEPTH       0

DEGREE DAYS
 HEATING
  YESTERDAY        0                         3     -3
  MONTH TO DATE   46                       156   -110
  SINCE JUL 1   3817                      5005  -1188

 COOLING
  YESTERDAY       11                         1     10
  MONTH TO DATE  127                        20    107
  SINCE JAN 1    140                        26    114
..................................................................


WIND (MPH)
  HIGHEST WIND SPEED    18   HIGHEST WIND DIRECTION    NW (300)
  HIGHEST GUST SPEED    23   HIGHEST GUST DIRECTION    NW (310)
  AVERAGE WIND SPEED     7.5


SKY COVER
  POSSIBLE SUNSHINE  MM
  AVERAGE SKY COVER 0.0


WEATHER CONDITIONS
 THE FOLLOWING WEATHER WAS RECORDED YESTERDAY.
  NO SIGNIFICANT WEATHER WAS OBSERVED.


RELATIVE HUMIDITY (PERCENT)
 HIGHEST    87           400 AM
 LOWEST     28           300 PM
 AVERAGE    58

..........................................................


THE HILLSBORO OR CLIMATE NORMALS FOR TODAY
                         NORMAL    RECORD    YEAR
 MAXIMUM TEMPERATURE (F)   76       101      1942
 MINIMUM TEMPERATURE (F)   50        37      1935


SUNRISE AND SUNSET
JULY  1 2015..........SUNRISE   527 AM PDT   SUNSET   904 PM PDT
JULY  2 2015..........SUNRISE   527 AM PDT   SUNSET   904 PM PDT


-  INDICATES NEGATIVE NUMBERS.
R  INDICATES RECORD WAS SET OR TIED.
MM INDICATES DATA IS MISSING.
T  INDICATES TRACE AMOUNT.




$$
