000
CDUS46 KPQR 021143
CLIHIO


CLIMATE REPORT
NATIONAL WEATHER SERVICE PORTLAND OREGON
442 AM PDT WED SEP 2 2015


...................................

...THE HILLSBORO OR CLIMATE SUMMARY FOR SEPTEMBER 1 2015...

CLIMATE NORMAL PERIOD 1981 TO 2010
CLIMATE RECORD PERIOD 1929 TO 2015


WEATHER ITEM   OBSERVED TIME   RECORD YEAR NORMAL DEPARTURE LAST
                VALUE   (LST)  VALUE       VALUE  FROM      YEAR
                                                  NORMAL
..................................................................
TEMPERATURE (F)
 YESTERDAY
  MAXIMUM         75   1242 PM  97    1988  79     -4       81
  MINIMUM         55    232 AM  37    1973  49      6       50
  AVERAGE         65                        64      1       66

PRECIPITATION (IN)
  YESTERDAY        0.04          0.96 1941   0.03   0.01
  MONTH TO DATE    0.04                      0.03   0.01
  SINCE OCT 1     30.39                     38.49  -8.10
  SINCE JAN 1     15.56                     22.10  -6.54

SNOWFALL (IN)
  YESTERDAY       MM
  MONTH TO DATE   MM
  SINCE SEP 1     MM
  SINCE JUL 1      0.0
  SNOW DEPTH      MM

DEGREE DAYS
 HEATING
  YESTERDAY        0                         3     -3
  MONTH TO DATE    0                         3     -3
  SINCE JUL 1     13                       110    -97

 COOLING
  YESTERDAY        0                         2     -2
  MONTH TO DATE    0                         2     -2
  SINCE JAN 1    478                       180    298
..................................................................


WIND (MPH)
  HIGHEST WIND SPEED    16   HIGHEST WIND DIRECTION    NW (310)
  HIGHEST GUST SPEED    21   HIGHEST GUST DIRECTION     S (160)
  AVERAGE WIND SPEED     5.9


SKY COVER
  POSSIBLE SUNSHINE  MM
  AVERAGE SKY COVER 0.9


WEATHER CONDITIONS
 THE FOLLOWING WEATHER WAS RECORDED YESTERDAY.
  RAIN
  LIGHT RAIN
  FOG


RELATIVE HUMIDITY (PERCENT)
 HIGHEST    93           200 AM
 LOWEST     46          1200 PM
 AVERAGE    70

..........................................................


THE HILLSBORO OR CLIMATE NORMALS FOR TODAY
                         NORMAL    RECORD    YEAR
 MAXIMUM TEMPERATURE (F)   79       103      1988
 MINIMUM TEMPERATURE (F)   49        38      1960


SUNRISE AND SUNSET
SEPTEMBER  2 2015.....SUNRISE   634 AM PDT   SUNSET   748 PM PDT
SEPTEMBER  3 2015.....SUNRISE   635 AM PDT   SUNSET   746 PM PDT


-  INDICATES NEGATIVE NUMBERS.
R  INDICATES RECORD WAS SET OR TIED.
MM INDICATES DATA IS MISSING.
T  INDICATES TRACE AMOUNT.




$$
