000
CDUS46 KPQR 201142
CLIHIO


CLIMATE REPORT
NATIONAL WEATHER SERVICE PORTLAND OREGON
442 AM PDT SAT SEP 20 2014


...................................

...THE HILLSBORO OR CLIMATE SUMMARY FOR SEPTEMBER 19 2014...

CLIMATE NORMAL PERIOD 1981 TO 2010
CLIMATE RECORD PERIOD 1929 TO 2014


WEATHER ITEM   OBSERVED TIME   RECORD YEAR NORMAL DEPARTURE LAST
                VALUE   (LST)  VALUE       VALUE  FROM      YEAR
                                                  NORMAL
..................................................................
TEMPERATURE (F)
 YESTERDAY
  MAXIMUM         82    342 PM  95    1952  74      8       78
  MINIMUM         55    129 AM  33    1947  46      9       42
  AVERAGE         69                        60      9       60

PRECIPITATION (IN)
  YESTERDAY        0.00          0.53 1981   0.06  -0.06
  MONTH TO DATE    0.01                      0.67  -0.66
  SINCE OCT 1     24.93                     39.13 -14.20
  SINCE JAN 1     20.25                     22.74  -2.49

SNOWFALL (IN)
  YESTERDAY        0.0
  MONTH TO DATE    0.0
  SINCE SEP 1      0.0
  SINCE JUL 1      0.0
  SNOW DEPTH       0

DEGREE DAYS
 HEATING
  YESTERDAY        0                         6     -6
  MONTH TO DATE   14                        74    -60
  SINCE JUL 1     23                       181   -158

 COOLING
  YESTERDAY        4                         0      4
  MONTH TO DATE   32                        16     16
  SINCE JAN 1    382                       194    188
..................................................................


WIND (MPH)
  HIGHEST WIND SPEED    12   HIGHEST WIND DIRECTION    NE (40)
  HIGHEST GUST SPEED    16   HIGHEST GUST DIRECTION    NE (50)
  AVERAGE WIND SPEED     3.5


SKY COVER
  POSSIBLE SUNSHINE  MM
  AVERAGE SKY COVER 0.3


WEATHER CONDITIONS
 THE FOLLOWING WEATHER WAS RECORDED YESTERDAY.
  NO SIGNIFICANT WEATHER WAS OBSERVED.


RELATIVE HUMIDITY (PERCENT)
 HIGHEST   100           200 AM
 LOWEST     42           400 PM
 AVERAGE    71

..........................................................


THE HILLSBORO OR CLIMATE NORMALS FOR TODAY
                         NORMAL    RECORD    YEAR
 MAXIMUM TEMPERATURE (F)   73        96      1952
 MINIMUM TEMPERATURE (F)   46        34      1947


SUNRISE AND SUNSET
SEPTEMBER 20 2014.....SUNRISE   656 AM PDT   SUNSET   713 PM PDT
SEPTEMBER 21 2014.....SUNRISE   658 AM PDT   SUNSET   711 PM PDT


-  INDICATES NEGATIVE NUMBERS.
R  INDICATES RECORD WAS SET OR TIED.
MM INDICATES DATA IS MISSING.
T  INDICATES TRACE AMOUNT.




$$
