000
CDUS46 KPQR 271142
CLIHIO


CLIMATE REPORT
NATIONAL WEATHER SERVICE PORTLAND OREGON
441 AM PDT WED AUG 27 2014


...................................

...THE HILLSBORO OR CLIMATE SUMMARY FOR AUGUST 26 2014...

CLIMATE NORMAL PERIOD 1981 TO 2010
CLIMATE RECORD PERIOD 1929 TO 2014


WEATHER ITEM   OBSERVED TIME   RECORD YEAR NORMAL DEPARTURE LAST
                VALUE   (LST)  VALUE       VALUE  FROM      YEAR
                                                  NORMAL
..................................................................
TEMPERATURE (F)
 YESTERDAY
  MAXIMUM         93    343 PM 100    1986  80     13       78
  MINIMUM         56    538 AM  39    1955  49      7       57
  AVERAGE         75                        65     10       68

PRECIPITATION (IN)
  YESTERDAY        0.00          0.29 1941   0.02  -0.02
  MONTH TO DATE    0.10                      0.51  -0.41
  SINCE OCT 1     24.88                     38.34 -13.46
  SINCE JAN 1     20.20                     21.95  -1.75

SNOWFALL (IN)
  YESTERDAY        0.0
  MONTH TO DATE    0.0
  SINCE JUN 1      0.0
  SINCE JUL 1      0.0
  SNOW DEPTH       0

DEGREE DAYS
 HEATING
  YESTERDAY        0                         2     -2
  MONTH TO DATE    3                        40    -37
  SINCE JUL 1      9                        96    -87

 COOLING
  YESTERDAY       10                         2      8
  MONTH TO DATE  157                        70     87
  SINCE JAN 1    335                       171    164
..................................................................


WIND (MPH)
  HIGHEST WIND SPEED    13   HIGHEST WIND DIRECTION    NW (320)
  HIGHEST GUST SPEED    16   HIGHEST GUST DIRECTION    NW (320)
  AVERAGE WIND SPEED     4.5


SKY COVER
  POSSIBLE SUNSHINE  MM
  AVERAGE SKY COVER 0.0


WEATHER CONDITIONS
 THE FOLLOWING WEATHER WAS RECORDED YESTERDAY.
  NO SIGNIFICANT WEATHER WAS OBSERVED.


RELATIVE HUMIDITY (PERCENT)
 HIGHEST    80           400 AM
 LOWEST     23           400 PM
 AVERAGE    52

..........................................................


THE HILLSBORO OR CLIMATE NORMALS FOR TODAY
                         NORMAL    RECORD    YEAR
 MAXIMUM TEMPERATURE (F)   80       100      1972
 MINIMUM TEMPERATURE (F)   49        41      1942


SUNRISE AND SUNSET
AUGUST 27 2014........SUNRISE   627 AM PDT   SUNSET   758 PM PDT
AUGUST 28 2014........SUNRISE   628 AM PDT   SUNSET   757 PM PDT


-  INDICATES NEGATIVE NUMBERS.
R  INDICATES RECORD WAS SET OR TIED.
MM INDICATES DATA IS MISSING.
T  INDICATES TRACE AMOUNT.




$$
