000
CDUS46 KPQR 191232
CLIHIO


CLIMATE REPORT
NATIONAL WEATHER SERVICE PORTLAND OREGON
432 AM PST SUN NOV 19 2017


...................................

...THE HILLSBORO OR CLIMATE SUMMARY FOR NOVEMBER 18 2017...

CLIMATE NORMAL PERIOD 1981 TO 2010
CLIMATE RECORD PERIOD 1929 TO 2017


WEATHER ITEM   OBSERVED TIME   RECORD YEAR NORMAL DEPARTURE LAST
                VALUE   (LST)  VALUE       VALUE  FROM      YEAR
                                                  NORMAL
..................................................................
TEMPERATURE (F)
 YESTERDAY
  MAXIMUM         50    236 PM  62    1965  51     -1       50
  MINIMUM         34    136 AM  21    2014  37     -3       33
  AVERAGE         42                        44     -2       42

PRECIPITATION (IN)
  YESTERDAY        0.00          2.10 1946   0.22  -0.22
  MONTH TO DATE    4.30                      3.73   0.57
  SINCE OCT 1      6.30                      6.91  -0.61
  SINCE JAN 1     35.38                     30.42   4.96

SNOWFALL (IN)
  YESTERDAY        0.0
  MONTH TO DATE    0.0
  SINCE SEP 1      0.0
  SINCE JUL 1      0.0
  SNOW DEPTH       0

DEGREE DAYS
 HEATING
  YESTERDAY       23                        21      2
  MONTH TO DATE  342                       346     -4
  SINCE JUL 1    851                      1027   -176

 COOLING
  YESTERDAY        0                         0      0
  MONTH TO DATE    0                         0      0
  SINCE JAN 1    496                       198    298
..................................................................


WIND (MPH)
  HIGHEST WIND SPEED     6   HIGHEST WIND DIRECTION    SE (140)
  HIGHEST GUST SPEED     7   HIGHEST GUST DIRECTION    SE (140)
  AVERAGE WIND SPEED     2.4


SKY COVER
  POSSIBLE SUNSHINE  MM
  AVERAGE SKY COVER 0.7


WEATHER CONDITIONS
 THE FOLLOWING WEATHER WAS RECORDED YESTERDAY.
  FOG
  FOG W/VISIBILITY <= 1/4 MILE


RELATIVE HUMIDITY (PERCENT)
 HIGHEST   100          1000 AM
 LOWEST     71           400 PM
 AVERAGE    86

..........................................................


THE HILLSBORO OR CLIMATE NORMALS FOR TODAY
                         NORMAL    RECORD    YEAR
 MAXIMUM TEMPERATURE (F)   51        61      1987
 MINIMUM TEMPERATURE (F)   36        23      1964


SUNRISE AND SUNSET
NOVEMBER 19 2017......SUNRISE   717 AM PST   SUNSET   437 PM PST
NOVEMBER 20 2017......SUNRISE   718 AM PST   SUNSET   436 PM PST


-  INDICATES NEGATIVE NUMBERS.
R  INDICATES RECORD WAS SET OR TIED.
MM INDICATES DATA IS MISSING.
T  INDICATES TRACE AMOUNT.




$$
