000
CDUS46 KPQR 311141
CLIHIO


CLIMATE REPORT
NATIONAL WEATHER SERVICE PORTLAND OREGON
440 AM PDT FRI OCT 31 2014


...................................

...THE HILLSBORO OR CLIMATE SUMMARY FOR OCTOBER 30 2014...

CLIMATE NORMAL PERIOD 1981 TO 2010
CLIMATE RECORD PERIOD 1929 TO 2014


WEATHER ITEM   OBSERVED TIME   RECORD YEAR NORMAL DEPARTURE LAST
                VALUE   (LST)  VALUE       VALUE  FROM      YEAR
                                                  NORMAL
..................................................................
TEMPERATURE (F)
 YESTERDAY
  MAXIMUM         61    239 PM  69    1954  57      4       55
  MINIMUM         53    340 AM  21    1972  39     14       28
  AVERAGE         57                        48      9       42

PRECIPITATION (IN)
  YESTERDAY        0.71          0.95 1992   0.14   0.57
  MONTH TO DATE    5.27                      3.04   2.23
  SINCE OCT 1      5.27                      3.04   2.23
  SINCE JAN 1     26.61                     26.55   0.06

SNOWFALL (IN)
  YESTERDAY        0.0
  MONTH TO DATE    0.0
  SINCE SEP 1      0.0
  SINCE JUL 1      0.0
  SNOW DEPTH       0

DEGREE DAYS
 HEATING
  YESTERDAY        8                        17     -9
  MONTH TO DATE  209                       402   -193
  SINCE JUL 1    264                       664   -400

 COOLING
  YESTERDAY        0                         0      0
  MONTH TO DATE   10                         0     10
  SINCE JAN 1    405                       197    208
..................................................................


WIND (MPH)
  HIGHEST WIND SPEED    14   HIGHEST WIND DIRECTION    SE (150)
  HIGHEST GUST SPEED    15   HIGHEST GUST DIRECTION     S (160)
  AVERAGE WIND SPEED     4.7


SKY COVER
  POSSIBLE SUNSHINE  MM
  AVERAGE SKY COVER 0.9


WEATHER CONDITIONS
 THE FOLLOWING WEATHER WAS RECORDED YESTERDAY.
  RAIN
  LIGHT RAIN
  FOG


RELATIVE HUMIDITY (PERCENT)
 HIGHEST   100           100 AM
 LOWEST     84           100 PM
 AVERAGE    92

..........................................................


THE HILLSBORO OR CLIMATE NORMALS FOR TODAY
                         NORMAL    RECORD    YEAR
 MAXIMUM TEMPERATURE (F)   57        72      1962
 MINIMUM TEMPERATURE (F)   39        20      2006


SUNRISE AND SUNSET
OCTOBER 31 2014.......SUNRISE   750 AM PDT   SUNSET   600 PM PDT
NOVEMBER  1 2014......SUNRISE   752 AM PDT   SUNSET   559 PM PDT


-  INDICATES NEGATIVE NUMBERS.
R  INDICATES RECORD WAS SET OR TIED.
MM INDICATES DATA IS MISSING.
T  INDICATES TRACE AMOUNT.




$$
