000
CDUS46 KPQR 221148
CLIHIO


CLIMATE REPORT
NATIONAL WEATHER SERVICE PORTLAND OREGON
448 AM PDT FRI SEP 22 2017


...................................

...THE HILLSBORO OR CLIMATE SUMMARY FOR SEPTEMBER 21 2017...

CLIMATE NORMAL PERIOD 1981 TO 2010
CLIMATE RECORD PERIOD 1929 TO 2017


WEATHER ITEM   OBSERVED TIME   RECORD YEAR NORMAL DEPARTURE LAST
                VALUE   (LST)  VALUE       VALUE  FROM      YEAR
                                                  NORMAL
..................................................................
TEMPERATURE (F)
 YESTERDAY
  MAXIMUM         64    340 PM  95    1994  73     -9       74
  MINIMUM         46    712 AM  35    1955  45      1       41
  AVERAGE         55                        59     -4       58

PRECIPITATION (IN)
  YESTERDAY        0.00          1.16 1972   0.05  -0.05
  MONTH TO DATE    1.29                      0.77   0.52
  SINCE OCT 1     48.66                     39.23   9.43
  SINCE JAN 1     28.98                     22.84   6.14

SNOWFALL (IN)
  YESTERDAY        0.0
  MONTH TO DATE    0.0
  SINCE SEP 1      0.0
  SINCE JUL 1      0.0
  SNOW DEPTH       0

DEGREE DAYS
 HEATING
  YESTERDAY       10                         6      4
  MONTH TO DATE   58                        86    -28
  SINCE JUL 1     74                       193   -119

 COOLING
  YESTERDAY        0                         0      0
  MONTH TO DATE   95                        16     79
  SINCE JAN 1    489                       194    295
..................................................................


WIND (MPH)
  HIGHEST WIND SPEED    10   HIGHEST WIND DIRECTION    NE (30)
  HIGHEST GUST SPEED    13   HIGHEST GUST DIRECTION    NE (30)
  AVERAGE WIND SPEED     2.5


SKY COVER
  POSSIBLE SUNSHINE  MM
  AVERAGE SKY COVER 0.8


WEATHER CONDITIONS
 THE FOLLOWING WEATHER WAS RECORDED YESTERDAY.
  FOG
  FOG W/VISIBILITY <= 1/4 MILE


RELATIVE HUMIDITY (PERCENT)
 HIGHEST   100           100 AM
 LOWEST     52           300 PM
 AVERAGE    76

..........................................................


THE HILLSBORO OR CLIMATE NORMALS FOR TODAY
                         NORMAL    RECORD    YEAR
 MAXIMUM TEMPERATURE (F)   73        97      1952
 MINIMUM TEMPERATURE (F)   45        34      1961


SUNRISE AND SUNSET
SEPTEMBER 22 2017.....SUNRISE   659 AM PDT   SUNSET   709 PM PDT
SEPTEMBER 23 2017.....SUNRISE   700 AM PDT   SUNSET   707 PM PDT


-  INDICATES NEGATIVE NUMBERS.
R  INDICATES RECORD WAS SET OR TIED.
MM INDICATES DATA IS MISSING.
T  INDICATES TRACE AMOUNT.




$$
