000
CDUS46 KPQR 201141
CLIHIO


CLIMATE REPORT
NATIONAL WEATHER SERVICE PORTLAND OREGON
340 AM PST SAT DEC 20 2014


...................................

...THE HILLSBORO OR CLIMATE SUMMARY FOR DECEMBER 19 2014...

CLIMATE NORMAL PERIOD 1981 TO 2010
CLIMATE RECORD PERIOD 1929 TO 2014


WEATHER ITEM   OBSERVED TIME   RECORD YEAR NORMAL DEPARTURE LAST
                VALUE   (LST)  VALUE       VALUE  FROM      YEAR
                                                  NORMAL
..................................................................
TEMPERATURE (F)
 YESTERDAY
  MAXIMUM         51    243 PM  60    1999  44      7       39
  MINIMUM         41    832 AM  15    1964  31     10       23
  AVERAGE         46                        38      8       31

PRECIPITATION (IN)
  YESTERDAY        0.12          2.37 1941   0.23  -0.11
  MONTH TO DATE    3.65                      4.01  -0.36
  SINCE OCT 1     12.60                     13.66  -1.06
  SINCE JAN 1     33.94                     37.17  -3.23

SNOWFALL (IN)
  YESTERDAY       MM
  MONTH TO DATE    0.0
  SINCE DEC 1      0.0
  SINCE JUL 1      0.0
  SNOW DEPTH       0

DEGREE DAYS
 HEATING
  YESTERDAY       19                        27     -8
  MONTH TO DATE  395                       495   -100
  SINCE JUL 1   1251                      1796   -545

 COOLING
  YESTERDAY        0                         0      0
  MONTH TO DATE    0                         0      0
  SINCE JAN 1    405                       198    207
..................................................................


WIND (MPH)
  HIGHEST WIND SPEED    15   HIGHEST WIND DIRECTION     S (180)
  HIGHEST GUST SPEED    18   HIGHEST GUST DIRECTION     S (160)
  AVERAGE WIND SPEED     7.4


SKY COVER
  POSSIBLE SUNSHINE  MM
  AVERAGE SKY COVER 0.9


WEATHER CONDITIONS
 THE FOLLOWING WEATHER WAS RECORDED YESTERDAY.
  RAIN
  LIGHT RAIN
  FOG


RELATIVE HUMIDITY (PERCENT)
 HIGHEST    93          1200 AM
 LOWEST     80          1200 PM
 AVERAGE    87

..........................................................


THE HILLSBORO OR CLIMATE NORMALS FOR TODAY
                         NORMAL    RECORD    YEAR
 MAXIMUM TEMPERATURE (F)   44        61      1974
 MINIMUM TEMPERATURE (F)   31        13      1990


SUNRISE AND SUNSET
DECEMBER 20 2014......SUNRISE   749 AM PST   SUNSET   431 PM PST
DECEMBER 21 2014......SUNRISE   749 AM PST   SUNSET   431 PM PST


-  INDICATES NEGATIVE NUMBERS.
R  INDICATES RECORD WAS SET OR TIED.
MM INDICATES DATA IS MISSING.
T  INDICATES TRACE AMOUNT.




$$
