000
CDUS46 KPQR 221146
CLIHIO


CLIMATE REPORT
NATIONAL WEATHER SERVICE PORTLAND OREGON
446 AM PDT FRI JUL 22 2016


...................................

...THE HILLSBORO OR CLIMATE SUMMARY FOR JULY 21 2016...

CLIMATE NORMAL PERIOD 1981 TO 2010
CLIMATE RECORD PERIOD 1929 TO 2016


WEATHER ITEM   OBSERVED TIME   RECORD YEAR NORMAL DEPARTURE LAST
                VALUE   (LST)  VALUE       VALUE  FROM      YEAR
                                                  NORMAL
..................................................................
TEMPERATURE (F)
 YESTERDAY
  MAXIMUM         88    307 PM 108    2006  82      6       76
  MINIMUM         55    516 AM  41    1932  52      3       55
  AVERAGE         72                        66      6       66

PRECIPITATION (IN)
  YESTERDAY        T             0.44 1940   0.01  -0.01
  MONTH TO DATE    0.30                      0.43  -0.13
  SINCE OCT 1     43.13                     37.71   5.42
  SINCE JAN 1     21.11                     21.32  -0.21

SNOWFALL (IN)
  YESTERDAY        0.0
  MONTH TO DATE    0.0
  SINCE JUN 1      0.0
  SINCE JUL 1      0.0
  SNOW DEPTH       0

DEGREE DAYS
 HEATING
  YESTERDAY        0                         1     -1
  MONTH TO DATE   21                        44    -23
  SINCE JUL 1     21                        44    -23

 COOLING
  YESTERDAY        7                         3      4
  MONTH TO DATE   25                        45    -20
  SINCE JAN 1    115                        71     44
..................................................................


WIND (MPH)
  HIGHEST WIND SPEED    21   HIGHEST WIND DIRECTION    NW (320)
  HIGHEST GUST SPEED    24   HIGHEST GUST DIRECTION    NW (320)
  AVERAGE WIND SPEED     5.6


SKY COVER
  POSSIBLE SUNSHINE  MM
  AVERAGE SKY COVER 0.3


WEATHER CONDITIONS
 THE FOLLOWING WEATHER WAS RECORDED YESTERDAY.
  LIGHT RAIN


RELATIVE HUMIDITY (PERCENT)
 HIGHEST    86           400 AM
 LOWEST     31           300 PM
 AVERAGE    59

..........................................................


THE HILLSBORO OR CLIMATE NORMALS FOR TODAY
                         NORMAL    RECORD    YEAR
 MAXIMUM TEMPERATURE (F)   82       103      1938
                                             1994
 MINIMUM TEMPERATURE (F)   52        40      1933


SUNRISE AND SUNSET
JULY 22 2016..........SUNRISE   545 AM PDT   SUNSET   851 PM PDT
JULY 23 2016..........SUNRISE   546 AM PDT   SUNSET   850 PM PDT


-  INDICATES NEGATIVE NUMBERS.
R  INDICATES RECORD WAS SET OR TIED.
MM INDICATES DATA IS MISSING.
T  INDICATES TRACE AMOUNT.




$$
