000
CDUS46 KPQR 260221
CLIHIO


CLIMATE REPORT
NATIONAL WEATHER SERVICE PORTLAND OREGON
721 PM PDT TUE JUL 25 2017


...................................

...THE HILLSBORO OR CLIMATE SUMMARY FOR JULY 25 2017...
VALID TODAY AS OF 0700 PM LOCAL TIME.

CLIMATE NORMAL PERIOD 1981 TO 2010
CLIMATE RECORD PERIOD 1929 TO 2017


WEATHER ITEM   OBSERVED TIME   RECORD YEAR NORMAL DEPARTURE LAST
                VALUE   (LST)  VALUE       VALUE  FROM      YEAR
                                                  NORMAL
..................................................................
TEMPERATURE (F)
 TODAY
  MAXIMUM         91    331 PM 100    1988  82      9       89
  MINIMUM         53    519 AM  36    1930  52      1       56
  AVERAGE         72                        67      5       73

PRECIPITATION (IN)
  TODAY            0.00                      0.01  -0.01     0.00
  MONTH TO DATE    T                         0.47  -0.47     0.33
  SINCE OCT 1     47.24                     37.75   9.49    43.16
  SINCE JAN 1     27.56                     21.36   6.20    21.14

DEGREE DAYS
 HEATING
  TODAY            0                                         0
  MONTH TO DATE   12                                        21
  SINCE JUN 1    111                                       132
  SINCE JUL 1     12                                        21

 COOLING
  TODAY            7                                         8
  MONTH TO DATE   70                                        40
  SINCE JUN 1    128                                       111
  SINCE JAN 1    158                                       130
..................................................................


WIND (MPH)
  HIGHEST WIND SPEED    16   HIGHEST WIND DIRECTION     N (340)
  HIGHEST GUST SPEED    23   HIGHEST GUST DIRECTION    NW (300)
  AVERAGE WIND SPEED     6.8


SKY COVER
  POSSIBLE SUNSHINE  MM
  AVERAGE SKY COVER 0.0


WEATHER CONDITIONS
 THE FOLLOWING WEATHER WAS RECORDED TODAY.
  NO SIGNIFICANT WEATHER WAS OBSERVED.


RELATIVE HUMIDITY (PERCENT)
 HIGHEST    86           600 AM
 LOWEST     27           300 PM
 AVERAGE    57

..........................................................


THE HILLSBORO OR CLIMATE NORMALS FOR TOMORROW
                         NORMAL    RECORD    YEAR
 MAXIMUM TEMPERATURE (F)   82       103      1939
 MINIMUM TEMPERATURE (F)   52        37      1930


SUNRISE AND SUNSET
JULY 25 2017..........SUNRISE   548 AM PDT   SUNSET   848 PM PDT
JULY 26 2017..........SUNRISE   549 AM PDT   SUNSET   847 PM PDT


-  INDICATES NEGATIVE NUMBERS.
R  INDICATES RECORD WAS SET OR TIED.
MM INDICATES DATA IS MISSING.
T  INDICATES TRACE AMOUNT.




$$
