000
CDUS46 KHNX 220821
CLIHJO


CLIMATE REPORT
NATIONAL WEATHER SERVICE SAN JOAQUIN VALLEY, CA
121 AM PDT WED OCT 22 2014


...................................

...THE HANFORD CA CLIMATE SUMMARY FOR OCTOBER 21 2014...

CLIMATE NORMAL PERIOD 1981 TO 2010
CLIMATE RECORD PERIOD 1998 TO 2014


WEATHER ITEM   OBSERVED TIME   RECORD YEAR NORMAL DEPARTURE
                VALUE   (LST)  VALUE       VALUE  FROM
                                                  NORMAL
...............................................................
TEMPERATURE (F)
 YESTERDAY
  MAXIMUM         74    305 PM  91    2003  77     -3
  MINIMUM         54    635 AM  37    2007  46      8
  AVERAGE         64                        62      2

PRECIPITATION (IN)
  YESTERDAY        0.00          0.00   MM   0.02  -0.02
  MONTH TO DATE    T                         0.23  -0.23
  SINCE JUL 1      0.01                      0.44  -0.43
  SINCE JAN 1      2.44                      7.20  -4.76

SNOWFALL (IN)
  YESTERDAY        0.0
  MONTH TO DATE    0.0
  SINCE SEP 1      0.0
  SINCE JUL 1      0.0
  SNOW DEPTH       0

DEGREE DAYS
 HEATING
  YESTERDAY        1
  MONTH TO DATE    1
  SINCE SEP 1      1
  SINCE JUL 1      1

 COOLING
  YESTERDAY        0
  MONTH TO DATE  125
  SINCE SEP 1    514
  SINCE JAN 1   2271
...............................................................


WIND (MPH)
  HIGHEST WIND SPEED    21   HIGHEST WIND DIRECTION    NW (310)
  HIGHEST GUST SPEED    28   HIGHEST GUST DIRECTION    NW (320)
  AVERAGE WIND SPEED     9.1




RELATIVE HUMIDITY (PERCENT)
 HIGHEST    83
 LOWEST     31
 AVERAGE    57

..........................................................


THE HANFORD CA CLIMATE NORMALS FOR TODAY
                         NORMAL    RECORD    YEAR
 MAXIMUM TEMPERATURE (F)   77        88      2003
 MINIMUM TEMPERATURE (F)   46        38      2007


SUNRISE AND SUNSET
OCTOBER 22 2014.......SUNRISE   712 AM PDT   SUNSET   613 PM PDT
OCTOBER 23 2014.......SUNRISE   713 AM PDT   SUNSET   612 PM PDT


-  INDICATES NEGATIVE NUMBERS.
R  INDICATES RECORD WAS SET OR TIED.
MM INDICATES DATA IS MISSING.
T  INDICATES TRACE AMOUNT.




$$
