000
CDUS46 KHNX 270824
CLIHJO


CLIMATE REPORT
NATIONAL WEATHER SERVICE SAN JOAQUIN VALLEY, CA
124 AM PDT THU APR 27 2017


...................................

...THE HANFORD CA CLIMATE SUMMARY FOR APRIL 26 2017...

CLIMATE NORMAL PERIOD 1981 TO 2010
CLIMATE RECORD PERIOD 1998 TO 2017


WEATHER ITEM   OBSERVED TIME   RECORD YEAR NORMAL DEPARTURE
                VALUE   (LST)  VALUE       VALUE  FROM
                                                  NORMAL
...............................................................
TEMPERATURE (F)
 YESTERDAY
  MAXIMUM         77    426 PM  96    2005  78     -1
  MINIMUM         50    539 AM  41    2016  49      1
  AVERAGE         64                        64      0

PRECIPITATION (IN)
  YESTERDAY        0.00          0.03 2006   0.02  -0.02
  MONTH TO DATE    1.03                      0.69   0.34
  SINCE OCT 1     10.65                      9.22   1.43
  SINCE JAN 1      7.78                      6.09   1.69

SNOWFALL (IN)
  YESTERDAY        0.0
  MONTH TO DATE    0.0
  SINCE MAR 1      0.0
  SINCE JUL 1      0.0
  SNOW DEPTH       0

DEGREE DAYS
 HEATING
  YESTERDAY        1
  MONTH TO DATE  104
  SINCE MAR 1    350
  SINCE JUL 1   2077

 COOLING
  YESTERDAY        0
  MONTH TO DATE    2
  SINCE MAR 1     10
  SINCE JAN 1     10
...............................................................


WIND (MPH)
  HIGHEST WIND SPEED    17   HIGHEST WIND DIRECTION    NW (330)
  HIGHEST GUST SPEED    23   HIGHEST GUST DIRECTION    NW (330)
  AVERAGE WIND SPEED     9.1




RELATIVE HUMIDITY (PERCENT)
 HIGHEST    96
 LOWEST     46
 AVERAGE    71

..........................................................


THE HANFORD CA CLIMATE NORMALS FOR TODAY
                         NORMAL    RECORD    YEAR
 MAXIMUM TEMPERATURE (F)   79        98      2005
 MINIMUM TEMPERATURE (F)   49        44      2011


SUNRISE AND SUNSET
APRIL 27 2017.........SUNRISE   610 AM PDT   SUNSET   743 PM PDT
APRIL 28 2017.........SUNRISE   608 AM PDT   SUNSET   744 PM PDT


-  INDICATES NEGATIVE NUMBERS.
R  INDICATES RECORD WAS SET OR TIED.
MM INDICATES DATA IS MISSING.
T  INDICATES TRACE AMOUNT.




$$
