000
CDUS46 KHNX 210824
CLIHJO


CLIMATE REPORT
NATIONAL WEATHER SERVICE SAN JOAQUIN VALLEY, CA
123 AM PDT SAT OCT 21 2017


...................................

...THE HANFORD CA CLIMATE SUMMARY FOR OCTOBER 20 2017...

CLIMATE NORMAL PERIOD 1981 TO 2010
CLIMATE RECORD PERIOD 1998 TO 2017


WEATHER ITEM   OBSERVED TIME   RECORD YEAR NORMAL DEPARTURE
                VALUE   (LST)  VALUE       VALUE  FROM
                                                  NORMAL
...............................................................
TEMPERATURE (F)
 YESTERDAY
  MAXIMUM         68    320 PM  88    2003  78    -10
  MINIMUM         52   1159 PM  41    2006  47      5
  AVERAGE         60                        62     -2

PRECIPITATION (IN)
  YESTERDAY        0.06          0.18 2004   0.02   0.04
  MONTH TO DATE    0.06                      0.21  -0.15
  SINCE OCT 1      0.06                      0.21  -0.15
  SINCE JAN 1      8.40                      7.18   1.22

SNOWFALL (IN)
  YESTERDAY        0.0
  MONTH TO DATE    0.0
  SINCE SEP 1      0.0
  SINCE JUL 1      0.0
  SNOW DEPTH       0

DEGREE DAYS
 HEATING
  YESTERDAY        5
  MONTH TO DATE   48
  SINCE SEP 1     55
  SINCE JUL 1     55

 COOLING
  YESTERDAY        0
  MONTH TO DATE   13
  SINCE SEP 1    337
  SINCE JAN 1   2154
...............................................................


WIND (MPH)
  HIGHEST WIND SPEED    22   HIGHEST WIND DIRECTION    NW (320)
  HIGHEST GUST SPEED    26   HIGHEST GUST DIRECTION    NW (310)
  AVERAGE WIND SPEED    10.4




RELATIVE HUMIDITY (PERCENT)
 HIGHEST   100
 LOWEST     42
 AVERAGE    71

..........................................................


THE HANFORD CA CLIMATE NORMALS FOR TODAY
                         NORMAL    RECORD    YEAR
 MAXIMUM TEMPERATURE (F)   77        91      2003
 MINIMUM TEMPERATURE (F)   46        37      2007


SUNRISE AND SUNSET
OCTOBER 21 2017.......SUNRISE   711 AM PDT   SUNSET   614 PM PDT
OCTOBER 22 2017.......SUNRISE   712 AM PDT   SUNSET   613 PM PDT


-  INDICATES NEGATIVE NUMBERS.
R  INDICATES RECORD WAS SET OR TIED.
MM INDICATES DATA IS MISSING.
T  INDICATES TRACE AMOUNT.




$$
