000
CDUS46 KHNX 270022
CLIHJO


CLIMATE REPORT
NATIONAL WEATHER SERVICE SAN JOAQUIN VALLEY, CA
521 PM PDT TUE MAY 26 2015


...................................

...THE HANFORD CA CLIMATE SUMMARY FOR MAY 26 2015...
VALID AS OF 0500 PM LOCAL TIME.

CLIMATE NORMAL PERIOD 1981 TO 2010
CLIMATE RECORD PERIOD 1998 TO 2015


WEATHER ITEM   OBSERVED TIME   RECORD YEAR NORMAL DEPARTURE LAST
                VALUE   (LST)  VALUE       VALUE  FROM      YEAR
                                                  NORMAL
..................................................................
TEMPERATURE (F)
 TODAY
  MAXIMUM         87    359 PM  97    2014  87      0       97
  MINIMUM         58    512 AM  44    2012  55      3       66
  AVERAGE         73                        71      2       82

PRECIPITATION (IN)
  TODAY            0.00          0.01 2008   0.01  -0.01     0.00
  MONTH TO DATE    0.07                      0.37  -0.30      T
  SINCE OCT 1      5.04                      9.69  -4.65     2.81
  SINCE JAN 1      1.92                      6.56  -4.64     2.43

SNOWFALL (IN)
  TODAY            0.0
  MONTH TO DATE    0.0
  SINCE MAR 1      0.0
  SINCE JUL 1      0.0
  SNOW DEPTH       0

DEGREE DAYS
 HEATING
  TODAY            0                                         0
  MONTH TO DATE   19                                         6
  SINCE MAR 1    169                                       271
  SINCE JUL 1   1711                                      2048

 COOLING
  TODAY            8                                        17
  MONTH TO DATE   90                                       169
  SINCE MAR 1    243                                       244
  SINCE JAN 1    243                                       244
..................................................................


WIND (MPH)
  HIGHEST WIND SPEED    18   HIGHEST WIND DIRECTION    NW (330)
  HIGHEST GUST SPEED    21   HIGHEST GUST DIRECTION    NW (330)
  AVERAGE WIND SPEED     8.1




RELATIVE HUMIDITY (PERCENT)
 HIGHEST    77
 LOWEST     19
 AVERAGE    48

..........................................................


THE HANFORD CA CLIMATE NORMALS FOR TOMORROW
                         NORMAL    RECORD    YEAR
 MAXIMUM TEMPERATURE (F)   87        98      2009
 MINIMUM TEMPERATURE (F)   56        46      1998


SUNRISE AND SUNSET
MAY 26 2015...........SUNRISE   545 AM PDT   SUNSET   807 PM PDT
MAY 27 2015...........SUNRISE   544 AM PDT   SUNSET   807 PM PDT


-  INDICATES NEGATIVE NUMBERS.
R  INDICATES RECORD WAS SET OR TIED.
MM INDICATES DATA IS MISSING.
T  INDICATES TRACE AMOUNT.




$$
