000
CDUS46 KHNX 270824
CLIHJO


CLIMATE REPORT
NATIONAL WEATHER SERVICE SAN JOAQUIN VALLEY, CA
124 AM PDT TUE JUN 27 2017


...................................

...THE HANFORD CA CLIMATE SUMMARY FOR JUNE 26 2017...

CLIMATE NORMAL PERIOD 1981 TO 2010
CLIMATE RECORD PERIOD 1998 TO 2017


WEATHER ITEM   OBSERVED TIME   RECORD YEAR NORMAL DEPARTURE
                VALUE   (LST)  VALUE       VALUE  FROM
                                                  NORMAL
...............................................................
TEMPERATURE (F)
 YESTERDAY
  MAXIMUM         98        MM 104    2015  93      5
  MINIMUM         66        MM  56    2012  61      5
                                      2009
                                      2007
  AVERAGE         82                        77      5

PRECIPITATION (IN)
  YESTERDAY        0.00          0.00   MM   0.00   0.00
  MONTH TO DATE    0.01                      0.15  -0.14
  SINCE OCT 1     11.05                      9.89   1.16
  SINCE JAN 1      8.18                      6.76   1.42

SNOWFALL (IN)
  YESTERDAY        0.0
  MONTH TO DATE    0.0
  SINCE JUN 1      0.0
  SINCE JUL 1      0.0
  SNOW DEPTH       0

DEGREE DAYS
 HEATING
  YESTERDAY        0
  MONTH TO DATE    5
  SINCE JUN 1      5
  SINCE JUL 1   2109

 COOLING
  YESTERDAY       17
  MONTH TO DATE  382
  SINCE JUN 1    382
  SINCE JAN 1    590
...............................................................


WIND (MPH)
  HIGHEST WIND SPEED    15   HIGHEST WIND DIRECTION    NW (310)
  HIGHEST GUST SPEED    MM   HIGHEST GUST DIRECTION    MM
  AVERAGE WIND SPEED     7.5




RELATIVE HUMIDITY (PERCENT)
 HIGHEST    73
 LOWEST     22
 AVERAGE    48

..........................................................


THE HANFORD CA CLIMATE NORMALS FOR TODAY
                         NORMAL    RECORD    YEAR
 MAXIMUM TEMPERATURE (F)   93       105      2003
 MINIMUM TEMPERATURE (F)   61        58      2012
                                             2009


SUNRISE AND SUNSET
JUNE 27 2017..........SUNRISE   543 AM PDT   SUNSET   820 PM PDT
JUNE 28 2017..........SUNRISE   543 AM PDT   SUNSET   820 PM PDT


-  INDICATES NEGATIVE NUMBERS.
R  INDICATES RECORD WAS SET OR TIED.
MM INDICATES DATA IS MISSING.
T  INDICATES TRACE AMOUNT.




$$
