000
CDUS43 KGLD 160802
CLIHLC

CLIMATE REPORT
NATIONAL WEATHER SERVICE GOODLAND
1251 AM MST MON JAN 16 2017


...................................

...THE HILL CITY KS CLIMATE SUMMARY FOR JANUARY 15 2017...

CLIMATE NORMAL PERIOD 1981 TO 2010
CLIMATE RECORD PERIOD 1896 TO 2017


WEATHER ITEM   OBSERVED TIME   RECORD YEAR NORMAL DEPARTURE LAST
                VALUE   (LST)  VALUE       VALUE  FROM      YEAR
                                                  NORMAL
..................................................................
TEMPERATURE (F)
 YESTERDAY
  MAXIMUM         32    139 AM  71    2006  42    -10       45
  MINIMUM         29    902 AM  -4    1979  17     12       23
                                      1972
                                      1930
  AVERAGE         31                        29      2       34

PRECIPITATION (IN)
  YESTERDAY        0.30                      0.02   0.28     0.00
  MONTH TO DATE    0.35                      0.14   0.21     0.16
  SINCE DEC 1      0.77                      0.83  -0.06     2.02
  SINCE JAN 1      0.35                      0.14   0.21     0.16

..................................................................

THE HILL CITY KS CLIMATE NORMALS FOR TODAY
                         NORMAL    RECORD    YEAR
 MAXIMUM TEMPERATURE (F)   42        71      2006
                                             2000
 MINIMUM TEMPERATURE (F)   17       -15      1930



-  INDICATES NEGATIVE NUMBERS.
R  INDICATES RECORD WAS SET OR TIED.
MM INDICATES DATA IS MISSING.
T  INDICATES TRACE AMOUNT.

$$
