406
CDUS43 KGLD 270757 RRA
CLIHLC

CLIMATE REPORT
NATIONAL WEATHER SERVICE GOODLAND
150 AM MDT TUE JUN 27 2017

...................................

...THE HILL CITY KS CLIMATE SUMMARY FOR JUNE 26 2017...

CLIMATE NORMAL PERIOD 1981 TO 2010
CLIMATE RECORD PERIOD 1896 TO 2017


WEATHER ITEM   OBSERVED TIME   RECORD YEAR NORMAL DEPARTURE LAST
                VALUE   (LST)  VALUE       VALUE  FROM      YEAR
                                                  NORMAL
..................................................................
TEMPERATURE (F)
 YESTERDAY
  MAXIMUM         84    305 PM 115    2012  90     -6       93
  MINIMUM         56    151 AM  44    1958  63     -7       67
  AVERAGE         70                        76     -6       80

PRECIPITATION (IN)
  YESTERDAY        0.00                      0.09  -0.09     0.00
  MONTH TO DATE    0.26                      2.47  -2.21     0.50
  SINCE JUN 1      0.26                      2.47  -2.21     0.50
  SINCE JAN 1     11.54                     10.97   0.57    13.44

..................................................................


THE HILL CITY KS CLIMATE NORMALS FOR TODAY
                         NORMAL    RECORD    YEAR
 MAXIMUM TEMPERATURE (F)   90       115      2012
 MINIMUM TEMPERATURE (F)   63        42      1985


-  INDICATES NEGATIVE NUMBERS.
R  INDICATES RECORD WAS SET OR TIED.
MM INDICATES DATA IS MISSING.
T  INDICATES TRACE AMOUNT.


$$
