000
CDUS43 KGLD 130043
CLIHLC

CLIMATE REPORT
NATIONAL WEATHER SERVICE GOODLAND
641 PM MDT SAT JUL 12 2014


...................................

...THE HILL CITY KS CLIMATE SUMMARY FOR JULY 12 2014...
VALID TODAY AS OF 0600 PM LOCAL TIME.

CLIMATE NORMAL PERIOD 1981 TO 2010
CLIMATE RECORD PERIOD 1896 TO 2014


WEATHER ITEM   OBSERVED TIME   RECORD YEAR NORMAL DEPARTURE LAST
                VALUE   (LST)  VALUE       VALUE  FROM      YEAR
                                                  NORMAL
..................................................................
TEMPERATURE (F)
 TODAY
  MAXIMUM        101    305 PM 113    1939  93      8      105
  MINIMUM         69    556 AM  52    1913  66      3       74
  AVERAGE         85                        79      6       90

PRECIPITATION (IN)
  TODAY            T                         0.15  -0.15     0.00
  MONTH TO DATE    0.71                      1.28  -0.57     0.21
  SINCE JUN 1      7.64                      4.04   3.60     2.89
  SINCE JAN 1     12.58                     12.54   0.04     7.23

..................................................................


THE HILL CITY KS CLIMATE NORMALS FOR TOMORROW
                         NORMAL    RECORD    YEAR
 MAXIMUM TEMPERATURE (F)   93       115      1934
 MINIMUM TEMPERATURE (F)   66        47      1975



-  INDICATES NEGATIVE NUMBERS.
R  INDICATES RECORD WAS SET OR TIED.
MM INDICATES DATA IS MISSING.
T  INDICATES TRACE AMOUNT.

$$
