000
CDUS41 KPBZ 222212
CLIHLG


CLIMATE REPORT
NATIONAL WEATHER SERVICE PITTSBURGH PA
512 PM EST WED NOV 22 2017


...................................

...THE WHEELING CLIMATE SUMMARY FOR NOVEMBER 22 2017...
VALID TODAY AS OF 0500 PM LOCAL TIME.

CLIMATE NORMAL PERIOD 1981 TO 2010
CLIMATE RECORD PERIOD 1878 TO 2017


WEATHER ITEM   OBSERVED TIME   RECORD YEAR NORMAL DEPARTURE LAST
                VALUE   (LST)  VALUE       VALUE  FROM      YEAR
                                                  NORMAL
..................................................................
TEMPERATURE (F)
 TODAY
  MAXIMUM         48   1211 AM  76    1934  48      0       39
  MINIMUM         32    459 PM  13    2000  34     -2       22
  AVERAGE         40                        41     -1       31

PRECIPITATION (IN)
  TODAY            0.04          1.06 2011   0.11  -0.07     0.00
  MONTH TO DATE    4.40                      2.32   2.08     0.66
  SINCE JAN 1     43.77                     34.64   9.13    33.01

DEGREE DAYS
 HEATING
  TODAY           25                        24      1       34
  MONTH TO DATE  491                       448     43      384
  SINCE SEP 1    817                       911    -94      631
  SINCE JUL 1    824                       922    -98      633

 COOLING
  TODAY            0                         0      0        0
  MONTH TO DATE    0                         0      0        6
  SINCE SEP 1    129                        81     48      213
  SINCE JAN 1    757                       689     68     1209
..................................................................


WIND (MPH)
  HIGHEST WIND SPEED    21   HIGHEST WIND DIRECTION     N (340)
  HIGHEST GUST SPEED    25   HIGHEST GUST DIRECTION     N (340)
  AVERAGE WIND SPEED     9.2


SKY COVER
  POSSIBLE SUNSHINE  MM
  AVERAGE SKY COVER 0.9


WEATHER CONDITIONS
 THE FOLLOWING WEATHER WAS RECORDED TODAY.
  LIGHT RAIN
  FOG


RELATIVE HUMIDITY (PERCENT)
 HIGHEST    92           400 AM
 LOWEST     46          1200 AM
 AVERAGE    69

..........................................................


THE WHEELING CLIMATE NORMALS FOR TOMORROW
                         NORMAL    RECORD    YEAR
 MAXIMUM TEMPERATURE (F)   48        71      1999
 MINIMUM TEMPERATURE (F)   33        13      1929


SUNRISE AND SUNSET
NOVEMBER 22 2017......SUNRISE   716 AM EST   SUNSET   501 PM EST
NOVEMBER 23 2017......SUNRISE   717 AM EST   SUNSET   500 PM EST


-  INDICATES NEGATIVE NUMBERS.
R  INDICATES RECORD WAS SET OR TIED.
MM INDICATES DATA IS MISSING.
T  INDICATES TRACE AMOUNT.




$$
