000
CDUS45 KTFX 292232
CLIHLN


CLIMATE REPORT
NATIONAL WEATHER SERVICE GREAT FALLS MT
430 PM MDT FRI JUL 29 2016


...................................

...THE HELENA MT CLIMATE SUMMARY FOR JULY 29 2016...
VALID TODAY AS OF 0400 PM LOCAL TIME.

CLIMATE NORMAL PERIOD 1981 TO 2010
CLIMATE RECORD PERIOD 1866 TO 2016


WEATHER ITEM   OBSERVED TIME   RECORD YEAR NORMAL DEPARTURE LAST
                VALUE   (LST)  VALUE       VALUE  FROM      YEAR
                                                  NORMAL
..................................................................
TEMPERATURE (F)
 TODAY
  MAXIMUM         92    253 PM 101    2006  88      4       83
  MINIMUM         61    408 AM  40    1959  55      6       48
  AVERAGE         77                        72      5       66

PRECIPITATION (IN)
  TODAY            0.00          0.27 1883   0.04  -0.04     0.00
  MONTH TO DATE    0.78                      1.12  -0.34     1.28
  SINCE OCT 1      6.98                      8.85  -1.87     8.12
  SINCE JAN 1      5.28                      7.28  -2.00     5.84

SNOWFALL (IN)
  TODAY            0.0           0.0  2000   0.0    0.0      0.0
                                      2001
                                      1995
  MONTH TO DATE    0.0                       0.0    0.0      0.0
  SINCE JUN 1      T                         T      0.0      0.0
  SINCE JUL 1      0.0                       0.0    0.0      0.0

DEGREE DAYS
 HEATING
  TODAY            0                         0      0        0
  MONTH TO DATE   18                        26     -8       15
  SINCE JUN 1     72                       162    -90       47
  SINCE JUL 1     18                        26     -8       15

 COOLING
  TODAY           12                         7      5        1
  MONTH TO DATE  182                       171     11      166
  SINCE JUN 1    288                       220     68      343
  SINCE JAN 1    288                       228     60      343
..................................................................


WIND (MPH)
  HIGHEST WIND SPEED    10   HIGHEST WIND DIRECTION    NE (50)
  HIGHEST GUST SPEED    14   HIGHEST GUST DIRECTION    NE (50)
  AVERAGE WIND SPEED     6.1


SKY COVER
  AVERAGE SKY COVER 0.1


WEATHER CONDITIONS
 THE FOLLOWING WEATHER WAS RECORDED TODAY.
  NO SIGNIFICANT WEATHER WAS OBSERVED.


RELATIVE HUMIDITY (PERCENT)
 HIGHEST    60           600 AM
 LOWEST     20           300 PM
 AVERAGE    40

..........................................................


THE HELENA MT CLIMATE NORMALS FOR TOMORROW
                         NORMAL    RECORD    YEAR
 MAXIMUM TEMPERATURE (F)   88       101      2000
 MINIMUM TEMPERATURE (F)   55        42      1995


SUNRISE AND SUNSET
JULY 29 2016..........SUNRISE   606 AM MDT   SUNSET   902 PM MDT
JULY 30 2016..........SUNRISE   607 AM MDT   SUNSET   901 PM MDT


-  INDICATES NEGATIVE NUMBERS.
R  INDICATES RECORD WAS SET OR TIED.
MM INDICATES DATA IS MISSING.
T  INDICATES TRACE AMOUNT.




$$
