000
CDUS45 KTFX 242221
CLIHLN


CLIMATE REPORT
NATIONAL WEATHER SERVICE GREAT FALLS MT
420 PM MDT FRI OCT 24 2014


...................................

...THE HELENA MT CLIMATE SUMMARY FOR OCTOBER 24 2014...
VALID TODAY AS OF 0400 PM LOCAL TIME.

CLIMATE NORMAL PERIOD 1981 TO 2010
CLIMATE RECORD PERIOD 1866 TO 2014


WEATHER ITEM   OBSERVED TIME   RECORD YEAR NORMAL DEPARTURE LAST
                VALUE   (LST)  VALUE       VALUE  FROM      YEAR
                                                  NORMAL
..................................................................
TEMPERATURE (F)
 TODAY
  MAXIMUM         58    117 PM  72    1968  55      3       61
                                      1959
  MINIMUM         45    737 AM  -1    1919  30     15       31
  AVERAGE         52                        42     10       46

PRECIPITATION (IN)
  TODAY            0.00          0.43 1969   0.02  -0.02     0.00
  MONTH TO DATE    0.38                      0.56  -0.18     0.32
  SINCE OCT 1      0.38                      0.56  -0.18     0.32
  SINCE JAN 1     10.34                     10.21   0.13     9.90

SNOWFALL (IN)
  TODAY            0.0           6.8  1969   0.1   -0.1      0.0
  MONTH TO DATE    T                         1.8   -1.8       T
  SINCE SEP 1      T                         3.1   -3.1       T
  SINCE JUL 1      T                         3.4   -3.4       T
  SNOW DEPTH       0

DEGREE DAYS
 HEATING
  TODAY           13                        23    -10       19
  MONTH TO DATE  254                       432   -178      486
  SINCE SEP 1    448                       669   -221      660
  SINCE JUL 1    495                       738   -243      663

 COOLING
  TODAY            0                         0      0        0
  MONTH TO DATE    3                         0      3        0
  SINCE SEP 1     21                        23     -2       80
  SINCE JAN 1    469                       406     63      589
..................................................................


WIND (MPH)
  HIGHEST WIND SPEED    18   HIGHEST WIND DIRECTION     W (270)
  HIGHEST GUST SPEED    26   HIGHEST GUST DIRECTION     W (270)
  AVERAGE WIND SPEED     8.4


SKY COVER
  AVERAGE SKY COVER 0.8


WEATHER CONDITIONS
 THE FOLLOWING WEATHER WAS RECORDED TODAY.
  NO SIGNIFICANT WEATHER WAS OBSERVED.


RELATIVE HUMIDITY (PERCENT)
 HIGHEST    71           500 AM
 LOWEST     43           100 PM
 AVERAGE    57

..........................................................


THE HELENA MT CLIMATE NORMALS FOR TOMORROW
                         NORMAL    RECORD    YEAR
 MAXIMUM TEMPERATURE (F)   55        79      1990
 MINIMUM TEMPERATURE (F)   30         0      1919


SUNRISE AND SUNSET
OCTOBER 24 2014.......SUNRISE   758 AM MDT   SUNSET   625 PM MDT
OCTOBER 25 2014.......SUNRISE   800 AM MDT   SUNSET   624 PM MDT


-  INDICATES NEGATIVE NUMBERS.
R  INDICATES RECORD WAS SET OR TIED.
MM INDICATES DATA IS MISSING.
T  INDICATES TRACE AMOUNT.




$$
