085
CDUS45 KTFX 261109
CLIHLN


CLIMATE REPORT
NATIONAL WEATHER SERVICE GREAT FALLS MT
508 AM MDT MON SEP 26 2016


...................................

...THE HELENA MT CLIMATE SUMMARY FOR SEPTEMBER 25 2016...

CLIMATE NORMAL PERIOD 1981 TO 2010
CLIMATE RECORD PERIOD 1866 TO 2016


WEATHER ITEM   OBSERVED TIME   RECORD YEAR NORMAL DEPARTURE LAST
                VALUE   (LST)  VALUE       VALUE  FROM      YEAR
                                                  NORMAL
..................................................................
TEMPERATURE (F)
 YESTERDAY
  MAXIMUM         71    344 PM  95    2001  68      3       87
  MINIMUM         41    554 AM  17    1926  40      1       48
  AVERAGE         56                        54      2       68

PRECIPITATION (IN)
  YESTERDAY        0.00          0.52 1981   0.04  -0.04     0.00
  MONTH TO DATE    0.97                      0.95   0.02     2.08
  SINCE OCT 1      8.87                     11.07  -2.20    10.48
  SINCE JAN 1      7.17                      9.50  -2.33     8.20

SNOWFALL (IN)
  YESTERDAY        0.0           0.3  1908   0.1   -0.1      0.0
  MONTH TO DATE    0.0                       1.0   -1.0      0.0
  SINCE SEP 1      0.0                       1.0   -1.0      0.0
  SINCE JUL 1      0.0                       1.3   -1.3      0.0
  SNOW DEPTH       0

DEGREE DAYS
 HEATING
  YESTERDAY        9                        11     -2        0
  MONTH TO DATE  201                       177     24      130
  SINCE SEP 1    201                       177     24      130
  SINCE JUL 1    245                       246     -1      167

 COOLING
  YESTERDAY        0                         0      0        3
  MONTH TO DATE   12                        22    -10       24
  SINCE SEP 1     12                        22    -10       24
  SINCE JAN 1    454                       405     49      562
..................................................................


WIND (MPH)
  HIGHEST WIND SPEED    23   HIGHEST WIND DIRECTION     W (250)
  HIGHEST GUST SPEED    30   HIGHEST GUST DIRECTION     W (250)
  AVERAGE WIND SPEED     9.0


SKY COVER
  AVERAGE SKY COVER 0.0


WEATHER CONDITIONS
 THE FOLLOWING WEATHER WAS RECORDED YESTERDAY.
  NO SIGNIFICANT WEATHER WAS OBSERVED.


RELATIVE HUMIDITY (PERCENT)
 HIGHEST    73           600 AM
 LOWEST     22           100 PM
 AVERAGE    48

..........................................................


THE HELENA MT CLIMATE NORMALS FOR TODAY
                         NORMAL    RECORD    YEAR
 MAXIMUM TEMPERATURE (F)   68        88      1952
 MINIMUM TEMPERATURE (F)   39        20      1900


SUNRISE AND SUNSET
SEPTEMBER 26 2016.....SUNRISE   721 AM MDT   SUNSET   717 PM MDT
SEPTEMBER 27 2016.....SUNRISE   722 AM MDT   SUNSET   715 PM MDT


-  INDICATES NEGATIVE NUMBERS.
R  INDICATES RECORD WAS SET OR TIED.
MM INDICATES DATA IS MISSING.
T  INDICATES TRACE AMOUNT.




$$
