000
CDUS45 KTFX 051038
CLIHLN


CLIMATE REPORT
NATIONAL WEATHER SERVICE GREAT FALLS MT
437 AM MDT SUN JUL 5 2015


...................................

...THE HELENA MT CLIMATE SUMMARY FOR JULY 4 2015...

CLIMATE NORMAL PERIOD 1981 TO 2010
CLIMATE RECORD PERIOD 1866 TO 2015


WEATHER ITEM   OBSERVED TIME   RECORD YEAR NORMAL DEPARTURE LAST
                VALUE   (LST)  VALUE       VALUE  FROM      YEAR
                                                  NORMAL
..................................................................
TEMPERATURE (F)
 YESTERDAY
  MAXIMUM         99R   322 PM  97    2008  82     17       87
                                      2001
                                      1985
  MINIMUM         61    516 AM  36    1971  53      8       57
  AVERAGE         80                        68     12       72

PRECIPITATION (IN)
  YESTERDAY        0.00          0.74 1986   0.05  -0.05      T
  MONTH TO DATE    0.00                      0.18  -0.18     0.09
  SINCE OCT 1      6.84                      7.91  -1.07     7.28
  SINCE JAN 1      4.56                      6.34  -1.78     6.28

SNOWFALL (IN)
  YESTERDAY        0.0           T    1951   0.0    0.0      0.0
                                      1995
  MONTH TO DATE    0.0                       0.0    0.0      0.0
  SINCE JUN 1      0.0                       T      0.0      0.0
  SINCE JUL 1      0.0                       0.0    0.0      0.0
  SNOW DEPTH       0

DEGREE DAYS
 HEATING
  YESTERDAY        0                         2     -2        0
  MONTH TO DATE    0                         8     -8        0
  SINCE JUN 1     32                       144   -112      127
  SINCE JUL 1      0                         8     -8        0

 COOLING
  YESTERDAY       15                         4     11        7
  MONTH TO DATE   56                        16     40       25
  SINCE JUN 1    233                        65    168       28
  SINCE JAN 1    233                        73    160       32
..................................................................


WIND (MPH)
  HIGHEST WIND SPEED    36   HIGHEST WIND DIRECTION     N (360)
  HIGHEST GUST SPEED    49   HIGHEST GUST DIRECTION     N (360)
  AVERAGE WIND SPEED     6.8


SKY COVER
  AVERAGE SKY COVER 0.0


WEATHER CONDITIONS
 THE FOLLOWING WEATHER WAS RECORDED YESTERDAY.
  NO SIGNIFICANT WEATHER WAS OBSERVED.


RELATIVE HUMIDITY (PERCENT)
 HIGHEST    51           500 AM
 LOWEST     11           400 PM
 AVERAGE    31

..........................................................


THE HELENA MT CLIMATE NORMALS FOR TODAY
                         NORMAL    RECORD    YEAR
 MAXIMUM TEMPERATURE (F)   83       102      1981
 MINIMUM TEMPERATURE (F)   53        38      1931


SUNRISE AND SUNSET
JULY  5 2015..........SUNRISE   541 AM MDT   SUNSET   924 PM MDT
JULY  6 2015..........SUNRISE   542 AM MDT   SUNSET   923 PM MDT


-  INDICATES NEGATIVE NUMBERS.
R  INDICATES RECORD WAS SET OR TIED.
MM INDICATES DATA IS MISSING.
T  INDICATES TRACE AMOUNT.




$$
