000
CDHW40 PHFO 231245
CLIHNL


CLIMATE REPORT
NATIONAL WEATHER SERVICE HONOLULU HI
245 AM HST THU MAR 23 2017


...................................

...THE HONOLULU HI CLIMATE SUMMARY FOR MARCH 22 2017...

CLIMATE NORMAL PERIOD 1981 TO 2010
CLIMATE RECORD PERIOD 1946 TO 2017


WEATHER ITEM   OBSERVED TIME   RECORD YEAR NORMAL DEPARTURE LAST
                VALUE   (LST)  VALUE       VALUE  FROM      YEAR
                                                  NORMAL
..................................................................
TEMPERATURE (F)
 YESTERDAY
  MAXIMUM         85R   414 PM  85    2015  82      3       81
                                      2003
                                      1993
  MINIMUM         74   1159 PM  61    1996  68      6       70
                                      1957
  AVERAGE         80                        75      5       76

PRECIPITATION (IN)
  YESTERDAY        0.00          3.53 1955   0.07  -0.07     0.00
  MONTH TO DATE    2.75                      1.50   1.25     0.02
  SINCE MAR 1      2.75                      1.50   1.25     0.02
  SINCE JAN 1     10.08                      5.80   4.28     0.45

SNOWFALL (IN)
  YESTERDAY        0.0
  MONTH TO DATE    0.0
  SINCE MAR 1      0.0
  SINCE JUL 1      0.0
  SNOW DEPTH       0

DEGREE DAYS
 HEATING
  YESTERDAY        0                         0      0        0
  MONTH TO DATE    0                         0      0        0
  SINCE MAR 1      0                         0      0        0
  SINCE JUL 1      0                         0      0        0

 COOLING
  YESTERDAY       15                        10      5       11
  MONTH TO DATE  234                       203     31      216
  SINCE MAR 1    234                       203     31      216
  SINCE JAN 1    761                       685     76      798
..................................................................


WIND (MPH)
  HIGHEST WIND SPEED    16   HIGHEST WIND DIRECTION    SE (140)
  HIGHEST GUST SPEED    26   HIGHEST GUST DIRECTION     S (170)
  AVERAGE WIND SPEED     8.8


SKY COVER
  POSSIBLE SUNSHINE  MM
  AVERAGE SKY COVER 0.5


WEATHER CONDITIONS
 THE FOLLOWING WEATHER WAS RECORDED YESTERDAY.
  NO SIGNIFICANT WEATHER WAS OBSERVED.


RELATIVE HUMIDITY (PERCENT)
 HIGHEST    69          1200 AM
 LOWEST     44           100 PM
 AVERAGE    57

..........................................................


THE HONOLULU HI CLIMATE NORMALS FOR TODAY
                         NORMAL    RECORD    YEAR
 MAXIMUM TEMPERATURE (F)   82        87      2015
                                             1987
 MINIMUM TEMPERATURE (F)   68        60      1957


SUNRISE AND SUNSET
MARCH 23 2017.........SUNRISE   633 AM HST   SUNSET   644 PM HST
MARCH 24 2017.........SUNRISE   632 AM HST   SUNSET   644 PM HST


-  INDICATES NEGATIVE NUMBERS.
R  INDICATES RECORD WAS SET OR TIED.
MM INDICATES DATA IS MISSING.
T  INDICATES TRACE AMOUNT.




$$
