000
CDHW40 PHFO 201245
CLIHNL


CLIMATE REPORT
NATIONAL WEATHER SERVICE HONOLULU HI
245 AM HST MON OCT 20 2014


...................................

...THE HONOLULU HI CLIMATE SUMMARY FOR OCTOBER 19 2014...

CLIMATE NORMAL PERIOD 1981 TO 2010
CLIMATE RECORD PERIOD 1946 TO 2014


WEATHER ITEM   OBSERVED TIME   RECORD YEAR NORMAL DEPARTURE LAST
                VALUE   (LST)  VALUE       VALUE  FROM      YEAR
                                                  NORMAL
..................................................................
TEMPERATURE (F)
 YESTERDAY
  MAXIMUM         79   1159 PM  91    1996  87     -8       84
                                      1990
  MINIMUM         74    655 AM  66    1971  73      1       68
                                      1955
                                      1901
  AVERAGE         77                        80     -3       76

PRECIPITATION (IN)
  YESTERDAY        3.74R         1.86 1999   0.05   3.69      T
  MONTH TO DATE    5.03                      0.96   4.07     0.18
  SINCE SEP 1      5.61                      1.66   3.95     1.51
  SINCE JAN 1     17.84                     10.56   7.28    10.59

SNOWFALL (IN)
  YESTERDAY        0.0
  MONTH TO DATE    0.0
  SINCE SEP 1      0.0
  SINCE JUL 1      0.0
  SNOW DEPTH       0

DEGREE DAYS
 HEATING
  YESTERDAY        0                         0      0        0
  MONTH TO DATE    0                         0      0        0
  SINCE SEP 1      0                         0      0        0
  SINCE JUL 1      0                         0      0        0

 COOLING
  YESTERDAY       12                        15     -3       11
  MONTH TO DATE  327                       294     33      268
  SINCE SEP 1    872                       789     83      745
  SINCE JAN 1   4030                      3773    257     3605
..................................................................


WIND (MPH)
  HIGHEST WIND SPEED    20   HIGHEST WIND DIRECTION     E (70)
  HIGHEST GUST SPEED    25   HIGHEST GUST DIRECTION     E (70)
  AVERAGE WIND SPEED     6.2


SKY COVER
  POSSIBLE SUNSHINE  MM
  AVERAGE SKY COVER 0.9


WEATHER CONDITIONS
 THE FOLLOWING WEATHER WAS RECORDED YESTERDAY.
  HEAVY RAIN
  RAIN
  LIGHT RAIN
  FOG


RELATIVE HUMIDITY (PERCENT)
 HIGHEST    94          1200 AM
 LOWEST     79          1100 PM
 AVERAGE    87

..........................................................


THE HONOLULU HI CLIMATE NORMALS FOR TODAY
                         NORMAL    RECORD    YEAR
 MAXIMUM TEMPERATURE (F)   86        91      2009
 MINIMUM TEMPERATURE (F)   73        64      1981


SUNRISE AND SUNSET
OCTOBER 20 2014.......SUNRISE   629 AM HST   SUNSET   603 PM HST
OCTOBER 21 2014.......SUNRISE   630 AM HST   SUNSET   602 PM HST


-  INDICATES NEGATIVE NUMBERS.
R  INDICATES RECORD WAS SET OR TIED.
MM INDICATES DATA IS MISSING.
T  INDICATES TRACE AMOUNT.




$$
