000
CDHW40 PHFO 290231
CLIHNL


CLIMATE REPORT
NATIONAL WEATHER SERVICE HONOLULU HI
431 PM HST THU JUL 28 2016


...................................

...THE HONOLULU HI CLIMATE SUMMARY FOR JULY 28 2016...
VALID TODAY AS OF 0400 PM LOCAL TIME.

CLIMATE NORMAL PERIOD 1981 TO 2010
CLIMATE RECORD PERIOD 1946 TO 2016


WEATHER ITEM   OBSERVED TIME   RECORD YEAR NORMAL DEPARTURE LAST
                VALUE   (LST)  VALUE       VALUE  FROM      YEAR
                                                  NORMAL
..................................................................
TEMPERATURE (F)
 TODAY
  MAXIMUM         89    116 PM  92    1987  88      1       91
  MINIMUM         78    556 AM  69    2010  75      3       77
  AVERAGE         84                        82      2       84

PRECIPITATION (IN)
  TODAY            0.00          0.46 1965   0.02  -0.02     0.00
  MONTH TO DATE    2.36                      0.45   1.91     0.36
  SINCE JUN 1      2.55                      0.71   1.84     0.59
  SINCE JAN 1      6.59                      8.28  -1.69     3.58

SNOWFALL (IN)
  TODAY            0.0
  MONTH TO DATE    0.0
  SINCE JUN 1      0.0
  SINCE JUL 1      0.0
  SNOW DEPTH       0

DEGREE DAYS
 HEATING
  TODAY            0                         0      0        0
  MONTH TO DATE    0                         0      0        0
  SINCE JUN 1      0                         0      0        0
  SINCE JUL 1      0                         0      0        0

 COOLING
  TODAY           19                        17      2       19
  MONTH TO DATE  458                       450      8      479
  SINCE JUN 1    888                       906    -18      959
  SINCE JAN 1   2602                      2408    194     2429
..................................................................


WIND (MPH)
  HIGHEST WIND SPEED    29   HIGHEST WIND DIRECTION     E (80)
  HIGHEST GUST SPEED    37   HIGHEST GUST DIRECTION     E (70)
  AVERAGE WIND SPEED    17.0


SKY COVER
  POSSIBLE SUNSHINE  MM
  AVERAGE SKY COVER 0.4


WEATHER CONDITIONS
 THE FOLLOWING WEATHER WAS RECORDED TODAY.
  NO SIGNIFICANT WEATHER WAS OBSERVED.


RELATIVE HUMIDITY (PERCENT)
 HIGHEST    67          1200 AM
 LOWEST     43          1200 PM
 AVERAGE    55

..........................................................


THE HONOLULU HI CLIMATE NORMALS FOR TOMORROW
                         NORMAL    RECORD    YEAR
 MAXIMUM TEMPERATURE (F)   88        92      1997
                                             1987
 MINIMUM TEMPERATURE (F)   75        70      1974
                                             1965
                                             1958


SUNRISE AND SUNSET
JULY 28 2016..........SUNRISE   604 AM HST   SUNSET   712 PM HST
JULY 29 2016..........SUNRISE   604 AM HST   SUNSET   712 PM HST


-  INDICATES NEGATIVE NUMBERS.
R  INDICATES RECORD WAS SET OR TIED.
MM INDICATES DATA IS MISSING.
T  INDICATES TRACE AMOUNT.




$$
