000
CDHW40 PHFO 191245
CLIHNL


CLIMATE REPORT
NATIONAL WEATHER SERVICE HONOLULU HI
245 AM HST FRI JAN 19 2018


...................................

...THE HONOLULU HI CLIMATE SUMMARY FOR JANUARY 18 2018...

CLIMATE NORMAL PERIOD 1981 TO 2010
CLIMATE RECORD PERIOD 1946 TO 2018


WEATHER ITEM   OBSERVED TIME   RECORD YEAR NORMAL DEPARTURE LAST
                VALUE   (LST)  VALUE       VALUE  FROM      YEAR
                                                  NORMAL
..................................................................
TEMPERATURE (F)
 YESTERDAY
  MAXIMUM         84    311 PM  85    2015  80      4       83
  MINIMUM         75    623 AM  57    1963  66      9       72
  AVERAGE         80                        73      7       78

PRECIPITATION (IN)
  YESTERDAY        0.00          1.21 1988   0.06  -0.06     0.00
  MONTH TO DATE    T                         1.49  -1.49      T
  SINCE DEC 1      3.40                      4.73  -1.33     0.87
  SINCE JAN 1      T                         1.49  -1.49      T

SNOWFALL (IN)
  YESTERDAY        0.0
  MONTH TO DATE    0.0
  SINCE DEC 1      0.0
  SINCE JUL 1      0.0
  SNOW DEPTH      MM

DEGREE DAYS
 HEATING
  YESTERDAY        0                         0      0        0
  MONTH TO DATE    0                         0      0        0
  SINCE DEC 1      0                         0      0        0
  SINCE JUL 1      0                         0      0        0

 COOLING
  YESTERDAY       15                         8      7       13
  MONTH TO DATE  209                       146     63      152
  SINCE DEC 1    515                       448     67      457
  SINCE JAN 1    209                       146     63      152
..................................................................


WIND (MPH)
  HIGHEST WIND SPEED    33   HIGHEST WIND DIRECTION     E (70)
  HIGHEST GUST SPEED    45   HIGHEST GUST DIRECTION     E (70)
  AVERAGE WIND SPEED    22.6


SKY COVER
  POSSIBLE SUNSHINE  MM
  AVERAGE SKY COVER  MM


WEATHER CONDITIONS
 THE FOLLOWING WEATHER WAS RECORDED YESTERDAY.
  NO SIGNIFICANT WEATHER WAS OBSERVED.


RELATIVE HUMIDITY (PERCENT)
 HIGHEST    MM
 LOWEST     MM
 AVERAGE    MM

..........................................................


THE HONOLULU HI CLIMATE NORMALS FOR TODAY
                         NORMAL    RECORD    YEAR
 MAXIMUM TEMPERATURE (F)   80        85      1996
                                             1986
 MINIMUM TEMPERATURE (F)   66        59      2009
                                             1980


SUNRISE AND SUNSET
JANUARY 19 2018.......SUNRISE   712 AM HST   SUNSET   614 PM HST
JANUARY 20 2018.......SUNRISE   712 AM HST   SUNSET   614 PM HST


-  INDICATES NEGATIVE NUMBERS.
R  INDICATES RECORD WAS SET OR TIED.
MM INDICATES DATA IS MISSING.
T  INDICATES TRACE AMOUNT.




$$
