000
CDHW40 PHFO 241245
CLIHNL


CLIMATE REPORT
NATIONAL WEATHER SERVICE HONOLULU HI
245 AM HST WED AUG 24 2016


...................................

...THE HONOLULU HI CLIMATE SUMMARY FOR AUGUST 23 2016...

CLIMATE NORMAL PERIOD 1981 TO 2010
CLIMATE RECORD PERIOD 1946 TO 2016


WEATHER ITEM   OBSERVED TIME   RECORD YEAR NORMAL DEPARTURE LAST
                VALUE   (LST)  VALUE       VALUE  FROM      YEAR
                                                  NORMAL
..................................................................
TEMPERATURE (F)
 YESTERDAY
  MAXIMUM         85    423 PM  92    1996  89     -4       90
                                      1995
                                      1991
  MINIMUM         76   1159 PM  70    1972  75      1       77
  AVERAGE         81                        82     -1       84

PRECIPITATION (IN)
  YESTERDAY        0.17          0.89 2015   0.02   0.15     0.89
  MONTH TO DATE    0.42                      0.41   0.01     1.13
  SINCE JUN 1      3.32                      1.18   2.14     1.72
  SINCE JAN 1      7.36                      8.75  -1.39     4.71

SNOWFALL (IN)
  YESTERDAY        0.0
  MONTH TO DATE    0.0
  SINCE JUN 1      0.0
  SINCE JUL 1      0.0
  SNOW DEPTH       0

DEGREE DAYS
 HEATING
  YESTERDAY        0                         0      0        0
  MONTH TO DATE    0                         0      0        0
  SINCE JUN 1      0                         0      0        0
  SINCE JUL 1      0                         0      0        0

 COOLING
  YESTERDAY       16                        17     -1       19
  MONTH TO DATE  332                       391    -59      397
  SINCE JUN 1   1267                      1349    -82     1415
  SINCE JAN 1   2981                      2851    130     2885
..................................................................


WIND (MPH)
  HIGHEST WIND SPEED    14   HIGHEST WIND DIRECTION    SE (130)
  HIGHEST GUST SPEED    17   HIGHEST GUST DIRECTION    SE (140)
  AVERAGE WIND SPEED     6.4


SKY COVER
  POSSIBLE SUNSHINE  MM
  AVERAGE SKY COVER 0.8


WEATHER CONDITIONS
 THE FOLLOWING WEATHER WAS RECORDED YESTERDAY.
  THUNDERSTORM
  HEAVY RAIN
  RAIN
  LIGHT RAIN
  FOG


RELATIVE HUMIDITY (PERCENT)
 HIGHEST    91           900 PM
 LOWEST     61           100 PM
 AVERAGE    76

..........................................................


THE HONOLULU HI CLIMATE NORMALS FOR TODAY
                         NORMAL    RECORD    YEAR
 MAXIMUM TEMPERATURE (F)   89        93      1996
 MINIMUM TEMPERATURE (F)   75        70      1988
                                             1985
                                             1965


SUNRISE AND SUNSET
AUGUST 24 2016........SUNRISE   613 AM HST   SUNSET   654 PM HST
AUGUST 25 2016........SUNRISE   613 AM HST   SUNSET   653 PM HST


-  INDICATES NEGATIVE NUMBERS.
R  INDICATES RECORD WAS SET OR TIED.
MM INDICATES DATA IS MISSING.
T  INDICATES TRACE AMOUNT.




$$
