582
CDHW40 PHFO 241245
CLIHNL


CLIMATE REPORT
NATIONAL WEATHER SERVICE HONOLULU HI
245 AM HST WED MAY 24 2017


...................................

...THE HONOLULU HI CLIMATE SUMMARY FOR MAY 23 2017...

CLIMATE NORMAL PERIOD 1981 TO 2010
CLIMATE RECORD PERIOD 1946 TO 2017


WEATHER ITEM   OBSERVED TIME   RECORD YEAR NORMAL DEPARTURE LAST
                VALUE   (LST)  VALUE       VALUE  FROM      YEAR
                                                  NORMAL
..................................................................
TEMPERATURE (F)
 YESTERDAY
  MAXIMUM         87    110 PM  91    1995  85      2       87
  MINIMUM         71    609 AM  65    1983  72     -1       74
                                      1979
  AVERAGE         79                        78      1       81

PRECIPITATION (IN)
  YESTERDAY        0.12          1.90 1978   0.02   0.10     0.01
  MONTH TO DATE    0.21                      0.50  -0.29     0.06
  SINCE MAR 1      6.01                      3.15   2.86     0.50
  SINCE JAN 1     13.34                      7.45   5.89     0.93

SNOWFALL (IN)
  YESTERDAY        0.0
  MONTH TO DATE    0.0
  SINCE MAR 1      0.0
  SINCE JUL 1      0.0
  SNOW DEPTH      MM

DEGREE DAYS
 HEATING
  YESTERDAY        0                         0      0        0
  MONTH TO DATE    0                         0      0        0
  SINCE MAR 1      0                         0      0        0
  SINCE JUL 1      0                         0      0        0

 COOLING
  YESTERDAY       14                        13      1       16
  MONTH TO DATE  324                       285     39      332
  SINCE MAR 1   1074                       910    164     1030
  SINCE JAN 1   1601                      1392    209     1612
..................................................................


WIND (MPH)
  HIGHEST WIND SPEED    26   HIGHEST WIND DIRECTION     E (80)
  HIGHEST GUST SPEED    35   HIGHEST GUST DIRECTION     E (70)
  AVERAGE WIND SPEED    13.2


SKY COVER
  POSSIBLE SUNSHINE  MM
  AVERAGE SKY COVER  MM


WEATHER CONDITIONS
 THE FOLLOWING WEATHER WAS RECORDED YESTERDAY.
  FOG


RELATIVE HUMIDITY (PERCENT)
 HIGHEST    MM
 LOWEST     MM
 AVERAGE    MM

..........................................................


THE HONOLULU HI CLIMATE NORMALS FOR TODAY
                         NORMAL    RECORD    YEAR
 MAXIMUM TEMPERATURE (F)   85        90      1979
 MINIMUM TEMPERATURE (F)   72        65      1975
                                             1959


SUNRISE AND SUNSET
MAY 24 2017...........SUNRISE   550 AM HST   SUNSET   707 PM HST
MAY 25 2017...........SUNRISE   550 AM HST   SUNSET   707 PM HST


-  INDICATES NEGATIVE NUMBERS.
R  INDICATES RECORD WAS SET OR TIED.
MM INDICATES DATA IS MISSING.
T  INDICATES TRACE AMOUNT.




$$
