000
CDHW40 PHFO 220235
CLIHNL


CLIMATE REPORT
NATIONAL WEATHER SERVICE HONOLULU HI
425 PM HST MON JUL 21 2014


...................................

...THE HONOLULU HI CLIMATE SUMMARY FOR JULY 21 2014...
VALID TODAY AS OF 0400 PM LOCAL TIME.

CLIMATE NORMAL PERIOD 1981 TO 2010
CLIMATE RECORD PERIOD 1946 TO 2014


WEATHER ITEM   OBSERVED TIME   RECORD YEAR NORMAL DEPARTURE LAST
                VALUE   (LST)  VALUE       VALUE  FROM      YEAR
                                                  NORMAL
..................................................................
TEMPERATURE (F)
 TODAY
  MAXIMUM         87    149 PM  91    2004  88     -1       88
                                      1986
                                      1979
  MINIMUM         76    626 AM  69    1958  75      1       74
  AVERAGE         82                        81      1       81

PRECIPITATION (IN)
  TODAY            0.00          0.26 1993   0.02  -0.02     0.00
  MONTH TO DATE    1.06                      0.31   0.75     0.03
  SINCE JUN 1      1.64                      0.57   1.07     0.20
  SINCE JAN 1     11.61                      8.14   3.47     8.66

SNOWFALL (IN)
  TODAY            0.0
  MONTH TO DATE    0.0
  SINCE JUN 1      0.0
  SINCE JUL 1      0.0
  SNOW DEPTH       0

DEGREE DAYS
 HEATING
  TODAY            0                         0      0        0
  MONTH TO DATE    0                         0      0        0
  SINCE JUN 1      0                         0      0        0
  SINCE JUL 1      0                         0      0        0

 COOLING
  TODAY           17                        16      1       16
  MONTH TO DATE  359                       336     23      322
  SINCE JUN 1    822                       792     30      731
  SINCE JAN 1   2431                      2294    137     2191
..................................................................


WIND (MPH)
  HIGHEST WIND SPEED    13   HIGHEST WIND DIRECTION    SE (150)
  HIGHEST GUST SPEED    17   HIGHEST GUST DIRECTION     S (160)
  AVERAGE WIND SPEED     5.1


SKY COVER
  POSSIBLE SUNSHINE  MM
  AVERAGE SKY COVER 0.6


WEATHER CONDITIONS
 THE FOLLOWING WEATHER WAS RECORDED TODAY.
  NO SIGNIFICANT WEATHER WAS OBSERVED.


RELATIVE HUMIDITY (PERCENT)
 HIGHEST    88           500 AM
 LOWEST     59          1200 PM
 AVERAGE    74

..........................................................


THE HONOLULU HI CLIMATE NORMALS FOR TOMORROW
                         NORMAL    RECORD    YEAR
 MAXIMUM TEMPERATURE (F)   88        91      1988
                                             1986
 MINIMUM TEMPERATURE (F)   75        67      1953


SUNRISE AND SUNSET
JULY 21 2014..........SUNRISE   601 AM HST   SUNSET   715 PM HST
JULY 22 2014..........SUNRISE   601 AM HST   SUNSET   715 PM HST


-  INDICATES NEGATIVE NUMBERS.
R  INDICATES RECORD WAS SET OR TIED.
MM INDICATES DATA IS MISSING.
T  INDICATES TRACE AMOUNT.




$$
