746
CDHW40 PHFO 051245
CLIHNL


CLIMATE REPORT
NATIONAL WEATHER SERVICE HONOLULU HI
245 AM HST MON DEC 5 2016


...................................

...THE HONOLULU HI CLIMATE SUMMARY FOR DECEMBER 4 2016...

CLIMATE NORMAL PERIOD 1981 TO 2010
CLIMATE RECORD PERIOD 1946 TO 2016


WEATHER ITEM   OBSERVED TIME   RECORD YEAR NORMAL DEPARTURE LAST
                VALUE   (LST)  VALUE       VALUE  FROM      YEAR
                                                  NORMAL
..................................................................
TEMPERATURE (F)
 YESTERDAY
  MAXIMUM         77   1123 AM  88    1983  82     -5       86
  MINIMUM         67    216 AM  59    1962  70     -3       73
  AVERAGE         72                        76     -4       80

PRECIPITATION (IN)
  YESTERDAY        0.12          1.41 1978   0.08   0.04     0.00
  MONTH TO DATE    0.28                      0.31  -0.03     0.04
  SINCE DEC 1      0.28                      0.31  -0.03     0.04
  SINCE JAN 1     12.57                     14.17  -1.60    15.22

SNOWFALL (IN)
  YESTERDAY        0.0
  MONTH TO DATE    0.0
  SINCE DEC 1      0.0
  SINCE JUL 1      0.0
  SNOW DEPTH       0

DEGREE DAYS
 HEATING
  YESTERDAY        0                         0      0        0
  MONTH TO DATE    0                         0      0        0
  SINCE DEC 1      0                         0      0        0
  SINCE JUL 1      0                         0      0        0

 COOLING
  YESTERDAY        7                        11     -4       15
  MONTH TO DATE   40                        44     -4       59
  SINCE DEC 1     40                        44     -4       59
  SINCE JAN 1   4473                      4370    103     4496
..................................................................


WIND (MPH)
  HIGHEST WIND SPEED    15   HIGHEST WIND DIRECTION     E (110)
  HIGHEST GUST SPEED    19   HIGHEST GUST DIRECTION    SE (120)
  AVERAGE WIND SPEED     4.2


SKY COVER
  POSSIBLE SUNSHINE  MM
  AVERAGE SKY COVER 0.8


WEATHER CONDITIONS
 THE FOLLOWING WEATHER WAS RECORDED YESTERDAY.
  LIGHT RAIN
  FOG


RELATIVE HUMIDITY (PERCENT)
 HIGHEST    97           900 PM
 LOWEST     76          1100 AM
 AVERAGE    87

..........................................................


THE HONOLULU HI CLIMATE NORMALS FOR TODAY
                         NORMAL    RECORD    YEAR
 MAXIMUM TEMPERATURE (F)   82        88      1983
 MINIMUM TEMPERATURE (F)   70        61      1972
                                             1955


SUNRISE AND SUNSET
DECEMBER  5 2016......SUNRISE   656 AM HST   SUNSET   549 PM HST
DECEMBER  6 2016......SUNRISE   657 AM HST   SUNSET   550 PM HST


-  INDICATES NEGATIVE NUMBERS.
R  INDICATES RECORD WAS SET OR TIED.
MM INDICATES DATA IS MISSING.
T  INDICATES TRACE AMOUNT.




$$
