000
CDHW40 PHFO 240229
CLIHNL


CLIMATE REPORT
NATIONAL WEATHER SERVICE HONOLULU HI
425 PM HST MON OCT 23 2017


...................................

...THE HONOLULU HI CLIMATE SUMMARY FOR OCTOBER 23 2017...
VALID TODAY AS OF 0400 PM LOCAL TIME.

CLIMATE NORMAL PERIOD 1981 TO 2010
CLIMATE RECORD PERIOD 1946 TO 2017


WEATHER ITEM   OBSERVED TIME   RECORD YEAR NORMAL DEPARTURE LAST
                VALUE   (LST)  VALUE       VALUE  FROM      YEAR
                                                  NORMAL
..................................................................
TEMPERATURE (F)
 TODAY
  MAXIMUM         78    111 PM  89    2013  86     -8       85
                                      2010
                                      1995
  MINIMUM         67    353 PM  66    1965  73     -6       73
  AVERAGE         73                        80     -7       79

PRECIPITATION (IN)
  TODAY            0.66          1.28 1958   0.08   0.58     0.01
  MONTH TO DATE    0.84                      1.24  -0.40     0.06
  SINCE SEP 1      0.94                      1.94  -1.00     2.98
  SINCE JAN 1     16.83                     10.84   5.99    11.50

SNOWFALL (IN)
  TODAY            0.0
  MONTH TO DATE    0.0
  SINCE SEP 1      0.0
  SINCE JUL 1      0.0
  SNOW DEPTH      MM

DEGREE DAYS
 HEATING
  TODAY            0                         0      0        0
  MONTH TO DATE    0                         0      0        0
  SINCE SEP 1      0                         0      0        0
  SINCE JUL 1      0                         0      0        0

 COOLING
  TODAY            8                        15     -7       14
  MONTH TO DATE  367                       354     13      360
  SINCE SEP 1    875                       849     26      832
  SINCE JAN 1   3928                      3833     95     3947
..................................................................


WIND (MPH)
  HIGHEST WIND SPEED    17   HIGHEST WIND DIRECTION     S (170)
  HIGHEST GUST SPEED    23   HIGHEST GUST DIRECTION     S (160)
  AVERAGE WIND SPEED    MM


SKY COVER
  POSSIBLE SUNSHINE  MM
  AVERAGE SKY COVER  MM


WEATHER CONDITIONS
 THE FOLLOWING WEATHER WAS RECORDED TODAY.
  FOG


RELATIVE HUMIDITY (PERCENT)
 HIGHEST    MM
 LOWEST     MM
 AVERAGE    MM

..........................................................


THE HONOLULU HI CLIMATE NORMALS FOR TOMORROW
                         NORMAL    RECORD    YEAR
 MAXIMUM TEMPERATURE (F)   86        90      1995
 MINIMUM TEMPERATURE (F)   73        65      1965


SUNRISE AND SUNSET
OCTOBER 23 2017.......SUNRISE   631 AM HST   SUNSET   601 PM HST
OCTOBER 24 2017.......SUNRISE   631 AM HST   SUNSET   600 PM HST


-  INDICATES NEGATIVE NUMBERS.
R  INDICATES RECORD WAS SET OR TIED.
MM INDICATES DATA IS MISSING.
T  INDICATES TRACE AMOUNT.




$$
