000
CDHW40 PHFO 170256
CLIHNL


CLIMATE REPORT
NATIONAL WEATHER SERVICE HONOLULU HI
454 PM HST WED AUG 16 2017


...................................

...THE HONOLULU HI CLIMATE SUMMARY FOR AUGUST 16 2017...
VALID TODAY AS OF 0400 PM LOCAL TIME.

CLIMATE NORMAL PERIOD 1981 TO 2010
CLIMATE RECORD PERIOD 1946 TO 2017


WEATHER ITEM   OBSERVED TIME   RECORD YEAR NORMAL DEPARTURE LAST
                VALUE   (LST)  VALUE       VALUE  FROM      YEAR
                                                  NORMAL
..................................................................
TEMPERATURE (F)
 TODAY
  MAXIMUM         88    222 PM  92    1994  89     -1       89
                                      1986
                                      1984
  MINIMUM         74    543 AM  68    2009  75     -1       76
                                      1974
  AVERAGE         81                        82     -1       83

PRECIPITATION (IN)
  TODAY            0.01          0.54 1992   0.02  -0.01     0.00
                                      1965
  MONTH TO DATE    0.05                      0.29  -0.24     0.12
  SINCE JUN 1      0.60                      1.06  -0.46     3.02
  SINCE JAN 1     14.09                      8.63   5.46     7.06

SNOWFALL (IN)
  TODAY            0.0
  MONTH TO DATE    0.0
  SINCE JUN 1      0.0
  SINCE JUL 1      0.0
  SNOW DEPTH      MM

DEGREE DAYS
 HEATING
  TODAY            0                         0      0        0
  MONTH TO DATE    0                         0      0        0
  SINCE JUN 1      0                         0      0        0
  SINCE JUL 1      0                         0      0        0

 COOLING
  TODAY           16                        17     -1       18
  MONTH TO DATE  275                       272      3      215
  SINCE JUN 1   1243                      1230     13     1150
  SINCE JAN 1   2944                      2732    212     2864
..................................................................


WIND (MPH)
  HIGHEST WIND SPEED    24   HIGHEST WIND DIRECTION     E (70)
  HIGHEST GUST SPEED    31   HIGHEST GUST DIRECTION     E (80)
  AVERAGE WIND SPEED    MM


SKY COVER
  POSSIBLE SUNSHINE  MM
  AVERAGE SKY COVER  MM


WEATHER CONDITIONS
 THE FOLLOWING WEATHER WAS RECORDED TODAY.
  NO SIGNIFICANT WEATHER WAS OBSERVED.


RELATIVE HUMIDITY (PERCENT)
 HIGHEST    MM
 LOWEST     MM
 AVERAGE    MM

..........................................................


THE HONOLULU HI CLIMATE NORMALS FOR TOMORROW
                         NORMAL    RECORD    YEAR
 MAXIMUM TEMPERATURE (F)   89        91      1996
                                             1994
                                             1987
 MINIMUM TEMPERATURE (F)   75        70      1955


SUNRISE AND SUNSET
AUGUST 16 2017........SUNRISE   611 AM HST   SUNSET   701 PM HST
AUGUST 17 2017........SUNRISE   611 AM HST   SUNSET   700 PM HST


-  INDICATES NEGATIVE NUMBERS.
R  INDICATES RECORD WAS SET OR TIED.
MM INDICATES DATA IS MISSING.
T  INDICATES TRACE AMOUNT.




$$
