110
CDUS43 KFSD 290629
CLIHON


CLIMATE REPORT
NATIONAL WEATHER SERVICE SIOUX FALLS SD
128 AM CDT SAT JUL 29 2017


...................................

...THE HURON SD CLIMATE SUMMARY FOR JULY 28 2017...

CLIMATE NORMAL PERIOD 1981 TO 2010
CLIMATE RECORD PERIOD 1881 TO 2017


WEATHER ITEM   OBSERVED TIME   RECORD YEAR NORMAL DEPARTURE LAST
                VALUE   (LST)  VALUE       VALUE  FROM      YEAR
                                                  NORMAL
..................................................................
TEMPERATURE (F)
 YESTERDAY
  MAXIMUM         82    439 PM 109    1975  86     -4       82
  MINIMUM         66    620 AM  41    2013  62      4       58
  AVERAGE         74                        74      0       70

PRECIPITATION (IN)
  YESTERDAY        T             1.71 1942   0.11  -0.11     0.00
  MONTH TO DATE    3.32                      2.61   0.71     1.00
  SINCE JUN 1      6.36                      6.54  -0.18     2.91
  SINCE JAN 1     10.45                     14.52  -4.07    11.72

SNOWFALL (IN)
  YESTERDAY        0.0           0.0    MM   0.0    0.0      0.0
  MONTH TO DATE    0.0                       0.0    0.0      0.0
  SINCE JUN 1      0.0                       0.0    0.0      0.0
  SINCE JUL 1      0.0                       0.0    0.0      0.0
  SNOW DEPTH       0

DEGREE DAYS
 HEATING
  YESTERDAY        0                         0      0        0
  MONTH TO DATE    0                         0      0        6
  SINCE JUN 1     31                        51    -20       23
  SINCE JUL 1      0                         0      0        6

 COOLING
  YESTERDAY        9                         9      0        5
  MONTH TO DATE  318                       246     72      268
  SINCE JUN 1    472                       379     93      496
  SINCE JAN 1    493                       412     81      527
..................................................................


WIND (MPH)
  HIGHEST WIND SPEED    16   HIGHEST WIND DIRECTION    SE (140)
  HIGHEST GUST SPEED    21   HIGHEST GUST DIRECTION    SE (140)
  AVERAGE WIND SPEED     7.7


SKY COVER
  POSSIBLE SUNSHINE  MM
  AVERAGE SKY COVER 0.1


WEATHER CONDITIONS
 THE FOLLOWING WEATHER WAS RECORDED YESTERDAY.
  LIGHT RAIN


RELATIVE HUMIDITY (PERCENT)
 HIGHEST    93           100 AM
 LOWEST     47           300 PM
 AVERAGE    70

..........................................................


THE HURON SD CLIMATE NORMALS FOR TODAY
                         NORMAL    RECORD    YEAR
 MAXIMUM TEMPERATURE (F)   86       110      1933
 MINIMUM TEMPERATURE (F)   62        42      1971


SUNRISE AND SUNSET
JULY 29 2017..........SUNRISE   617 AM CDT   SUNSET   901 PM CDT
JULY 30 2017..........SUNRISE   618 AM CDT   SUNSET   900 PM CDT


-  INDICATES NEGATIVE NUMBERS.
R  INDICATES RECORD WAS SET OR TIED.
MM INDICATES DATA IS MISSING.
T  INDICATES TRACE AMOUNT.




$$
