000
CDUS43 KFSD 230621
CLIHON


CLIMATE REPORT
NATIONAL WEATHER SERVICE SIOUX FALLS SD
120 AM CDT SAT SEP 23 2017


...................................

...THE HURON SD CLIMATE SUMMARY FOR SEPTEMBER 22 2017...

CLIMATE NORMAL PERIOD 1981 TO 2010
CLIMATE RECORD PERIOD 1881 TO 2017


WEATHER ITEM   OBSERVED TIME   RECORD YEAR NORMAL DEPARTURE LAST
                VALUE   (LST)  VALUE       VALUE  FROM      YEAR
                                                  NORMAL
..................................................................
TEMPERATURE (F)
 YESTERDAY
  MAXIMUM         90   1223 PM  99    1936  72     18       66
  MINIMUM         55   1159 PM  24    1995  46      9       56
  AVERAGE         73                        59     14       61

PRECIPITATION (IN)
  YESTERDAY        0.01          1.26 1895   0.08  -0.07     0.01
  MONTH TO DATE    1.45                      1.87  -0.42     1.21
  SINCE SEP 1      1.45                      1.87  -0.42     1.21
  SINCE JAN 1     13.76                     19.13  -5.37    15.76

SNOWFALL (IN)
  YESTERDAY        0.0           0.0    MM   0.0    0.0      0.0
  MONTH TO DATE    0.0                       0.0    0.0      0.0
  SINCE SEP 1      0.0                       0.0    0.0      0.0
  SINCE JUL 1      0.0                       0.0    0.0      0.0
  SNOW DEPTH       0

DEGREE DAYS
 HEATING
  YESTERDAY        0                         7     -7        4
  MONTH TO DATE   52                        93    -41       46
  SINCE SEP 1     52                        93    -41       46
  SINCE JUL 1     61                       122    -61       63

 COOLING
  YESTERDAY        8                         1      7        0
  MONTH TO DATE  107                        63     44       63
  SINCE SEP 1    107                        63     44       63
  SINCE JAN 1    727                       732     -5      869
..................................................................


WIND (MPH)
  HIGHEST WIND SPEED    23   HIGHEST WIND DIRECTION     S (200)
  HIGHEST GUST SPEED    32   HIGHEST GUST DIRECTION     S (200)
  AVERAGE WIND SPEED    14.3


SKY COVER
  POSSIBLE SUNSHINE  MM
  AVERAGE SKY COVER 0.1


WEATHER CONDITIONS
 THE FOLLOWING WEATHER WAS RECORDED YESTERDAY.
  THUNDERSTORM
  LIGHT RAIN


RELATIVE HUMIDITY (PERCENT)
 HIGHEST    93          1200 AM
 LOWEST     37           300 PM
 AVERAGE    65

..........................................................


THE HURON SD CLIMATE NORMALS FOR TODAY
                         NORMAL    RECORD    YEAR
 MAXIMUM TEMPERATURE (F)   71        98      1892
 MINIMUM TEMPERATURE (F)   45        23      1989


SUNRISE AND SUNSET
SEPTEMBER 23 2017.....SUNRISE   721 AM CDT   SUNSET   728 PM CDT
SEPTEMBER 24 2017.....SUNRISE   723 AM CDT   SUNSET   726 PM CDT


-  INDICATES NEGATIVE NUMBERS.
R  INDICATES RECORD WAS SET OR TIED.
MM INDICATES DATA IS MISSING.
T  INDICATES TRACE AMOUNT.




$$
