000
CDUS44 KHGX 110723
CLIHOU


CLIMATE REPORT
NATIONAL WEATHER SERVICE HOUSTON/GALVESTON TX
122 AM CST SUN DEC 11 2016


...................................

...THE HOUSTON INTERCONTINENTAL CLIMATE SUMMARY FOR DECEMBER 10 2016...

CLIMATE NORMAL PERIOD 1981 TO 2010
CLIMATE RECORD PERIOD 1892 TO 2016


WEATHER ITEM   OBSERVED TIME   RECORD YEAR NORMAL DEPARTURE LAST
                VALUE   (LST)  VALUE       VALUE  FROM      YEAR
                                                  NORMAL
..................................................................
TEMPERATURE (F)
 YESTERDAY
  MAXIMUM         56    253 PM  83    1939  65     -9       78
  MINIMUM         34    435 AM  20    1978  45    -11       51
  AVERAGE         45                        55    -10       65

PRECIPITATION (IN)
  YESTERDAY        0.00          4.41 1923   0.12  -0.12     0.00
  MONTH TO DATE    2.95                      1.32   1.63     0.02
  SINCE DEC 1      2.95                      1.32   1.63     0.02
  SINCE JAN 1     60.35                     47.35  13.00    64.84

SNOWFALL (IN)
  YESTERDAY        0.0           1.4  2008
  MONTH TO DATE    0.0
  SINCE DEC 1      0.0
  SINCE JUL 1      0.0

DEGREE DAYS
 HEATING
  YESTERDAY       20                        11      9        0
  MONTH TO DATE  138                        99     39       92
  SINCE DEC 1    138                        99     39       92
  SINCE JUL 1    196                       284    -88      205
..................................................................


WIND (MPH)
  HIGHEST WIND SPEED    15   HIGHEST WIND DIRECTION     E (110)
  HIGHEST GUST SPEED    18   HIGHEST GUST DIRECTION    SE (120)




RELATIVE HUMIDITY (PERCENT)
 HIGHEST    82
 LOWEST     41
 AVERAGE    62

..........................................................


THE HOUSTON INTERCONTINENTAL CLIMATE NORMALS FOR TODAY
                         NORMAL    RECORD    YEAR
 MAXIMUM TEMPERATURE (F)   65        83      2007
 MINIMUM TEMPERATURE (F)   45        26      1898


SUNRISE AND SUNSET
DECEMBER 11 2016......SUNRISE   707 AM CST   SUNSET   522 PM CST
DECEMBER 12 2016......SUNRISE   708 AM CST   SUNSET   523 PM CST


-  INDICATES NEGATIVE NUMBERS.
R  INDICATES RECORD WAS SET OR TIED.
MM INDICATES DATA IS MISSING.
T  INDICATES TRACE AMOUNT.


&&

...................................

...THE HOUSTON/HOBBY AIRPORT CLIMATE SUMMARY FOR DECEMBER 10 2016...

CLIMATE NORMAL PERIOD 1981 TO 2010
CLIMATE RECORD PERIOD 1930 TO 2016


WEATHER ITEM   OBSERVED TIME   RECORD YEAR NORMAL DEPARTURE LAST
                VALUE   (LST)  VALUE       VALUE  FROM      YEAR
                                                  NORMAL
..................................................................
TEMPERATURE (F)
 YESTERDAY
  MAXIMUM         59   1159 PM  82    1939  65     -6       80
  MINIMUM         39    522 AM  24    1978  47     -8       55
  AVERAGE         49                        56     -7       68

PRECIPITATION (IN)
  YESTERDAY        0.00          3.26 1964   0.13  -0.13     0.00
  MONTH TO DATE    2.31                      1.37   0.94     0.04
  SINCE DEC 1      2.31                      1.37   0.94     0.04
  SINCE JAN 1     55.44                     51.99   3.45    73.68

SNOWFALL (IN)
  YESTERDAY        0.0           0.3  2008
  MONTH TO DATE    0.0
  SINCE DEC 1      0.0
  SINCE JUL 1      0.0

DEGREE DAYS
 HEATING
  YESTERDAY       16                        10      6        0
  MONTH TO DATE  110                        89     21       66
  SINCE DEC 1    110                        89     21       66
  SINCE JUL 1    147                       245    -98      140
..................................................................


WIND (MPH)
  HIGHEST WIND SPEED    16   HIGHEST WIND DIRECTION     E (100)
  HIGHEST GUST SPEED    20   HIGHEST GUST DIRECTION     E (90)




RELATIVE HUMIDITY (PERCENT)
 HIGHEST    73
 LOWEST     49
 AVERAGE    61

..........................................................


THE HOUSTON/HOBBY AIRPORT CLIMATE NORMALS FOR TODAY
                         NORMAL    RECORD    YEAR
 MAXIMUM TEMPERATURE (F)   65        82      2015
                                             2007
 MINIMUM TEMPERATURE (F)   47        26      1957
                                             1944


SUNRISE AND SUNSET
DECEMBER 11 2016......SUNRISE   706 AM CST   SUNSET   523 PM CST
DECEMBER 12 2016......SUNRISE   707 AM CST   SUNSET   523 PM CST


-  INDICATES NEGATIVE NUMBERS.
R  INDICATES RECORD WAS SET OR TIED.
MM INDICATES DATA IS MISSING.
T  INDICATES TRACE AMOUNT.




$$
