000
CDUS44 KHGX 270717
CLIHOU


CLIMATE REPORT
NATIONAL WEATHER SERVICE HOUSTON/GALVESTON TX
217 AM CDT TUE SEP 27 2016


...................................

...THE HOUSTON INTERCONTINENTAL CLIMATE SUMMARY FOR SEPTEMBER 26 2016...

CLIMATE NORMAL PERIOD 1981 TO 2010
CLIMATE RECORD PERIOD 1892 TO 2016


WEATHER ITEM   OBSERVED TIME   RECORD YEAR NORMAL DEPARTURE LAST
                VALUE   (LST)  VALUE       VALUE  FROM      YEAR
                                                  NORMAL
..................................................................
TEMPERATURE (F)
 YESTERDAY
  MAXIMUM         86    333 PM  99    2005  87     -1       94
  MINIMUM         73   1013 PM  49    2000  67      6       68
  AVERAGE         80                        77      3       81

PRECIPITATION (IN)
  YESTERDAY        0.02          2.86 1896   0.13  -0.11     0.00
  MONTH TO DATE    1.70                      3.61  -1.91     2.39
  SINCE SEP 1      1.70                      3.61  -1.91     2.39
  SINCE JAN 1     55.27                     35.48  19.79    47.77

DEGREE DAYS
 HEATING
  YESTERDAY        0                         0      0        0
  MONTH TO DATE    0                         0      0        0
  SINCE SEP 1      0                         0      0        0
  SINCE JUL 1      0                         0      0        0

 COOLING
  YESTERDAY       15                        12      3       16
  MONTH TO DATE  495                       398     97      408
  SINCE SEP 1    495                       398     97      408
  SINCE JAN 1   2903                      2780    123     2913
..................................................................


WIND (MPH)
  HIGHEST WIND SPEED    21   HIGHEST WIND DIRECTION    NE (40)
  HIGHEST GUST SPEED    24   HIGHEST GUST DIRECTION    NE (40)




RELATIVE HUMIDITY (PERCENT)
 HIGHEST    94
 LOWEST     65
 AVERAGE    80

..........................................................


THE HOUSTON INTERCONTINENTAL CLIMATE NORMALS FOR TODAY
                         NORMAL    RECORD    YEAR
 MAXIMUM TEMPERATURE (F)   87       100      2005
 MINIMUM TEMPERATURE (F)   66        45      1942


SUNRISE AND SUNSET
SEPTEMBER 27 2016.....SUNRISE   713 AM CDT   SUNSET   711 PM CDT
SEPTEMBER 28 2016.....SUNRISE   713 AM CDT   SUNSET   710 PM CDT


-  INDICATES NEGATIVE NUMBERS.
R  INDICATES RECORD WAS SET OR TIED.
MM INDICATES DATA IS MISSING.
T  INDICATES TRACE AMOUNT.


&&

...................................

...THE HOUSTON/HOBBY AIRPORT CLIMATE SUMMARY FOR SEPTEMBER 26 2016...

CLIMATE NORMAL PERIOD 1981 TO 2010
CLIMATE RECORD PERIOD 1930 TO 2016


WEATHER ITEM   OBSERVED TIME   RECORD YEAR NORMAL DEPARTURE LAST
                VALUE   (LST)  VALUE       VALUE  FROM      YEAR
                                                  NORMAL
..................................................................
TEMPERATURE (F)
 YESTERDAY
  MAXIMUM         91    259 PM  97    2005  86      5       93
  MINIMUM         74   1159 PM  53    2000  69      5       70
                                      1940
  AVERAGE         83                        78      5       82

PRECIPITATION (IN)
  YESTERDAY        0.11          2.31 1935   0.15  -0.04      T
  MONTH TO DATE    2.31                      4.62  -2.31     3.11
  SINCE SEP 1      2.31                      4.62  -2.31     3.11
  SINCE JAN 1     49.62                     39.72   9.90    56.17

DEGREE DAYS
 HEATING
  YESTERDAY        0                         0      0        0
  MONTH TO DATE    0                         0      0        0
  SINCE SEP 1      0                         0      0        0
  SINCE JUL 1      0                         0      0        0

 COOLING
  YESTERDAY       18                        13      5       17
  MONTH TO DATE  511                       405    106      416
  SINCE SEP 1    511                       405    106      416
  SINCE JAN 1   3142                      2746    396     2985
..................................................................


WIND (MPH)
  HIGHEST WIND SPEED    17   HIGHEST WIND DIRECTION    SE (150)
  HIGHEST GUST SPEED    22   HIGHEST GUST DIRECTION    SE (150)




RELATIVE HUMIDITY (PERCENT)
 HIGHEST    94
 LOWEST     56
 AVERAGE    75

..........................................................


THE HOUSTON/HOBBY AIRPORT CLIMATE NORMALS FOR TODAY
                         NORMAL    RECORD    YEAR
 MAXIMUM TEMPERATURE (F)   86        98      2005
 MINIMUM TEMPERATURE (F)   69        46      1942


SUNRISE AND SUNSET
SEPTEMBER 27 2016.....SUNRISE   712 AM CDT   SUNSET   711 PM CDT
SEPTEMBER 28 2016.....SUNRISE   713 AM CDT   SUNSET   710 PM CDT


-  INDICATES NEGATIVE NUMBERS.
R  INDICATES RECORD WAS SET OR TIED.
MM INDICATES DATA IS MISSING.
T  INDICATES TRACE AMOUNT.




$$
