000
CDUS44 KHGX 210724
CLIHOU


CLIMATE REPORT
NATIONAL WEATHER SERVICE HOUSTON/GALVESTON TX
223 AM CDT TUE OCT 21 2014


...................................

...THE HOUSTON INTERCONTINENTAL CLIMATE SUMMARY FOR OCTOBER 20 2014...

CLIMATE NORMAL PERIOD 1981 TO 2010
CLIMATE RECORD PERIOD 1892 TO 2014


WEATHER ITEM   OBSERVED TIME   RECORD YEAR NORMAL DEPARTURE LAST
                VALUE   (LST)  VALUE       VALUE  FROM      YEAR
                                                  NORMAL
..................................................................
TEMPERATURE (F)
 YESTERDAY
  MAXIMUM         83    212 PM  93    2004  81      2       75
  MINIMUM         59    503 AM  32    1989  60     -1       46
  AVERAGE         71                        70      1       61

PRECIPITATION (IN)
  YESTERDAY        0.00          2.54 1993   0.20  -0.20     0.00
  MONTH TO DATE    2.95                      3.63  -0.68     2.79
  SINCE SEP 1      6.83                      7.75  -0.92     7.88
  SINCE JAN 1     34.72                     39.62  -4.90    29.08

SNOWFALL (IN)
  YESTERDAY        0.0           0.0  2002
                                      2001
  MONTH TO DATE    0.0
  SINCE SEP 1      0.0
  SINCE JUL 1      0.0

DEGREE DAYS
 HEATING
  YESTERDAY        0                         1     -1        4
  MONTH TO DATE    0                         9     -9        8
  SINCE SEP 1      0                        10    -10        8
  SINCE JUL 1      0                        10    -10        8

 COOLING
  YESTERDAY        6                         6      0        0
  MONTH TO DATE  193                       168     25      166
  SINCE SEP 1    667                       611     56      694
  SINCE JAN 1   2943                      2993    -50     3087
..................................................................


WIND (MPH)
  HIGHEST WIND SPEED    12   HIGHEST WIND DIRECTION     N (20)
  HIGHEST GUST SPEED    20   HIGHEST GUST DIRECTION    NE (60)




RELATIVE HUMIDITY (PERCENT)
 HIGHEST    93
 LOWEST     45
 AVERAGE    69

..........................................................


THE HOUSTON INTERCONTINENTAL CLIMATE NORMALS FOR TODAY
                         NORMAL    RECORD    YEAR
 MAXIMUM TEMPERATURE (F)   81        93      2004
 MINIMUM TEMPERATURE (F)   60        33      1976


SUNRISE AND SUNSET
OCTOBER 21 2014.......SUNRISE   727 AM CDT   SUNSET   644 PM CDT
OCTOBER 22 2014.......SUNRISE   728 AM CDT   SUNSET   643 PM CDT


-  INDICATES NEGATIVE NUMBERS.
R  INDICATES RECORD WAS SET OR TIED.
MM INDICATES DATA IS MISSING.
T  INDICATES TRACE AMOUNT.




...................................

...THE HOUSTON/HOBBY AIRPORT CLIMATE SUMMARY FOR OCTOBER 20 2014...

CLIMATE NORMAL PERIOD 1981 TO 2010
CLIMATE RECORD PERIOD 1930 TO 2014


WEATHER ITEM   OBSERVED TIME   RECORD YEAR NORMAL DEPARTURE LAST
                VALUE   (LST)  VALUE       VALUE  FROM      YEAR
                                                  NORMAL
..................................................................
TEMPERATURE (F)
 YESTERDAY
  MAXIMUM         82    215 PM  92    2004  80      2       75
  MINIMUM         63    647 AM  37    1989  62      1       50
  AVERAGE         73                        71      2       63

PRECIPITATION (IN)
  YESTERDAY        0.00          7.02 1993   0.22  -0.22     0.00
  MONTH TO DATE    2.56                      3.78  -1.22     4.68
  SINCE SEP 1      7.55                      8.99  -1.44    10.63
  SINCE JAN 1     32.08                     44.09 -12.01    33.50

SNOWFALL (IN)
  YESTERDAY        0.0          MM      MM
  MONTH TO DATE    0.0
  SINCE SEP 1      0.0
  SINCE JUL 1      0.0

DEGREE DAYS
 HEATING
  YESTERDAY        0                         1     -1        2
  MONTH TO DATE    0                         5     -5        3
  SINCE SEP 1      0                         5     -5        3
  SINCE JUL 1      0                         5     -5        3

 COOLING
  YESTERDAY        8                         7      1        0
  MONTH TO DATE  219                       180     39      186
  SINCE SEP 1    705                       632     73      732
  SINCE JAN 1   3009                      2973     36     3158
..................................................................


WIND (MPH)
  HIGHEST WIND SPEED    10   HIGHEST WIND DIRECTION     E (70)
  HIGHEST GUST SPEED    14   HIGHEST GUST DIRECTION     N (10)




RELATIVE HUMIDITY (PERCENT)
 HIGHEST    87
 LOWEST     51
 AVERAGE    69

..........................................................


THE HOUSTON/HOBBY AIRPORT CLIMATE NORMALS FOR TODAY
                         NORMAL    RECORD    YEAR
 MAXIMUM TEMPERATURE (F)   80        91      1949
 MINIMUM TEMPERATURE (F)   62        40      1976


SUNRISE AND SUNSET
OCTOBER 21 2014.......SUNRISE   727 AM CDT   SUNSET   644 PM CDT
OCTOBER 22 2014.......SUNRISE   727 AM CDT   SUNSET   643 PM CDT


-  INDICATES NEGATIVE NUMBERS.
R  INDICATES RECORD WAS SET OR TIED.
MM INDICATES DATA IS MISSING.
T  INDICATES TRACE AMOUNT.




$$
