000
CDUS44 KHGX 021314
CLIHOU

CLIMATE REPORT
NATIONAL WEATHER SERVICE HOUSTON/GALVESTON TX
810 AM CDT SUN AUG 2 2015


...MORNING CLIMATE DATA...

                            MORNING LOW    PRECIP SINCE MIDNIGHT
HOUSTON INTERCONTINENTAL         72                0.00
GALVESTON SCHOLES FIELD          81                0.00
BRYAN/COLLEGE STATION            72                0.00
HOUSTON HOBBY                    75                0.00
...................................

...THE HOUSTON INTERCONTINENTAL CLIMATE SUMMARY FOR AUGUST 1 2015...

CLIMATE NORMAL PERIOD 1981 TO 2010
CLIMATE RECORD PERIOD 1892 TO 2015


WEATHER ITEM   OBSERVED TIME   RECORD YEAR NORMAL DEPARTURE LAST
                VALUE   (LST)  VALUE       VALUE  FROM      YEAR
                                                  NORMAL
..................................................................
TEMPERATURE (F)
 YESTERDAY
  MAXIMUM         97    434 PM 103    1998  95      2       87
  MINIMUM         72    530 AM  67    1984  75     -3       73
                                      1891
  AVERAGE         85                        85      0       80

PRECIPITATION (IN)
  YESTERDAY        0.00          2.10 1975   0.10  -0.10     0.01
  MONTH TO DATE    0.00                      0.10  -0.10     0.01
  SINCE JUN 1     12.00                      9.82   2.18     7.59
  SINCE JAN 1     42.44                     28.21  14.23    26.66

DEGREE DAYS
 COOLING
  YESTERDAY       20                        20      0       15
  MONTH TO DATE   20                        20      0       15
  SINCE JUN 1   1203                      1141     62     1136
  SINCE JAN 1   1895                      1793    102     1677
..................................................................


WIND (MPH)
  HIGHEST WIND SPEED    18   HIGHEST WIND DIRECTION    NE (40)
  HIGHEST GUST SPEED    23   HIGHEST GUST DIRECTION    NE (50)




RELATIVE HUMIDITY (PERCENT)
 HIGHEST    79
 LOWEST     30
 AVERAGE    55

..........................................................


THE HOUSTON INTERCONTINENTAL CLIMATE NORMALS FOR TODAY
                         NORMAL    RECORD    YEAR
 MAXIMUM TEMPERATURE (F)   95       104      1998
 MINIMUM TEMPERATURE (F)   75        68      1891


SUNRISE AND SUNSET
AUGUST  2 2015........SUNRISE   641 AM CDT   SUNSET   814 PM CDT
AUGUST  3 2015........SUNRISE   642 AM CDT   SUNSET   813 PM CDT


-  INDICATES NEGATIVE NUMBERS.
R  INDICATES RECORD WAS SET OR TIED.
MM INDICATES DATA IS MISSING.
T  INDICATES TRACE AMOUNT.



&&
...................................

...THE HOUSTON/HOBBY AIRPORT CLIMATE SUMMARY FOR AUGUST 1 2015...

CLIMATE NORMAL PERIOD 1981 TO 2010
CLIMATE RECORD PERIOD 1930 TO 2015


WEATHER ITEM   OBSERVED TIME   RECORD YEAR NORMAL DEPARTURE LAST
                VALUE   (LST)  VALUE       VALUE  FROM      YEAR
                                                  NORMAL
..................................................................
TEMPERATURE (F)
 YESTERDAY
  MAXIMUM         98    237 PM 101    1998  93      5       89
  MINIMUM         76    453 AM  69    1938  76      0       74
                                      1936
  AVERAGE         87                        84      3       82

PRECIPITATION (IN)
  YESTERDAY        0.00          8.58 1989   0.14  -0.14     0.85
  MONTH TO DATE    0.00                      0.14  -0.14     0.85
  SINCE JUN 1      7.44                     11.90  -4.46     5.09
  SINCE JAN 1     42.30                     30.18  12.12    21.93

DEGREE DAYS
 COOLING
  YESTERDAY       22                        19      3       17
  MONTH TO DATE   22                        19      3       17
  SINCE JUN 1   1218                      1112    106     1141
  SINCE JAN 1   1957                      1766    191     1692
..................................................................


WIND (MPH)
  HIGHEST WIND SPEED    16   HIGHEST WIND DIRECTION    NE (50)
  HIGHEST GUST SPEED    22   HIGHEST GUST DIRECTION    NE (40)




RELATIVE HUMIDITY (PERCENT)
 HIGHEST    85
 LOWEST     27
 AVERAGE    56

..........................................................


THE HOUSTON/HOBBY AIRPORT CLIMATE NORMALS FOR TODAY
                         NORMAL    RECORD    YEAR
 MAXIMUM TEMPERATURE (F)   93       101      1998
 MINIMUM TEMPERATURE (F)   76        67      1936


SUNRISE AND SUNSET
AUGUST  2 2015........SUNRISE   641 AM CDT   SUNSET   813 PM CDT
AUGUST  3 2015........SUNRISE   642 AM CDT   SUNSET   812 PM CDT


-  INDICATES NEGATIVE NUMBERS.
R  INDICATES RECORD WAS SET OR TIED.
MM INDICATES DATA IS MISSING.
T  INDICATES TRACE AMOUNT.

...MISCELLANEOUS CLIMATE DATA FOR YESTERDAY...

LOCATION                        HIGH    LOW     PRECIP
PEARLAND                         98      76      0.00
SUGAR LAND                       98      72      0.00
TOMBALL                          96      71      0.00
CONROE                           98      68      0.00
HUNTSVILLE                       97      68      0.00
ANGLETON/LAKE JACKSON            98      74      0.00
PALACIOS                        100      75      0.00
LEAGUE CITY (NWS)                95      74      0.00


THIS PRODUCT...ALONG WITH OTHER WEATHER...HYDROLOGIC...AND CLIMATE
PRODUCTS...IS AVAILABLE ON THE WEB AT HTTP://WWW.SRH.NOAA.GOV/HGX
OR AT HTTP://WEATHER.GOV

$$
