582
CDUS44 KHGX 232219
CLIHOU

CLIMATE REPORT
NATIONAL WEATHER SERVICE HOUSTON/GALVESTON TX
416 PM CST THU NOV 23 2017


...................................

...THE HOUSTON INTERCONTINENTAL CLIMATE SUMMARY FOR NOVEMBER 23 2017...
VALID TODAY AS OF 400 PM LOCAL TIME.

CLIMATE NORMAL PERIOD 1981 TO 2010
CLIMATE RECORD PERIOD 1892 TO 2017


WEATHER ITEM   OBSERVED TIME   RECORD YEAR NORMAL DEPARTURE LAST
                VALUE   (LST)  VALUE       VALUE  FROM      YEAR
                                                  NORMAL
..................................................................
TEMPERATURE (F)
 TODAY
  MAXIMUM         66    357 PM  85    2010  70     -4       74
                                      1973
  MINIMUM         38    622 AM  24    1975  50    -12       52
  AVERAGE         52                        60     -8       63

PRECIPITATION (IN)
  TODAY            0.00          3.81 1986   0.14  -0.14     0.31
  MONTH TO DATE    0.50                      3.35  -2.85     1.93
  SINCE SEP 1      5.15                     13.17  -8.02     3.77
  SINCE JAN 1     75.97                     45.04  30.93    57.34

SNOWFALL (IN)
  TODAY            0.0           0.0  2002   0.0    0.0      0.0
                                      2001
  MONTH TO DATE    0.0                       0.0    0.0      0.0
  SINCE SEP 1      0.0                       0.0    0.0      0.0
  SINCE JUL 1      0.0                       0.0    0.0      0.0
  SNOW DEPTH       0

DEGREE DAYS
 HEATING
  TODAY           13                         7      6        2
  MONTH TO DATE   56                       100    -44       37
  SINCE SEP 1     92                       130    -38       40
  SINCE JUL 1     92                       130    -38       40
..................................................................


WIND (MPH)
  RESULTANT WIND SPEED   3   RESULTANT WIND DIRECTION   N (360)
  HIGHEST WIND SPEED    10   HIGHEST WIND DIRECTION     N (340)
  HIGHEST GUST SPEED    15   HIGHEST GUST DIRECTION     N (340)
  AVERAGE WIND SPEED     3.9



WEATHER CONDITIONS
 THE FOLLOWING WEATHER WAS RECORDED TODAY.
  NO SIGNIFICANT WEATHER WAS OBSERVED.


RELATIVE HUMIDITY (PERCENT)
 HIGHEST    85           700 AM
 LOWEST     29           400 PM
 AVERAGE    57

..........................................................


THE HOUSTON INTERCONTINENTAL CLIMATE NORMALS FOR TOMORROW
                         NORMAL    RECORD    YEAR
 MAXIMUM TEMPERATURE (F)   70        84      1910
 MINIMUM TEMPERATURE (F)   49        26      1970


SUNRISE AND SUNSET
NOVEMBER 23 2017......SUNRISE   653 AM CST   SUNSET   522 PM CST
NOVEMBER 24 2017......SUNRISE   654 AM CST   SUNSET   522 PM CST


-  INDICATES NEGATIVE NUMBERS.
R  INDICATES RECORD WAS SET OR TIED.
MM INDICATES DATA IS MISSING.
T  INDICATES TRACE AMOUNT.


&&

...................................

...THE HOUSTON/HOBBY AIRPORT CLIMATE SUMMARY FOR NOVEMBER 23 2017...
VALID TODAY AS OF 400 PM LOCAL TIME.

CLIMATE NORMAL PERIOD 1981 TO 2010
CLIMATE RECORD PERIOD 1930 TO 2017


WEATHER ITEM   OBSERVED TIME   RECORD YEAR NORMAL DEPARTURE LAST
                VALUE   (LST)  VALUE       VALUE  FROM      YEAR
                                                  NORMAL
..................................................................
TEMPERATURE (F)
 TODAY
  MAXIMUM         65    341 PM  84    1973  70     -5       74
                                      1967
  MINIMUM         42    711 AM  30    1975  52    -10       55
  AVERAGE         54                        61     -7       65

PRECIPITATION (IN)
  TODAY            0.00          3.11 1986   0.14  -0.14     0.46
  MONTH TO DATE    1.11                      3.36  -2.25     2.46
  SINCE SEP 1      7.38                     14.56  -7.18     5.75
  SINCE JAN 1     74.50                     49.66  24.84    53.06

SNOWFALL (IN)
  TODAY            0.0          MM      MM   0.0    0.0      0.0
  MONTH TO DATE    0.0                       0.0    0.0      0.0
  SINCE SEP 1      0.0                       0.0    0.0      0.0
  SINCE JUL 1      0.0                       0.0    0.0      0.0
  SNOW DEPTH       0

DEGREE DAYS
 HEATING
  TODAY           11                         6      5        0
  MONTH TO DATE   45                        87    -42       27
  SINCE SEP 1     69                       108    -39       28
  SINCE JUL 1     69                       108    -39       28
..................................................................


WIND (MPH)
  RESULTANT WIND SPEED   6   RESULTANT WIND DIRECTION   N (0)
  HIGHEST WIND SPEED    12   HIGHEST WIND DIRECTION     N (350)
  HIGHEST GUST SPEED    14   HIGHEST GUST DIRECTION    NW (320)
  AVERAGE WIND SPEED     6.8



WEATHER CONDITIONS
 THE FOLLOWING WEATHER WAS RECORDED TODAY.
  NO SIGNIFICANT WEATHER WAS OBSERVED.


RELATIVE HUMIDITY (PERCENT)
 HIGHEST    82           700 AM
 LOWEST     30           300 PM
 AVERAGE    56

..........................................................


THE HOUSTON/HOBBY AIRPORT CLIMATE NORMALS FOR TOMORROW
                         NORMAL    RECORD    YEAR
 MAXIMUM TEMPERATURE (F)   70        86      1967
 MINIMUM TEMPERATURE (F)   51        30      1970


SUNRISE AND SUNSET
NOVEMBER 23 2017......SUNRISE   652 AM CST   SUNSET   523 PM CST
NOVEMBER 24 2017......SUNRISE   653 AM CST   SUNSET   522 PM CST


-  INDICATES NEGATIVE NUMBERS.
R  INDICATES RECORD WAS SET OR TIED.
MM INDICATES DATA IS MISSING.
T  INDICATES TRACE AMOUNT.

...MISCELLANEOUS CLIMATE DATA FOR TODAY...

LOCATION                        HIGH    LOW     PRECIP
PEARLAND                         67      44      0.00
SUGAR LAND                       67      40      0.00
TOMBALL                          66      37      0.00
CONROE                           66      34      0.00
HUNTSVILLE                       64      33      0.00
ANGLETON/LAKE JACKSON            68      39      0.00
PALACIOS                         69      38      0.00
LEAGUE CITY (NWS)                65      42      0.00


THIS PRODUCT...ALONG WITH OTHER WEATHER...HYDROLOGIC...AND CLIMATE
PRODUCTS...IS AVAILABLE ON THE WEB AT HTTP://WWW.WEATHER.GOV/HGX


$$
