000
CDUS44 KHGX 232117
CLIHOU

CLIMATE REPORT
NATIONAL WEATHER SERVICE HOUSTON/GALVESTON TX
415 PM CDT FRI JUN 23 2017


...................................

...THE HOUSTON INTERCONTINENTAL CLIMATE SUMMARY FOR JUNE 23 2017...
VALID TODAY AS OF 400 PM LOCAL TIME.

CLIMATE NORMAL PERIOD 1981 TO 2010
CLIMATE RECORD PERIOD 1892 TO 2017


WEATHER ITEM   OBSERVED TIME   RECORD YEAR NORMAL DEPARTURE LAST
                VALUE   (LST)  VALUE       VALUE  FROM      YEAR
                                                  NORMAL
..................................................................
TEMPERATURE (F)
 TODAY
  MAXIMUM         96    253 PM 101    2009  92      4       93
  MINIMUM         80    607 AM  60    1904  74      6       74
  AVERAGE         88                        83      5       84

PRECIPITATION (IN)
  TODAY            0.00          2.22 1892   0.20  -0.20     0.00
  MONTH TO DATE    3.61                      4.57  -0.96    12.85
  SINCE JUN 1      3.61                      4.57  -0.96    12.85
  SINCE JAN 1     21.84                     22.96  -1.12    41.80

DEGREE DAYS
 COOLING
  TODAY           23                        18      5       19
  MONTH TO DATE  402                       391     11      382
  SINCE JUN 1    402                       391     11      382
  SINCE JAN 1   1311                      1043    268      963
..................................................................


WIND (MPH)
  RESULTANT WIND SPEED   8   RESULTANT WIND DIRECTION   S (170)
  HIGHEST WIND SPEED    15   HIGHEST WIND DIRECTION     S (170)
  HIGHEST GUST SPEED    22   HIGHEST GUST DIRECTION    SE (150)
  AVERAGE WIND SPEED     8.3



WEATHER CONDITIONS
 THE FOLLOWING WEATHER WAS RECORDED TODAY.
  NO SIGNIFICANT WEATHER WAS OBSERVED.


RELATIVE HUMIDITY (PERCENT)
 HIGHEST    91           200 AM
 LOWEST     48           300 PM
 AVERAGE    70

..........................................................


THE HOUSTON INTERCONTINENTAL CLIMATE NORMALS FOR TOMORROW
                         NORMAL    RECORD    YEAR
 MAXIMUM TEMPERATURE (F)   92       104      2009
 MINIMUM TEMPERATURE (F)   74        61      1904
                                             1902


SUNRISE AND SUNSET
JUNE 23 2017..........SUNRISE   621 AM CDT   SUNSET   826 PM CDT
JUNE 24 2017..........SUNRISE   622 AM CDT   SUNSET   826 PM CDT


-  INDICATES NEGATIVE NUMBERS.
R  INDICATES RECORD WAS SET OR TIED.
MM INDICATES DATA IS MISSING.
T  INDICATES TRACE AMOUNT.


&&

...................................

...THE HOUSTON/HOBBY AIRPORT CLIMATE SUMMARY FOR JUNE 23 2017...
VALID TODAY AS OF 400 PM LOCAL TIME.

CLIMATE NORMAL PERIOD 1981 TO 2010
CLIMATE RECORD PERIOD 1930 TO 2017


WEATHER ITEM   OBSERVED TIME   RECORD YEAR NORMAL DEPARTURE LAST
                VALUE   (LST)  VALUE       VALUE  FROM      YEAR
                                                  NORMAL
..................................................................
TEMPERATURE (F)
 TODAY
  MAXIMUM         95   1201 PM  98    2009  91      4       92
  MINIMUM         80    528 AM  67    1955  75      5       75
                                      1933
  AVERAGE         88                        83      5       84

PRECIPITATION (IN)
  TODAY            0.00          1.92 1996   0.24  -0.24     0.00
  MONTH TO DATE    3.71                      5.49  -1.78     7.75
  SINCE JUN 1      3.71                      5.49  -1.78     7.75
  SINCE JAN 1     23.64                     23.77  -0.13    32.60

DEGREE DAYS
 COOLING
  TODAY           23                        18      5       19
  MONTH TO DATE  408                       384     24      410
  SINCE JUN 1    408                       384     24      410
  SINCE JAN 1   1342                      1038    304     1181
..................................................................


WIND (MPH)
  RESULTANT WIND SPEED  10   RESULTANT WIND DIRECTION   S (180)
  HIGHEST WIND SPEED    17   HIGHEST WIND DIRECTION     S (200)
  HIGHEST GUST SPEED    23   HIGHEST GUST DIRECTION    SW (210)
  AVERAGE WIND SPEED     9.9



WEATHER CONDITIONS
 THE FOLLOWING WEATHER WAS RECORDED TODAY.
  NO SIGNIFICANT WEATHER WAS OBSERVED.


RELATIVE HUMIDITY (PERCENT)
 HIGHEST    91           100 AM
 LOWEST     52          1200 PM
 AVERAGE    72

..........................................................


THE HOUSTON/HOBBY AIRPORT CLIMATE NORMALS FOR TOMORROW
                         NORMAL    RECORD    YEAR
 MAXIMUM TEMPERATURE (F)   91       101      2009
 MINIMUM TEMPERATURE (F)   75        68      1934


SUNRISE AND SUNSET
JUNE 23 2017..........SUNRISE   622 AM CDT   SUNSET   825 PM CDT
JUNE 24 2017..........SUNRISE   622 AM CDT   SUNSET   825 PM CDT


-  INDICATES NEGATIVE NUMBERS.
R  INDICATES RECORD WAS SET OR TIED.
MM INDICATES DATA IS MISSING.
T  INDICATES TRACE AMOUNT.

...MISCELLANEOUS CLIMATE DATA FOR TODAY...

LOCATION                        HIGH    LOW     PRECIP
PEARLAND                         94      82      0.00
SUGAR LAND                       96      80      0.00
TOMBALL                          96      80      0.00
CONROE                           94      78      0.00
HUNTSVILLE                       93      78      0.00
ANGLETON/LAKE JACKSON            92      81      0.00
PALACIOS                         89      81      0.00
LEAGUE CITY (NWS)                91      81      0.00


THIS PRODUCT...ALONG WITH OTHER WEATHER...HYDROLOGIC...AND CLIMATE
PRODUCTS...IS AVAILABLE ON THE WEB AT HTTP://WWW.WEATHER.GOV/HGX

$$
