000
CDUS44 KHGX 312131
CLIHOU

CLIMATE REPORT
NATIONAL WEATHER SERVICE HOUSTON/GALVESTON TX
431 PM CDT FRI OCT 31 2014


...................................

...THE HOUSTON INTERCONTINENTAL CLIMATE SUMMARY FOR OCTOBER 31 2014...
VALID TODAY AS OF 400 PM LOCAL TIME.

CLIMATE NORMAL PERIOD 1981 TO 2010
CLIMATE RECORD PERIOD 1892 TO 2014


WEATHER ITEM   OBSERVED TIME   RECORD YEAR NORMAL DEPARTURE LAST
                VALUE   (LST)  VALUE       VALUE  FROM      YEAR
                                                  NORMAL
..................................................................
TEMPERATURE (F)
 TODAY
  MAXIMUM         79    155 PM  88    2004  78      1       79
                                      1977
                                      1972
  MINIMUM         56    530 AM  29    1993  57     -1       55
  AVERAGE         68                        67      1       67

PRECIPITATION (IN)
  TODAY            0.00          3.84 1909   0.16  -0.16     1.15
  MONTH TO DATE    2.95                      5.70  -2.75     7.08
  SINCE SEP 1      6.83                      9.82  -2.99    12.17
  SINCE JAN 1     34.72                     41.69  -6.97    33.37

SNOWFALL (IN)
  TODAY            0.0           0.0  2002   0.0    0.0     MM
                                      2001
  MONTH TO DATE    0.0                       0.0    0.0      0.0
  SINCE SEP 1      0.0                       0.0    0.0      0.0
  SINCE JUL 1      0.0                       0.0    0.0      0.0
  SNOW DEPTH       0

DEGREE DAYS
 HEATING
  TODAY            0                         2     -2        0
  MONTH TO DATE    0                        27    -27        8
  SINCE SEP 1      0                        30    -30        8
  SINCE JUL 1      0                        30    -30        8

 COOLING
  TODAY            3                         5     -2        2
  MONTH TO DATE  250                       229     21      212
  SINCE SEP 1    724                       672     52      740
  SINCE JAN 1   3000                      3054    -54     3133
..................................................................


WIND (MPH)
  RESULTANT WIND SPEED   7   RESULTANT WIND DIRECTION   N (350)
  HIGHEST WIND SPEED    22   HIGHEST WIND DIRECTION     N (10)
  HIGHEST GUST SPEED    25   HIGHEST GUST DIRECTION     N (360)
  AVERAGE WIND SPEED     7.8



WEATHER CONDITIONS
 THE FOLLOWING WEATHER WAS RECORDED TODAY.
  NO SIGNIFICANT WEATHER WAS OBSERVED.


RELATIVE HUMIDITY (PERCENT)
 HIGHEST    87           600 AM
 LOWEST     25           300 PM
 AVERAGE    56

..........................................................


THE HOUSTON INTERCONTINENTAL CLIMATE NORMALS FOR TOMORROW
                         NORMAL    RECORD    YEAR
 MAXIMUM TEMPERATURE (F)   77        89      2010
                                             1978
 MINIMUM TEMPERATURE (F)   57        35      1993
                                             1991


SUNRISE AND SUNSET
OCTOBER 31 2014.......SUNRISE   734 AM CDT   SUNSET   635 PM CDT
NOVEMBER  1 2014......SUNRISE   735 AM CDT   SUNSET   634 PM CDT


-  INDICATES NEGATIVE NUMBERS.
R  INDICATES RECORD WAS SET OR TIED.
MM INDICATES DATA IS MISSING.
T  INDICATES TRACE AMOUNT.




...................................

...THE HOUSTON/HOBBY AIRPORT CLIMATE SUMMARY FOR OCTOBER 31 2014...
VALID TODAY AS OF 400 PM LOCAL TIME.

CLIMATE NORMAL PERIOD 1981 TO 2010
CLIMATE RECORD PERIOD 1930 TO 2014


WEATHER ITEM   OBSERVED TIME   RECORD YEAR NORMAL DEPARTURE LAST
                VALUE   (LST)  VALUE       VALUE  FROM      YEAR
                                                  NORMAL
..................................................................
TEMPERATURE (F)
 TODAY
  MAXIMUM         78    246 PM  90    1977  77      1       79
  MINIMUM         60    638 AM  33    1993  59      1       59
  AVERAGE         69                        68      1       69

PRECIPITATION (IN)
  TODAY            0.00          3.68 1974   0.18  -0.18     2.72
  MONTH TO DATE    2.56                      5.99  -3.43     9.79
  SINCE SEP 1      7.55                     11.20  -3.65    15.74
  SINCE JAN 1     32.08                     46.30 -14.22    38.61

SNOWFALL (IN)
  TODAY            0.0          MM      MM   0.0    0.0      0.0
  MONTH TO DATE    0.0                       0.0    0.0      0.0
  SINCE SEP 1      0.0                       0.0    0.0      0.0
  SINCE JUL 1      0.0                       0.0    0.0      0.0
  SNOW DEPTH       0

DEGREE DAYS
 HEATING
  TODAY            0                         2     -2        0
  MONTH TO DATE    0                        19    -19        3
  SINCE SEP 1      0                        21    -21        3
  SINCE JUL 1      0                        21    -21        3

 COOLING
  TODAY            4                         5     -1        4
  MONTH TO DATE  294                       243     51      246
  SINCE SEP 1    780                       695     85      792
  SINCE JAN 1   3084                      3036     48     3218
..................................................................


WIND (MPH)
  RESULTANT WIND SPEED   7   RESULTANT WIND DIRECTION   N (350)
  HIGHEST WIND SPEED    21   HIGHEST WIND DIRECTION     N (350)
  HIGHEST GUST SPEED    25   HIGHEST GUST DIRECTION     N (350)
  AVERAGE WIND SPEED     7.5



WEATHER CONDITIONS
 THE FOLLOWING WEATHER WAS RECORDED TODAY.
  HAZE


RELATIVE HUMIDITY (PERCENT)
 HIGHEST    84          1200 AM
 LOWEST     29           100 PM
 AVERAGE    57

..........................................................


THE HOUSTON/HOBBY AIRPORT CLIMATE NORMALS FOR TOMORROW
                         NORMAL    RECORD    YEAR
 MAXIMUM TEMPERATURE (F)   77        90      1934
 MINIMUM TEMPERATURE (F)   58        34      1993


SUNRISE AND SUNSET
OCTOBER 31 2014.......SUNRISE   734 AM CDT   SUNSET   635 PM CDT
NOVEMBER  1 2014......SUNRISE   735 AM CDT   SUNSET   634 PM CDT


-  INDICATES NEGATIVE NUMBERS.
R  INDICATES RECORD WAS SET OR TIED.
MM INDICATES DATA IS MISSING.
T  INDICATES TRACE AMOUNT.


...MISCELLANEOUS CLIMATE DATA FOR TODAY...

LOCATION                        HIGH    LOW     PRECIP

PEARLAND                         80      59      0.00
SUGAR LAND                       80      58      0.00
TOMBALL                          77      55      0.00
CONROE                           77      51      0.00
HUNTSVILLE                       74      53      0.00
ANGLETON/LAKE JACKSON            78      54      0.00
PALACIOS                         81      63      0.00
LEAGUE CITY (NWS)                78      58      0.00


THIS PRODUCT...ALONG WITH OTHER WEATHER...HYDROLOGIC...AND CLIMATE
PRODUCTS...IS AVAILABLE ON THE WEB AT HTTP://WWW.SRH.NOAA.GOV/HGX
OR AT HTTP://WEATHER.GOV


$$
