348
CDUS44 KHGX 241312
CLIHOU

CLIMATE REPORT
NATIONAL WEATHER SERVICE HOUSTON/GALVESTON TX
810 AM CDT TUE MAY 24 2016

...MORNING CLIMATE DATA...

                            MORNING LOW    PRECIP SINCE MIDNIGHT
HOUSTON INTERCONTINENTAL         72                0.00
GALVESTON SCHOLES FIELD          77                0.00
BRYAN/COLLEGE STATION            71                0.00
HOUSTON HOBBY                    75                0.00

...................................

...THE HOUSTON INTERCONTINENTAL CLIMATE SUMMARY FOR MAY 23 2016...

CLIMATE NORMAL PERIOD 1981 TO 2010
CLIMATE RECORD PERIOD 1892 TO 2016


WEATHER ITEM   OBSERVED TIME   RECORD YEAR NORMAL DEPARTURE LAST
                VALUE   (LST)  VALUE       VALUE  FROM      YEAR
                                                  NORMAL
..................................................................
TEMPERATURE (F)
 YESTERDAY
  MAXIMUM         85    243 PM  95    1996  88     -3       85
                                      1890
  MINIMUM         68    603 AM  45    1892  69     -1       73
  AVERAGE         77                        79     -2       79

PRECIPITATION (IN)
  YESTERDAY        0.00          3.99 1959   0.16  -0.16     0.72
  MONTH TO DATE    2.75                      3.75  -1.00     6.51
  SINCE MAR 1     20.39                     10.47   9.92    18.95
  SINCE JAN 1     24.50                     17.05   7.45    22.78

DEGREE DAYS
 COOLING
  YESTERDAY       12                        14     -2       14
  MONTH TO DATE  200                       255    -55      276
  SINCE MAR 1    442                       498    -56      580
  SINCE JAN 1    479                       536    -57      590
..................................................................


WIND (MPH)
  HIGHEST WIND SPEED    21   HIGHEST WIND DIRECTION    SE (140)
  HIGHEST GUST SPEED    25   HIGHEST GUST DIRECTION    SE (140)


RELATIVE HUMIDITY (PERCENT)
 HIGHEST   100
 LOWEST     59
 AVERAGE    80

..........................................................


THE HOUSTON INTERCONTINENTAL CLIMATE NORMALS FOR TODAY
                         NORMAL    RECORD    YEAR
 MAXIMUM TEMPERATURE (F)   88        95      1955
 MINIMUM TEMPERATURE (F)   70        54      1892


SUNRISE AND SUNSET
MAY 24 2016...........SUNRISE   623 AM CDT   SUNSET   814 PM CDT
MAY 25 2016...........SUNRISE   623 AM CDT   SUNSET   814 PM CDT


-  INDICATES NEGATIVE NUMBERS.
R  INDICATES RECORD WAS SET OR TIED.
MM INDICATES DATA IS MISSING.
T  INDICATES TRACE AMOUNT.


&&

...................................

...THE HOUSTON/HOBBY AIRPORT CLIMATE SUMMARY FOR MAY 23 2016...

CLIMATE NORMAL PERIOD 1981 TO 2010
CLIMATE RECORD PERIOD 1930 TO 2016


WEATHER ITEM   OBSERVED TIME   RECORD YEAR NORMAL DEPARTURE LAST
                VALUE   (LST)  VALUE       VALUE  FROM      YEAR
                                                  NORMAL
..................................................................
TEMPERATURE (F)
 YESTERDAY
  MAXIMUM         86   1247 PM  93    2008  87     -1       87
                                      2005
                                      1961
  MINIMUM         72    442 AM  55    1967  70      2       76
  AVERAGE         79                        79      0       82

PRECIPITATION (IN)
  YESTERDAY        0.00          3.58 1959   0.16  -0.16     0.02
  MONTH TO DATE    4.90                      3.34   1.56     6.19
  SINCE MAR 1     17.99                      9.79   8.20    20.77
  SINCE JAN 1     22.16                     16.87   5.29    26.65

DEGREE DAYS
 COOLING
  YESTERDAY       14                        14      0       17
  MONTH TO DATE  259                       258      1      303
  SINCE MAR 1    610                       500    110      626
  SINCE JAN 1    648                       538    110      636
..................................................................


WIND (MPH)
  HIGHEST WIND SPEED    16   HIGHEST WIND DIRECTION     E (110)
  HIGHEST GUST SPEED    21   HIGHEST GUST DIRECTION     E (110)


RELATIVE HUMIDITY (PERCENT)
 HIGHEST    94
 LOWEST     61
 AVERAGE    78

..........................................................


THE HOUSTON/HOBBY AIRPORT CLIMATE NORMALS FOR TODAY
                         NORMAL    RECORD    YEAR
 MAXIMUM TEMPERATURE (F)   87        95      1955
 MINIMUM TEMPERATURE (F)   71        57      1940


SUNRISE AND SUNSET
MAY 24 2016...........SUNRISE   624 AM CDT   SUNSET   813 PM CDT
MAY 25 2016...........SUNRISE   623 AM CDT   SUNSET   813 PM CDT


-  INDICATES NEGATIVE NUMBERS.
R  INDICATES RECORD WAS SET OR TIED.
MM INDICATES DATA IS MISSING.
T  INDICATES TRACE AMOUNT.

...MISCELLANEOUS CLIMATE DATA FOR YESTERDAY...

LOCATION                        HIGH    LOW     PRECIP
PEARLAND                         86      72      0.00
SUGAR LAND                       85      72      0.13
TOMBALL                          87      71      0.00
CONROE                           86      69      0.00
HUNTSVILLE                       86      72      0.00
ANGLETON/LAKE JACKSON            85      71       T
PALACIOS                         84      73       T
LEAGUE CITY (NWS)                83      68      0.00


THIS PRODUCT...ALONG WITH OTHER WEATHER...HYDROLOGIC...AND CLIMATE
PRODUCTS...IS AVAILABLE ON THE WEB AT HTTP://WWW.SRH.NOAA.GOV/HGX
OR AT HTTP://WEATHER.GOV


$$
