000
CDUS44 KHGX 221313
CLIHOU

CLIMATE REPORT
NATIONAL WEATHER SERVICE HOUSTON/GALVESTON TX
813 AM CDT TUE JUL 22 2014


...MORNING CLIMATE DATA...

                            MORNING LOW    PRECIP SINCE MIDNIGHT
HOUSTON INTERCONTINENTAL         77                0.00
GALVESTON SCHOLES FIELD          81                0.00
BRYAN/COLLEGE STATION            76                0.00
HOUSTON HOBBY                    77                0.00

...................................



...THE HOUSTON INTERCONTINENTAL CLIMATE SUMMARY FOR JULY 21 2014...

CLIMATE NORMAL PERIOD 1981 TO 2010
CLIMATE RECORD PERIOD 1892 TO 2014


WEATHER ITEM   OBSERVED TIME   RECORD YEAR NORMAL DEPARTURE LAST
                VALUE   (LST)  VALUE       VALUE  FROM      YEAR
                                                  NORMAL
..................................................................
TEMPERATURE (F)
 YESTERDAY
  MAXIMUM         96    340 PM 101    2000  94      2       88
  MINIMUM         77    606 AM  65    1989  75      2       74
  AVERAGE         87                        85      2       81

PRECIPITATION (IN)
  YESTERDAY        0.00          1.09 1919   0.10  -0.10      T
  MONTH TO DATE    1.38                      2.79  -1.41     3.84
  SINCE JUN 1      3.56                      8.72  -5.16     8.30
  SINCE JAN 1     22.63                     27.11  -4.48    17.62

DEGREE DAYS
 COOLING
  YESTERDAY       22                        20      2       16
  MONTH TO DATE  384                       402    -18      383
  SINCE JUN 1    917                       922     -5      974
  SINCE JAN 1   1458                      1574   -116     1544
..................................................................


WIND (MPH)
  HIGHEST WIND SPEED    14   HIGHEST WIND DIRECTION    SE (150)
  HIGHEST GUST SPEED    17   HIGHEST GUST DIRECTION    SE (150)




RELATIVE HUMIDITY (PERCENT)
 HIGHEST    97
 LOWEST     46
 AVERAGE    72

..........................................................


THE HOUSTON INTERCONTINENTAL CLIMATE NORMALS FOR TODAY
                         NORMAL    RECORD    YEAR
 MAXIMUM TEMPERATURE (F)   94       101      2000
 MINIMUM TEMPERATURE (F)   75        67      1988


SUNRISE AND SUNSET
JULY 22 2014..........SUNRISE   635 AM CDT   SUNSET   821 PM CDT
JULY 23 2014..........SUNRISE   635 AM CDT   SUNSET   820 PM CDT


-  INDICATES NEGATIVE NUMBERS.
R  INDICATES RECORD WAS SET OR TIED.
MM INDICATES DATA IS MISSING.
T  INDICATES TRACE AMOUNT.




...................................

...THE HOUSTON/HOBBY AIRPORT CLIMATE SUMMARY FOR JULY 21 2014...

CLIMATE NORMAL PERIOD 1981 TO 2010
CLIMATE RECORD PERIOD 1930 TO 2014


WEATHER ITEM   OBSERVED TIME   RECORD YEAR NORMAL DEPARTURE LAST
                VALUE   (LST)  VALUE       VALUE  FROM      YEAR
                                                  NORMAL
..................................................................
TEMPERATURE (F)
 YESTERDAY
  MAXIMUM         96    341 PM  99    2000  92      4       88
  MINIMUM         78    608 AM  70    1989  76      2       75
                                      1970
  AVERAGE         87                        84      3       82

PRECIPITATION (IN)
  YESTERDAY        0.01          1.07 1967   0.13  -0.12     0.21
  MONTH TO DATE    0.69                      3.43  -2.74     1.29
  SINCE JUN 1      3.67                     10.53  -6.86     2.65
  SINCE JAN 1     20.51                     28.81  -8.30    21.11

DEGREE DAYS
 COOLING
  YESTERDAY       22                        19      3       17
  MONTH TO DATE  391                       393     -2      411
  SINCE JUN 1    920                       903     17     1013
  SINCE JAN 1   1471                      1557    -86     1583
..................................................................


WIND (MPH)
  HIGHEST WIND SPEED    24   HIGHEST WIND DIRECTION    SE (130)
  HIGHEST GUST SPEED    32   HIGHEST GUST DIRECTION    SE (140)




RELATIVE HUMIDITY (PERCENT)
 HIGHEST    91
 LOWEST     49
 AVERAGE    70

..........................................................


THE HOUSTON/HOBBY AIRPORT CLIMATE NORMALS FOR TODAY
                         NORMAL    RECORD    YEAR
 MAXIMUM TEMPERATURE (F)   93        99      1958
 MINIMUM TEMPERATURE (F)   76        70      1970
                                             1944
                                             1938


SUNRISE AND SUNSET
JULY 22 2014..........SUNRISE   635 AM CDT   SUNSET   820 PM CDT
JULY 23 2014..........SUNRISE   636 AM CDT   SUNSET   819 PM CDT


-  INDICATES NEGATIVE NUMBERS.
R  INDICATES RECORD WAS SET OR TIED.
MM INDICATES DATA IS MISSING.
T  INDICATES TRACE AMOUNT.



...MISCELLANEOUS CLIMATE DATA FOR YESTERDAY...

LOCATION                        HIGH    LOW     PRECIP

PEARLAND                         95      78      0.03
SUGAR LAND                       96      77      0.00
TOMBALL                          96      77      0.00
CONROE                           93      73      0.00
HUNTSVILLE                       94      76      0.00
ANGLETON/LAKE JACKSON            93      75      0.00
PALACIOS                         93      83      0.00
LEAGUE CITY (NWS)                93      76      0.00


THIS PRODUCT...ALONG WITH OTHER WEATHER...HYDROLOGIC...AND CLIMATE
PRODUCTS...IS AVAILABLE ON THE WEB AT HTTP://WWW.SRH.NOAA.GOV/HGX
OR AT HTTP://WEATHER.GOV


$$
