000
CDUS46 KSEW 040830
CLIHQM


CLIMATE REPORT
NATIONAL WEATHER SERVICE SEATTLE WA
1230 AM PST SUN DEC 4 2016


...................................

...THE HOQUIAM WA AIRPORT CLIMATE SUMMARY FOR DECEMBER 3 2016...

CLIMATE NORMAL PERIOD 1981 TO 2010
CLIMATE RECORD PERIOD 1953 TO 2016


WEATHER ITEM   OBSERVED TIME   RECORD YEAR NORMAL DEPARTURE LAST
                VALUE   (LST)  VALUE       VALUE  FROM      YEAR
                                                  NORMAL
..................................................................
TEMPERATURE (F)
 YESTERDAY
  MAXIMUM         50    531 PM  57    1989  47      3       53
                                      1979
  MINIMUM         43    817 AM  27    1954  37      6       45
  AVERAGE         47                        42      5       49

PRECIPITATION (IN)
  YESTERDAY        0.49          1.93 1982   0.35   0.14     1.06
  MONTH TO DATE    1.09                      1.05   0.04     1.90
  SINCE OCT 1     32.86                     18.75  14.11    19.13
  SINCE JAN 1     77.77                     58.64  19.13    50.53

DEGREE DAYS
 HEATING
  YESTERDAY       18                        23     -5       16
  MONTH TO DATE   57                        67    -10       52
  SINCE DEC 1     57                        67    -10       52

 COOLING
  YESTERDAY        0                         0      0        0
  MONTH TO DATE    0                         0      0        0
  SINCE DEC 1      0                         0      0        0
  SINCE JAN 1     50                        23     27       35
..................................................................


WIND (MPH)
  RESULTANT WIND SPEED  11   RESULTANT WIND DIRECTION  SW (240)
  HIGHEST WIND SPEED    24   HIGHEST WIND DIRECTION    SW (230)
  HIGHEST GUST SPEED    29   HIGHEST GUST DIRECTION    SW (230)
  AVERAGE WIND SPEED    10.8


SKY COVER
  AVERAGE SKY COVER 0.9


WEATHER CONDITIONS
 THE FOLLOWING WEATHER WAS RECORDED YESTERDAY.
  LIGHT RAIN
  FOG


RELATIVE HUMIDITY (PERCENT)
 HIGHEST    93           900 AM
 LOWEST     80           200 AM
 AVERAGE    87

..........................................................


THE HOQUIAM WA AIRPORT CLIMATE NORMALS FOR TODAY
                         NORMAL    RECORD    YEAR
 MAXIMUM TEMPERATURE (F)   47        57      1989
 MINIMUM TEMPERATURE (F)   37        24      2013
                                             1972


SUNRISE AND SUNSET
DECEMBER  4 2016......SUNRISE   745 AM PST   SUNSET   427 PM PST
DECEMBER  5 2016......SUNRISE   746 AM PST   SUNSET   427 PM PST


-  INDICATES NEGATIVE NUMBERS.
R  INDICATES RECORD WAS SET OR TIED.
MM INDICATES DATA IS MISSING.
T  INDICATES TRACE AMOUNT.




$$
