000
CDUS46 KSEW 270836
CLIHQM


CLIMATE REPORT
NATIONAL WEATHER SERVICE SEATTLE WA
135 AM PDT THU JUL 27 2017


...................................

...THE HOQUIAM WA AIRPORT CLIMATE SUMMARY FOR JULY 26 2017...

CLIMATE NORMAL PERIOD 1981 TO 2010
CLIMATE RECORD PERIOD 1953 TO 2017


WEATHER ITEM   OBSERVED TIME   RECORD YEAR NORMAL DEPARTURE LAST
                VALUE   (LST)  VALUE       VALUE  FROM      YEAR
                                                  NORMAL
..................................................................
TEMPERATURE (F)
 YESTERDAY
  MAXIMUM         69    125 PM  85    1958  67      2       68
  MINIMUM         55    437 AM  44    1969  54      1       56
  AVERAGE         62                        61      1       62

PRECIPITATION (IN)
  YESTERDAY        0.00          0.75 1955   0.04  -0.04     0.00
  MONTH TO DATE    0.10                      1.01  -0.91     0.37
  SINCE OCT 1     84.15                     63.83  20.32    74.49
  SINCE JAN 1     42.61                     36.17   6.44    41.07

DEGREE DAYS
 HEATING
  YESTERDAY        3                         4     -1        3
  MONTH TO DATE  127                       137    -10       96
  SINCE JUN 1    331                       383    -52      309

 COOLING
  YESTERDAY        0                         0      0        0
  MONTH TO DATE    1                         0      1        0
  SINCE JUN 1     14                         2     12       13
  SINCE JAN 1     14                         3     11       18
..................................................................


WIND (MPH)
  RESULTANT WIND SPEED  10   RESULTANT WIND DIRECTION   W (250)
  HIGHEST WIND SPEED    21   HIGHEST WIND DIRECTION    SW (240)
  HIGHEST GUST SPEED    25   HIGHEST GUST DIRECTION     W (250)
  AVERAGE WIND SPEED    11.0


SKY COVER
  AVERAGE SKY COVER 0.7


WEATHER CONDITIONS
 THE FOLLOWING WEATHER WAS RECORDED YESTERDAY.
  FOG


RELATIVE HUMIDITY (PERCENT)
 HIGHEST   100           100 AM
 LOWEST     68          1200 PM
 AVERAGE    84

..........................................................


THE HOQUIAM WA AIRPORT CLIMATE NORMALS FOR TODAY
                         NORMAL    RECORD    YEAR
 MAXIMUM TEMPERATURE (F)   67        92      1958
 MINIMUM TEMPERATURE (F)   54        47      1976
                                             1972
                                             1954


SUNRISE AND SUNSET
JULY 27 2017..........SUNRISE   550 AM PDT   SUNSET   854 PM PDT
JULY 28 2017..........SUNRISE   551 AM PDT   SUNSET   853 PM PDT


-  INDICATES NEGATIVE NUMBERS.
R  INDICATES RECORD WAS SET OR TIED.
MM INDICATES DATA IS MISSING.
T  INDICATES TRACE AMOUNT.




$$
