000
CDUS46 KSEW 240117
CLIHQM


CLIMATE REPORT
NATIONAL WEATHER SERVICE SEATTLE WA
617 PM PDT SUN APR 23 2017


...................................

...THE HOQUIAM WA AIRPORT CLIMATE SUMMARY FOR APRIL 23 2017...
VALID TODAY AS OF 0600 PM LOCAL TIME.

CLIMATE NORMAL PERIOD 1981 TO 2010
CLIMATE RECORD PERIOD 1953 TO 2017


WEATHER ITEM   OBSERVED TIME   RECORD YEAR NORMAL DEPARTURE LAST
                VALUE   (LST)  VALUE       VALUE  FROM      YEAR
                                                  NORMAL
..................................................................
TEMPERATURE (F)
 TODAY
  MAXIMUM         51    145 PM  74    2006  57     -6       60
  MINIMUM         48    459 PM  31    1954  43      5       47
  AVERAGE         50                        50      0       54

PRECIPITATION (IN)
  TODAY            0.45          1.63 2014   0.16   0.29     0.39
  MONTH TO DATE    6.87                      4.11   2.76     2.33
  SINCE OCT 1     77.14                     56.30  20.84    71.52
  SINCE JAN 1     35.60                     28.64   6.96    38.10

DEGREE DAYS
 HEATING
  TODAY           15                        15      0       11
  MONTH TO DATE  357                       384    -27      245
  SINCE MAR 1    960                       973    -13      773

 COOLING
  TODAY            0                         0      0        0
  MONTH TO DATE    0                         0      0        4
  SINCE MAR 1      0                         0      0        4
  SINCE JAN 1      0                         0      0        4
..................................................................


WIND (MPH)
  RESULTANT WIND SPEED   6   RESULTANT WIND DIRECTION  SE (150)
  HIGHEST WIND SPEED    22   HIGHEST WIND DIRECTION     S (190)
  HIGHEST GUST SPEED    25   HIGHEST GUST DIRECTION     S (190)
  AVERAGE WIND SPEED    10.0


SKY COVER
  AVERAGE SKY COVER 0.9


WEATHER CONDITIONS
 THE FOLLOWING WEATHER WAS RECORDED TODAY.
  RAIN
  LIGHT RAIN
  FOG


RELATIVE HUMIDITY (PERCENT)
 HIGHEST   100           200 AM
 LOWEST     89          1100 AM
 AVERAGE    95

..........................................................


THE HOQUIAM WA AIRPORT CLIMATE NORMALS FOR TOMORROW
                         NORMAL    RECORD    YEAR
 MAXIMUM TEMPERATURE (F)   57        72      1992
 MINIMUM TEMPERATURE (F)   43        32      2002
                                             2000
                                             1954


SUNRISE AND SUNSET
APRIL 23 2017.........SUNRISE   613 AM PDT   SUNSET   816 PM PDT
APRIL 24 2017.........SUNRISE   611 AM PDT   SUNSET   817 PM PDT


-  INDICATES NEGATIVE NUMBERS.
R  INDICATES RECORD WAS SET OR TIED.
MM INDICATES DATA IS MISSING.
T  INDICATES TRACE AMOUNT.




$$
