000
CDUS46 KSEW 210847
CLIHQM


CLIMATE REPORT
NATIONAL WEATHER SERVICE SEATTLE WA
147 AM PDT THU SEP 21 2017


...................................

...THE HOQUIAM WA AIRPORT CLIMATE SUMMARY FOR SEPTEMBER 20 2017...

CLIMATE NORMAL PERIOD 1981 TO 2010
CLIMATE RECORD PERIOD 1953 TO 2017


WEATHER ITEM   OBSERVED TIME   RECORD YEAR NORMAL DEPARTURE LAST
                VALUE   (LST)  VALUE       VALUE  FROM      YEAR
                                                  NORMAL
..................................................................
TEMPERATURE (F)
 YESTERDAY
  MAXIMUM         60    243 PM  90    1974  66     -6       64
  MINIMUM         49   1159 PM  40    1968  50     -1       47
  AVERAGE         55                        58     -3       56

PRECIPITATION (IN)
  YESTERDAY        0.81          2.01 1972   0.08   0.73     0.05
  MONTH TO DATE    2.03                      1.36   0.67     2.87
  SINCE OCT 1     86.44                     66.63  19.81    77.96
  SINCE JAN 1     44.90                     38.97   5.93    44.54

DEGREE DAYS
 HEATING
  YESTERDAY       10                         7      3        9
  MONTH TO DATE   86                       110    -24      124
  SINCE SEP 1     86                       110    -24      124

 COOLING
  YESTERDAY        0                         0      0        0
  MONTH TO DATE   22                         0     22        0
  SINCE SEP 1     22                         0     22        0
  SINCE JAN 1     67                        16     51       49
..................................................................


WIND (MPH)
  RESULTANT WIND SPEED   3   RESULTANT WIND DIRECTION  SW (240)
  HIGHEST WIND SPEED    15   HIGHEST WIND DIRECTION    SW (240)
  HIGHEST GUST SPEED    19   HIGHEST GUST DIRECTION    SW (230)
  AVERAGE WIND SPEED     4.8


SKY COVER
  AVERAGE SKY COVER 0.5


WEATHER CONDITIONS
 THE FOLLOWING WEATHER WAS RECORDED YESTERDAY.
  HEAVY RAIN
  RAIN
  LIGHT RAIN
  FOG


RELATIVE HUMIDITY (PERCENT)
 HIGHEST   100           200 AM
 LOWEST     67           200 PM
 AVERAGE    84

..........................................................


THE HOQUIAM WA AIRPORT CLIMATE NORMALS FOR TODAY
                         NORMAL    RECORD    YEAR
 MAXIMUM TEMPERATURE (F)   66        90      1974
 MINIMUM TEMPERATURE (F)   50        35      1955


SUNRISE AND SUNSET
SEPTEMBER 21 2017.....SUNRISE   702 AM PDT   SUNSET   715 PM PDT
SEPTEMBER 22 2017.....SUNRISE   703 AM PDT   SUNSET   713 PM PDT


-  INDICATES NEGATIVE NUMBERS.
R  INDICATES RECORD WAS SET OR TIED.
MM INDICATES DATA IS MISSING.
T  INDICATES TRACE AMOUNT.




$$
