000
CDUS46 KSEW 310120
CLIHQM


CLIMATE REPORT
NATIONAL WEATHER SERVICE SEATTLE WA
620 PM PDT MON MAY 30 2016


...................................

...THE HOQUIAM WA AIRPORT CLIMATE SUMMARY FOR MAY 30 2016...
VALID TODAY AS OF 0600 PM LOCAL TIME.

CLIMATE NORMAL PERIOD 1981 TO 2010
CLIMATE RECORD PERIOD 1953 TO 2016


WEATHER ITEM   OBSERVED TIME   RECORD YEAR NORMAL DEPARTURE LAST
                VALUE   (LST)  VALUE       VALUE  FROM      YEAR
                                                  NORMAL
..................................................................
TEMPERATURE (F)
 TODAY
  MAXIMUM         66    459 PM  79    1986  61      5       60
                                      1956
  MINIMUM         41    353 AM  39    1970  49     -8       53
  AVERAGE         54                        55     -1       57

PRECIPITATION (IN)
  TODAY            0.00          1.09 1997   0.09  -0.09     0.00
  MONTH TO DATE    1.11                      3.19  -2.08     0.28
  SINCE OCT 1     72.98                     60.48  12.50    57.53
  SINCE JAN 1     39.56                     32.82   6.74    26.11

DEGREE DAYS
 HEATING
  TODAY           11                        10      1        8
  MONTH TO DATE  282                       360    -78      318
  SINCE MAR 1   1139                      1438   -299     1253

 COOLING
  TODAY            0                         0      0        0
  MONTH TO DATE    1                         0      1        0
  SINCE MAR 1      5                         0      5        0
  SINCE JAN 1      5                         0      5        0
..................................................................


WIND (MPH)
  RESULTANT WIND SPEED   3   RESULTANT WIND DIRECTION   W (270)
  HIGHEST WIND SPEED    15   HIGHEST WIND DIRECTION     W (270)
  HIGHEST GUST SPEED    20   HIGHEST GUST DIRECTION     W (270)
  AVERAGE WIND SPEED     6.3


SKY COVER
  AVERAGE SKY COVER 0.2


WEATHER CONDITIONS
 THE FOLLOWING WEATHER WAS RECORDED TODAY.
  FOG


RELATIVE HUMIDITY (PERCENT)
 HIGHEST   100           300 AM
 LOWEST     48           500 PM
 AVERAGE    74

..........................................................


THE HOQUIAM WA AIRPORT CLIMATE NORMALS FOR TOMORROW
                         NORMAL    RECORD    YEAR
 MAXIMUM TEMPERATURE (F)   61        85      1970
 MINIMUM TEMPERATURE (F)   49        35      1953


SUNRISE AND SUNSET
MAY 30 2016...........SUNRISE   526 AM PDT   SUNSET   902 PM PDT
MAY 31 2016...........SUNRISE   525 AM PDT   SUNSET   903 PM PDT


-  INDICATES NEGATIVE NUMBERS.
R  INDICATES RECORD WAS SET OR TIED.
MM INDICATES DATA IS MISSING.
T  INDICATES TRACE AMOUNT.




$$
