694
CDUS46 KSEW 110833
CLIHQM


CLIMATE REPORT
NATIONAL WEATHER SERVICE SEATTLE WA
1233 AM PST THU FEB 11 2016


...................................

...THE HOQUIAM WA AIRPORT CLIMATE SUMMARY FOR FEBRUARY 10 2016...

CLIMATE NORMAL PERIOD 1981 TO 2010
CLIMATE RECORD PERIOD 1953 TO 2016


WEATHER ITEM   OBSERVED TIME   RECORD YEAR NORMAL DEPARTURE LAST
                VALUE   (LST)  VALUE       VALUE  FROM      YEAR
                                                  NORMAL
..................................................................
TEMPERATURE (F)
 YESTERDAY
  MAXIMUM         54    312 PM  66    1963  49      5       53
  MINIMUM         47    540 AM  19    1987  38      9       45
  AVERAGE         51                        43      8       49

PRECIPITATION (IN)
  YESTERDAY        0.06          2.79 1990   0.27  -0.21     0.02
  MONTH TO DATE    1.52                      2.81  -1.29     4.54
  SINCE OCT 1     49.24                     40.80   8.44    46.96
  SINCE JAN 1     15.82                     13.14   2.68    15.54

DEGREE DAYS
 HEATING
  YESTERDAY       14                        22     -8       16
  MONTH TO DATE  173                       220    -47      136
  SINCE DEC 1   1482                      1641   -159     1305

 COOLING
  YESTERDAY        0                         0      0        0
  MONTH TO DATE    0                         0      0        0
  SINCE DEC 1      0                         0      0        0
  SINCE JAN 1      0                         0      0        0
..................................................................


WIND (MPH)
  RESULTANT WIND SPEED   5   RESULTANT WIND DIRECTION  SE (150)
  HIGHEST WIND SPEED    23   HIGHEST WIND DIRECTION     S (190)
  HIGHEST GUST SPEED    30   HIGHEST GUST DIRECTION     S (170)
  AVERAGE WIND SPEED     8.5


SKY COVER
  AVERAGE SKY COVER 0.9


WEATHER CONDITIONS
 THE FOLLOWING WEATHER WAS RECORDED YESTERDAY.
  LIGHT RAIN
  FOG


RELATIVE HUMIDITY (PERCENT)
 HIGHEST   100          1000 AM
 LOWEST     86           200 AM
 AVERAGE    93

..........................................................


THE HOQUIAM WA AIRPORT CLIMATE NORMALS FOR TODAY
                         NORMAL    RECORD    YEAR
 MAXIMUM TEMPERATURE (F)   49        66      1963
 MINIMUM TEMPERATURE (F)   38        29      1959
                                             1954


SUNRISE AND SUNSET
FEBRUARY 11 2016......SUNRISE   727 AM PST   SUNSET   534 PM PST
FEBRUARY 12 2016......SUNRISE   725 AM PST   SUNSET   535 PM PST


-  INDICATES NEGATIVE NUMBERS.
R  INDICATES RECORD WAS SET OR TIED.
MM INDICATES DATA IS MISSING.
T  INDICATES TRACE AMOUNT.




$$
