000
CDUS46 KSEW 270131
CLIHQM


CLIMATE REPORT
NATIONAL WEATHER SERVICE SEATTLE WA
630 PM PDT TUE JUL 26 2016


...................................

...THE HOQUIAM WA AIRPORT CLIMATE SUMMARY FOR JULY 26 2016...
VALID TODAY AS OF 0600 PM LOCAL TIME.

CLIMATE NORMAL PERIOD 1981 TO 2010
CLIMATE RECORD PERIOD 1953 TO 2016


WEATHER ITEM   OBSERVED TIME   RECORD YEAR NORMAL DEPARTURE LAST
                VALUE   (LST)  VALUE       VALUE  FROM      YEAR
                                                  NORMAL
..................................................................
TEMPERATURE (F)
 TODAY
  MAXIMUM         68    110 PM  85    1958  67      1       69
  MINIMUM         58    432 AM  44    1969  54      4       58
  AVERAGE         63                        61      2       64

PRECIPITATION (IN)
  TODAY            0.00          0.75 1955   0.04  -0.04     0.20
  MONTH TO DATE    0.37                      1.01  -0.64     0.38
  SINCE OCT 1     74.49                     63.83  10.66    58.29
  SINCE JAN 1     41.07                     36.17   4.90    26.87

DEGREE DAYS
 HEATING
  TODAY            2                         4     -2        1
  MONTH TO DATE   95                       137    -42       36
  SINCE JUN 1    308                       383    -75      196

 COOLING
  TODAY            0                         0      0        0
  MONTH TO DATE    0                         0      0        7
  SINCE JUN 1     13                         2     11       10
  SINCE JAN 1     18                         3     15       10
..................................................................


WIND (MPH)
  RESULTANT WIND SPEED  11   RESULTANT WIND DIRECTION   W (260)
  HIGHEST WIND SPEED    20   HIGHEST WIND DIRECTION     W (250)
  HIGHEST GUST SPEED    25   HIGHEST GUST DIRECTION     W (250)
  AVERAGE WIND SPEED    12.5


SKY COVER
  AVERAGE SKY COVER 0.6


WEATHER CONDITIONS
 THE FOLLOWING WEATHER WAS RECORDED TODAY.
  FOG


RELATIVE HUMIDITY (PERCENT)
 HIGHEST    93          1200 AM
 LOWEST     68          1000 AM
 AVERAGE    81

..........................................................


THE HOQUIAM WA AIRPORT CLIMATE NORMALS FOR TOMORROW
                         NORMAL    RECORD    YEAR
 MAXIMUM TEMPERATURE (F)   67        92      1958
 MINIMUM TEMPERATURE (F)   54        47      1976
                                             1972
                                             1954


SUNRISE AND SUNSET
JULY 26 2016..........SUNRISE   549 AM PDT   SUNSET   855 PM PDT
JULY 27 2016..........SUNRISE   550 AM PDT   SUNSET   854 PM PDT


-  INDICATES NEGATIVE NUMBERS.
R  INDICATES RECORD WAS SET OR TIED.
MM INDICATES DATA IS MISSING.
T  INDICATES TRACE AMOUNT.




$$
