000
CDUS46 KSEW 270828
CLIHQM


CLIMATE REPORT
NATIONAL WEATHER SERVICE SEATTLE WA
1228 AM PST THU NOV 27 2014


...................................

...THE HOQUIAM WA AIRPORT CLIMATE SUMMARY FOR NOVEMBER 26 2014...

CLIMATE NORMAL PERIOD 1981 TO 2010
CLIMATE RECORD PERIOD 1953 TO 2014


WEATHER ITEM   OBSERVED TIME   RECORD YEAR NORMAL DEPARTURE LAST
                VALUE   (LST)  VALUE       VALUE  FROM      YEAR
                                                  NORMAL
..................................................................
TEMPERATURE (F)
 YESTERDAY
  MAXIMUM         56R  1159 PM  55    1997  49      7       47
                                      1969
                                      1954
  MINIMUM         53    525 PM  30    1985  39     14       32
                                      1961
                                      1956
  AVERAGE         55                        44     11       40

PRECIPITATION (IN)
  YESTERDAY        0.28          1.56 2000   0.37  -0.09     0.04
  MONTH TO DATE    7.92                      9.66  -1.74     5.23
  SINCE OCT 1     18.47                     16.19   2.28     7.49
  SINCE JAN 1     65.56                     56.08   9.48    49.36

DEGREE DAYS
 HEATING
  YESTERDAY       10                        21    -11       25
  MONTH TO DATE  462                       488    -26      494
  SINCE SEP 1    776                      1080   -304     1054

 COOLING
  YESTERDAY        0                         0      0        0
  MONTH TO DATE    0                         0      0        0
  SINCE SEP 1     18                         7     11        7
  SINCE JAN 1     48                        23     25       20
..................................................................


WIND (MPH)
  RESULTANT WIND SPEED   9   RESULTANT WIND DIRECTION   S (160)
  HIGHEST WIND SPEED    30   HIGHEST WIND DIRECTION     S (180)
  HIGHEST GUST SPEED    37   HIGHEST GUST DIRECTION     S (180)
  AVERAGE WIND SPEED    12.2


SKY COVER
  AVERAGE SKY COVER 1.0


WEATHER CONDITIONS
 THE FOLLOWING WEATHER WAS RECORDED YESTERDAY.
  RAIN
  LIGHT RAIN
  FOG


RELATIVE HUMIDITY (PERCENT)
 HIGHEST   100           400 AM
 LOWEST     86           700 PM
 AVERAGE    93

..........................................................


THE HOQUIAM WA AIRPORT CLIMATE NORMALS FOR TODAY
                         NORMAL    RECORD    YEAR
 MAXIMUM TEMPERATURE (F)   49        57      2013
 MINIMUM TEMPERATURE (F)   38        24      1985


SUNRISE AND SUNSET
NOVEMBER 27 2014......SUNRISE   736 AM PST   SUNSET   431 PM PST
NOVEMBER 28 2014......SUNRISE   737 AM PST   SUNSET   430 PM PST


-  INDICATES NEGATIVE NUMBERS.
R  INDICATES RECORD WAS SET OR TIED.
MM INDICATES DATA IS MISSING.
T  INDICATES TRACE AMOUNT.




$$
