000
CDUS46 KSEW 190840
CLIHQM


CLIMATE REPORT
NATIONAL WEATHER SERVICE SEATTLE WA
1239 AM PST SUN NOV 19 2017


...................................

...THE HOQUIAM WA AIRPORT CLIMATE SUMMARY FOR NOVEMBER 18 2017...

CLIMATE NORMAL PERIOD 1981 TO 2010
CLIMATE RECORD PERIOD 1953 TO 2017


WEATHER ITEM   OBSERVED TIME   RECORD YEAR NORMAL DEPARTURE LAST
                VALUE   (LST)  VALUE       VALUE  FROM      YEAR
                                                  NORMAL
..................................................................
TEMPERATURE (F)
 YESTERDAY
  MAXIMUM         54    122 PM  58    1968  51      3       49
  MINIMUM         44   1159 PM  26    1977  40      4       40
  AVERAGE         49                        45      4       45

PRECIPITATION (IN)
  YESTERDAY        0.02          2.10 2002   0.40  -0.38     0.07
  MONTH TO DATE    9.05                      6.62   2.43     7.04
  SINCE OCT 1     16.35                     13.15   3.20    22.89
  SINCE JAN 1     61.85                     53.04   8.81    67.80

DEGREE DAYS
 HEATING
  YESTERDAY       16                        20     -4       20
  MONTH TO DATE  347                       323     24      215
  SINCE SEP 1    877                       915    -38      760

 COOLING
  YESTERDAY        0                         0      0        0
  MONTH TO DATE    0                         0      0        0
  SINCE SEP 1     32                         7     25        1
  SINCE JAN 1     77                        23     54       50
..................................................................


WIND (MPH)
  RESULTANT WIND SPEED   6   RESULTANT WIND DIRECTION   E (80)
  HIGHEST WIND SPEED    14   HIGHEST WIND DIRECTION     E (90)
  HIGHEST GUST SPEED    17   HIGHEST GUST DIRECTION     E (100)
  AVERAGE WIND SPEED     6.8


SKY COVER
  AVERAGE SKY COVER 0.7


WEATHER CONDITIONS
 THE FOLLOWING WEATHER WAS RECORDED YESTERDAY.
  LIGHT RAIN
  FOG


RELATIVE HUMIDITY (PERCENT)
 HIGHEST   100          1200 AM
 LOWEST     71           200 PM
 AVERAGE    86

..........................................................


THE HOQUIAM WA AIRPORT CLIMATE NORMALS FOR TODAY
                         NORMAL    RECORD    YEAR
 MAXIMUM TEMPERATURE (F)   50        62      1987
 MINIMUM TEMPERATURE (F)   40        24      1977


SUNRISE AND SUNSET
NOVEMBER 19 2017......SUNRISE   725 AM PST   SUNSET   437 PM PST
NOVEMBER 20 2017......SUNRISE   727 AM PST   SUNSET   436 PM PST


-  INDICATES NEGATIVE NUMBERS.
R  INDICATES RECORD WAS SET OR TIED.
MM INDICATES DATA IS MISSING.
T  INDICATES TRACE AMOUNT.




$$
