000
CDUS46 KSEW 300827
CLIHQM


CLIMATE REPORT
NATIONAL WEATHER SERVICE SEATTLE WA
127 AM PDT MON MAR 30 2015


...................................

...THE HOQUIAM WA AIRPORT CLIMATE SUMMARY FOR MARCH 29 2015...

CLIMATE NORMAL PERIOD 1981 TO 2010
CLIMATE RECORD PERIOD 1953 TO 2015


WEATHER ITEM   OBSERVED TIME   RECORD YEAR NORMAL DEPARTURE LAST
                VALUE   (LST)  VALUE       VALUE  FROM      YEAR
                                                  NORMAL
..................................................................
TEMPERATURE (F)
 YESTERDAY
  MAXIMUM         54   1159 PM  74    1964  54      0       54
  MINIMUM         48    518 AM  28    1954  41      7       45
  AVERAGE         51                        47      4       50

PRECIPITATION (IN)
  YESTERDAY        0.09          1.59 2012   0.22  -0.13     0.60
  MONTH TO DATE    6.43                      6.56  -0.13    13.84
  SINCE OCT 1     53.72                     51.76   1.96    40.47
  SINCE JAN 1     22.30                     24.10  -1.80    28.36

DEGREE DAYS
 HEATING
  YESTERDAY       14                        18     -4       15
  MONTH TO DATE  436                       551   -115      502
  SINCE MAR 1    436                       551   -115      502

 COOLING
  YESTERDAY        0                         0      0        0
  MONTH TO DATE    0                         0      0        0
  SINCE MAR 1      0                         0      0        0
  SINCE JAN 1      0                         0      0        0
..................................................................


WIND (MPH)
  RESULTANT WIND SPEED   6   RESULTANT WIND DIRECTION  SE (140)
  HIGHEST WIND SPEED    18   HIGHEST WIND DIRECTION     S (180)
  HIGHEST GUST SPEED    25   HIGHEST GUST DIRECTION     S (170)
  AVERAGE WIND SPEED     9.7


SKY COVER
  AVERAGE SKY COVER 1.0


WEATHER CONDITIONS
 THE FOLLOWING WEATHER WAS RECORDED YESTERDAY.
  LIGHT RAIN
  FOG


RELATIVE HUMIDITY (PERCENT)
 HIGHEST    93           200 AM
 LOWEST     77           800 AM
 AVERAGE    85

..........................................................


THE HOQUIAM WA AIRPORT CLIMATE NORMALS FOR TODAY
                         NORMAL    RECORD    YEAR
 MAXIMUM TEMPERATURE (F)   54        71      2013
 MINIMUM TEMPERATURE (F)   41        28      1954


SUNRISE AND SUNSET
MARCH 30 2015.........SUNRISE   659 AM PDT   SUNSET   742 PM PDT
MARCH 31 2015.........SUNRISE   657 AM PDT   SUNSET   744 PM PDT


-  INDICATES NEGATIVE NUMBERS.
R  INDICATES RECORD WAS SET OR TIED.
MM INDICATES DATA IS MISSING.
T  INDICATES TRACE AMOUNT.




$$
