000
CDUS46 KSEW 210834
CLIHQM


CLIMATE REPORT
NATIONAL WEATHER SERVICE SEATTLE WA
1233 AM PST SUN JAN 21 2018


...................................

...THE HOQUIAM WA AIRPORT CLIMATE SUMMARY FOR JANUARY 20 2018...

CLIMATE NORMAL PERIOD 1981 TO 2010
CLIMATE RECORD PERIOD 1953 TO 2018


WEATHER ITEM   OBSERVED TIME   RECORD YEAR NORMAL DEPARTURE LAST
                VALUE   (LST)  VALUE       VALUE  FROM      YEAR
                                                  NORMAL
..................................................................
TEMPERATURE (F)
 YESTERDAY
  MAXIMUM         49    703 PM  63    1961  48      1       46
  MINIMUM         41    200 AM  21    1962  38      3       41
  AVERAGE         45                        43      2       44

PRECIPITATION (IN)
  YESTERDAY        0.27          1.85 1968   0.33  -0.06     0.04
  MONTH TO DATE    6.68                      7.01  -0.33     4.83
  SINCE OCT 1     38.27                     34.67   3.60    46.37
  SINCE JAN 1      6.68                      7.01  -0.33     4.83

DEGREE DAYS
 HEATING
  YESTERDAY       20                        22     -2       21
  MONTH TO DATE  378                       451    -73      549
  SINCE DEC 1   1110                      1178    -68     1357

 COOLING
  YESTERDAY        0                         0      0        0
  MONTH TO DATE    0                         0      0        0
  SINCE DEC 1      0                         0      0        0
  SINCE JAN 1      0                         0      0        0
..................................................................


WIND (MPH)
  RESULTANT WIND SPEED  10   RESULTANT WIND DIRECTION  SE (150)
  HIGHEST WIND SPEED    25   HIGHEST WIND DIRECTION    SE (140)
  HIGHEST GUST SPEED    38   HIGHEST GUST DIRECTION    SE (130)
  AVERAGE WIND SPEED    13.0


SKY COVER
  AVERAGE SKY COVER 1.0


WEATHER CONDITIONS
 THE FOLLOWING WEATHER WAS RECORDED YESTERDAY.
  LIGHT RAIN
  FOG


RELATIVE HUMIDITY (PERCENT)
 HIGHEST   100          1000 AM
 LOWEST     86           300 PM
 AVERAGE    93

..........................................................


THE HOQUIAM WA AIRPORT CLIMATE NORMALS FOR TODAY
                         NORMAL    RECORD    YEAR
 MAXIMUM TEMPERATURE (F)   48        59      2005
 MINIMUM TEMPERATURE (F)   38        17      1962


SUNRISE AND SUNSET
JANUARY 21 2018.......SUNRISE   752 AM PST   SUNSET   502 PM PST
JANUARY 22 2018.......SUNRISE   751 AM PST   SUNSET   504 PM PST


-  INDICATES NEGATIVE NUMBERS.
R  INDICATES RECORD WAS SET OR TIED.
MM INDICATES DATA IS MISSING.
T  INDICATES TRACE AMOUNT.




$$
