000
CDUS46 KSEW 110834
CLIHQM


CLIMATE REPORT
NATIONAL WEATHER SERVICE SEATTLE WA
133 AM PDT FRI JUL 11 2014


...................................

...THE HOQUIAM WA AIRPORT CLIMATE SUMMARY FOR JULY 10 2014...

CLIMATE NORMAL PERIOD 1981 TO 2010
CLIMATE RECORD PERIOD 1953 TO 2014


WEATHER ITEM   OBSERVED TIME   RECORD YEAR NORMAL DEPARTURE LAST
                VALUE   (LST)  VALUE       VALUE  FROM      YEAR
                                                  NORMAL
..................................................................
TEMPERATURE (F)
 YESTERDAY
  MAXIMUM         67    253 PM  99    2007  66      1       64
  MINIMUM         56   1138 PM  44    1984  53      3       54
  AVERAGE         62                        60      2       59

PRECIPITATION (IN)
  YESTERDAY        0.00          0.72 1986   0.05  -0.05     0.00
  MONTH TO DATE    0.08                      0.48  -0.40     0.00
  SINCE OCT 1     53.02                     63.30 -10.28    46.17
  SINCE JAN 1     40.91                     35.64   5.27    32.56

DEGREE DAYS
 HEATING
  YESTERDAY        3                         5     -2        6
  MONTH TO DATE   23                        58    -35       36
  SINCE JUN 1    227                       304    -77      211

 COOLING
  YESTERDAY        0                         0      0        0
  MONTH TO DATE    8                         0      8        0
  SINCE JUN 1      8                         2      6        8
  SINCE JAN 1     23                         3     20       11
..................................................................


WIND (MPH)
  RESULTANT WIND SPEED   5   RESULTANT WIND DIRECTION  SW (240)
  HIGHEST WIND SPEED    15   HIGHEST WIND DIRECTION    SW (210)
  HIGHEST GUST SPEED    17   HIGHEST GUST DIRECTION    SW (220)
  AVERAGE WIND SPEED     6.9


SKY COVER
  AVERAGE SKY COVER 0.6


WEATHER CONDITIONS
 THE FOLLOWING WEATHER WAS RECORDED YESTERDAY.
  FOG
  HAZE


RELATIVE HUMIDITY (PERCENT)
 HIGHEST    93           200 AM
 LOWEST     73           100 PM
 AVERAGE    83

..........................................................


THE HOQUIAM WA AIRPORT CLIMATE NORMALS FOR TODAY
                         NORMAL    RECORD    YEAR
 MAXIMUM TEMPERATURE (F)   66        98      1961
 MINIMUM TEMPERATURE (F)   53        42      1962


SUNRISE AND SUNSET
JULY 11 2014..........SUNRISE   532 AM PDT   SUNSET   910 PM PDT
JULY 12 2014..........SUNRISE   533 AM PDT   SUNSET   909 PM PDT


-  INDICATES NEGATIVE NUMBERS.
R  INDICATES RECORD WAS SET OR TIED.
MM INDICATES DATA IS MISSING.
T  INDICATES TRACE AMOUNT.




$$
