000
CDUS46 KSEW 260120
CLIHQM


CLIMATE REPORT
NATIONAL WEATHER SERVICE SEATTLE WA
619 PM PDT THU MAY 25 2017


...................................

...THE HOQUIAM WA AIRPORT CLIMATE SUMMARY FOR MAY 25 2017...
VALID TODAY AS OF 0600 PM LOCAL TIME.

CLIMATE NORMAL PERIOD 1981 TO 2010
CLIMATE RECORD PERIOD 1953 TO 2017


WEATHER ITEM   OBSERVED TIME   RECORD YEAR NORMAL DEPARTURE LAST
                VALUE   (LST)  VALUE       VALUE  FROM      YEAR
                                                  NORMAL
..................................................................
TEMPERATURE (F)
 TODAY
  MAXIMUM         60    459 PM  82    2005  61     -1       58
  MINIMUM         45    350 AM  37    1972  48     -3       52
                                      1964
  AVERAGE         53                        54     -1       55

PRECIPITATION (IN)
  TODAY            0.00          0.77 1986   0.10  -0.10     0.00
  MONTH TO DATE    3.81                      2.71   1.10     0.54
  SINCE OCT 1     82.02                     60.00  22.02    72.41
  SINCE JAN 1     40.48                     32.34   8.14    38.99

DEGREE DAYS
 HEATING
  TODAY           12                        11      1       10
  MONTH TO DATE  297                       309    -12      228
  SINCE MAR 1   1370                      1387    -17     1085

 COOLING
  TODAY            0                         0      0        0
  MONTH TO DATE    0                         0      0        1
  SINCE MAR 1      0                         0      0        5
  SINCE JAN 1      0                         0      0        5
..................................................................


WIND (MPH)
  RESULTANT WIND SPEED   4   RESULTANT WIND DIRECTION  SW (230)
  HIGHEST WIND SPEED    17   HIGHEST WIND DIRECTION    SW (240)
  HIGHEST GUST SPEED    20   HIGHEST GUST DIRECTION    SW (230)
  AVERAGE WIND SPEED     5.8


SKY COVER
  AVERAGE SKY COVER 0.5


WEATHER CONDITIONS
 THE FOLLOWING WEATHER WAS RECORDED TODAY.
  FOG


RELATIVE HUMIDITY (PERCENT)
 HIGHEST   100           200 AM
 LOWEST     72           300 PM
 AVERAGE    86

..........................................................


THE HOQUIAM WA AIRPORT CLIMATE NORMALS FOR TOMORROW
                         NORMAL    RECORD    YEAR
 MAXIMUM TEMPERATURE (F)   61        89      2005
 MINIMUM TEMPERATURE (F)   48        38      1973


SUNRISE AND SUNSET
MAY 25 2017...........SUNRISE   530 AM PDT   SUNSET   856 PM PDT
MAY 26 2017...........SUNRISE   529 AM PDT   SUNSET   857 PM PDT


-  INDICATES NEGATIVE NUMBERS.
R  INDICATES RECORD WAS SET OR TIED.
MM INDICATES DATA IS MISSING.
T  INDICATES TRACE AMOUNT.




$$
