329
CDUS44 KBRO 170726
CLIHRL


CLIMATE REPORT
NATIONAL WEATHER SERVICE BROWNSVILLE TX
126 AM CST FRI NOV 17 2017


...................................

...THE HARLINGEN CLIMATE SUMMARY FOR NOVEMBER 16 2017...

CLIMATE NORMAL PERIOD 1981 TO 2010
CLIMATE RECORD PERIOD 1912 TO 2017


WEATHER ITEM   OBSERVED TIME   RECORD YEAR NORMAL DEPARTURE LAST
                VALUE   (LST)  VALUE       VALUE  FROM      YEAR
                                                  NORMAL
..................................................................
TEMPERATURE (F)
 YESTERDAY
  MAXIMUM         87    323 PM  93    2011  80      7       86
  MINIMUM         66    706 AM  30    1970  57      9       58
  AVERAGE         77                        68      9       72

PRECIPITATION (IN)
  YESTERDAY        0.00          2.00 1932   0.04  -0.04     0.00
  MONTH TO DATE    0.68                      1.05  -0.37     1.80
  SINCE SEP 1      6.12                      9.26  -3.14     4.76
  SINCE JAN 1     18.29                     23.47  -5.18    19.66

SNOWFALL (IN)
  YESTERDAY        0.0
  MONTH TO DATE    0.0
  SINCE SEP 1      0.0
  SINCE JUL 1      0.0

DEGREE DAYS
 HEATING
  YESTERDAY        0                         2     -2        0
  MONTH TO DATE    8                        13     -5        0
  SINCE SEP 1     22                        16      6        0
  SINCE JUL 1     22                        16      6        0

 COOLING
  YESTERDAY       12                         5      7        7
  MONTH TO DATE  171                       104     67      151
  SINCE SEP 1   1085                       956    129     1209
  SINCE JAN 1   4590                      3880    710     4528
..................................................................


WIND (MPH)
  HIGHEST WIND SPEED    18   HIGHEST WIND DIRECTION     S (180)
  HIGHEST GUST SPEED    24   HIGHEST GUST DIRECTION    SE (150)
  AVERAGE WIND SPEED     7.4



WEATHER CONDITIONS
 THE FOLLOWING WEATHER WAS RECORDED YESTERDAY.
  FOG
  FOG W/VISIBILITY <= 1/4 MILE


RELATIVE HUMIDITY (PERCENT)
 HIGHEST   100
 LOWEST     55
 AVERAGE    78

..........................................................


THE HARLINGEN CLIMATE NORMALS FOR TODAY
                         NORMAL    RECORD    YEAR
 MAXIMUM TEMPERATURE (F)   79        92      1938
 MINIMUM TEMPERATURE (F)   57        33      1970


SUNRISE AND SUNSET
NOVEMBER 17 2017......SUNRISE   651 AM CST   SUNSET   540 PM CST
NOVEMBER 18 2017......SUNRISE   652 AM CST   SUNSET   540 PM CST


-  INDICATES NEGATIVE NUMBERS.
R  INDICATES RECORD WAS SET OR TIED.
MM INDICATES DATA IS MISSING.
T  INDICATES TRACE AMOUNT.




$$
