000
CDUS44 KBRO 310626
CLIHRL


CLIMATE REPORT
NATIONAL WEATHER SERVICE BROWNSVILLE TX
125 AM CDT FRI OCT 31 2014


...................................

...THE HARLINGEN CLIMATE SUMMARY FOR OCTOBER 30 2014...

CLIMATE NORMAL PERIOD 1981 TO 2010
CLIMATE RECORD PERIOD 1912 TO 2014


WEATHER ITEM   OBSERVED TIME   RECORD YEAR NORMAL DEPARTURE LAST
                VALUE   (LST)  VALUE       VALUE  FROM      YEAR
                                                  NORMAL
..................................................................
TEMPERATURE (F)
 YESTERDAY
  MAXIMUM         89    243 PM  95    1947  85      4       90
                                      1942
  MINIMUM         64    708 AM  42    1925  62      2       77
  AVERAGE         77                        73      4       84

PRECIPITATION (IN)
  YESTERDAY        0.00          0.53 1995   0.09  -0.09     0.00
  MONTH TO DATE    0.62                      2.90  -2.28     0.74
  SINCE SEP 1     10.03                      8.12   1.91     9.94
  SINCE JAN 1     16.68                     22.33  -5.65    21.78

SNOWFALL (IN)
  YESTERDAY        0.0
  MONTH TO DATE    0.0
  SINCE SEP 1      0.0
  SINCE JUL 1      0.0

DEGREE DAYS
 HEATING
  YESTERDAY        0                         0      0        0
  MONTH TO DATE    0                         0      0        0
  SINCE SEP 1      0                         0      0        0
  SINCE JUL 1      0                         0      0        0

 COOLING
  YESTERDAY       12                         8      4       19
  MONTH TO DATE  338                       339     -1      364
  SINCE SEP 1    850                       844      6      862
  SINCE JAN 1   3747                      3768    -21     3879
..................................................................


WIND (MPH)
  HIGHEST WIND SPEED    13   HIGHEST WIND DIRECTION     E (80)
  HIGHEST GUST SPEED    16   HIGHEST GUST DIRECTION     E (70)
  AVERAGE WIND SPEED     3.3



WEATHER CONDITIONS
 THE FOLLOWING WEATHER WAS RECORDED YESTERDAY.
  FOG


RELATIVE HUMIDITY (PERCENT)
 HIGHEST   100
 LOWEST     48
 AVERAGE    74

..........................................................


THE HARLINGEN CLIMATE NORMALS FOR TODAY
                         NORMAL    RECORD    YEAR
 MAXIMUM TEMPERATURE (F)   84        97      1947
 MINIMUM TEMPERATURE (F)   62        33      1993


SUNRISE AND SUNSET
OCTOBER 31 2014.......SUNRISE   739 AM CDT   SUNSET   649 PM CDT
NOVEMBER  1 2014......SUNRISE   740 AM CDT   SUNSET   649 PM CDT


-  INDICATES NEGATIVE NUMBERS.
R  INDICATES RECORD WAS SET OR TIED.
MM INDICATES DATA IS MISSING.
T  INDICATES TRACE AMOUNT.




$$
