481
CDUS44 KBRO 300630
CLIHRL


CLIMATE REPORT
NATIONAL WEATHER SERVICE BROWNSVILLE TX
130 AM CDT SAT APR 30 2016


...................................

...THE HARLINGEN CLIMATE SUMMARY FOR APRIL 29 2016...

CLIMATE NORMAL PERIOD 1981 TO 2010
CLIMATE RECORD PERIOD 1912 TO 2016


WEATHER ITEM   OBSERVED TIME   RECORD YEAR NORMAL DEPARTURE LAST
                VALUE   (LST)  VALUE       VALUE  FROM      YEAR
                                                  NORMAL
..................................................................
TEMPERATURE (F)
 YESTERDAY
  MAXIMUM         89    141 PM 102    1937  88      1       76
  MINIMUM         80    359 AM  48    1920  68     12       56
  AVERAGE         85                        78      7       66

PRECIPITATION (IN)
  YESTERDAY        0.00          2.89 1957   0.05  -0.05     0.00
  MONTH TO DATE    0.48                      1.61  -1.13     3.73
  SINCE MAR 1      2.26                      2.90  -0.64     6.79
  SINCE JAN 1      4.17                      5.37  -1.20     9.71

SNOWFALL (IN)
  YESTERDAY        0.0
  MONTH TO DATE    0.0
  SINCE MAR 1      0.0
  SINCE JUL 1      0.0

DEGREE DAYS
 HEATING
  YESTERDAY        0                         0      0        0
  MONTH TO DATE    2                         7     -5        0
  SINCE MAR 1     13                        53    -40       74
  SINCE JUL 1    389                       621   -232      767

 COOLING
  YESTERDAY       20                        13      7        1
  MONTH TO DATE  365                       306     59      375
  SINCE MAR 1    650                       476    174      496
  SINCE JAN 1    790                       601    189      555
..................................................................


WIND (MPH)
  HIGHEST WIND SPEED    26   HIGHEST WIND DIRECTION     S (160)
  HIGHEST GUST SPEED    33   HIGHEST GUST DIRECTION    SE (150)
  AVERAGE WIND SPEED    16.6



WEATHER CONDITIONS
 THE FOLLOWING WEATHER WAS RECORDED YESTERDAY.
  FOG
  HAZE


RELATIVE HUMIDITY (PERCENT)
 HIGHEST    91
 LOWEST     65
 AVERAGE    78

..........................................................


THE HARLINGEN CLIMATE NORMALS FOR TODAY
                         NORMAL    RECORD    YEAR
 MAXIMUM TEMPERATURE (F)   88       103      1953
 MINIMUM TEMPERATURE (F)   68        48      1925


SUNRISE AND SUNSET
APRIL 30 2016.........SUNRISE   654 AM CDT   SUNSET   802 PM CDT
MAY  1 2016...........SUNRISE   653 AM CDT   SUNSET   803 PM CDT


-  INDICATES NEGATIVE NUMBERS.
R  INDICATES RECORD WAS SET OR TIED.
MM INDICATES DATA IS MISSING.
T  INDICATES TRACE AMOUNT.




$$
