000
CDUS44 KBRO 250627
CLIHRL


CLIMATE REPORT
NATIONAL WEATHER SERVICE BROWNSVILLE TX
126 AM CDT TUE APR 25 2017


...................................

...THE HARLINGEN CLIMATE SUMMARY FOR APRIL 24 2017...

CLIMATE NORMAL PERIOD 1981 TO 2010
CLIMATE RECORD PERIOD 1912 TO 2017


WEATHER ITEM   OBSERVED TIME   RECORD YEAR NORMAL DEPARTURE LAST
                VALUE   (LST)  VALUE       VALUE  FROM      YEAR
                                                  NORMAL
..................................................................
TEMPERATURE (F)
 YESTERDAY
  MAXIMUM         86    320 PM 106    1955  87     -1       90
  MINIMUM         55    616 AM  49    1928  67    -12       69
  AVERAGE         71                        77     -6       80

PRECIPITATION (IN)
  YESTERDAY        0.00          2.20 2001   0.05  -0.05     0.36
  MONTH TO DATE    0.87                      1.35  -0.48     0.48
  SINCE MAR 1      3.09                      2.64   0.45     2.26
  SINCE JAN 1      4.40                      5.11  -0.71     4.17

SNOWFALL (IN)
  YESTERDAY        0.0
  MONTH TO DATE    0.0
  SINCE MAR 1      0.0
  SINCE JUL 1      0.0

DEGREE DAYS
 HEATING
  YESTERDAY        0                         0      0        0
  MONTH TO DATE    0                         7     -7        2
  SINCE MAR 1      4                        53    -49       13
  SINCE JUL 1    234                       621   -387      389

 COOLING
  YESTERDAY        6                        12     -6       15
  MONTH TO DATE  275                       243     32      266
  SINCE MAR 1    565                       413    152      551
  SINCE JAN 1    932                       538    394      691
..................................................................


WIND (MPH)
  HIGHEST WIND SPEED    21   HIGHEST WIND DIRECTION    SE (140)
  HIGHEST GUST SPEED    26   HIGHEST GUST DIRECTION    SE (150)
  AVERAGE WIND SPEED     8.1



WEATHER CONDITIONS
 THE FOLLOWING WEATHER WAS RECORDED YESTERDAY.
  NO SIGNIFICANT WEATHER WAS OBSERVED.


RELATIVE HUMIDITY (PERCENT)
 HIGHEST    93
 LOWEST     37
 AVERAGE    65

..........................................................


THE HARLINGEN CLIMATE NORMALS FOR TODAY
                         NORMAL    RECORD    YEAR
 MAXIMUM TEMPERATURE (F)   87       100      1945
 MINIMUM TEMPERATURE (F)   67        52      1913


SUNRISE AND SUNSET
APRIL 25 2017.........SUNRISE   658 AM CDT   SUNSET   800 PM CDT
APRIL 26 2017.........SUNRISE   657 AM CDT   SUNSET   800 PM CDT


-  INDICATES NEGATIVE NUMBERS.
R  INDICATES RECORD WAS SET OR TIED.
MM INDICATES DATA IS MISSING.
T  INDICATES TRACE AMOUNT.




$$
