000
CDUS44 KBRO 040742
CLIHRL


CLIMATE REPORT
NATIONAL WEATHER SERVICE BROWNSVILLE TX
140 AM CST WED MAR 4 2015


...................................

...THE HARLINGEN CLIMATE SUMMARY FOR MARCH 3 2015...

CLIMATE NORMAL PERIOD 1981 TO 2010
CLIMATE RECORD PERIOD 1912 TO 2015


WEATHER ITEM   OBSERVED TIME   RECORD YEAR NORMAL DEPARTURE LAST
                VALUE   (LST)  VALUE       VALUE  FROM      YEAR
                                                  NORMAL
..................................................................
TEMPERATURE (F)
 YESTERDAY
  MAXIMUM         82    339 PM  95    1991  77      5       59
  MINIMUM         54    103 AM  29    1922  55     -1       35
  AVERAGE         68                        66      2       47

PRECIPITATION (IN)
  YESTERDAY        0.00          1.17 1921   0.03  -0.03     0.09
  MONTH TO DATE    0.06                      0.11  -0.05     0.09
  SINCE MAR 1      0.06                      0.11  -0.05     0.09
  SINCE JAN 1      2.98                      2.58   0.40     1.09

DEGREE DAYS
 HEATING
  YESTERDAY        0                         3     -3       18
  MONTH TO DATE   22                         9     13       18
  SINCE MAR 1     22                         9     13       18
  SINCE JUL 1    715                       577    138      829

 COOLING
  YESTERDAY        3                         4     -1        0
  MONTH TO DATE    3                        12     -9       17
  SINCE MAR 1      3                        12     -9       17
  SINCE JAN 1     62                       137    -75      128
..................................................................


WIND (MPH)
  HIGHEST WIND SPEED    31   HIGHEST WIND DIRECTION    SE (150)
  HIGHEST GUST SPEED    36   HIGHEST GUST DIRECTION    SE (150)
  AVERAGE WIND SPEED    10.8



WEATHER CONDITIONS
 THE FOLLOWING WEATHER WAS RECORDED YESTERDAY.
  FOG
  FOG W/VISIBILITY <= 1/4 MILE
  HAZE


RELATIVE HUMIDITY (PERCENT)
 HIGHEST   100
 LOWEST     58
 AVERAGE    79

..........................................................


THE HARLINGEN CLIMATE NORMALS FOR TODAY
                         NORMAL    RECORD    YEAR
 MAXIMUM TEMPERATURE (F)   77        95      1953
 MINIMUM TEMPERATURE (F)   55        30      1922


SUNRISE AND SUNSET
MARCH  4 2015.........SUNRISE   651 AM CST   SUNSET   634 PM CST
MARCH  5 2015.........SUNRISE   650 AM CST   SUNSET   634 PM CST


-  INDICATES NEGATIVE NUMBERS.
R  INDICATES RECORD WAS SET OR TIED.
MM INDICATES DATA IS MISSING.
T  INDICATES TRACE AMOUNT.

$$
