000
CDUS44 KBRO 280625
CLIHRL


CLIMATE REPORT
NATIONAL WEATHER SERVICE BROWNSVILLE TX
125 AM CDT THU AUG 28 2014


...................................

...THE HARLINGEN CLIMATE SUMMARY FOR AUGUST 27 2014...

CLIMATE NORMAL PERIOD 1981 TO 2010
CLIMATE RECORD PERIOD 1912 TO 2014


WEATHER ITEM   OBSERVED TIME   RECORD YEAR NORMAL DEPARTURE LAST
                VALUE   (LST)  VALUE       VALUE  FROM      YEAR
                                                  NORMAL
..................................................................
TEMPERATURE (F)
 YESTERDAY
  MAXIMUM         98    302 PM 104    1948  95      3       94
  MINIMUM         75    606 AM  67    1961  75      0       75
  AVERAGE         87                        85      2       85

PRECIPITATION (IN)
  YESTERDAY        0.00          4.08 1974   0.12  -0.12     0.00
  MONTH TO DATE    0.44                      1.34  -0.90     2.04
  SINCE JUN 1      1.32                      5.77  -4.45     4.46
  SINCE JAN 1      6.16                     13.69  -7.53    11.63

SNOWFALL (IN)
  YESTERDAY        0.0
  MONTH TO DATE    0.0
  SINCE JUN 1      0.0
  SINCE JUL 1      0.0

DEGREE DAYS
 HEATING
  YESTERDAY        0                         0      0        0
  MONTH TO DATE    0                         0      0        0
  SINCE JUN 1      0                         0      0        0
  SINCE JUL 1      0                         0      0        0

 COOLING
  YESTERDAY       22                        20      2       20
  MONTH TO DATE  608                       558     50      568
  SINCE JUN 1   1880                      1749    131     1844
  SINCE JAN 1   2816                      2850    -34     2939
..................................................................


WIND (MPH)
  HIGHEST WIND SPEED    23   HIGHEST WIND DIRECTION    NE (40)
  HIGHEST GUST SPEED    30   HIGHEST GUST DIRECTION    NE (40)
  AVERAGE WIND SPEED     9.7



WEATHER CONDITIONS
 THE FOLLOWING WEATHER WAS RECORDED YESTERDAY.
  NO SIGNIFICANT WEATHER WAS OBSERVED.


RELATIVE HUMIDITY (PERCENT)
 HIGHEST    94
 LOWEST     45
 AVERAGE    70

..........................................................


THE HARLINGEN CLIMATE NORMALS FOR TODAY
                         NORMAL    RECORD    YEAR
 MAXIMUM TEMPERATURE (F)   95       106      2011
 MINIMUM TEMPERATURE (F)   75        66      1970


SUNRISE AND SUNSET
AUGUST 28 2014........SUNRISE   709 AM CDT   SUNSET   754 PM CDT
AUGUST 29 2014........SUNRISE   709 AM CDT   SUNSET   753 PM CDT


-  INDICATES NEGATIVE NUMBERS.
R  INDICATES RECORD WAS SET OR TIED.
MM INDICATES DATA IS MISSING.
T  INDICATES TRACE AMOUNT.




$$
