000
CDUS44 KBRO 252226
CLIHRL


CLIMATE REPORT
NATIONAL WEATHER SERVICE BROWNSVILLE TX
426 PM CST SUN JAN 25 2015


...................................

...THE HARLINGEN CLIMATE SUMMARY FOR JANUARY 25 2015...
VALID TODAY AS OF 0400 PM LOCAL TIME.

CLIMATE NORMAL PERIOD 1981 TO 2010
CLIMATE RECORD PERIOD 1912 TO 2015


WEATHER ITEM   OBSERVED TIME   RECORD YEAR NORMAL DEPARTURE LAST
                VALUE   (LST)  VALUE       VALUE  FROM      YEAR
                                                  NORMAL
..................................................................
TEMPERATURE (F)
 TODAY
  MAXIMUM         71    348 PM  88    2012  71      0       64
  MINIMUM         45    431 AM  22    1963  50     -5       38
  AVERAGE         58                        61     -3       51

PRECIPITATION (IN)
  TODAY            0.00          1.46 1984   0.05  -0.05     0.00
  MONTH TO DATE    1.91                      0.80   1.11     0.19
  SINCE DEC 1      4.22                      2.06   2.16     3.91
  SINCE JAN 1      1.91                      0.80   1.11     0.19

SNOWFALL (IN)
  TODAY            0.0
  MONTH TO DATE    0.0
  SINCE DEC 1      0.0
  SINCE JUL 1      0.0
  SNOW DEPTH       0

DEGREE DAYS
 HEATING
  TODAY            7                         6      1       14
  MONTH TO DATE  306                       166    140      197
  SINCE DEC 1    394                       357     37      439
  SINCE JUL 1    529                       414    115      571

 COOLING
  TODAY            0                         2     -2        0
  MONTH TO DATE    9                        46    -37       14
  SINCE DEC 1    100                       104     -4       77
  SINCE JAN 1      9                        46    -37       14
..................................................................


WIND (MPH)
  HIGHEST WIND SPEED    16   HIGHEST WIND DIRECTION    SW (220)
  HIGHEST GUST SPEED    20   HIGHEST GUST DIRECTION    SW (220)
  AVERAGE WIND SPEED     7.9



WEATHER CONDITIONS
 THE FOLLOWING WEATHER WAS RECORDED TODAY.
  NO SIGNIFICANT WEATHER WAS OBSERVED.


RELATIVE HUMIDITY (PERCENT)
 HIGHEST    86
 LOWEST     44
 AVERAGE    65

..........................................................


THE HARLINGEN CLIMATE NORMALS FOR TOMORROW
                         NORMAL    RECORD    YEAR
 MAXIMUM TEMPERATURE (F)   71        88      1947
 MINIMUM TEMPERATURE (F)   50        32      1938
                                             1940


SUNRISE AND SUNSET
JANUARY 25 2015.......SUNRISE   718 AM CST   SUNSET   608 PM CST
JANUARY 26 2015.......SUNRISE   718 AM CST   SUNSET   609 PM CST


-  INDICATES NEGATIVE NUMBERS.
R  INDICATES RECORD WAS SET OR TIED.
MM INDICATES DATA IS MISSING.
T  INDICATES TRACE AMOUNT.




$$
