000
CDUS44 KLZK 282207
CLIHRO


CLIMATE REPORT
NATIONAL WEATHER SERVICE LITTLE ROCK AR
407 PM CST FRI NOV 28 2014


...................................

...THE HARRISON CLIMATE SUMMARY FOR NOVEMBER 28 2014...
VALID TODAY AS OF 0400 PM LOCAL TIME.

CLIMATE NORMAL PERIOD 1981 TO 2010
CLIMATE RECORD PERIOD 1891 TO 2014


WEATHER ITEM   OBSERVED TIME   RECORD YEAR NORMAL DEPARTURE LAST
                VALUE   (LST)  VALUE       VALUE  FROM      YEAR
                                                  NORMAL
..................................................................
TEMPERATURE (F)
 TODAY
  MAXIMUM         61    259 PM  82    1949  53      8       58
  MINIMUM         31   1230 AM   9    1976  33     -2       21
  AVERAGE         46                        43      3       40

PRECIPITATION (IN)
  TODAY            0.00          1.76 1917   0.13  -0.13     0.00
  MONTH TO DATE    2.08                      3.97  -1.89     2.80
  SINCE SEP 1     12.27                     11.72   0.55     8.69
  SINCE JAN 1     38.95                     40.68  -1.73    41.51

SNOWFALL (IN)
  TODAY            0.0           6.4  1958   0.1   -0.1      0.0
  MONTH TO DATE    0.6                       0.2    0.4       T
  SINCE SEP 1      0.6                       0.3    0.3       T
  SINCE JUL 1      0.6                       0.3    0.3       T
  SNOW DEPTH       0

DEGREE DAYS
 HEATING
  TODAY           19                        22     -3       25
  MONTH TO DATE  647                       455    192      536
  SINCE SEP 1    842                       719    123      771
  SINCE JUL 1    843                       720    123      772

 COOLING
  TODAY            0                         0      0        0
  MONTH TO DATE    0                         0      0        0
  SINCE SEP 1    224                       201     23      270
  SINCE JAN 1   1354                      1412    -58     1414
..................................................................


WIND (MPH)
  HIGHEST WIND SPEED    18   HIGHEST WIND DIRECTION     S (170)
  HIGHEST GUST SPEED    25   HIGHEST GUST DIRECTION     S (170)
  AVERAGE WIND SPEED    10.4


SKY COVER
  POSSIBLE SUNSHINE  MM
  AVERAGE SKY COVER 0.0


WEATHER CONDITIONS
 THE FOLLOWING WEATHER WAS RECORDED TODAY.
  NO SIGNIFICANT WEATHER WAS OBSERVED.


RELATIVE HUMIDITY (PERCENT)
 HIGHEST    78          1200 AM
 LOWEST     36           200 PM
 AVERAGE    57

..........................................................


THE HARRISON CLIMATE NORMALS FOR TOMORROW
                         NORMAL    RECORD    YEAR
 MAXIMUM TEMPERATURE (F)   53        74      1970
 MINIMUM TEMPERATURE (F)   33         6      1911


SUNRISE AND SUNSET
NOVEMBER 28 2014......SUNRISE   703 AM CST   SUNSET   458 PM CST
NOVEMBER 29 2014......SUNRISE   703 AM CST   SUNSET   458 PM CST


-  INDICATES NEGATIVE NUMBERS.
R  INDICATES RECORD WAS SET OR TIED.
MM INDICATES DATA IS MISSING.
T  INDICATES TRACE AMOUNT.




$$
