000
CDUS44 KLZK 272107
CLIHRO


CLIMATE REPORT
NATIONAL WEATHER SERVICE LITTLE ROCK AR
407 PM CDT WED MAY 27 2015


...................................

...THE HARRISON CLIMATE SUMMARY FOR MAY 27 2015...
VALID TODAY AS OF 0400 PM LOCAL TIME.

CLIMATE NORMAL PERIOD 1981 TO 2010
CLIMATE RECORD PERIOD 1891 TO 2015


WEATHER ITEM   OBSERVED TIME   RECORD YEAR NORMAL DEPARTURE LAST
                VALUE   (LST)  VALUE       VALUE  FROM      YEAR
                                                  NORMAL
..................................................................
TEMPERATURE (F)
 TODAY
  MAXIMUM         83    254 PM  97    1926  79      4       80
  MINIMUM         68    647 AM  35    1901  58     10       64
  AVERAGE         76                        68      8       72

PRECIPITATION (IN)
  TODAY            T             1.76 2000   0.13  -0.13     0.59
  MONTH TO DATE    9.06                      4.12   4.94     3.98
  SINCE MAR 1     17.76                     12.23   5.53    12.97
  SINCE JAN 1     21.30                     17.43   3.87    14.92

SNOWFALL (IN)
  TODAY            0.0          MM      MM   0.0    0.0      0.0
  MONTH TO DATE    0.0                       0.0    0.0      0.0
  SINCE MAR 1      4.3                       2.3    2.0     10.0
  SINCE JUL 1     13.6                      11.5    2.1     25.8
  SNOW DEPTH       0

DEGREE DAYS
 HEATING
  TODAY            0                         1     -1        0
  MONTH TO DATE   54                        73    -19       99
  SINCE MAR 1    757                       822    -65      930
  SINCE JUL 1   4152                      3994    158     4465

 COOLING
  TODAY           11                         5      6        7
  MONTH TO DATE   83                        83      0      144
  SINCE MAR 1    108                       120    -12      162
  SINCE JAN 1    108                       120    -12      162
..................................................................


WIND (MPH)
  HIGHEST WIND SPEED    10   HIGHEST WIND DIRECTION     S (180)
  HIGHEST GUST SPEED    MM   HIGHEST GUST DIRECTION    MM
  AVERAGE WIND SPEED     4.1


SKY COVER
  POSSIBLE SUNSHINE  MM
  AVERAGE SKY COVER 0.2


WEATHER CONDITIONS
 THE FOLLOWING WEATHER WAS RECORDED TODAY.
  THUNDERSTORM
  LIGHT RAIN


RELATIVE HUMIDITY (PERCENT)
 HIGHEST    90           300 AM
 LOWEST     54          1100 AM
 AVERAGE    72

..........................................................


THE HARRISON CLIMATE NORMALS FOR TOMORROW
                         NORMAL    RECORD    YEAR
 MAXIMUM TEMPERATURE (F)   79        99      1926
 MINIMUM TEMPERATURE (F)   58        34      1907


SUNRISE AND SUNSET
MAY 27 2015...........SUNRISE   559 AM CDT   SUNSET   821 PM CDT
MAY 28 2015...........SUNRISE   558 AM CDT   SUNSET   822 PM CDT


-  INDICATES NEGATIVE NUMBERS.
R  INDICATES RECORD WAS SET OR TIED.
MM INDICATES DATA IS MISSING.
T  INDICATES TRACE AMOUNT.




$$
