000
CDUS44 KLZK 030921
CLIHRO


CLIMATE REPORT
NATIONAL WEATHER SERVICE LITTLE ROCK AR
421 AM CDT MON AUG 3 2015


...................................

...THE HARRISON CLIMATE SUMMARY FOR AUGUST 2 2015...

CLIMATE NORMAL PERIOD 1981 TO 2010
CLIMATE RECORD PERIOD 1891 TO 2015


WEATHER ITEM   OBSERVED TIME   RECORD YEAR NORMAL DEPARTURE LAST
                VALUE   (LST)  VALUE       VALUE  FROM      YEAR
                                                  NORMAL
..................................................................
TEMPERATURE (F)
 YESTERDAY
  MAXIMUM         92    221 PM 109    2011  90      2       85
  MINIMUM         66    322 AM  52    1911  68     -2       61
  AVERAGE         79                        79      0       73

PRECIPITATION (IN)
  YESTERDAY        0.00          2.46 1981   0.12  -0.12     0.00
  MONTH TO DATE    0.00                      0.25  -0.25     0.00
  SINCE JUN 1     12.14                      7.63   4.51    10.22
  SINCE JAN 1     35.09                     25.63   9.46    25.53

SNOWFALL (IN)
  YESTERDAY        0.0          MM      MM   0.0    0.0      0.0
  MONTH TO DATE    0.0                       0.0    0.0      0.0
  SINCE JUN 1      0.0                       0.0    0.0      0.0
  SINCE JUL 1      0.0                       0.0    0.0      0.0
  SNOW DEPTH       0

DEGREE DAYS
 HEATING
  YESTERDAY        0                         0      0        0
  MONTH TO DATE    0                         0      0        0
  SINCE JUN 1      0                         6     -6        1
  SINCE JUL 1      0                         0      0        1

 COOLING
  YESTERDAY       14                        14      0        8
  MONTH TO DATE   26                        28     -2       15
  SINCE JUN 1    820                       707    113      559
  SINCE JAN 1    944                       846     98      746
..................................................................


WIND (MPH)
  HIGHEST WIND SPEED    10   HIGHEST WIND DIRECTION     W (260)
  HIGHEST GUST SPEED    12   HIGHEST GUST DIRECTION     W (250)
  AVERAGE WIND SPEED     2.8


SKY COVER
  POSSIBLE SUNSHINE  MM
  AVERAGE SKY COVER 0.0


WEATHER CONDITIONS
 THE FOLLOWING WEATHER WAS RECORDED YESTERDAY.
  NO SIGNIFICANT WEATHER WAS OBSERVED.


RELATIVE HUMIDITY (PERCENT)
 HIGHEST    87           100 AM
 LOWEST     38          1200 PM
 AVERAGE    63

..........................................................


THE HARRISON CLIMATE NORMALS FOR TODAY
                         NORMAL    RECORD    YEAR
 MAXIMUM TEMPERATURE (F)   90       112      2011
 MINIMUM TEMPERATURE (F)   68        49      1950


SUNRISE AND SUNSET
AUGUST  3 2015........SUNRISE   621 AM CDT   SUNSET   816 PM CDT
AUGUST  4 2015........SUNRISE   622 AM CDT   SUNSET   815 PM CDT


-  INDICATES NEGATIVE NUMBERS.
R  INDICATES RECORD WAS SET OR TIED.
MM INDICATES DATA IS MISSING.
T  INDICATES TRACE AMOUNT.




$$
