000
CDUS44 KLZK 262059
CLIHRO


CLIMATE REPORT
NATIONAL WEATHER SERVICE LITTLE ROCK AR
359 PM CDT MON JUN 26 2017


...................................

...THE HARRISON CLIMATE SUMMARY FOR JUNE 26 2017...
VALID TODAY AS OF 0300 PM LOCAL TIME.

CLIMATE NORMAL PERIOD 1981 TO 2010
CLIMATE RECORD PERIOD 1891 TO 2017


WEATHER ITEM   OBSERVED TIME   RECORD YEAR NORMAL DEPARTURE LAST
                VALUE   (LST)  VALUE       VALUE  FROM      YEAR
                                                  NORMAL
..................................................................
TEMPERATURE (F)
 TODAY
  MAXIMUM         81    115 PM 102    1954  87     -6       93
  MINIMUM         63    510 AM  46    1974  65     -2       71
  AVERAGE         72                        76     -4       82

PRECIPITATION (IN)
  TODAY            0.00          1.82 1946   0.12  -0.12     0.36
  MONTH TO DATE    2.11                      3.74  -1.63     2.75
  SINCE JUN 1      2.11                      3.74  -1.63     2.75
  SINCE JAN 1     28.19                     21.74   6.45    15.58

SNOWFALL (IN)
  TODAY            0.0          MM      MM   0.0    0.0      0.0
  MONTH TO DATE    0.0                       0.0    0.0      0.0
  SINCE JUN 1      0.0                       0.0    0.0      0.0
  SINCE JUL 1      3.4                      11.5   -8.1      3.7
  SNOW DEPTH       0

DEGREE DAYS
 HEATING
  TODAY            0                         0      0        0
  MONTH TO DATE    0                         3     -3        0
  SINCE JUN 1      0                         3     -3        0
  SINCE JUL 1   2996                      4001  -1005     3233

 COOLING
  TODAY            7                        11     -4       17
  MONTH TO DATE  204                       220    -16      311
  SINCE JUN 1    204                       220    -16      311
  SINCE JAN 1    355                       359     -4      416
..................................................................


WIND (MPH)
  HIGHEST WIND SPEED    15   HIGHEST WIND DIRECTION    SE (140)
  HIGHEST GUST SPEED    19   HIGHEST GUST DIRECTION    SE (150)
  AVERAGE WIND SPEED     4.8


SKY COVER
  POSSIBLE SUNSHINE  MM
  AVERAGE SKY COVER 0.5


WEATHER CONDITIONS
 THE FOLLOWING WEATHER WAS RECORDED TODAY.
  NO SIGNIFICANT WEATHER WAS OBSERVED.


RELATIVE HUMIDITY (PERCENT)
 HIGHEST    93           100 AM
 LOWEST     49          1000 AM
 AVERAGE    71

..........................................................


THE HARRISON CLIMATE NORMALS FOR TOMORROW
                         NORMAL    RECORD    YEAR
 MAXIMUM TEMPERATURE (F)   87       102      2012
                                             1936
 MINIMUM TEMPERATURE (F)   66        47      1901


SUNRISE AND SUNSET
JUNE 26 2017..........SUNRISE   557 AM CDT   SUNSET   834 PM CDT
JUNE 27 2017..........SUNRISE   557 AM CDT   SUNSET   834 PM CDT


-  INDICATES NEGATIVE NUMBERS.
R  INDICATES RECORD WAS SET OR TIED.
MM INDICATES DATA IS MISSING.
T  INDICATES TRACE AMOUNT.




$$
