000
CDUS44 KLZK 300631
CLIHRO


CLIMATE REPORT
NATIONAL WEATHER SERVICE LITTLE ROCK AR
131 AM CDT THU MAR 30 2017


...................................

...THE HARRISON CLIMATE SUMMARY FOR MARCH 29 2017...

CLIMATE NORMAL PERIOD 1981 TO 2010
CLIMATE RECORD PERIOD 1891 TO 2017


WEATHER ITEM   OBSERVED TIME   RECORD YEAR NORMAL DEPARTURE LAST
                VALUE   (LST)  VALUE       VALUE  FROM      YEAR
                                                  NORMAL
..................................................................
TEMPERATURE (F)
 YESTERDAY
  MAXIMUM         74    422 PM  85    1963  65      9       69
  MINIMUM         53    634 AM  22    1937  41     12       38
  AVERAGE         64                        53     11       54

PRECIPITATION (IN)
  YESTERDAY        0.17          4.26 1988   0.14   0.03     0.00
  MONTH TO DATE    5.64                      3.51   2.13     3.18
  SINCE MAR 1      5.64                      3.51   2.13     3.18
  SINCE JAN 1      9.22                      8.71   0.51     5.46

SNOWFALL (IN)
  YESTERDAY        0.0           0.6  1975   0.0    0.0      0.0
  MONTH TO DATE    2.5                       2.0    0.5      0.0
  SINCE MAR 1      2.5                       2.0    0.5      0.0
  SINCE JUL 1      3.4                      11.2   -7.8      3.7
  SNOW DEPTH       0

DEGREE DAYS
 HEATING
  YESTERDAY        1                        13    -12       11
  MONTH TO DATE  347                       484   -137      355
  SINCE MAR 1    347                       484   -137      355
  SINCE JUL 1   2753                      3656   -903     2968

 COOLING
  YESTERDAY        0                         0      0        0
  MONTH TO DATE    6                         0      6        5
  SINCE MAR 1      6                         0      6        5
  SINCE JAN 1     13                         0     13        5
..................................................................


WIND (MPH)
  HIGHEST WIND SPEED    28   HIGHEST WIND DIRECTION    SE (150)
  HIGHEST GUST SPEED    35   HIGHEST GUST DIRECTION    SE (150)
  AVERAGE WIND SPEED    12.3


SKY COVER
  POSSIBLE SUNSHINE  MM
  AVERAGE SKY COVER 0.9


WEATHER CONDITIONS
 THE FOLLOWING WEATHER WAS RECORDED YESTERDAY.
  THUNDERSTORM
  RAIN
  LIGHT RAIN
  FOG


RELATIVE HUMIDITY (PERCENT)
 HIGHEST    93           100 AM
 LOWEST     57           100 PM
 AVERAGE    75

..........................................................


THE HARRISON CLIMATE NORMALS FOR TODAY
                         NORMAL    RECORD    YEAR
 MAXIMUM TEMPERATURE (F)   65        84      1963
 MINIMUM TEMPERATURE (F)   42        17      1964


SUNRISE AND SUNSET
MARCH 30 2017.........SUNRISE   701 AM CDT   SUNSET   733 PM CDT
MARCH 31 2017.........SUNRISE   700 AM CDT   SUNSET   734 PM CDT


-  INDICATES NEGATIVE NUMBERS.
R  INDICATES RECORD WAS SET OR TIED.
MM INDICATES DATA IS MISSING.
T  INDICATES TRACE AMOUNT.




$$
