000
CDUS44 KLZK 170912
CLIHRO


CLIMATE REPORT
NATIONAL WEATHER SERVICE LITTLE ROCK AR
411 AM CDT THU APR 17 2014


...................................

...THE HARRISON CLIMATE SUMMARY FOR APRIL 16 2014...

CLIMATE NORMAL PERIOD 1981 TO 2010
CLIMATE RECORD PERIOD 1891 TO 2014


WEATHER ITEM   OBSERVED TIME   RECORD YEAR NORMAL DEPARTURE LAST
                VALUE   (LST)  VALUE       VALUE  FROM      YEAR
                                                  NORMAL
..................................................................
TEMPERATURE (F)
 YESTERDAY
  MAXIMUM         62    256 PM  90    1955  70     -8       83
  MINIMUM         36    620 AM  24    1923  47    -11       54
  AVERAGE         49                        58     -9       69

PRECIPITATION (IN)
  YESTERDAY        0.00          2.04 1939   0.14  -0.14     0.00
  MONTH TO DATE    2.34                      2.08   0.26     0.86
  SINCE MAR 1      6.78                      5.87   0.91     3.46
  SINCE JAN 1      8.73                     11.07  -2.34    10.08

SNOWFALL (IN)
  YESTERDAY        0.0          MM      MM   0.0    0.0      0.0
  MONTH TO DATE    0.0                       0.3   -0.3       T
  SINCE MAR 1     10.0                       2.3    7.7      1.8
  SINCE JUL 1     25.8                      11.5   14.3      4.6
  SNOW DEPTH       0

DEGREE DAYS
 HEATING
  YESTERDAY       16                         8      8        0
  MONTH TO DATE  159                       156      3      150
  SINCE MAR 1    776                       664    112      799
  SINCE JUL 1   4311                      3836    475     3703

 COOLING
  YESTERDAY        0                         1     -1        4
  MONTH TO DATE   12                        16     -4       14
  SINCE MAR 1     12                        22    -10       20
  SINCE JAN 1     12                        22    -10       21
..................................................................


WIND (MPH)
  HIGHEST WIND SPEED    25   HIGHEST WIND DIRECTION     S (160)
  HIGHEST GUST SPEED    33   HIGHEST GUST DIRECTION     S (170)
  AVERAGE WIND SPEED    13.1


SKY COVER
  POSSIBLE SUNSHINE  MM
  AVERAGE SKY COVER 0.0


WEATHER CONDITIONS
 THE FOLLOWING WEATHER WAS RECORDED YESTERDAY.
  NO SIGNIFICANT WEATHER WAS OBSERVED.


RELATIVE HUMIDITY (PERCENT)
 HIGHEST    82           500 AM
 LOWEST     25           300 PM
 AVERAGE    54

..........................................................


THE HARRISON CLIMATE NORMALS FOR TODAY
                         NORMAL    RECORD    YEAR
 MAXIMUM TEMPERATURE (F)   70        91      1937
 MINIMUM TEMPERATURE (F)   47        21      1951


SUNRISE AND SUNSET
APRIL 17 2014.........SUNRISE   637 AM CDT   SUNSET   748 PM CDT
APRIL 18 2014.........SUNRISE   635 AM CDT   SUNSET   749 PM CDT


-  INDICATES NEGATIVE NUMBERS.
R  INDICATES RECORD WAS SET OR TIED.
MM INDICATES DATA IS MISSING.
T  INDICATES TRACE AMOUNT.




$$
