000
CDUS44 KLZK 192202
CLIHRO


CLIMATE REPORT
NATIONAL WEATHER SERVICE LITTLE ROCK AR
401 PM CST FRI DEC 19 2014


...................................

...THE HARRISON CLIMATE SUMMARY FOR DECEMBER 19 2014...
VALID TODAY AS OF 0400 PM LOCAL TIME.

CLIMATE NORMAL PERIOD 1981 TO 2010
CLIMATE RECORD PERIOD 1891 TO 2014


WEATHER ITEM   OBSERVED TIME   RECORD YEAR NORMAL DEPARTURE LAST
                VALUE   (LST)  VALUE       VALUE  FROM      YEAR
                                                  NORMAL
..................................................................
TEMPERATURE (F)
 TODAY
  MAXIMUM         38    259 PM  77    1941  47     -9       60
  MINIMUM         36    855 AM   0    1945  27      9       49
  AVERAGE         37                        37      0       55

PRECIPITATION (IN)
  TODAY            0.01          1.35 1987   0.09  -0.08     0.00
  MONTH TO DATE    1.97                      2.05  -0.08     2.24
  SINCE DEC 1      1.97                      2.05  -0.08     2.24
  SINCE JAN 1     40.92                     42.99  -2.07    43.75

SNOWFALL (IN)
  TODAY            T             2.4  1973   0.1   -0.1      0.0
  MONTH TO DATE    T                         0.1   -0.1      9.0
  SINCE DEC 1      T                         0.1   -0.1      9.0
  SINCE JUL 1      0.6                       0.6    0.0      9.0
  SNOW DEPTH       0

DEGREE DAYS
 HEATING
  TODAY           28                        28      0       10
  MONTH TO DATE  453                       490    -37      535
  SINCE DEC 1    453                       490    -37      535
  SINCE JUL 1   1307                      1254     53     1348

 COOLING
  TODAY            0                         0      0        0
  MONTH TO DATE    0                         0      0        0
  SINCE DEC 1      0                         0      0        0
  SINCE JAN 1   1354                      1416    -62     1414
..................................................................


WIND (MPH)
  HIGHEST WIND SPEED    10   HIGHEST WIND DIRECTION    SE (140)
  HIGHEST GUST SPEED    12   HIGHEST GUST DIRECTION    SE (140)
  AVERAGE WIND SPEED     4.4


SKY COVER
  POSSIBLE SUNSHINE  MM
  AVERAGE SKY COVER 1.0


WEATHER CONDITIONS
 THE FOLLOWING WEATHER WAS RECORDED TODAY.
  LIGHT RAIN
  LIGHT SNOW
  FOG
  FOG W/VISIBILITY <= 1/4 MILE


RELATIVE HUMIDITY (PERCENT)
 HIGHEST   100          1200 AM
 LOWEST     92           200 AM
 AVERAGE    96

..........................................................


THE HARRISON CLIMATE NORMALS FOR TOMORROW
                         NORMAL    RECORD    YEAR
 MAXIMUM TEMPERATURE (F)   46        69      1966
                                             1949
 MINIMUM TEMPERATURE (F)   27        -5      1901


SUNRISE AND SUNSET
DECEMBER 19 2014......SUNRISE   719 AM CST   SUNSET   501 PM CST
DECEMBER 20 2014......SUNRISE   720 AM CST   SUNSET   501 PM CST


-  INDICATES NEGATIVE NUMBERS.
R  INDICATES RECORD WAS SET OR TIED.
MM INDICATES DATA IS MISSING.
T  INDICATES TRACE AMOUNT.




$$
