000
CDUS42 KMHX 010529
CLIHSE


CLIMATE REPORT
NATIONAL WEATHER SERVICE NEWPORT/MOREHEAD CITY NC
127 AM EDT WED JUL 1 2015


...................................

...THE CAPE HATTERAS NC CLIMATE SUMMARY FOR JUNE 30 2015...

CLIMATE NORMAL PERIOD 1981 TO 2010
CLIMATE RECORD PERIOD 1874 TO 2015


WEATHER ITEM   OBSERVED TIME   RECORD YEAR NORMAL DEPARTURE LAST
                VALUE   (LST)  VALUE       VALUE  FROM      YEAR
                                                  NORMAL
..................................................................
TEMPERATURE (F)
 YESTERDAY
  MAXIMUM         84    326 PM  94    1959  84      0       80
  MINIMUM         76    326 AM  58    1964  73      3       64
  AVERAGE         80                        78      2       72

PRECIPITATION (IN)
  YESTERDAY        0.00         14.34 1949   0.15  -0.15     0.00
  MONTH TO DATE    5.73                      4.03   1.70     1.71
  SINCE JUN 1      5.73                      4.03   1.70     1.71
  SINCE JAN 1     25.36                     25.27   0.09    24.50

SNOWFALL (IN)
  YESTERDAY        0.0
  MONTH TO DATE    0.0
  SINCE NOV 1      2.0
  SINCE JUL 1      2.0
  SNOW DEPTH       0

DEGREE DAYS
 HEATING
  YESTERDAY        0                         0      0        0
  MONTH TO DATE    0                         0      0        0
  SINCE JUN 1      0                         3     -3        0
  SINCE JUL 1   2806                      2587    219     2534

 COOLING
  YESTERDAY       15                        13      2        7
  MONTH TO DATE  428                       308    120      275
  SINCE JUN 1    428                       308    120      275
  SINCE JAN 1    595                       451    144      511
..................................................................


WIND (MPH)
  HIGHEST WIND SPEED    20   HIGHEST WIND DIRECTION    SW (240)
  HIGHEST GUST SPEED    28   HIGHEST GUST DIRECTION    SW (230)
  AVERAGE WIND SPEED    11.1


SKY COVER
  POSSIBLE SUNSHINE  MM
  AVERAGE SKY COVER 0.0


WEATHER CONDITIONS
 THE FOLLOWING WEATHER WAS RECORDED YESTERDAY.
  NO SIGNIFICANT WEATHER WAS OBSERVED.


RELATIVE HUMIDITY (PERCENT)
 HIGHEST    88          1200 AM
 LOWEST     65           200 PM
 AVERAGE    77

..........................................................


THE CAPE HATTERAS NC CLIMATE NORMALS FOR TODAY
                         NORMAL    RECORD    YEAR
 MAXIMUM TEMPERATURE (F)   84        93      1990
 MINIMUM TEMPERATURE (F)   73        55      1988


SUNRISE AND SUNSET
JULY  1 2015..........SUNRISE   551 AM EDT   SUNSET   821 PM EDT
JULY  2 2015..........SUNRISE   552 AM EDT   SUNSET   821 PM EDT


-  INDICATES NEGATIVE NUMBERS.
R  INDICATES RECORD WAS SET OR TIED.
MM INDICATES DATA IS MISSING.
T  INDICATES TRACE AMOUNT.




$$
