564
CDUS42 KMHX 270526
CLIHSE


CLIMATE REPORT
NATIONAL WEATHER SERVICE NEWPORT/MOREHEAD CITY NC
126 AM EDT THU APR 27 2017


...................................

...THE CAPE HATTERAS NC CLIMATE SUMMARY FOR APRIL 26 2017...

CLIMATE NORMAL PERIOD 1981 TO 2010
CLIMATE RECORD PERIOD 1874 TO 2017


WEATHER ITEM   OBSERVED TIME   RECORD YEAR NORMAL DEPARTURE LAST
                VALUE   (LST)  VALUE       VALUE  FROM      YEAR
                                                  NORMAL
..................................................................
TEMPERATURE (F)
 YESTERDAY
  MAXIMUM         75    309 PM  86    1994  69      6       73
  MINIMUM         66    828 AM  36    1974  55     11       64
  AVERAGE         71                        62      9       69

PRECIPITATION (IN)
  YESTERDAY        0.00          2.25 1982   0.11  -0.11     0.00
  MONTH TO DATE    8.02                      3.22   4.80     2.17
  SINCE MAR 1     13.30                      7.99   5.31     8.14
  SINCE JAN 1     19.61                     17.25   2.36    21.25

SNOWFALL (IN)
  YESTERDAY        0.0
  MONTH TO DATE    0.0
  SINCE NOV 1      T
  SINCE JUL 1      T
  SNOW DEPTH       0

DEGREE DAYS
 HEATING
  YESTERDAY        0                         4     -4        0
  MONTH TO DATE   48                       176   -128      163
  SINCE MAR 1    403                       595   -192      360
  SINCE JUL 1   1725                      2519   -794     1673

 COOLING
  YESTERDAY        6                         1      5        4
  MONTH TO DATE  107                        17     90       15
  SINCE MAR 1    131                        20    111       41
  SINCE JAN 1    139                        20    119       42
..................................................................


WIND (MPH)
  HIGHEST WIND SPEED    13   HIGHEST WIND DIRECTION    SW (230)
  HIGHEST GUST SPEED    20   HIGHEST GUST DIRECTION     W (280)
  AVERAGE WIND SPEED     7.7


SKY COVER
  POSSIBLE SUNSHINE  MM
  AVERAGE SKY COVER 0.5


WEATHER CONDITIONS
 THE FOLLOWING WEATHER WAS RECORDED YESTERDAY.
  FOG
  HAZE


RELATIVE HUMIDITY (PERCENT)
 HIGHEST    87          1200 AM
 LOWEST     61           100 PM
 AVERAGE    74

..........................................................


THE CAPE HATTERAS NC CLIMATE NORMALS FOR TODAY
                         NORMAL    RECORD    YEAR
 MAXIMUM TEMPERATURE (F)   69        89      1990
 MINIMUM TEMPERATURE (F)   56        33      1972


SUNRISE AND SUNSET
APRIL 27 2017.........SUNRISE   615 AM EDT   SUNSET   745 PM EDT
APRIL 28 2017.........SUNRISE   614 AM EDT   SUNSET   746 PM EDT


-  INDICATES NEGATIVE NUMBERS.
R  INDICATES RECORD WAS SET OR TIED.
MM INDICATES DATA IS MISSING.
T  INDICATES TRACE AMOUNT.




$$
