000
CDUS42 KMHX 220626
CLIHSE


CLIMATE REPORT
NATIONAL WEATHER SERVICE NEWPORT/MOREHEAD CITY NC
125 AM EST WED FEB 22 2017


...................................

...THE CAPE HATTERAS NC CLIMATE SUMMARY FOR FEBRUARY 21 2017...

CLIMATE NORMAL PERIOD 1981 TO 2010
CLIMATE RECORD PERIOD 1874 TO 2017


WEATHER ITEM   OBSERVED TIME   RECORD YEAR NORMAL DEPARTURE LAST
                VALUE   (LST)  VALUE       VALUE  FROM      YEAR
                                                  NORMAL
..................................................................
TEMPERATURE (F)
 YESTERDAY
  MAXIMUM         65    156 PM  75    1989  54     11       65
  MINIMUM         52    610 AM  12    2015  41     11       56
  AVERAGE         59                        47     12       61

PRECIPITATION (IN)
  YESTERDAY        0.00          2.21 1912   0.14  -0.14      T
  MONTH TO DATE    1.21                      3.02  -1.81     6.96
  SINCE DEC 1     11.20                     12.53  -1.33    16.80
  SINCE JAN 1      6.19                      8.26  -2.07    11.83

SNOWFALL (IN)
  YESTERDAY        0.0
  MONTH TO DATE    0.0
  SINCE NOV 1      T
  SINCE JUL 1      T
  SNOW DEPTH       0

DEGREE DAYS
 HEATING
  YESTERDAY        6                        18    -12        4
  MONTH TO DATE  239                       391   -152      365
  SINCE DEC 1   1025                      1486   -461     1054
  SINCE JUL 1   1297                      1804   -507     1226

 COOLING
  YESTERDAY        0                         0      0        0
  MONTH TO DATE    0                         0      0        1
  SINCE DEC 1      3                         3      0       65
  SINCE JAN 1      0                         0      0        1
..................................................................


WIND (MPH)
  HIGHEST WIND SPEED    14   HIGHEST WIND DIRECTION    NE (60)
  HIGHEST GUST SPEED    19   HIGHEST GUST DIRECTION    NE (50)
  AVERAGE WIND SPEED     6.2


SKY COVER
  POSSIBLE SUNSHINE  MM
  AVERAGE SKY COVER 0.1


WEATHER CONDITIONS
 THE FOLLOWING WEATHER WAS RECORDED YESTERDAY.
  HAZE


RELATIVE HUMIDITY (PERCENT)
 HIGHEST    83           500 AM
 LOWEST     63          1200 PM
 AVERAGE    73

..........................................................


THE CAPE HATTERAS NC CLIMATE NORMALS FOR TODAY
                         NORMAL    RECORD    YEAR
 MAXIMUM TEMPERATURE (F)   54        76      1971
 MINIMUM TEMPERATURE (F)   41        16      1963


SUNRISE AND SUNSET
FEBRUARY 22 2017......SUNRISE   640 AM EST   SUNSET   552 PM EST
FEBRUARY 23 2017......SUNRISE   639 AM EST   SUNSET   553 PM EST


-  INDICATES NEGATIVE NUMBERS.
R  INDICATES RECORD WAS SET OR TIED.
MM INDICATES DATA IS MISSING.
T  INDICATES TRACE AMOUNT.




$$
