000
CDUS42 KMHX 220540
CLIHSE


CLIMATE REPORT
NATIONAL WEATHER SERVICE NEWPORT/MOREHEAD CITY NC
140 AM EDT WED OCT 22 2014


...................................

...THE CAPE HATTERAS NC CLIMATE SUMMARY FOR OCTOBER 21 2014...

CLIMATE NORMAL PERIOD 1981 TO 2010
CLIMATE RECORD PERIOD 1874 TO 2014


WEATHER ITEM   OBSERVED TIME   RECORD YEAR NORMAL DEPARTURE LAST
                VALUE   (LST)  VALUE       VALUE  FROM      YEAR
                                                  NORMAL
..................................................................
TEMPERATURE (F)
 YESTERDAY
  MAXIMUM         72    111 AM  84    1993  71      1       69
  MINIMUM         64    710 AM  40    1992  58      6       56
  AVERAGE         68                        64      4       63

PRECIPITATION (IN)
  YESTERDAY        0.13          5.29 1985   0.18  -0.05     0.00
  MONTH TO DATE    3.09                      3.66  -0.57     8.91
  SINCE SEP 1     13.93                      9.91   4.02    13.74
  SINCE JAN 1     54.98                     47.10   7.88    44.94

SNOWFALL (IN)
  YESTERDAY        0.0
  MONTH TO DATE    0.0
  SINCE NOV 1      5.7
  SINCE JUL 1      0.0
  SNOW DEPTH       0

DEGREE DAYS
 HEATING
  YESTERDAY        0                         3     -3        2
  MONTH TO DATE   24                        34    -10        2
  SINCE SEP 1     24                        37    -13        6
  SINCE JUL 1     24                        37    -13        6

 COOLING
  YESTERDAY        3                         2      1        0
  MONTH TO DATE   91                        81     10      130
  SINCE SEP 1    378                       367     11      422
  SINCE JAN 1   1754                      1673     81     1966
..................................................................


WIND (MPH)
  HIGHEST WIND SPEED    20   HIGHEST WIND DIRECTION     W (260)
  HIGHEST GUST SPEED    26   HIGHEST GUST DIRECTION     W (280)
  AVERAGE WIND SPEED     6.8


SKY COVER
  POSSIBLE SUNSHINE  MM
  AVERAGE SKY COVER 0.3


WEATHER CONDITIONS
 THE FOLLOWING WEATHER WAS RECORDED YESTERDAY.
  LIGHT RAIN
  FOG


RELATIVE HUMIDITY (PERCENT)
 HIGHEST    93           600 AM
 LOWEST     61           100 AM
 AVERAGE    77

..........................................................


THE CAPE HATTERAS NC CLIMATE NORMALS FOR TODAY
                         NORMAL    RECORD    YEAR
 MAXIMUM TEMPERATURE (F)   70        82      1990
 MINIMUM TEMPERATURE (F)   58        38      1974


SUNRISE AND SUNSET
OCTOBER 22 2014.......SUNRISE   715 AM EDT   SUNSET   619 PM EDT
OCTOBER 23 2014.......SUNRISE   716 AM EDT   SUNSET   618 PM EDT


-  INDICATES NEGATIVE NUMBERS.
R  INDICATES RECORD WAS SET OR TIED.
MM INDICATES DATA IS MISSING.
T  INDICATES TRACE AMOUNT.




$$
