000
CDUS42 KMHX 190526
CLIHSE


CLIMATE REPORT
NATIONAL WEATHER SERVICE NEWPORT/MOREHEAD CITY NC
126 AM EDT SAT APR 19 2014


...................................

...THE CAPE HATTERAS NC CLIMATE SUMMARY FOR APRIL 18 2014...

CLIMATE NORMAL PERIOD 1981 TO 2010
CLIMATE RECORD PERIOD 1874 TO 2014


WEATHER ITEM   OBSERVED TIME   RECORD YEAR NORMAL DEPARTURE LAST
                VALUE   (LST)  VALUE       VALUE  FROM      YEAR
                                                  NORMAL
..................................................................
TEMPERATURE (F)
 YESTERDAY
  MAXIMUM         54    328 PM  82    1995  67    -13       77
  MINIMUM         47    802 AM  32    1966  53     -6       59
  AVERAGE         51                        60     -9       68

PRECIPITATION (IN)
  YESTERDAY        0.08          1.98 1978   0.12  -0.04     0.00
  MONTH TO DATE    2.35                      2.28   0.07     1.75
  SINCE MAR 1      7.83                      7.05   0.78     3.97
  SINCE JAN 1     17.92                     16.31   1.61    13.70

SNOWFALL (IN)
  YESTERDAY        0.0
  MONTH TO DATE    0.0
  SINCE NOV 1      5.7
  SINCE JUL 1      5.7
  SNOW DEPTH       0

DEGREE DAYS
 HEATING
  YESTERDAY       14                         6      8        0
  MONTH TO DATE  112                       137    -25      107
  SINCE MAR 1    615                       556     59      594
  SINCE JUL 1   2448                      2480    -32     2326

 COOLING
  YESTERDAY        0                         1     -1        3
  MONTH TO DATE   11                         9      2        5
  SINCE MAR 1     11                        12     -1        5
  SINCE JAN 1     11                        12     -1        5
..................................................................


WIND (MPH)
  HIGHEST WIND SPEED    20   HIGHEST WIND DIRECTION    NE (30)
  HIGHEST GUST SPEED    31   HIGHEST GUST DIRECTION    NE (30)
  AVERAGE WIND SPEED    13.1


SKY COVER
  POSSIBLE SUNSHINE  MM
  AVERAGE SKY COVER 1.0


WEATHER CONDITIONS
 THE FOLLOWING WEATHER WAS RECORDED YESTERDAY.
  LIGHT RAIN
  FOG


RELATIVE HUMIDITY (PERCENT)
 HIGHEST   100           500 AM
 LOWEST     77          1200 PM
 AVERAGE    89

..........................................................


THE CAPE HATTERAS NC CLIMATE NORMALS FOR TODAY
                         NORMAL    RECORD    YEAR
 MAXIMUM TEMPERATURE (F)   67        81      1995
 MINIMUM TEMPERATURE (F)   54        36      2001


SUNRISE AND SUNSET
APRIL 19 2014.........SUNRISE   625 AM EDT   SUNSET   738 PM EDT
APRIL 20 2014.........SUNRISE   624 AM EDT   SUNSET   739 PM EDT


-  INDICATES NEGATIVE NUMBERS.
R  INDICATES RECORD WAS SET OR TIED.
MM INDICATES DATA IS MISSING.
T  INDICATES TRACE AMOUNT.




$$
