000
CDUS42 KMHX 230528
CLIHSE


CLIMATE REPORT
NATIONAL WEATHER SERVICE NEWPORT/MOREHEAD CITY NC
127 AM EDT WED APR 23 2014


...................................

...THE CAPE HATTERAS NC CLIMATE SUMMARY FOR APRIL 22 2014...

CLIMATE NORMAL PERIOD 1981 TO 2010
CLIMATE RECORD PERIOD 1874 TO 2014


WEATHER ITEM   OBSERVED TIME   RECORD YEAR NORMAL DEPARTURE LAST
                VALUE   (LST)  VALUE       VALUE  FROM      YEAR
                                                  NORMAL
..................................................................
TEMPERATURE (F)
 YESTERDAY
  MAXIMUM         65    202 PM  86    1985  68     -3       58
  MINIMUM         42    607 AM  39    1965  54    -12       53
  AVERAGE         54                        61     -7       56

PRECIPITATION (IN)
  YESTERDAY        0.00          3.18 2012   0.12  -0.12     0.28
  MONTH TO DATE    4.33                      2.75   1.58     3.36
  SINCE MAR 1      9.81                      7.52   2.29     5.58
  SINCE JAN 1     19.90                     16.78   3.12    15.31

SNOWFALL (IN)
  YESTERDAY        0.0
  MONTH TO DATE    0.0
  SINCE NOV 1      5.7
  SINCE JUL 1      5.7
  SNOW DEPTH       0

DEGREE DAYS
 HEATING
  YESTERDAY       11                         5      6        9
  MONTH TO DATE  161                       158      3      132
  SINCE MAR 1    664                       577     87      619
  SINCE JUL 1   2497                      2501     -4     2351

 COOLING
  YESTERDAY        0                         1     -1        0
  MONTH TO DATE   11                        13     -2        9
  SINCE MAR 1     11                        16     -5        9
  SINCE JAN 1     11                        16     -5        9
..................................................................


WIND (MPH)
  HIGHEST WIND SPEED    17   HIGHEST WIND DIRECTION    SW (240)
  HIGHEST GUST SPEED    25   HIGHEST GUST DIRECTION    SW (240)
  AVERAGE WIND SPEED     8.1


SKY COVER
  POSSIBLE SUNSHINE  MM
  AVERAGE SKY COVER 0.1


WEATHER CONDITIONS
 THE FOLLOWING WEATHER WAS RECORDED YESTERDAY.
  FOG
  FOG W/VISIBILITY <= 1/4 MILE
  HAZE


RELATIVE HUMIDITY (PERCENT)
 HIGHEST   100          1200 AM
 LOWEST    100          1200 AM
 AVERAGE   100

..........................................................


THE CAPE HATTERAS NC CLIMATE NORMALS FOR TODAY
                         NORMAL    RECORD    YEAR
 MAXIMUM TEMPERATURE (F)   68        89      1985
 MINIMUM TEMPERATURE (F)   55        37      1982


SUNRISE AND SUNSET
APRIL 23 2014.........SUNRISE   620 AM EDT   SUNSET   742 PM EDT
APRIL 24 2014.........SUNRISE   619 AM EDT   SUNSET   743 PM EDT


-  INDICATES NEGATIVE NUMBERS.
R  INDICATES RECORD WAS SET OR TIED.
MM INDICATES DATA IS MISSING.
T  INDICATES TRACE AMOUNT.




$$
