000
CDUS43 KGID 062226
CLIHSI


CLIMATE REPORT
NATIONAL WEATHER SERVICE HASTINGS NE
526 PM CDT FRI MAY 6 2016


...................................

...THE HASTINGS NE CLIMATE SUMMARY FOR MAY 6 2016...
VALID TODAY AS OF 0500 PM LOCAL TIME.

CLIMATE NORMAL PERIOD 1981 TO 2010
CLIMATE RECORD PERIOD 1894 TO 2016


WEATHER ITEM   OBSERVED TIME   RECORD YEAR NORMAL DEPARTURE LAST
                VALUE   (LST)  VALUE       VALUE  FROM      YEAR
                                                  NORMAL
..................................................................
TEMPERATURE (F)
 TODAY
  MAXIMUM         82    326 PM  98    1916  69     13       69
  MINIMUM         52    544 AM  25    1944  47      5       58
  AVERAGE         67                        58      9       64

PRECIPITATION (IN)
  TODAY            0.00          1.93 1972   0.17  -0.17     0.78
  MONTH TO DATE    0.03                      0.97  -0.94     0.97
  SINCE MAR 1      6.26                      5.32   0.94     4.72
  SINCE JAN 1      8.18                      6.22   1.96     5.83

SNOWFALL (IN)
  TODAY            0.0           T    1915   0.0    0.0      0.0
  MONTH TO DATE    0.0                       0.0    0.0      0.0
  SINCE MAR 1      2.1                       6.4   -4.3      0.8
  SINCE JUL 1     32.4                      28.8    3.6     17.0
  SNOW DEPTH      MM

DEGREE DAYS
 HEATING
  TODAY            0                         8     -8        1
  MONTH TO DATE   57                        52      5        7
  SINCE MAR 1    987                      1261   -274      998
  SINCE JUL 1   4897                      5891   -994     5621

 COOLING
  TODAY            2                         1      1        0
  MONTH TO DATE    2                         4     -2       18
  SINCE MAR 1      2                         9     -7       22
  SINCE JAN 1      2                         9     -7       22
..................................................................


WIND (MPH)
  HIGHEST WIND SPEED    22   HIGHEST WIND DIRECTION     S (200)
  HIGHEST GUST SPEED    30   HIGHEST GUST DIRECTION     S (190)
  AVERAGE WIND SPEED    12.5


SKY COVER
  AVERAGE SKY COVER 0.0


WEATHER CONDITIONS
 THE FOLLOWING WEATHER WAS RECORDED TODAY.
  NO SIGNIFICANT WEATHER WAS OBSERVED.


RELATIVE HUMIDITY (PERCENT)
 HIGHEST    66           500 AM
 LOWEST     30           100 PM
 AVERAGE    48

..........................................................


THE HASTINGS NE CLIMATE NORMALS FOR TOMORROW
                         NORMAL    RECORD    YEAR
 MAXIMUM TEMPERATURE (F)   69        97      1934
                                             1916
 MINIMUM TEMPERATURE (F)   47        32      1947


SUNRISE AND SUNSET
MAY  6 2016...........SUNRISE   626 AM CDT   SUNSET   835 PM CDT
MAY  7 2016...........SUNRISE   625 AM CDT   SUNSET   836 PM CDT


-  INDICATES NEGATIVE NUMBERS.
R  INDICATES RECORD WAS SET OR TIED.
MM INDICATES DATA IS MISSING.
T  INDICATES TRACE AMOUNT.




$$
