000
CDUS43 KGID 180713
CLIHSI


CLIMATE REPORT
NATIONAL WEATHER SERVICE HASTINGS NE
213 AM CDT FRI APR 18 2014


...................................

...THE HASTINGS NE CLIMATE SUMMARY FOR APRIL 17 2014...

CLIMATE NORMAL PERIOD 1981 TO 2010
CLIMATE RECORD PERIOD 1894 TO 2014


WEATHER ITEM   OBSERVED TIME   RECORD YEAR NORMAL DEPARTURE LAST
                VALUE   (LST)  VALUE       VALUE  FROM      YEAR
                                                  NORMAL
..................................................................
TEMPERATURE (F)
 YESTERDAY
  MAXIMUM         55    505 PM  89    1985  64     -9       42
  MINIMUM         31    712 AM  23    1921  39     -8       30
  AVERAGE         43                        51     -8       36

PRECIPITATION (IN)
  YESTERDAY        0.00          1.55 1978   0.09  -0.09     0.24
  MONTH TO DATE    1.36                      1.19   0.17     1.41
  SINCE MAR 1      1.51                      2.98  -1.47     3.66
  SINCE JAN 1      2.22                      3.88  -1.66     4.88

SNOWFALL (IN)
  YESTERDAY        0.0           2.0  1945   0.1   -0.1      0.8
                                      1939
  MONTH TO DATE    2.2                       1.0    1.2      2.0
  SINCE MAR 1      3.4                       6.2   -2.8      9.9
  SINCE JUL 1     21.7                      28.6   -6.9     33.7
  SNOW DEPTH       0

DEGREE DAYS
 HEATING
  YESTERDAY       22                        14      8       29
  MONTH TO DATE  297                       281     16      374
  SINCE MAR 1   1156                      1058     98     1256
  SINCE JUL 1   6036                      5688    348     5883

 COOLING
  YESTERDAY        0                         0      0        0
  MONTH TO DATE    3                         0      3        0
  SINCE MAR 1      3                         0      3        0
  SINCE JAN 1      3                         0      3        0
..................................................................


WIND (MPH)
  HIGHEST WIND SPEED    20   HIGHEST WIND DIRECTION     N (350)
  HIGHEST GUST SPEED    25   HIGHEST GUST DIRECTION     N (340)
  AVERAGE WIND SPEED     8.1


SKY COVER
  AVERAGE SKY COVER 0.4


WEATHER CONDITIONS
 THE FOLLOWING WEATHER WAS RECORDED YESTERDAY.
  NO SIGNIFICANT WEATHER WAS OBSERVED.


RELATIVE HUMIDITY (PERCENT)
 HIGHEST    78           600 AM
 LOWEST     32           500 PM
 AVERAGE    55

..........................................................


THE HASTINGS NE CLIMATE NORMALS FOR TODAY
                         NORMAL    RECORD    YEAR
 MAXIMUM TEMPERATURE (F)   64        92      1994
                                             1985
 MINIMUM TEMPERATURE (F)   39        19      1953


SUNRISE AND SUNSET
APRIL 18 2014.........SUNRISE   651 AM CDT   SUNSET   816 PM CDT
APRIL 19 2014.........SUNRISE   649 AM CDT   SUNSET   817 PM CDT


-  INDICATES NEGATIVE NUMBERS.
R  INDICATES RECORD WAS SET OR TIED.
MM INDICATES DATA IS MISSING.
T  INDICATES TRACE AMOUNT.




$$
