000
CDUS43 KGID 110634
CLIHSI


CLIMATE REPORT
NATIONAL WEATHER SERVICE HASTINGS NE
1233 AM CST MON DEC 11 2017


...................................

...THE HASTINGS NE CLIMATE SUMMARY FOR DECEMBER 10 2017...

CLIMATE NORMAL PERIOD 1981 TO 2010
CLIMATE RECORD PERIOD 1894 TO 2017


WEATHER ITEM   OBSERVED TIME   RECORD YEAR NORMAL DEPARTURE LAST
                VALUE   (LST)  VALUE       VALUE  FROM      YEAR
                                                  NORMAL
..................................................................
TEMPERATURE (F)
 YESTERDAY
  MAXIMUM         65R   259 PM  64    1939  38     27       33
  MINIMUM         33    807 AM -21    1919  19     14       13
  AVERAGE         49                        28     21       23

PRECIPITATION (IN)
  YESTERDAY        0.00          0.75 1911   0.02  -0.02     0.00
  MONTH TO DATE    T                         0.34  -0.34     0.08
  SINCE DEC 1      T                         0.34  -0.34     0.08
  SINCE JAN 1     30.39                     26.84   3.55    20.13

SNOWFALL (IN)
  YESTERDAY        0.0           2.0  1985   0.2   -0.2      0.0
  MONTH TO DATE    0.2                       1.8   -1.6      0.7
  SINCE DEC 1      0.2                       1.8   -1.6      0.7
  SINCE JUL 1      0.4                       5.6   -5.2      0.8
  SNOW DEPTH       0

DEGREE DAYS
 HEATING
  YESTERDAY       16                        36    -20       42
  MONTH TO DATE  291                       350    -59      381
  SINCE DEC 1    291                       350    -59      381
  SINCE JUL 1   1434                      1631   -197     1248

 COOLING
  YESTERDAY        0                         0      0        0
  MONTH TO DATE    0                         0      0        0
  SINCE DEC 1      0                         0      0        0
  SINCE JAN 1   1129                      1077     52     1195
..................................................................


WIND (MPH)
  HIGHEST WIND SPEED    22   HIGHEST WIND DIRECTION    NW (310)
  HIGHEST GUST SPEED    29   HIGHEST GUST DIRECTION    NW (320)
  AVERAGE WIND SPEED    13.3


SKY COVER
  AVERAGE SKY COVER 0.0


WEATHER CONDITIONS
 THE FOLLOWING WEATHER WAS RECORDED YESTERDAY.
  NO SIGNIFICANT WEATHER WAS OBSERVED.


RELATIVE HUMIDITY (PERCENT)
 HIGHEST    44           100 AM
 LOWEST     11           300 PM
 AVERAGE    28

..........................................................


THE HASTINGS NE CLIMATE NORMALS FOR TODAY
                         NORMAL    RECORD    YEAR
 MAXIMUM TEMPERATURE (F)   38        67      1939
 MINIMUM TEMPERATURE (F)   19        -8      2000
                                             1919


SUNRISE AND SUNSET
DECEMBER 11 2017......SUNRISE   747 AM CST   SUNSET   507 PM CST
DECEMBER 12 2017......SUNRISE   748 AM CST   SUNSET   507 PM CST


-  INDICATES NEGATIVE NUMBERS.
R  INDICATES RECORD WAS SET OR TIED.
MM INDICATES DATA IS MISSING.
T  INDICATES TRACE AMOUNT.




$$
