000
CDUS43 KGID 172332
CLIHSI


CLIMATE REPORT
NATIONAL WEATHER SERVICE HASTINGS NE
531 PM CST SAT FEB 17 2018


...................................

...THE HASTINGS NE CLIMATE SUMMARY FOR FEBRUARY 17 2018...
VALID TODAY AS OF 0500 PM LOCAL TIME.

CLIMATE NORMAL PERIOD 1981 TO 2010
CLIMATE RECORD PERIOD 1894 TO 2018


WEATHER ITEM   OBSERVED TIME   RECORD YEAR NORMAL DEPARTURE LAST
                VALUE   (LST)  VALUE       VALUE  FROM      YEAR
                                                  NORMAL
..................................................................
TEMPERATURE (F)
 TODAY
  MAXIMUM         48    237 PM  74    1981  41      7       73
  MINIMUM         23    604 AM -11    1936  20      3       34
  AVERAGE         36                        30      6       54

PRECIPITATION (IN)
  TODAY            0.00          0.50 1911   0.01  -0.01     0.00
  MONTH TO DATE    0.44                      0.27   0.17     0.03
  SINCE DEC 1      1.21                      1.29  -0.08     1.47
  SINCE JAN 1      0.93                      0.68   0.25     0.86

SNOWFALL (IN)
  TODAY            0.0           2.5  2000   0.2   -0.2      0.0
  MONTH TO DATE    6.8                       4.3    2.5      1.1
  SINCE DEC 1     18.5                      16.4    2.1      5.8
  SINCE JUL 1     18.7                      20.2   -1.5      5.9
  SNOW DEPTH       0

DEGREE DAYS
 HEATING
  TODAY           29                        35     -6       11
  MONTH TO DATE  772                       620    152      483
  SINCE DEC 1   3186                      2988    198     2815
  SINCE JUL 1   4329                      4269     60     3682

 COOLING
  TODAY            0                         0      0        0
  MONTH TO DATE    0                         0      0        0
  SINCE DEC 1      0                         0      0        0
  SINCE JAN 1      0                         0      0        0
..................................................................


WIND (MPH)
  HIGHEST WIND SPEED    21   HIGHEST WIND DIRECTION     W (290)
  HIGHEST GUST SPEED    26   HIGHEST GUST DIRECTION    NW (300)
  AVERAGE WIND SPEED    12.6


SKY COVER
  AVERAGE SKY COVER 0.0


WEATHER CONDITIONS
 THE FOLLOWING WEATHER WAS RECORDED TODAY.
  NO SIGNIFICANT WEATHER WAS OBSERVED.


RELATIVE HUMIDITY (PERCENT)
 HIGHEST    74           600 AM
 LOWEST     37           200 PM
 AVERAGE    56

..........................................................


THE HASTINGS NE CLIMATE NORMALS FOR TOMORROW
                         NORMAL    RECORD    YEAR
 MAXIMUM TEMPERATURE (F)   41        74      1930
 MINIMUM TEMPERATURE (F)   20       -10      1936


SUNRISE AND SUNSET
FEBRUARY 17 2018......SUNRISE   725 AM CST   SUNSET   611 PM CST
FEBRUARY 18 2018......SUNRISE   723 AM CST   SUNSET   612 PM CST


-  INDICATES NEGATIVE NUMBERS.
R  INDICATES RECORD WAS SET OR TIED.
MM INDICATES DATA IS MISSING.
T  INDICATES TRACE AMOUNT.




$$

Thies
