000
CDUS43 KGID 250625
CLIHSI


CLIMATE REPORT
NATIONAL WEATHER SERVICE HASTINGS NE
124 AM CDT MON MAY 25 2015


...................................

...THE HASTINGS NE CLIMATE SUMMARY FOR MAY 24 2015...

CLIMATE NORMAL PERIOD 1981 TO 2010
CLIMATE RECORD PERIOD 1894 TO 2015


WEATHER ITEM   OBSERVED TIME   RECORD YEAR NORMAL DEPARTURE LAST
                VALUE   (LST)  VALUE       VALUE  FROM      YEAR
                                                  NORMAL
..................................................................
TEMPERATURE (F)
 YESTERDAY
  MAXIMUM         66    530 PM  97    1967  75     -9       77
                                      1953
  MINIMUM         58    506 AM  32    1924  54      4       63
  AVERAGE         62                        64     -2       70

PRECIPITATION (IN)
  YESTERDAY        0.01          1.86 1982   0.14  -0.13     0.16
  MONTH TO DATE    3.46                      3.71  -0.25     2.02
  SINCE MAR 1      7.21                      8.06  -0.85     6.10
  SINCE JAN 1      8.32                      8.96  -0.64     6.81

SNOWFALL (IN)
  YESTERDAY        0.0          MM      MM   0.0    0.0      0.0
  MONTH TO DATE    0.0                       0.0    0.0      0.0
  SINCE MAR 1      0.8                       6.4   -5.6      3.4
  SINCE JUL 1     17.0                      28.8  -11.8     21.7
  SNOW DEPTH       0

DEGREE DAYS
 HEATING
  YESTERDAY        3                         3      0        0
  MONTH TO DATE  168                       151     17      174
  SINCE MAR 1   1159                      1360   -201     1437
  SINCE JUL 1   5782                      5990   -208     6317

 COOLING
  YESTERDAY        0                         3     -3        5
  MONTH TO DATE   22                        33    -11       41
  SINCE MAR 1     26                        38    -12       49
  SINCE JAN 1     26                        38    -12       49
..................................................................


WIND (MPH)
  HIGHEST WIND SPEED    12   HIGHEST WIND DIRECTION    SE (120)
  HIGHEST GUST SPEED    14   HIGHEST GUST DIRECTION    SE (120)
  AVERAGE WIND SPEED     4.9


SKY COVER
  AVERAGE SKY COVER 0.9


WEATHER CONDITIONS
 THE FOLLOWING WEATHER WAS RECORDED YESTERDAY.
  LIGHT RAIN
  FOG


RELATIVE HUMIDITY (PERCENT)
 HIGHEST   100           500 AM
 LOWEST     78          1100 AM
 AVERAGE    89

..........................................................


THE HASTINGS NE CLIMATE NORMALS FOR TODAY
                         NORMAL    RECORD    YEAR
 MAXIMUM TEMPERATURE (F)   75        96      1967
 MINIMUM TEMPERATURE (F)   54        38      2002
                                             1940


SUNRISE AND SUNSET
MAY 25 2015...........SUNRISE   609 AM CDT   SUNSET   853 PM CDT
MAY 26 2015...........SUNRISE   608 AM CDT   SUNSET   854 PM CDT


-  INDICATES NEGATIVE NUMBERS.
R  INDICATES RECORD WAS SET OR TIED.
MM INDICATES DATA IS MISSING.
T  INDICATES TRACE AMOUNT.




$$
