000
CDUS43 KGID 230623
CLIHSI


CLIMATE REPORT
NATIONAL WEATHER SERVICE HASTINGS NE
123 AM CDT FRI JUN 23 2017


...................................

...THE HASTINGS NE CLIMATE SUMMARY FOR JUNE 22 2017...

CLIMATE NORMAL PERIOD 1981 TO 2010
CLIMATE RECORD PERIOD 1894 TO 2017


WEATHER ITEM   OBSERVED TIME   RECORD YEAR NORMAL DEPARTURE LAST
                VALUE   (LST)  VALUE       VALUE  FROM      YEAR
                                                  NORMAL
..................................................................
TEMPERATURE (F)
 YESTERDAY
  MAXIMUM         92    412 PM 109    1988  85      7       90
  MINIMUM         69   1159 PM  47    2001  63      6       66
  AVERAGE         81                        74      7       78

PRECIPITATION (IN)
  YESTERDAY        0.00          2.04 1994   0.13  -0.13     0.00
  MONTH TO DATE    1.70                      2.91  -1.21     0.18
  SINCE JUN 1      1.70                      2.91  -1.21     0.18
  SINCE JAN 1     13.54                     12.73   0.81    12.01

SNOWFALL (IN)
  YESTERDAY        0.0                       0.0    0.0      0.0
  MONTH TO DATE    0.0                       0.0    0.0      0.0
  SINCE JUN 1      0.0                       0.0    0.0      0.0
  SINCE JUL 1     11.1                      28.8  -17.7     32.4
  SNOW DEPTH       0

DEGREE DAYS
 HEATING
  YESTERDAY        0                         0      0        0
  MONTH TO DATE    0                        19    -19        0
  SINCE JUN 1      0                        19    -19        0
  SINCE JUL 1   5143                      6027   -884     5016

 COOLING
  YESTERDAY       16                         9      7       13
  MONTH TO DATE  249                       144    105      258
  SINCE JUN 1    249                       144    105      258
  SINCE JAN 1    310                       203    107      287
..................................................................


WIND (MPH)
  HIGHEST WIND SPEED    25   HIGHEST WIND DIRECTION     N (20)
  HIGHEST GUST SPEED    32   HIGHEST GUST DIRECTION     N (20)
  AVERAGE WIND SPEED    12.3


SKY COVER
  AVERAGE SKY COVER 0.1


WEATHER CONDITIONS
 THE FOLLOWING WEATHER WAS RECORDED YESTERDAY.
  NO SIGNIFICANT WEATHER WAS OBSERVED.


RELATIVE HUMIDITY (PERCENT)
 HIGHEST    73          1100 PM
 LOWEST     36           300 PM
 AVERAGE    55

..........................................................


THE HASTINGS NE CLIMATE NORMALS FOR TODAY
                         NORMAL    RECORD    YEAR
 MAXIMUM TEMPERATURE (F)   85       105      1931
 MINIMUM TEMPERATURE (F)   63        49      1958


SUNRISE AND SUNSET
JUNE 23 2017..........SUNRISE   604 AM CDT   SUNSET   908 PM CDT
JUNE 24 2017..........SUNRISE   604 AM CDT   SUNSET   908 PM CDT


-  INDICATES NEGATIVE NUMBERS.
R  INDICATES RECORD WAS SET OR TIED.
MM INDICATES DATA IS MISSING.
T  INDICATES TRACE AMOUNT.




$$
