050
CDUS44 KHUN 050801
CLIHSV


CLIMATE REPORT
NATIONAL WEATHER SERVICE HUNTSVILLE AL
201 AM CST MON DEC 5 2016


...................................

...THE HUNTSVILLE CLIMATE SUMMARY FOR DECEMBER 4 2016...

CLIMATE NORMAL PERIOD 1981 TO 2010
CLIMATE RECORD PERIOD 1894 TO 2016


WEATHER ITEM   OBSERVED TIME   RECORD YEAR NORMAL DEPARTURE LAST
                VALUE   (LST)  VALUE       VALUE  FROM      YEAR
                                                  NORMAL
..................................................................
TEMPERATURE (F)
 YESTERDAY
  MAXIMUM         50   1159 PM  79    1998  56     -6       59
  MINIMUM         44    142 AM  15    1929  37      7       31
  AVERAGE         47                        47      0       45

PRECIPITATION (IN)
  YESTERDAY        0.97          1.65 1923   0.20   0.77     0.00
  MONTH TO DATE    1.25                      0.78   0.47     1.51
  SINCE DEC 1      1.25                      0.78   0.47     1.51
  SINCE JAN 1     39.78                     49.35  -9.57    55.40

SNOWFALL (IN)
  YESTERDAY        0.0
  MONTH TO DATE    0.0
  SINCE DEC 1      0.0
  SINCE JUL 1      0.0
  SNOW DEPTH       0

DEGREE DAYS
 HEATING
  YESTERDAY       18                        19     -1       20
  MONTH TO DATE   75                        73      2       64
  SINCE DEC 1     75                        73      2       64
  SINCE JUL 1    339                       600   -261      358

 COOLING
  YESTERDAY        0                         0      0        0
  MONTH TO DATE    0                         0      0        0
  SINCE DEC 1      0                         0      0        0
  SINCE JAN 1   2548                      1949    599     2279
..................................................................


WIND (MPH)
  HIGHEST WIND SPEED    18   HIGHEST WIND DIRECTION    SE (120)
  HIGHEST GUST SPEED    23   HIGHEST GUST DIRECTION    SE (120)
  AVERAGE WIND SPEED     6.8


SKY COVER
  POSSIBLE SUNSHINE  MM
  AVERAGE SKY COVER 1.0


WEATHER CONDITIONS
 THE FOLLOWING WEATHER WAS RECORDED YESTERDAY.
  HEAVY RAIN
  RAIN
  LIGHT RAIN
  FOG


RELATIVE HUMIDITY (PERCENT)
 HIGHEST   100           600 PM
 LOWEST     86           500 AM
 AVERAGE    93

..........................................................


THE HUNTSVILLE CLIMATE NORMALS FOR TODAY
                         NORMAL    RECORD    YEAR
 MAXIMUM TEMPERATURE (F)   56        79      1998
 MINIMUM TEMPERATURE (F)   37        18      1907


SUNRISE AND SUNSET
DECEMBER  5 2016......SUNRISE   640 AM CST   SUNSET   436 PM CST
DECEMBER  6 2016......SUNRISE   640 AM CST   SUNSET   436 PM CST


-  INDICATES NEGATIVE NUMBERS.
R  INDICATES RECORD WAS SET OR TIED.
MM INDICATES DATA IS MISSING.
T  INDICATES TRACE AMOUNT.




$$
