000
CDUS44 KHUN 182228
CLIHSV


CLIMATE REPORT
NATIONAL WEATHER SERVICE HUNTSVILLE AL
426 PM CST WED JAN 18 2017


...................................

...THE HUNTSVILLE CLIMATE SUMMARY FOR JANUARY 18 2017...
VALID TODAY AS OF 0400 PM LOCAL TIME.

CLIMATE NORMAL PERIOD 1981 TO 2010
CLIMATE RECORD PERIOD 1894 TO 2017


WEATHER ITEM   OBSERVED TIME   RECORD YEAR NORMAL DEPARTURE LAST
                VALUE   (LST)  VALUE       VALUE  FROM      YEAR
                                                  NORMAL
..................................................................
TEMPERATURE (F)
 TODAY
  MAXIMUM         63    303 PM  74    1929  51     12       33
  MINIMUM         53    953 AM   3    1977  32     21       19
  AVERAGE         58                        41     17       26

PRECIPITATION (IN)
  TODAY            T             3.63 1987   0.15  -0.15     0.00
  MONTH TO DATE    0.90                      2.86  -1.96     0.59
  SINCE DEC 1      6.81                      8.63  -1.82    11.27
  SINCE JAN 1      0.90                      2.86  -1.96     0.59

SNOWFALL (IN)
  TODAY            0.0
  MONTH TO DATE    T
  SINCE DEC 1      T
  SINCE JUL 1      T
  SNOW DEPTH       0

DEGREE DAYS
 HEATING
  TODAY            7                        24    -17       39
  MONTH TO DATE  260                       432   -172      450
  SINCE DEC 1    808                      1086   -278      771
  SINCE JUL 1   1072                      1613   -541     1065

 COOLING
  TODAY            0                         0      0        0
  MONTH TO DATE    1                         0      1        0
  SINCE DEC 1      5                         2      3       23
  SINCE JAN 1      1                         0      1        0
..................................................................


WIND (MPH)
  HIGHEST WIND SPEED    10   HIGHEST WIND DIRECTION     N (10)
  HIGHEST GUST SPEED    13   HIGHEST GUST DIRECTION     N (10)
  AVERAGE WIND SPEED     4.0


SKY COVER
  POSSIBLE SUNSHINE  MM
  AVERAGE SKY COVER 1.0


WEATHER CONDITIONS
 THE FOLLOWING WEATHER WAS RECORDED TODAY.
  LIGHT RAIN


RELATIVE HUMIDITY (PERCENT)
 HIGHEST    93          1200 AM
 LOWEST     60           300 PM
 AVERAGE    77

..........................................................


THE HUNTSVILLE CLIMATE NORMALS FOR TOMORROW
                         NORMAL    RECORD    YEAR
 MAXIMUM TEMPERATURE (F)   51        72      1982
                                             1929
 MINIMUM TEMPERATURE (F)   32        -2      1940


SUNRISE AND SUNSET
JANUARY 18 2017.......SUNRISE   653 AM CST   SUNSET   503 PM CST
JANUARY 19 2017.......SUNRISE   652 AM CST   SUNSET   504 PM CST


-  INDICATES NEGATIVE NUMBERS.
R  INDICATES RECORD WAS SET OR TIED.
MM INDICATES DATA IS MISSING.
T  INDICATES TRACE AMOUNT.




$$
