000
CDUS44 KHUN 310703
CLIHSV


CLIMATE REPORT
NATIONAL WEATHER SERVICE HUNTSVILLE AL
201 AM CDT THU JUL 31 2014


...................................

...THE HUNTSVILLE CLIMATE SUMMARY FOR JULY 30 2014...

CLIMATE NORMAL PERIOD 1981 TO 2010
CLIMATE RECORD PERIOD 1894 TO 2014


WEATHER ITEM   OBSERVED TIME   RECORD YEAR NORMAL DEPARTURE LAST
                VALUE   (LST)  VALUE       VALUE  FROM      YEAR
                                                  NORMAL
..................................................................
TEMPERATURE (F)
 YESTERDAY
  MAXIMUM         86    229 PM 101    1930  91     -5       90
  MINIMUM         56R   412 AM  60    1914  70    -14       65
  AVERAGE         71                        81    -10       78

PRECIPITATION (IN)
  YESTERDAY        0.00          1.42 1913   0.12  -0.12     0.10
  MONTH TO DATE    4.47                      3.93   0.54     9.32
  SINCE JUN 1     11.60                      8.22   3.38    11.53
  SINCE JAN 1     35.07                     32.59   2.48    40.65

SNOWFALL (IN)
  YESTERDAY        0.0
  MONTH TO DATE    0.0
  SINCE JUN 1      0.0
  SINCE JUL 1      0.0
  SNOW DEPTH       0

DEGREE DAYS
 HEATING
  YESTERDAY        0                         0      0        0
  MONTH TO DATE    0                         0      0        0
  SINCE JUN 1      0                         1     -1        0
  SINCE JUL 1      0                         0      0        0

 COOLING
  YESTERDAY        6                        16    -10       13
  MONTH TO DATE  382                       472    -90      407
  SINCE JUN 1    783                       852    -69      831
  SINCE JAN 1   1054                      1115    -61     1064
..................................................................


WIND (MPH)
  HIGHEST WIND SPEED    13   HIGHEST WIND DIRECTION     N (360)
  HIGHEST GUST SPEED    20   HIGHEST GUST DIRECTION     N (350)
  AVERAGE WIND SPEED     4.1


SKY COVER
  POSSIBLE SUNSHINE  MM
  AVERAGE SKY COVER 0.4


WEATHER CONDITIONS
 THE FOLLOWING WEATHER WAS RECORDED YESTERDAY.
  FOG


RELATIVE HUMIDITY (PERCENT)
 HIGHEST    87           200 AM
 LOWEST     34           100 PM
 AVERAGE    61

..........................................................


THE HUNTSVILLE CLIMATE NORMALS FOR TODAY
                         NORMAL    RECORD    YEAR
 MAXIMUM TEMPERATURE (F)   91       102      1986
 MINIMUM TEMPERATURE (F)   70        58      1965


SUNRISE AND SUNSET
JULY 31 2014..........SUNRISE   556 AM CDT   SUNSET   750 PM CDT
AUGUST  1 2014........SUNRISE   557 AM CDT   SUNSET   749 PM CDT


-  INDICATES NEGATIVE NUMBERS.
R  INDICATES RECORD WAS SET OR TIED.
MM INDICATES DATA IS MISSING.
T  INDICATES TRACE AMOUNT.




$$
