000
CDUS44 KHUN 280712
CLIHSV


CLIMATE REPORT
NATIONAL WEATHER SERVICE HUNTSVILLE AL
212 AM CDT SAT MAY 28 2016


...................................

...THE HUNTSVILLE CLIMATE SUMMARY FOR MAY 27 2016...

CLIMATE NORMAL PERIOD 1981 TO 2010
CLIMATE RECORD PERIOD 1894 TO 2016


WEATHER ITEM   OBSERVED TIME   RECORD YEAR NORMAL DEPARTURE LAST
                VALUE   (LST)  VALUE       VALUE  FROM      YEAR
                                                  NORMAL
..................................................................
TEMPERATURE (F)
 YESTERDAY
  MAXIMUM         90    112 PM  99    1926  84      6       87
  MINIMUM         68    450 AM  41    1961  62      6       67
  AVERAGE         79                        73      6       77

PRECIPITATION (IN)
  YESTERDAY        0.00          3.60 1924   0.15  -0.15     2.15
  MONTH TO DATE    1.62                      4.50  -2.88     4.22
  SINCE MAR 1      8.35                     14.03  -5.68    16.78
  SINCE JAN 1     18.30                     23.76  -5.46    24.52

SNOWFALL (IN)
  YESTERDAY        0.0
  MONTH TO DATE    0.0
  SINCE MAR 1      T
  SINCE JUL 1      0.4
  SNOW DEPTH       0

DEGREE DAYS
 HEATING
  YESTERDAY        0                         0      0        0
  MONTH TO DATE   20                        25     -5       14
  SINCE MAR 1    357                       547   -190      389
  SINCE JUL 1   2253                      2999   -746     3030

 COOLING
  YESTERDAY       14                         8      6       12
  MONTH TO DATE  145                       154     -9      216
  SINCE MAR 1    235                       225     10      279
  SINCE JAN 1    236                       226     10      279
..................................................................


WIND (MPH)
  HIGHEST WIND SPEED    16   HIGHEST WIND DIRECTION     S (160)
  HIGHEST GUST SPEED    24   HIGHEST GUST DIRECTION     S (180)
  AVERAGE WIND SPEED     7.1


SKY COVER
  POSSIBLE SUNSHINE  MM
  AVERAGE SKY COVER 0.6


WEATHER CONDITIONS
 THE FOLLOWING WEATHER WAS RECORDED YESTERDAY.
  NO SIGNIFICANT WEATHER WAS OBSERVED.


RELATIVE HUMIDITY (PERCENT)
 HIGHEST    79          1100 PM
 LOWEST     38          1200 PM
 AVERAGE    59

..........................................................


THE HUNTSVILLE CLIMATE NORMALS FOR TODAY
                         NORMAL    RECORD    YEAR
 MAXIMUM TEMPERATURE (F)   84        98      1911
 MINIMUM TEMPERATURE (F)   63        41      1907


SUNRISE AND SUNSET
MAY 28 2016...........SUNRISE   536 AM CDT   SUNSET   753 PM CDT
MAY 29 2016...........SUNRISE   536 AM CDT   SUNSET   753 PM CDT


-  INDICATES NEGATIVE NUMBERS.
R  INDICATES RECORD WAS SET OR TIED.
MM INDICATES DATA IS MISSING.
T  INDICATES TRACE AMOUNT.




$$
