000
CDUS44 KHUN 250704
CLIHSV


CLIMATE REPORT
NATIONAL WEATHER SERVICE HUNTSVILLE AL
203 AM CDT THU AUG 25 2016


...................................

...THE HUNTSVILLE CLIMATE SUMMARY FOR AUGUST 24 2016...

CLIMATE NORMAL PERIOD 1981 TO 2010
CLIMATE RECORD PERIOD 1894 TO 2016


WEATHER ITEM   OBSERVED TIME   RECORD YEAR NORMAL DEPARTURE LAST
                VALUE   (LST)  VALUE       VALUE  FROM      YEAR
                                                  NORMAL
..................................................................
TEMPERATURE (F)
 YESTERDAY
  MAXIMUM         97    138 PM 103    1924  91      6       87
                                      1920
  MINIMUM         72    541 AM  54    1930  69      3       68
  AVERAGE         85                        80      5       78

PRECIPITATION (IN)
  YESTERDAY        0.00          1.94 1985   0.11  -0.11     0.00
  MONTH TO DATE    3.27                      2.87   0.40     7.75
  SINCE JUN 1     12.60                     11.21   1.39    15.94
  SINCE JAN 1     30.90                     35.58  -4.68    41.32

SNOWFALL (IN)
  YESTERDAY        0.0
  MONTH TO DATE    0.0
  SINCE JUN 1      0.0
  SINCE JUL 1      0.0
  SNOW DEPTH       0

DEGREE DAYS
 HEATING
  YESTERDAY        0                         0      0        0
  MONTH TO DATE    0                         0      0        0
  SINCE JUN 1      0                         1     -1        0
  SINCE JUL 1      0                         0      0        0

 COOLING
  YESTERDAY       20                        15      5       13
  MONTH TO DATE  428                       374     54      380
  SINCE JUN 1   1483                      1236    247     1453
  SINCE JAN 1   1770                      1499    271     1778
..................................................................


WIND (MPH)
  HIGHEST WIND SPEED    10   HIGHEST WIND DIRECTION     N (340)
  HIGHEST GUST SPEED    15   HIGHEST GUST DIRECTION     N (350)
  AVERAGE WIND SPEED     4.0


SKY COVER
  POSSIBLE SUNSHINE  MM
  AVERAGE SKY COVER 0.4


WEATHER CONDITIONS
 THE FOLLOWING WEATHER WAS RECORDED YESTERDAY.
  NO SIGNIFICANT WEATHER WAS OBSERVED.


RELATIVE HUMIDITY (PERCENT)
 HIGHEST    84           200 AM
 LOWEST     39           300 PM
 AVERAGE    62

..........................................................


THE HUNTSVILLE CLIMATE NORMALS FOR TODAY
                         NORMAL    RECORD    YEAR
 MAXIMUM TEMPERATURE (F)   91        99      1959
                                             1943
                                             1938
 MINIMUM TEMPERATURE (F)   69        53      1942


SUNRISE AND SUNSET
AUGUST 25 2016........SUNRISE   615 AM CDT   SUNSET   722 PM CDT
AUGUST 26 2016........SUNRISE   616 AM CDT   SUNSET   721 PM CDT


-  INDICATES NEGATIVE NUMBERS.
R  INDICATES RECORD WAS SET OR TIED.
MM INDICATES DATA IS MISSING.
T  INDICATES TRACE AMOUNT.




$$
