000
CDUS44 KHUN 222133
CLIHSV


CLIMATE REPORT
NATIONAL WEATHER SERVICE HUNTSVILLE AL
432 PM CDT FRI AUG 22 2014


...................................

...THE HUNTSVILLE CLIMATE SUMMARY FOR AUGUST 22 2014...
VALID TODAY AS OF 0400 PM LOCAL TIME.

CLIMATE NORMAL PERIOD 1981 TO 2010
CLIMATE RECORD PERIOD 1894 TO 2014


WEATHER ITEM   OBSERVED TIME   RECORD YEAR NORMAL DEPARTURE LAST
                VALUE   (LST)  VALUE       VALUE  FROM      YEAR
                                                  NORMAL
..................................................................
TEMPERATURE (F)
 TODAY
  MAXIMUM         96    307 PM 102    2007  91      5       90
                                      1983
                                      1924
  MINIMUM         73    516 AM  54    1956  69      4       69
  AVERAGE         85                        80      5       80

PRECIPITATION (IN)
  TODAY            0.00          1.16 1900   0.12  -0.12     0.47
  MONTH TO DATE    2.09                      2.64  -0.55     1.81
  SINCE JUN 1     13.69                     10.98   2.71    14.50
  SINCE JAN 1     37.16                     35.35   1.81    43.62

SNOWFALL (IN)
  TODAY            0.0
  MONTH TO DATE    0.0
  SINCE JUN 1      0.0
  SINCE JUL 1      0.0
  SNOW DEPTH       0

DEGREE DAYS
 HEATING
  TODAY            0                         0      0        0
  MONTH TO DATE    0                         0      0        0
  SINCE JUN 1      0                         1     -1        0
  SINCE JUL 1      0                         0      0        0

 COOLING
  TODAY           20                        15      5       15
  MONTH TO DATE  333                       344    -11      262
  SINCE JUN 1   1127                      1206    -79     1107
  SINCE JAN 1   1398                      1469    -71     1340
..................................................................


WIND (MPH)
  HIGHEST WIND SPEED    12   HIGHEST WIND DIRECTION     W (270)
  HIGHEST GUST SPEED    16   HIGHEST GUST DIRECTION     W (260)
  AVERAGE WIND SPEED     3.4


SKY COVER
  POSSIBLE SUNSHINE  MM
  AVERAGE SKY COVER 0.3


WEATHER CONDITIONS
 THE FOLLOWING WEATHER WAS RECORDED TODAY.
  FOG


RELATIVE HUMIDITY (PERCENT)
 HIGHEST    93           400 AM
 LOWEST     39           300 PM
 AVERAGE    66

..........................................................


THE HUNTSVILLE CLIMATE NORMALS FOR TOMORROW
                         NORMAL    RECORD    YEAR
 MAXIMUM TEMPERATURE (F)   91       103      2007
 MINIMUM TEMPERATURE (F)   69        52      1956
                                             1950


SUNRISE AND SUNSET
AUGUST 22 2014........SUNRISE   613 AM CDT   SUNSET   726 PM CDT
AUGUST 23 2014........SUNRISE   614 AM CDT   SUNSET   725 PM CDT


-  INDICATES NEGATIVE NUMBERS.
R  INDICATES RECORD WAS SET OR TIED.
MM INDICATES DATA IS MISSING.
T  INDICATES TRACE AMOUNT.


$$
