000
CDUS44 KHUN 212136
CLIHSV


CLIMATE REPORT
NATIONAL WEATHER SERVICE HUNTSVILLE AL
435 PM CDT FRI JUL 21 2017


...................................

...THE HUNTSVILLE CLIMATE SUMMARY FOR JULY 21 2017...
VALID TODAY AS OF 0400 PM LOCAL TIME.

CLIMATE NORMAL PERIOD 1981 TO 2010
CLIMATE RECORD PERIOD 1894 TO 2017


WEATHER ITEM   OBSERVED TIME   RECORD YEAR NORMAL DEPARTURE LAST
                VALUE   (LST)  VALUE       VALUE  FROM      YEAR
                                                  NORMAL
..................................................................
TEMPERATURE (F)
 TODAY
  MAXIMUM         97    259 PM 103    1926  91      6      100
  MINIMUM         74    458 AM  59    1947  71      3       74
  AVERAGE         86                        81      5       87

PRECIPITATION (IN)
  TODAY            0.00          3.02 1979   0.12  -0.12      T
  MONTH TO DATE    4.07                      2.87   1.20     4.26
  SINCE JUN 1     10.83                      7.16   3.67     8.66
  SINCE JAN 1     33.55                     31.53   2.02    26.96

SNOWFALL (IN)
  TODAY            0.0
  MONTH TO DATE    0.0
  SINCE JUN 1      0.0
  SINCE JUL 1      0.0
  SNOW DEPTH       0

DEGREE DAYS
 HEATING
  TODAY            0                         0      0        0
  MONTH TO DATE    0                         0      0        0
  SINCE JUN 1      0                         1     -1        0
  SINCE JUL 1      0                         0      0        0

 COOLING
  TODAY           21                        16      5       22
  MONTH TO DATE  365                       328     37      385
  SINCE JUN 1    730                       708     22      865
  SINCE JAN 1   1119                       971    148     1152
..................................................................


WIND (MPH)
  HIGHEST WIND SPEED    10   HIGHEST WIND DIRECTION     N (340)
  HIGHEST GUST SPEED    13   HIGHEST GUST DIRECTION    NW (320)
  AVERAGE WIND SPEED     1.3


SKY COVER
  POSSIBLE SUNSHINE  MM
  AVERAGE SKY COVER 0.4


WEATHER CONDITIONS
 THE FOLLOWING WEATHER WAS RECORDED TODAY.
  FOG


RELATIVE HUMIDITY (PERCENT)
 HIGHEST   100           200 AM
 LOWEST     45           300 PM
 AVERAGE    73

..........................................................


THE HUNTSVILLE CLIMATE NORMALS FOR TOMORROW
                         NORMAL    RECORD    YEAR
 MAXIMUM TEMPERATURE (F)   91       103      1952
                                             1924
 MINIMUM TEMPERATURE (F)   71        49      1944


SUNRISE AND SUNSET
JULY 21 2017..........SUNRISE   549 AM CDT   SUNSET   757 PM CDT
JULY 22 2017..........SUNRISE   550 AM CDT   SUNSET   757 PM CDT


-  INDICATES NEGATIVE NUMBERS.
R  INDICATES RECORD WAS SET OR TIED.
MM INDICATES DATA IS MISSING.
T  INDICATES TRACE AMOUNT.




$$
