000
CDUS44 KHUN 012241
CLIHSV


CLIMATE REPORT
NATIONAL WEATHER SERVICE HUNTSVILLE AL
440 PM CST SUN FEB 1 2015


...................................

...THE HUNTSVILLE CLIMATE SUMMARY FOR FEBRUARY 1 2015...
VALID TODAY AS OF 0400 PM LOCAL TIME.

CLIMATE NORMAL PERIOD 1981 TO 2010
CLIMATE RECORD PERIOD 1894 TO 2015


WEATHER ITEM   OBSERVED TIME   RECORD YEAR NORMAL DEPARTURE LAST
                VALUE   (LST)  VALUE       VALUE  FROM      YEAR
                                                  NORMAL
..................................................................
TEMPERATURE (F)
 TODAY
  MAXIMUM         59    419 PM  74    1967  53      6       66
  MINIMUM         45    328 AM   4    1936  33     12       31
  AVERAGE         52                        43      9       49

PRECIPITATION (IN)
  TODAY            0.13          2.58 1969   0.17  -0.04     0.00
  MONTH TO DATE    0.13                      0.17  -0.04     0.00
  SINCE DEC 1      9.83                     10.83  -1.00     9.87
  SINCE JAN 1      4.10                      5.06  -0.96     3.30

SNOWFALL (IN)
  TODAY            0.0
  MONTH TO DATE    0.0
  SINCE DEC 1      T
  SINCE JUL 1      T
  SNOW DEPTH       0

DEGREE DAYS
 HEATING
  TODAY           13                        22     -9       16
  MONTH TO DATE   13                        22     -9       16
  SINCE DEC 1   1293                      1405   -112     1605
  SINCE JUL 1   1909                      1932    -23     2240

 COOLING
  TODAY            0                         0      0        0
  MONTH TO DATE    0                         0      0        0
  SINCE DEC 1      0                         2     -2        5
  SINCE JAN 1      0                         0      0        0
..................................................................


WIND (MPH)
  HIGHEST WIND SPEED    21   HIGHEST WIND DIRECTION     S (190)
  HIGHEST GUST SPEED    30   HIGHEST GUST DIRECTION    SW (210)
  AVERAGE WIND SPEED    10.9


SKY COVER
  POSSIBLE SUNSHINE  MM
  AVERAGE SKY COVER 0.7


WEATHER CONDITIONS
 THE FOLLOWING WEATHER WAS RECORDED TODAY.
  RAIN
  LIGHT RAIN
  FOG


RELATIVE HUMIDITY (PERCENT)
 HIGHEST    83          1200 PM
 LOWEST     37          1200 AM
 AVERAGE    60

..........................................................


THE HUNTSVILLE CLIMATE NORMALS FOR TOMORROW
                         NORMAL    RECORD    YEAR
 MAXIMUM TEMPERATURE (F)   53        73      1990
 MINIMUM TEMPERATURE (F)   33         3      1951


SUNRISE AND SUNSET
FEBRUARY  1 2015......SUNRISE   645 AM CST   SUNSET   516 PM CST
FEBRUARY  2 2015......SUNRISE   645 AM CST   SUNSET   517 PM CST


-  INDICATES NEGATIVE NUMBERS.
R  INDICATES RECORD WAS SET OR TIED.
MM INDICATES DATA IS MISSING.
T  INDICATES TRACE AMOUNT.




$$
