000
CDUS44 KHUN 282125
CLIHSV


CLIMATE REPORT
NATIONAL WEATHER SERVICE HUNTSVILLE AL
425 PM CDT THU JUL 28 2016


...................................

...THE HUNTSVILLE CLIMATE SUMMARY FOR JULY 28 2016...
VALID TODAY AS OF 0400 PM LOCAL TIME.

CLIMATE NORMAL PERIOD 1981 TO 2010
CLIMATE RECORD PERIOD 1894 TO 2016


WEATHER ITEM   OBSERVED TIME   RECORD YEAR NORMAL DEPARTURE LAST
                VALUE   (LST)  VALUE       VALUE  FROM      YEAR
                                                  NORMAL
..................................................................
TEMPERATURE (F)
 TODAY
  MAXIMUM         83   1107 AM 110    1930  91     -8      100
  MINIMUM         75    728 AM  56    1911  70      5       76
  AVERAGE         79                        81     -2       88

PRECIPITATION (IN)
  TODAY            0.59          2.04 1923   0.12   0.47     0.37
  MONTH TO DATE    4.92                      3.70   1.22     4.84
  SINCE JUN 1      9.32                      7.99   1.33     7.22
  SINCE JAN 1     27.62                     32.36  -4.74    32.60

SNOWFALL (IN)
  TODAY            0.0
  MONTH TO DATE    0.0
  SINCE JUN 1      0.0
  SINCE JUL 1      0.0
  SNOW DEPTH       0

DEGREE DAYS
 HEATING
  TODAY            0                         0      0        0
  MONTH TO DATE    0                         0      0        0
  SINCE JUN 1      0                         1     -1        0
  SINCE JUL 1      0                         0      0        0

 COOLING
  TODAY           14                        16     -2       23
  MONTH TO DATE  527                       440     87      524
  SINCE JUN 1   1007                       820    187     1021
  SINCE JAN 1   1294                      1083    211     1346
..................................................................


WIND (MPH)
  HIGHEST WIND SPEED    18   HIGHEST WIND DIRECTION    SW (230)
  HIGHEST GUST SPEED    24   HIGHEST GUST DIRECTION    SW (240)
  AVERAGE WIND SPEED     8.9


SKY COVER
  POSSIBLE SUNSHINE  MM
  AVERAGE SKY COVER 0.9


WEATHER CONDITIONS
 THE FOLLOWING WEATHER WAS RECORDED TODAY.
  HEAVY RAIN
  RAIN
  LIGHT RAIN
  FOG


RELATIVE HUMIDITY (PERCENT)
 HIGHEST    88           100 PM
 LOWEST     65          1100 AM
 AVERAGE    77

..........................................................


THE HUNTSVILLE CLIMATE NORMALS FOR TOMORROW
                         NORMAL    RECORD    YEAR
 MAXIMUM TEMPERATURE (F)   91       111      1930
 MINIMUM TEMPERATURE (F)   70        58      1944


SUNRISE AND SUNSET
JULY 28 2016..........SUNRISE   555 AM CDT   SUNSET   752 PM CDT
JULY 29 2016..........SUNRISE   555 AM CDT   SUNSET   751 PM CDT


-  INDICATES NEGATIVE NUMBERS.
R  INDICATES RECORD WAS SET OR TIED.
MM INDICATES DATA IS MISSING.
T  INDICATES TRACE AMOUNT.


$$
