000
CDUS43 KAPX 130528
CLIHTL


CLIMATE REPORT
NATIONAL WEATHER SERVICE GAYLORD MI
127 AM EDT SUN JUL 13 2014


...................................

...THE HOUGHTON LAKE MI CLIMATE SUMMARY FOR JULY 12 2014...

CLIMATE NORMAL PERIOD 1981 TO 2010
CLIMATE RECORD PERIOD 1913 TO 2014


WEATHER ITEM   OBSERVED TIME   RECORD YEAR NORMAL DEPARTURE LAST
                VALUE   (LST)  VALUE       VALUE  FROM      YEAR
                                                  NORMAL
..................................................................
TEMPERATURE (F)
 YESTERDAY
  MAXIMUM         80   1149 AM 104    1936  80      0       83
  MINIMUM         62    539 AM  31    1926  55      7       44
  AVERAGE         71                        67      4       64

PRECIPITATION (IN)
  YESTERDAY        0.20          1.55 1956   0.08   0.12     0.00
  MONTH TO DATE    0.41                      1.00  -0.59     0.47
  SINCE JUN 1      3.03                      4.10  -1.07     1.76
  SINCE JAN 1     15.51                     13.96   1.55    17.70

DEGREE DAYS
 HEATING
  YESTERDAY        0                         2     -2        1
  MONTH TO DATE   33                        24      9        6
  SINCE JUN 1    107                       148    -41      108
  SINCE JUL 1     33                        24      9        6

 COOLING
  YESTERDAY        6                         4      2        0
  MONTH TO DATE   26                        45    -19       49
  SINCE JUN 1     99                       104     -5      128
  SINCE JAN 1    114                       120     -6      168
..................................................................


WIND (MPH)
  HIGHEST WIND SPEED    14   HIGHEST WIND DIRECTION     S (190)
  HIGHEST GUST SPEED    18   HIGHEST GUST DIRECTION     S (200)
  AVERAGE WIND SPEED     7.1




RELATIVE HUMIDITY (PERCENT)
 HIGHEST   100
 LOWEST     58
 AVERAGE    79

..........................................................


THE HOUGHTON LAKE MI CLIMATE NORMALS FOR TODAY
                         NORMAL    RECORD    YEAR
 MAXIMUM TEMPERATURE (F)   80       107      1936
 MINIMUM TEMPERATURE (F)   55        36      2009
                                             1940


SUNRISE AND SUNSET
JULY 13 2014..........SUNRISE   607 AM EDT   SUNSET   922 PM EDT
JULY 14 2014..........SUNRISE   608 AM EDT   SUNSET   921 PM EDT


-  INDICATES NEGATIVE NUMBERS.
R  INDICATES RECORD WAS SET OR TIED.
MM INDICATES DATA IS MISSING.
T  INDICATES TRACE AMOUNT.




$$
