000
CDUS43 KAPX 030533
CLIHTL


CLIMATE REPORT
NATIONAL WEATHER SERVICE GAYLORD MI
133 AM EDT TUE MAY 3 2016


...................................

...THE HOUGHTON LAKE MI CLIMATE SUMMARY FOR MAY 2 2016...

CLIMATE NORMAL PERIOD 1981 TO 2010
CLIMATE RECORD PERIOD 1913 TO 2016


WEATHER ITEM   OBSERVED TIME   RECORD YEAR NORMAL DEPARTURE LAST
                VALUE   (LST)  VALUE       VALUE  FROM      YEAR
                                                  NORMAL
..................................................................
TEMPERATURE (F)
 YESTERDAY
  MAXIMUM         61    317 PM  88    1959  62     -1       74
  MINIMUM         30    406 AM  20    1932  37     -7       40
  AVERAGE         46                        49     -3       57

PRECIPITATION (IN)
  YESTERDAY        0.00          1.06 1947   0.08  -0.08     0.00
  MONTH TO DATE    0.06                      0.16  -0.10     0.00
  SINCE MAR 1      6.93                      4.48   2.45     2.73
  SINCE JAN 1     10.05                      7.20   2.85     4.54

DEGREE DAYS
 HEATING
  YESTERDAY       19                        16      3        8
  MONTH TO DATE   37                        32      5       21
  SINCE MAR 1   1720                      1821   -101     1875
  SINCE JUL 1   6633                      7693  -1060     8242

 COOLING
  YESTERDAY        0                         0      0        0
  MONTH TO DATE    0                         0      0        0
  SINCE MAR 1      0                         2     -2        0
  SINCE JAN 1      0                         2     -2        0
..................................................................


WIND (MPH)
  HIGHEST WIND SPEED    15   HIGHEST WIND DIRECTION     E (80)
  HIGHEST GUST SPEED    19   HIGHEST GUST DIRECTION     E (70)
  AVERAGE WIND SPEED     5.2




RELATIVE HUMIDITY (PERCENT)
 HIGHEST    92
 LOWEST     29
 AVERAGE    61

..........................................................


THE HOUGHTON LAKE MI CLIMATE NORMALS FOR TODAY
                         NORMAL    RECORD    YEAR
 MAXIMUM TEMPERATURE (F)   62        89      1928
 MINIMUM TEMPERATURE (F)   38        20      1920


SUNRISE AND SUNSET
MAY  3 2016...........SUNRISE   626 AM EDT   SUNSET   846 PM EDT
MAY  4 2016...........SUNRISE   625 AM EDT   SUNSET   847 PM EDT


-  INDICATES NEGATIVE NUMBERS.
R  INDICATES RECORD WAS SET OR TIED.
MM INDICATES DATA IS MISSING.
T  INDICATES TRACE AMOUNT.




$$
