000
CDUS43 KAPX 220527
CLIHTL


CLIMATE REPORT
NATIONAL WEATHER SERVICE GAYLORD MI
126 AM EDT MON SEP 22 2014


...................................

...THE HOUGHTON LAKE MI CLIMATE SUMMARY FOR SEPTEMBER 21 2014...

CLIMATE NORMAL PERIOD 1981 TO 2010
CLIMATE RECORD PERIOD 1913 TO 2014


WEATHER ITEM   OBSERVED TIME   RECORD YEAR NORMAL DEPARTURE LAST
                VALUE   (LST)  VALUE       VALUE  FROM      YEAR
                                                  NORMAL
..................................................................
TEMPERATURE (F)
 YESTERDAY
  MAXIMUM         60    509 AM  88    1931  67     -7       61
  MINIMUM         46   1159 PM  30    1991  44      2       44
                                      1973
                                      1942
  AVERAGE         53                        55     -2       53

PRECIPITATION (IN)
  YESTERDAY        0.25          2.00 1947   0.11   0.14     0.04
  MONTH TO DATE    3.05                      2.16   0.89     1.21
  SINCE SEP 1      3.05                      2.16   0.89     1.21
  SINCE JAN 1     22.93                     21.28   1.65    21.31

DEGREE DAYS
 HEATING
  YESTERDAY       12                        10      2       12
  MONTH TO DATE  176                       146     30      141
  SINCE SEP 1    176                       146     30      141
  SINCE JUL 1    332                       273     59      266

 COOLING
  YESTERDAY        0                         0      0        0
  MONTH TO DATE   15                        18     -3       35
  SINCE SEP 1     15                        18     -3       35
  SINCE JAN 1    210                       283    -73      381
..................................................................


WIND (MPH)
  HIGHEST WIND SPEED    24   HIGHEST WIND DIRECTION    NW (320)
  HIGHEST GUST SPEED    32   HIGHEST GUST DIRECTION    NW (330)
  AVERAGE WIND SPEED    10.2




RELATIVE HUMIDITY (PERCENT)
 HIGHEST   100
 LOWEST     71
 AVERAGE    86

..........................................................


THE HOUGHTON LAKE MI CLIMATE NORMALS FOR TODAY
                         NORMAL    RECORD    YEAR
 MAXIMUM TEMPERATURE (F)   66        89      1941
                                             1936
 MINIMUM TEMPERATURE (F)   43        24      1918


SUNRISE AND SUNSET
SEPTEMBER 22 2014.....SUNRISE   726 AM EDT   SUNSET   736 PM EDT
SEPTEMBER 23 2014.....SUNRISE   727 AM EDT   SUNSET   734 PM EDT


-  INDICATES NEGATIVE NUMBERS.
R  INDICATES RECORD WAS SET OR TIED.
MM INDICATES DATA IS MISSING.
T  INDICATES TRACE AMOUNT.




$$
