000
CDUS43 KAPX 270550
CLIHTL


CLIMATE REPORT
NATIONAL WEATHER SERVICE GAYLORD MI
1249 AM EST TUE JAN 27 2015


...................................

...THE HOUGHTON LAKE MI CLIMATE SUMMARY FOR JANUARY 26 2015...

CLIMATE NORMAL PERIOD 1981 TO 2010
CLIMATE RECORD PERIOD 1913 TO 2015


WEATHER ITEM   OBSERVED TIME   RECORD YEAR NORMAL DEPARTURE LAST
                VALUE   (LST)  VALUE       VALUE  FROM      YEAR
                                                  NORMAL
..................................................................
TEMPERATURE (F)
 YESTERDAY
  MAXIMUM         22    346 PM  57    1944  26     -4       14
  MINIMUM         -9    758 AM -25    1917   9    -18       -2
  AVERAGE          7                        18    -11        6

PRECIPITATION (IN)
  YESTERDAY        0.00          0.98 1974   0.05  -0.05     0.09
  MONTH TO DATE    0.95                      1.30  -0.35     1.44
  SINCE DEC 1      2.38                      2.95  -0.57     3.64
  SINCE JAN 1      0.95                      1.30  -0.35     1.44

SNOWFALL (IN)
  YESTERDAY        0.0          15.4  1978   0.6   -0.6      1.6
  MONTH TO DATE    9.2                      14.3   -5.1     13.6
  SINCE OCT 1     28.1                      39.3  -11.2     38.5
  SINCE JUL 1     28.1                      39.3  -11.2     38.5
  SNOW DEPTH       6

DEGREE DAYS
 HEATING
  YESTERDAY       58                        48     10       59
  MONTH TO DATE 1293                      1219     74     1344
  SINCE DEC 1   2464                      2493    -29     2783
  SINCE JUL 1   4467                      4376     91     4648
..................................................................


WIND (MPH)
  HIGHEST WIND SPEED    12   HIGHEST WIND DIRECTION     E (90)
  HIGHEST GUST SPEED    15   HIGHEST GUST DIRECTION     E (100)
  AVERAGE WIND SPEED     3.9




RELATIVE HUMIDITY (PERCENT)
 HIGHEST    88
 LOWEST     52
 AVERAGE    70

..........................................................


THE HOUGHTON LAKE MI CLIMATE NORMALS FOR TODAY
                         NORMAL    RECORD    YEAR
 MAXIMUM TEMPERATURE (F)   26        56      1944
 MINIMUM TEMPERATURE (F)    9       -26      1935


SUNRISE AND SUNSET
JANUARY 27 2015.......SUNRISE   802 AM EST   SUNSET   541 PM EST
JANUARY 28 2015.......SUNRISE   801 AM EST   SUNSET   542 PM EST


-  INDICATES NEGATIVE NUMBERS.
R  INDICATES RECORD WAS SET OR TIED.
MM INDICATES DATA IS MISSING.
T  INDICATES TRACE AMOUNT.




$$
