000
CDUS43 KAPX 250530
CLIHTL


CLIMATE REPORT
NATIONAL WEATHER SERVICE GAYLORD MI
1230 AM EST SAT FEB 25 2017


...................................

...THE HOUGHTON LAKE MI CLIMATE SUMMARY FOR FEBRUARY 24 2017...

CLIMATE NORMAL PERIOD 1981 TO 2010
CLIMATE RECORD PERIOD 1913 TO 2017


WEATHER ITEM   OBSERVED TIME   RECORD YEAR NORMAL DEPARTURE LAST
                VALUE   (LST)  VALUE       VALUE  FROM      YEAR
                                                  NORMAL
..................................................................
TEMPERATURE (F)
 YESTERDAY
  MAXIMUM         34    930 PM  61    1930  32      2       35
  MINIMUM         28    430 AM -25    1924  12     16       21
  AVERAGE         31                        22      9       28

PRECIPITATION (IN)
  YESTERDAY        1.12R         0.67 1949   0.05   1.07     0.11
  MONTH TO DATE    1.95                      1.00   0.95     1.18
  SINCE DEC 1      7.14                      4.16   2.98     6.51
  SINCE JAN 1      4.92                      2.51   2.41     2.94

SNOWFALL (IN)
  YESTERDAY        1.0           7.3  2012   0.4    0.6      2.0
  MONTH TO DATE    3.3                      10.9   -7.6      8.5
  SINCE OCT 1     65.7                      53.0   12.7     31.4
  SINCE JUL 1     65.7                      53.0   12.7     31.4
  SNOW DEPTH       1

DEGREE DAYS
 HEATING
  YESTERDAY       34                        43     -9       37
  MONTH TO DATE  891                      1092   -201     1012
  SINCE DEC 1   3393                      3821   -428     3252
  SINCE JUL 1   4713                      5704   -991     4731
..................................................................


WIND (MPH)
  HIGHEST WIND SPEED    21   HIGHEST WIND DIRECTION     E (80)
  HIGHEST GUST SPEED    25   HIGHEST GUST DIRECTION     E (70)
  AVERAGE WIND SPEED    10.7




RELATIVE HUMIDITY (PERCENT)
 HIGHEST    96
 LOWEST     78
 AVERAGE    87

..........................................................


THE HOUGHTON LAKE MI CLIMATE NORMALS FOR TODAY
                         NORMAL    RECORD    YEAR
 MAXIMUM TEMPERATURE (F)   32        54      1930
 MINIMUM TEMPERATURE (F)   12       -23      1928


SUNRISE AND SUNSET
FEBRUARY 25 2017......SUNRISE   722 AM EST   SUNSET   622 PM EST
FEBRUARY 26 2017......SUNRISE   721 AM EST   SUNSET   623 PM EST


-  INDICATES NEGATIVE NUMBERS.
R  INDICATES RECORD WAS SET OR TIED.
MM INDICATES DATA IS MISSING.
T  INDICATES TRACE AMOUNT.




$$
