000
CDUS43 KAPX 020527
CLIHTL


CLIMATE REPORT
NATIONAL WEATHER SERVICE GAYLORD MI
127 AM EDT THU OCT 2 2014


...................................

...THE HOUGHTON LAKE MI CLIMATE SUMMARY FOR OCTOBER 1 2014...

CLIMATE NORMAL PERIOD 1981 TO 2010
CLIMATE RECORD PERIOD 1913 TO 2014


WEATHER ITEM   OBSERVED TIME   RECORD YEAR NORMAL DEPARTURE LAST
                VALUE   (LST)  VALUE       VALUE  FROM      YEAR
                                                  NORMAL
..................................................................
TEMPERATURE (F)
 YESTERDAY
  MAXIMUM         65    334 PM  83    1922  62      3       71
  MINIMUM         47    935 PM  16    1918  40      7       41
  AVERAGE         56                        51      5       56

PRECIPITATION (IN)
  YESTERDAY        0.00          0.63 1933   0.10  -0.10     0.00
  MONTH TO DATE    0.00                      0.10  -0.10     0.00
  SINCE SEP 1      3.23                      3.20   0.03     1.81
  SINCE JAN 1     23.11                     22.32   0.79    21.91

DEGREE DAYS
 HEATING
  YESTERDAY        9                        14     -5        9
  MONTH TO DATE    9                        14     -5        9
  SINCE SEP 1    260                       268     -8      271
  SINCE JUL 1    416                       395     21      396

 COOLING
  YESTERDAY        0                         0      0        0
  MONTH TO DATE    0                         0      0        0
  SINCE SEP 1     15                        20     -5       35
  SINCE JAN 1    210                       285    -75      381
..................................................................


WIND (MPH)
  HIGHEST WIND SPEED    14   HIGHEST WIND DIRECTION     S (160)
  HIGHEST GUST SPEED    19   HIGHEST GUST DIRECTION     S (170)
  AVERAGE WIND SPEED     5.8




RELATIVE HUMIDITY (PERCENT)
 HIGHEST   100
 LOWEST     67
 AVERAGE    84

..........................................................


THE HOUGHTON LAKE MI CLIMATE NORMALS FOR TODAY
                         NORMAL    RECORD    YEAR
 MAXIMUM TEMPERATURE (F)   62        85      1971
                                             1927
 MINIMUM TEMPERATURE (F)   40        25      1935


SUNRISE AND SUNSET
OCTOBER  2 2014.......SUNRISE   738 AM EDT   SUNSET   718 PM EDT
OCTOBER  3 2014.......SUNRISE   739 AM EDT   SUNSET   716 PM EDT


-  INDICATES NEGATIVE NUMBERS.
R  INDICATES RECORD WAS SET OR TIED.
MM INDICATES DATA IS MISSING.
T  INDICATES TRACE AMOUNT.




$$
