000
CDUS43 KAPX 190533
CLIHTL


CLIMATE REPORT
NATIONAL WEATHER SERVICE GAYLORD MI
133 AM EDT TUE SEP 19 2017


...................................

...THE HOUGHTON LAKE MI CLIMATE SUMMARY FOR SEPTEMBER 18 2017...

CLIMATE NORMAL PERIOD 1981 TO 2010
CLIMATE RECORD PERIOD 1913 TO 2017


WEATHER ITEM   OBSERVED TIME   RECORD YEAR NORMAL DEPARTURE LAST
                VALUE   (LST)  VALUE       VALUE  FROM      YEAR
                                                  NORMAL
..................................................................
TEMPERATURE (F)
 YESTERDAY
  MAXIMUM         74    357 PM  87    1955  68      6       74
  MINIMUM         51   1159 PM  28    1932  45      6       50
                                      1929
                                      1928
  AVERAGE         63                        56      7       62

PRECIPITATION (IN)
  YESTERDAY        0.00          0.83 1985   0.10  -0.10     0.00
                                      1983
  MONTH TO DATE    0.67                      1.84  -1.17     1.96
  SINCE SEP 1      0.67                      1.84  -1.17     1.96
  SINCE JAN 1     26.28                     20.96   5.32    25.57

DEGREE DAYS
 HEATING
  YESTERDAY        2                         9     -7        3
  MONTH TO DATE  122                       117      5       49
  SINCE SEP 1    122                       117      5       49
  SINCE JUL 1    212                       244    -32       82

 COOLING
  YESTERDAY        0                         1     -1        0
  MONTH TO DATE   11                        18     -7       46
  SINCE SEP 1     11                        18     -7       46
  SINCE JAN 1    255                       283    -28      455
..................................................................


WIND (MPH)
  HIGHEST WIND SPEED    14   HIGHEST WIND DIRECTION     N (20)
  HIGHEST GUST SPEED    19   HIGHEST GUST DIRECTION    NE (30)
  AVERAGE WIND SPEED     5.6




RELATIVE HUMIDITY (PERCENT)
 HIGHEST    93
 LOWEST     38
 AVERAGE    66

..........................................................


THE HOUGHTON LAKE MI CLIMATE NORMALS FOR TODAY
                         NORMAL    RECORD    YEAR
 MAXIMUM TEMPERATURE (F)   68        88      1932
 MINIMUM TEMPERATURE (F)   44        20      1929


SUNRISE AND SUNSET
SEPTEMBER 19 2017.....SUNRISE   723 AM EDT   SUNSET   741 PM EDT
SEPTEMBER 20 2017.....SUNRISE   724 AM EDT   SUNSET   739 PM EDT


-  INDICATES NEGATIVE NUMBERS.
R  INDICATES RECORD WAS SET OR TIED.
MM INDICATES DATA IS MISSING.
T  INDICATES TRACE AMOUNT.




$$
