000
CDUS43 KAPX 280527
CLIHTL


CLIMATE REPORT
NATIONAL WEATHER SERVICE GAYLORD MI
126 AM EDT SAT MAY 28 2016


...................................

...THE HOUGHTON LAKE MI CLIMATE SUMMARY FOR MAY 27 2016...

CLIMATE NORMAL PERIOD 1981 TO 2010
CLIMATE RECORD PERIOD 1913 TO 2016


WEATHER ITEM   OBSERVED TIME   RECORD YEAR NORMAL DEPARTURE LAST
                VALUE   (LST)  VALUE       VALUE  FROM      YEAR
                                                  NORMAL
..................................................................
TEMPERATURE (F)
 YESTERDAY
  MAXIMUM         83    310 PM  89    1978  70     13       71
                                      1944
  MINIMUM         53    505 AM  23    1930  45      8       54
                                      1927
  AVERAGE         68                        57     11       63

PRECIPITATION (IN)
  YESTERDAY        0.15          1.53 2012   0.09   0.06      T
  MONTH TO DATE    3.91                      2.42   1.49     3.45
  SINCE MAR 1     10.78                      6.74   4.04     6.18
  SINCE JAN 1     13.90                      9.46   4.44     7.99

DEGREE DAYS
 HEATING
  YESTERDAY        0                         8     -8        2
  MONTH TO DATE  307                       326    -19      235
  SINCE MAR 1   1990                      2115   -125     2089
  SINCE JUL 1   6903                      7987  -1084     8456

 COOLING
  YESTERDAY        3                         1      2        0
  MONTH TO DATE   12                         8      4       17
  SINCE MAR 1     12                        10      2       17
  SINCE JAN 1     12                        10      2       17
..................................................................


WIND (MPH)
  HIGHEST WIND SPEED    15   HIGHEST WIND DIRECTION     S (170)
  HIGHEST GUST SPEED    20   HIGHEST GUST DIRECTION     S (160)
  AVERAGE WIND SPEED     5.1




RELATIVE HUMIDITY (PERCENT)
 HIGHEST   100
 LOWEST     46
 AVERAGE    73

..........................................................


THE HOUGHTON LAKE MI CLIMATE NORMALS FOR TODAY
                         NORMAL    RECORD    YEAR
 MAXIMUM TEMPERATURE (F)   70        90      1931
 MINIMUM TEMPERATURE (F)   45        27      2008
                                             1949


SUNRISE AND SUNSET
MAY 28 2016...........SUNRISE   600 AM EDT   SUNSET   913 PM EDT
MAY 29 2016...........SUNRISE   559 AM EDT   SUNSET   914 PM EDT


-  INDICATES NEGATIVE NUMBERS.
R  INDICATES RECORD WAS SET OR TIED.
MM INDICATES DATA IS MISSING.
T  INDICATES TRACE AMOUNT.




$$
