000
CDUS41 KRLX 160817
CLIHTS


CLIMATE REPORT
NATIONAL WEATHER SERVICE CHARLESTON WV
316 AM EST MON JAN 16 2017


...................................

...THE HUNTINGTON WV CLIMATE SUMMARY FOR JANUARY 15 2017...

CLIMATE NORMAL PERIOD 1981 TO 2010
CLIMATE RECORD PERIOD 1897 TO 2017


WEATHER ITEM   OBSERVED TIME   RECORD YEAR NORMAL DEPARTURE LAST
                VALUE   (LST)  VALUE       VALUE  FROM      YEAR
                                                  NORMAL
..................................................................
TEMPERATURE (F)
 YESTERDAY
  MAXIMUM         40   1035 PM  70    1950  42     -2       49
                                      1932
  MINIMUM         36    912 AM  -4    1972  25     11       29
  AVERAGE         38                        34      4       39

PRECIPITATION (IN)
  YESTERDAY        0.13          1.50 1898   0.10   0.03     0.10
  MONTH TO DATE    2.33                      1.43   0.90     0.70
  SINCE JAN 1      2.33                      1.43   0.90     0.70

SNOWFALL (IN)
  YESTERDAY       MM
  MONTH TO DATE    2.3
  SINCE SEP 1      4.1
  SNOW DEPTH       0

DEGREE DAYS
 HEATING
  YESTERDAY       27                        32     -5       26
  MONTH TO DATE  403                       469    -66      475
  SINCE DEC 1   1212                      1337   -125      995
  SINCE JUL 1   1810                      2224   -414     1715

 COOLING
  YESTERDAY        0                         0      0        0
  MONTH TO DATE    0                         0      0        0
  SINCE DEC 1      0                         1     -1        0
  SINCE JAN 1      0                         0      0        0
..................................................................


WIND (MPH)
  HIGHEST WIND SPEED     9   HIGHEST WIND DIRECTION    NE (40)
  HIGHEST GUST SPEED    11   HIGHEST GUST DIRECTION    NE (50)
  AVERAGE WIND SPEED     3.1


SKY COVER
  POSSIBLE SUNSHINE  MM


WEATHER CONDITIONS
 THE FOLLOWING WEATHER WAS RECORDED YESTERDAY.
  LIGHT RAIN
  FOG


RELATIVE HUMIDITY (PERCENT)
 HIGHEST    92          1200 AM
 LOWEST     85           500 AM
 AVERAGE    89

..........................................................


THE HUNTINGTON WV CLIMATE NORMALS FOR TODAY
                         NORMAL    RECORD    YEAR
 MAXIMUM TEMPERATURE (F)   42        72      1949
 MINIMUM TEMPERATURE (F)   25        -9      1994
                                             1972


SUNRISE AND SUNSET
JANUARY 16 2017.......SUNRISE   745 AM EST   SUNSET   535 PM EST
JANUARY 17 2017.......SUNRISE   745 AM EST   SUNSET   536 PM EST


-  INDICATES NEGATIVE NUMBERS.
R  INDICATES RECORD WAS SET OR TIED.
MM INDICATES DATA IS MISSING.
T  INDICATES TRACE AMOUNT.




$$
