000
CDUS41 KRLX 222141
CLIHTS


CLIMATE REPORT
NATIONAL WEATHER SERVICE CHARLESTON WV
540 PM EDT MON MAY 22 2017


...................................

...THE HUNTINGTON WV CLIMATE SUMMARY FOR MAY 22 2017...
VALID TODAY AS OF 0500 PM LOCAL TIME.

CLIMATE NORMAL PERIOD 1981 TO 2010
CLIMATE RECORD PERIOD 1897 TO 2017


WEATHER ITEM   OBSERVED TIME   RECORD YEAR NORMAL DEPARTURE LAST
                VALUE   (LST)  VALUE       VALUE  FROM      YEAR
                                                  NORMAL
..................................................................
TEMPERATURE (F)
 TODAY
  MAXIMUM         70    352 PM  96    1941  77     -7       76
  MINIMUM         59    736 AM  30    2002  54      5       52
  AVERAGE         65                        65      0       64

PRECIPITATION (IN)
  TODAY            T             1.34 1913   0.15  -0.15      T
  MONTH TO DATE    4.07                      3.27   0.80     5.10
  SINCE MAR 1      9.98                     10.61  -0.63    12.01
  SINCE JAN 1     16.78                     16.65   0.13    19.47

DEGREE DAYS
 HEATING
  TODAY            0                         3     -3        1
  MONTH TO DATE   91                        94     -3      124
  SINCE MAR 1    782                       981   -199      750
  SINCE JUL 1   3431                      4482  -1051     3785

 COOLING
  TODAY            0                         3     -3        0
  MONTH TO DATE   66                        46     20       26
  SINCE MAR 1    136                        78     58       73
  SINCE JAN 1    137                        78     59       73
..................................................................


WIND (MPH)
  HIGHEST WIND SPEED    15   HIGHEST WIND DIRECTION    NW (330)
  HIGHEST GUST SPEED    20   HIGHEST GUST DIRECTION    NW (330)
  AVERAGE WIND SPEED     7.3


SKY COVER
  POSSIBLE SUNSHINE  MM
  AVERAGE SKY COVER 0.2


WEATHER CONDITIONS
 THE FOLLOWING WEATHER WAS RECORDED TODAY.
  LIGHT RAIN


RELATIVE HUMIDITY (PERCENT)
 HIGHEST    93           300 AM
 LOWEST     44           400 PM
 AVERAGE    69

..........................................................


THE HUNTINGTON WV CLIMATE NORMALS FOR TOMORROW
                         NORMAL    RECORD    YEAR
 MAXIMUM TEMPERATURE (F)   77        93      1921
 MINIMUM TEMPERATURE (F)   55        32      1897


SUNRISE AND SUNSET
MAY 22 2017...........SUNRISE   613 AM EDT   SUNSET   841 PM EDT
MAY 23 2017...........SUNRISE   613 AM EDT   SUNSET   842 PM EDT


-  INDICATES NEGATIVE NUMBERS.
R  INDICATES RECORD WAS SET OR TIED.
MM INDICATES DATA IS MISSING.
T  INDICATES TRACE AMOUNT.




$$
