000
CDUS41 KRLX 102118
CLIHTS


CLIMATE REPORT
NATIONAL WEATHER SERVICE CHARLESTON WV
518 PM EDT THU JUL 10 2014


...................................

...THE HUNTINGTON WV CLIMATE SUMMARY FOR JULY 10 2014...
VALID TODAY AS OF 0500 PM LOCAL TIME.

CLIMATE NORMAL PERIOD 1981 TO 2010
CLIMATE RECORD PERIOD 1897 TO 2014


WEATHER ITEM   OBSERVED TIME   RECORD YEAR NORMAL DEPARTURE LAST
                VALUE   (LST)  VALUE       VALUE  FROM      YEAR
                                                  NORMAL
..................................................................
TEMPERATURE (F)
 TODAY
  MAXIMUM         85   1227 PM 104    1936  86     -1       90
  MINIMUM         61    556 AM  49    1963  66     -5       68
  AVERAGE         73                        76     -3       79

PRECIPITATION (IN)
  TODAY            0.28          2.94 1980   0.14   0.14     0.66
  MONTH TO DATE    0.28                      1.35  -1.07     5.46
  SINCE JUN 1      4.80                      5.23  -0.43    11.22
  SINCE JAN 1     24.34                     23.31   1.03    24.80

DEGREE DAYS
 HEATING
  TODAY            0                         0      0        0
  MONTH TO DATE    0                         0      0        0
  SINCE JUN 1      0                        12    -12        0
  SINCE JUL 1      0                         0      0        0

 COOLING
  TODAY            8                        11     -3       14
  MONTH TO DATE   97                       107    -10      115
  SINCE JUN 1    342                       332     10      372
  SINCE JAN 1    456                       445     11      542
..................................................................


WIND (MPH)
  HIGHEST WIND SPEED     8   HIGHEST WIND DIRECTION     N (340)
  HIGHEST GUST SPEED    12   HIGHEST GUST DIRECTION    SE (120)
  AVERAGE WIND SPEED     0.8


SKY COVER
  POSSIBLE SUNSHINE  MM
  AVERAGE SKY COVER 0.2


WEATHER CONDITIONS
 THE FOLLOWING WEATHER WAS RECORDED TODAY.
  THUNDERSTORM
  HEAVY RAIN
  RAIN
  LIGHT RAIN
  FOG
  HAZE


RELATIVE HUMIDITY (PERCENT)
 HIGHEST   100           400 AM
 LOWEST     47          1100 AM
 AVERAGE    74

..........................................................


THE HUNTINGTON WV CLIMATE NORMALS FOR TOMORROW
                         NORMAL    RECORD    YEAR
 MAXIMUM TEMPERATURE (F)   86       103      1930
 MINIMUM TEMPERATURE (F)   66        50      1963
                                             1898


SUNRISE AND SUNSET
JULY 10 2014..........SUNRISE   615 AM EDT   SUNSET   856 PM EDT
JULY 11 2014..........SUNRISE   616 AM EDT   SUNSET   855 PM EDT


-  INDICATES NEGATIVE NUMBERS.
R  INDICATES RECORD WAS SET OR TIED.
MM INDICATES DATA IS MISSING.
T  INDICATES TRACE AMOUNT.




$$
